Build Information
Failed to build SkiaKit, reference 0.0.1 (533cd1), with Swift 6.4 for Wasm on 19 Sep 2026 16:53:30 UTC.
Build Command
bash -c docker run --pull=always --rm -v "checkouts-54344844-0":/host -w "$PWD" -e JAVA_HOME="/root/.sdkman/candidates/java/current" -e SPI_BUILD="1" -e SPI_PROCESSING="1" registry.gitlab.com/saguaro1/spi-images:wasm-6.4-latest swift build --swift-sdk swift-6.4.x-DEVELOPMENT-SNAPSHOT-2026-09-04-a_wasm 2>&1Build Log
========================================
RunAll
========================================
Builder version: 5.1.0
Interrupt handler set up.
========================================
Checkout
========================================
Clone URL: https://github.com/UnGast/SkiaKit.git
Reference: 0.0.1
Initialized empty Git repository in /host/spi-builder-workspace/.git/
hint: Using 'master' as the name for the initial branch. This default branch name
hint: is subject to change. To configure the initial branch name to use in all
hint: of your new repositories, which will suppress this warning, call:
hint:
hint: git config --global init.defaultBranch <name>
hint:
hint: Names commonly chosen instead of 'master' are 'main', 'trunk' and
hint: 'development'. The just-created branch can be renamed via this command:
hint:
hint: git branch -m <name>
From https://github.com/UnGast/SkiaKit
* tag 0.0.1 -> FETCH_HEAD
HEAD is now at 533cd14 Create release.yml
Cloned https://github.com/UnGast/SkiaKit.git
Revision (git rev-parse @):
533cd148843b2a540579bd499c0c03706c8b63e9
SUCCESS checkout https://github.com/UnGast/SkiaKit.git at 0.0.1
========================================
Build
========================================
Selected platform: wasm
Swift version: 6.4
Building package at path: $PWD
https://github.com/UnGast/SkiaKit.git
Running build ...
bash -c docker run --pull=always --rm -v "checkouts-54344844-0":/host -w "$PWD" -e JAVA_HOME="/root/.sdkman/candidates/java/current" -e SPI_BUILD="1" -e SPI_PROCESSING="1" registry.gitlab.com/saguaro1/spi-images:wasm-6.4-latest swift build --swift-sdk swift-6.4.x-DEVELOPMENT-SNAPSHOT-2026-09-04-a_wasm 2>&1
wasm-6.4-latest: Pulling from saguaro1/spi-images
Digest: sha256:4328fdb43c680d205c1d6761b1e3267aa38277eefdda9ddfb17b6a0f1a77857a
Status: Image is up to date for registry.gitlab.com/saguaro1/spi-images:wasm-6.4-latest
Building for debugging...
[Pre-planning 1 / 125]
[36 / 47] SkiaKit
/host/spi-builder-workspace/Sources/SkiaKit/Surface.swift:107:13: [1;33mwarning: [1;39mvariable 'nativeCInfo' was never mutated; consider changing to 'let' constant[0;0m [#]8;;https://docs.swift.org/compiler/documentation/diagnostics/variable-never-mutated\VariableNeverMutated]8;;\]
[0;36m105 |[0;0m public static func makeRenderTarget(context: GrContext, budgeted: Bool, cinfo: ImageInfo) -> Surface {
[0;36m106 |[0;0m //return ToSurface(SkSurface::MakeRenderTarget(AsGrContext(context), (SkBudgeted)budgeted, AsImageInfo(cinfo), sampleCount, (GrSurfaceOrigin)origin, AsSurfaceProps(props), shouldCreateWithMips).release());
[0;36m107 |[0;0m var nativeCInfo = cinfo.toNative()
[0;36m|[0;0m `- [1;33mwarning: [1;39mvariable 'nativeCInfo' was never mutated; consider changing to 'let' constant[0;0m [#]8;;https://docs.swift.org/compiler/documentation/diagnostics/variable-never-mutated\VariableNeverMutated]8;;\]
[0;36m108 |[0;0m return withUnsafePointer(to: nativeCInfo) {
[0;36m109 |[0;0m Surface(handle: sk_surface_new_render_target(context.handle, budgeted, $0, 0, TOP_LEFT_GR_SURFACE_ORIGIN, nil, false))
[#VariableNeverMutated]: <https://docs.swift.org/compiler/documentation/diagnostics/variable-never-mutated>
<module-includes>:1:10: [1;39mnote: [1;39min file included from <module-includes>:1:[0;0m
[0;36m1 |[0;0m #include "/host/spi-builder-workspace/Sources/CSkia/include/CSkia.h"
[0;36m|[0;0m `- [1;39mnote: [1;39min file included from <module-includes>:1:[0;0m
[0;36m2 |[0;0m
/host/spi-builder-workspace/Sources/SkiaKit/Shader.swift:102:19: [1;33mwarning: [1;39minitialization of 'UnsafePointer<sk_matrix_t>' results in a dangling pointer[0;0m [#]8;;https://docs.swift.org/compiler/documentation/diagnostics/temporary-pointers\TemporaryPointers]8;;\]
[0;36m100 |[0;0m if let l = localMatrix {
[0;36m101 |[0;0m native = l.toNative()
[0;36m102 |[0;0m ptr = [4;39mUnsafePointer<sk_matrix_t> (&native)[0;0m
[0;36m|[0;0m | |- [1;39mnote: [1;39mimplicit argument conversion from 'sk_matrix_t' to 'UnsafePointer<sk_matrix_t>' produces a pointer valid only for the duration of the call to 'init(_:)'[0;0m
[0;36m|[0;0m | `- [1;39mnote: [1;39muse 'withUnsafePointer' in order to explicitly convert argument to pointer valid for a defined scope[0;0m
[0;36m|[0;0m `- [1;33mwarning: [1;39minitialization of 'UnsafePointer<sk_matrix_t>' results in a dangling pointer[0;0m [#]8;;https://docs.swift.org/compiler/documentation/diagnostics/temporary-pointers\TemporaryPointers]8;;\]
[0;36m103 |[0;0m }
[0;36m104 |[0;0m
/host/spi-builder-workspace/Sources/SkiaKit/Shader.swift:134:19: [1;33mwarning: [1;39minitialization of 'UnsafePointer<sk_matrix_t>' results in a dangling pointer[0;0m [#]8;;https://docs.swift.org/compiler/documentation/diagnostics/temporary-pointers\TemporaryPointers]8;;\]
[0;36m132 |[0;0m if let l = localMatrix {
[0;36m133 |[0;0m native = l.toNative()
[0;36m134 |[0;0m ptr = [4;39mUnsafePointer<sk_matrix_t> (&native)[0;0m
[0;36m|[0;0m | |- [1;39mnote: [1;39mimplicit argument conversion from 'sk_matrix_t' to 'UnsafePointer<sk_matrix_t>' produces a pointer valid only for the duration of the call to 'init(_:)'[0;0m
[0;36m|[0;0m | `- [1;39mnote: [1;39muse 'withUnsafePointer' in order to explicitly convert argument to pointer valid for a defined scope[0;0m
[0;36m|[0;0m `- [1;33mwarning: [1;39minitialization of 'UnsafePointer<sk_matrix_t>' results in a dangling pointer[0;0m [#]8;;https://docs.swift.org/compiler/documentation/diagnostics/temporary-pointers\TemporaryPointers]8;;\]
[0;36m135 |[0;0m }
[0;36m136 |[0;0m
/host/spi-builder-workspace/Sources/SkiaKit/Shader.swift:167:19: [1;33mwarning: [1;39minitialization of 'UnsafePointer<sk_matrix_t>' results in a dangling pointer[0;0m [#]8;;https://docs.swift.org/compiler/documentation/diagnostics/temporary-pointers\TemporaryPointers]8;;\]
[0;36m165 |[0;0m if let l = localMatrix {
[0;36m166 |[0;0m native = l.toNative()
[0;36m167 |[0;0m ptr = [4;39mUnsafePointer<sk_matrix_t> (&native)[0;0m
[0;36m|[0;0m | |- [1;39mnote: [1;39mimplicit argument conversion from 'sk_matrix_t' to 'UnsafePointer<sk_matrix_t>' produces a pointer valid only for the duration of the call to 'init(_:)'[0;0m
[0;36m|[0;0m | `- [1;39mnote: [1;39muse 'withUnsafePointer' in order to explicitly convert argument to pointer valid for a defined scope[0;0m
[0;36m|[0;0m `- [1;33mwarning: [1;39minitialization of 'UnsafePointer<sk_matrix_t>' results in a dangling pointer[0;0m [#]8;;https://docs.swift.org/compiler/documentation/diagnostics/temporary-pointers\TemporaryPointers]8;;\]
[0;36m168 |[0;0m }
[0;36m169 |[0;0m
/host/spi-builder-workspace/Sources/SkiaKit/Shader.swift:201:19: [1;33mwarning: [1;39minitialization of 'UnsafePointer<sk_matrix_t>' results in a dangling pointer[0;0m [#]8;;https://docs.swift.org/compiler/documentation/diagnostics/temporary-pointers\TemporaryPointers]8;;\]
[0;36m199 |[0;0m if let l = localMatrix {
[0;36m200 |[0;0m native = l.toNative()
[0;36m201 |[0;0m ptr = [4;39mUnsafePointer<sk_matrix_t> (&native)[0;0m
[0;36m|[0;0m | |- [1;39mnote: [1;39mimplicit argument conversion from 'sk_matrix_t' to 'UnsafePointer<sk_matrix_t>' produces a pointer valid only for the duration of the call to 'init(_:)'[0;0m
[0;36m|[0;0m | `- [1;39mnote: [1;39muse 'withUnsafePointer' in order to explicitly convert argument to pointer valid for a defined scope[0;0m
[0;36m|[0;0m `- [1;33mwarning: [1;39minitialization of 'UnsafePointer<sk_matrix_t>' results in a dangling pointer[0;0m [#]8;;https://docs.swift.org/compiler/documentation/diagnostics/temporary-pointers\TemporaryPointers]8;;\]
[0;36m202 |[0;0m }
[0;36m203 |[0;0m
/host/spi-builder-workspace/Sources/SkiaKit/Shader.swift:233:19: [1;33mwarning: [1;39minitialization of 'UnsafePointer<sk_isize_t>' results in a dangling pointer[0;0m [#]8;;https://docs.swift.org/compiler/documentation/diagnostics/temporary-pointers\TemporaryPointers]8;;\]
[0;36m231 |[0;0m if let t = tileSize {
[0;36m232 |[0;0m n = t
[0;36m233 |[0;0m ptr = [4;39mUnsafePointer<sk_isize_t>(&n)[0;0m
[0;36m|[0;0m | |- [1;39mnote: [1;39mimplicit argument conversion from 'sk_isize_t' to 'UnsafePointer<sk_isize_t>' produces a pointer valid only for the duration of the call to 'init(_:)'[0;0m
[0;36m|[0;0m | `- [1;39mnote: [1;39muse 'withUnsafePointer' in order to explicitly convert argument to pointer valid for a defined scope[0;0m
[0;36m|[0;0m `- [1;33mwarning: [1;39minitialization of 'UnsafePointer<sk_isize_t>' results in a dangling pointer[0;0m [#]8;;https://docs.swift.org/compiler/documentation/diagnostics/temporary-pointers\TemporaryPointers]8;;\]
[0;36m234 |[0;0m }
[0;36m235 |[0;0m return Shader (handle: sk_shader_new_perlin_noise_fractal_noise(baseFrequencyX, baseFrequencyY, numOctaves, seed, ptr))
/host/spi-builder-workspace/Sources/SkiaKit/Shader.swift:251:19: [1;33mwarning: [1;39minitialization of 'UnsafePointer<sk_isize_t>' results in a dangling pointer[0;0m [#]8;;https://docs.swift.org/compiler/documentation/diagnostics/temporary-pointers\TemporaryPointers]8;;\]
[0;36m249 |[0;0m if let t = tileSize {
[0;36m250 |[0;0m n = t
[0;36m251 |[0;0m ptr = [4;39mUnsafePointer<sk_isize_t>(&n)[0;0m
[0;36m|[0;0m | |- [1;39mnote: [1;39mimplicit argument conversion from 'sk_isize_t' to 'UnsafePointer<sk_isize_t>' produces a pointer valid only for the duration of the call to 'init(_:)'[0;0m
[0;36m|[0;0m | `- [1;39mnote: [1;39muse 'withUnsafePointer' in order to explicitly convert argument to pointer valid for a defined scope[0;0m
[0;36m|[0;0m `- [1;33mwarning: [1;39minitialization of 'UnsafePointer<sk_isize_t>' results in a dangling pointer[0;0m [#]8;;https://docs.swift.org/compiler/documentation/diagnostics/temporary-pointers\TemporaryPointers]8;;\]
[0;36m252 |[0;0m }
[0;36m253 |[0;0m return Shader (handle: sk_shader_new_perlin_noise_turbulence(baseFrequencyX, baseFrequencyY, numOctaves, seed, ptr))
[#TemporaryPointers]: <https://docs.swift.org/compiler/documentation/diagnostics/temporary-pointers>
/host/spi-builder-workspace/Samples/Gallery/main.swift:17:8: [1;33mwarning: [1;39mresult of call to 'encode(dest:src:encoder:quality:)' is unused[0;0m [#]8;;https://docs.swift.org/compiler/documentation/diagnostics/no-usage\NoUsage]8;;\]
[0;36m15 |[0;0m let stream = SKFileWStream(path: "test.png")!
[0;36m16 |[0;0m
[0;36m17 |[0;0m Pixmap.encode(dest: stream, src: bitmap, encoder: .png, quality: 100)
[0;36m|[0;0m `- [1;33mwarning: [1;39mresult of call to 'encode(dest:src:encoder:quality:)' is unused[0;0m [#]8;;https://docs.swift.org/compiler/documentation/diagnostics/no-usage\NoUsage]8;;\]
[#NoUsage]: <https://docs.swift.org/compiler/documentation/diagnostics/no-usage>
[46 / 51] Samples-product
/host/spi-builder-workspace/Samples/Gallery/main.swift:17:8: [1;33mwarning: [1;39mresult of call to 'encode(dest:src:encoder:quality:)' is unused[0;0m [#]8;;https://docs.swift.org/compiler/documentation/diagnostics/no-usage\NoUsage]8;;\]
[0;36m15 |[0;0m let stream = SKFileWStream(path: "test.png")!
[0;36m16 |[0;0m
[0;36m17 |[0;0m Pixmap.encode(dest: stream, src: bitmap, encoder: .png, quality: 100)
[0;36m|[0;0m `- [1;33mwarning: [1;39mresult of call to 'encode(dest:src:encoder:quality:)' is unused[0;0m [#]8;;https://docs.swift.org/compiler/documentation/diagnostics/no-usage\NoUsage]8;;\]
[#NoUsage]: <https://docs.swift.org/compiler/documentation/diagnostics/no-usage>
[53 / 53] Samples-product
error: link command failed with exit code 1 (use -v to see invocation)
/host/spi-builder-workspace/Package.swift: Samples-product: clang: warning: argument unused during compilation: '-rdynamic' [-Wunused-command-line-argument]
/host/spi-builder-workspace/Package.swift: Samples-product: wasm-ld: error: unable to find library -lskia
/host/spi-builder-workspace/Package.swift: Samples-product: wasm-ld: error: unable to find library -lfreetype
/host/spi-builder-workspace/Package.swift: Samples-product: wasm-ld: error: unable to find library -lfontconfig
/host/spi-builder-workspace/Package.swift: Samples-product: wasm-ld: error: unable to find library -lz
/host/spi-builder-workspace/Package.swift: Samples-product: clang: error: linker command failed with exit code 1 (use -v to see invocation)
error: Ld /host/spi-builder-workspace/.build/out/Products/Debug-webassembly-wasm32/Samples.wasm normal failed with a nonzero exit code. Command line: cd /host/spi-builder-workspace
/usr/bin/swiftc -target wasm32-unknown-wasip1 -emit-executable -sysroot /root/.swiftpm/swift-sdks/swift-6.4.x-DEVELOPMENT-SNAPSHOT-2026-09-04-a_wasm.artifactbundle/swift-6.4.x-DEVELOPMENT-SNAPSHOT-2026-09-04-a_wasm/wasm32-unknown-wasip1/WASI.sdk -sdk /root/.swiftpm/swift-sdks/swift-6.4.x-DEVELOPMENT-SNAPSHOT-2026-09-04-a_wasm.artifactbundle/swift-6.4.x-DEVELOPMENT-SNAPSHOT-2026-09-04-a_wasm/wasm32-unknown-wasip1/WASI.sdk -Xclang-linker -resource-dir -Xclang-linker /root/.swiftpm/swift-sdks/swift-6.4.x-DEVELOPMENT-SNAPSHOT-2026-09-04-a_wasm.artifactbundle/swift-6.4.x-DEVELOPMENT-SNAPSHOT-2026-09-04-a_wasm/wasm32-unknown-wasip1/swift.xctoolchain/usr/lib/swift_static/clang -resource-dir /root/.swiftpm/swift-sdks/swift-6.4.x-DEVELOPMENT-SNAPSHOT-2026-09-04-a_wasm.artifactbundle/swift-6.4.x-DEVELOPMENT-SNAPSHOT-2026-09-04-a_wasm/wasm32-unknown-wasip1/swift.xctoolchain/usr/lib/swift_static -L/host/spi-builder-workspace/.build/out/Intermediates.noindex/EagerLinkingTBDs/Debug-webassembly-wasm32 -L/host/spi-builder-workspace/.build/out/Products/Debug-webassembly-wasm32 @/host/spi-builder-workspace/.build/out/Intermediates.noindex/SkiaKit.build/Debug-webassembly-wasm32/Samples-p.build/Objects-normal/wasm32/Samples.LinkFileList -Xlinker --gc-sections -Xclang-linker -rdynamic -L/usr/lib/swift -lstdc++ -static-stdlib -lskia -lfreetype -lfontconfig -lz -lstdc++ @/host/spi-builder-workspace/.build/out/Products/Debug-webassembly-wasm32/CSkia.objlib/args.resp @/host/spi-builder-workspace/.build/out/Products/Debug-webassembly-wasm32/SkiaKit.objlib/args.resp -o /host/spi-builder-workspace/.build/out/Products/Debug-webassembly-wasm32/Samples.wasm
error: Build failed
BUILD FAILURE 6.4 wasm