Build Information
Failed to build SwiftEDR, reference main (1e497d), with Swift 6.3 for watchOS using Xcode 26.4 on 19 Oct 2026 19:17:18 UTC.
Build Command
env DEVELOPER_DIR=/Applications/Xcode-26.5.0.app xcrun xcodebuild -IDEClonedSourcePackagesDirPathOverride=$PWD/.dependencies -skipMacroValidation -skipPackagePluginValidation -derivedDataPath $PWD/.derivedData build -scheme SwiftEDR -destination generic/platform=watchOSBuild Log
========================================
RunAll
========================================
Builder version: 5.1.3
Interrupt handler set up.
========================================
Checkout
========================================
Clone URL: https://github.com/Jiropole/SwiftEDR.git
Reference: main
Initialized empty Git repository in /Users/admin/builder/spi-builder-workspace/.git/
From https://github.com/Jiropole/SwiftEDR
* branch main -> FETCH_HEAD
* [new branch] main -> origin/main
HEAD is now at 1e497d7 Fix some minor bloom issues but partially deprecate bloom
Cloned https://github.com/Jiropole/SwiftEDR.git
Revision (git rev-parse @):
1e497d739946a39e3f551453480159c48f9312fd
SUCCESS checkout https://github.com/Jiropole/SwiftEDR.git at main
========================================
Build
========================================
Selected platform: watchOS
Swift version: 6.3
Building package at path: $PWD
https://github.com/Jiropole/SwiftEDR.git
Command line invocation:
/Applications/Xcode-26.5.0.app/Contents/Developer/usr/bin/xcodebuild -IDEClonedSourcePackagesDirPathOverride=/Users/admin/builder/spi-builder-workspace/.dependencies -resolvePackageDependencies
Resolve Package Graph
Resolve Package Graph
Resolved source packages:
SwiftEDR: /Users/admin/builder/spi-builder-workspace
resolved source packages: SwiftEDR
2026-10-19 15:17:01.214 xcodebuild[536:3071] [MT] IDERunDestination: Supported platforms for the buildables in the current scheme is empty.
{
"dependencies" : [
],
"manifest_display_name" : "SwiftEDR",
"name" : "SwiftEDR",
"path" : "/Users/admin/builder/spi-builder-workspace",
"platforms" : [
{
"name" : "ios",
"version" : "26.0"
},
{
"name" : "macos",
"version" : "26.0"
},
{
"name" : "visionos",
"version" : "26.0"
}
],
"products" : [
{
"name" : "SwiftEDR",
"targets" : [
"SwiftEDR"
],
"type" : {
"library" : [
"automatic"
]
}
}
],
"targets" : [
{
"c99name" : "SwiftEDR",
"module_type" : "SwiftTarget",
"name" : "SwiftEDR",
"path" : "Sources/SwiftEDR",
"product_memberships" : [
"SwiftEDR"
],
"resources" : [
{
"path" : "/Users/admin/builder/spi-builder-workspace/Sources/SwiftEDR/Shaders/Shaders.metal",
"rule" : {
"process" : {
}
}
}
],
"sources" : [
"Component/BloomModifier.swift",
"Component/HeadroomAsserter.swift",
"Component/HighlightsModifier.swift",
"Component/ToneMapModifier.swift",
"EDRCanvas.swift",
"EDRImage.swift",
"EDRModifier.swift",
"Model/BaseModel.swift",
"Model/EnvironmentValues.swift",
"Model/Export/ImagePreset.swift",
"Model/Export/MediaPreset.swift",
"Model/Export/VideoPreset.swift",
"Model/Headroom.swift",
"Model/ImageMetadata.swift",
"Model/Palette.swift",
"Model/Profile.swift",
"Utility/BackoffRepeater.swift",
"Utility/Extension/CGImage+EDR.swift",
"Utility/Extension/CGImageSource+EDR.swift",
"Utility/Extension/Data+EDR.swift",
"Utility/HeadroomFollower.swift",
"Utility/HeadroomMonitor.swift",
"Utility/Multicaster.swift",
"Utility/Platform.swift"
],
"type" : "library"
}
],
"tools_version" : "6.2"
}
{
"workspace" : {
"name" : "spi-builder-workspace",
"schemes" : [
"SwiftEDR"
]
}
}
2026-10-19 15:17:09.196 xcodebuild[655:3931] [MT] IDERunDestination: Supported platforms for the buildables in the current scheme is empty.
Running build ...
env DEVELOPER_DIR=/Applications/Xcode-26.5.0.app xcrun xcodebuild -IDEClonedSourcePackagesDirPathOverride=$PWD/.dependencies -skipMacroValidation -skipPackagePluginValidation -derivedDataPath $PWD/.derivedData build -scheme SwiftEDR -destination generic/platform=watchOS
Command line invocation:
/Applications/Xcode-26.5.0.app/Contents/Developer/usr/bin/xcodebuild -IDEClonedSourcePackagesDirPathOverride=/Users/admin/builder/spi-builder-workspace/.dependencies -skipMacroValidation -skipPackagePluginValidation -derivedDataPath /Users/admin/builder/spi-builder-workspace/.derivedData build -scheme SwiftEDR -destination generic/platform=watchOS
Resolve Package Graph
Resolved source packages:
SwiftEDR: /Users/admin/builder/spi-builder-workspace
ComputePackagePrebuildTargetDependencyGraph
Prepare packages
CreateBuildRequest
SendProjectDescription
CreateBuildOperation
ComputeTargetDependencyGraph
note: Building targets in dependency order
note: Target dependency graph (3 targets)
Target 'SwiftEDR' in project 'SwiftEDR'
➜ Explicit dependency on target 'SwiftEDR' in project 'SwiftEDR'
➜ Explicit dependency on target 'SwiftEDR_SwiftEDR' in project 'SwiftEDR'
Target 'SwiftEDR' in project 'SwiftEDR'
➜ Explicit dependency on target 'SwiftEDR_SwiftEDR' in project 'SwiftEDR'
Target 'SwiftEDR_SwiftEDR' in project 'SwiftEDR' (no dependencies)
GatherProvisioningInputs
CreateBuildDescription
ExecuteExternalTool /Applications/Xcode-26.5.0.app/Contents/Developer/Toolchains/XcodeDefault.xctoolchain/usr/bin/clang -v -E -dM -isysroot /Applications/Xcode-26.5.0.app/Contents/Developer/Platforms/WatchOS.platform/Developer/SDKs/WatchOS26.5.sdk -x c -c /dev/null
ExecuteExternalTool /Applications/Xcode-26.5.0.app/Contents/Developer/Toolchains/XcodeDefault.xctoolchain/usr/bin/swiftc --version
ExecuteExternalTool /Applications/Xcode-26.5.0.app/Contents/Developer/Toolchains/XcodeDefault.xctoolchain/usr/bin/ld -version_details
Build description signature: 3a9cb60556700f3efa4a1e9444f14730
Build description path: /Users/admin/builder/spi-builder-workspace/.derivedData/Build/Intermediates.noindex/XCBuildData/3a9cb60556700f3efa4a1e9444f14730.xcbuilddata
CreateBuildDirectory /Users/admin/builder/spi-builder-workspace/.derivedData/Build/Products
cd /Users/admin/builder/spi-builder-workspace/.swiftpm/xcode
builtin-create-build-directory /Users/admin/builder/spi-builder-workspace/.derivedData/Build/Products
CreateBuildDirectory /Users/admin/builder/spi-builder-workspace/.derivedData/Build/Intermediates.noindex
cd /Users/admin/builder/spi-builder-workspace/.swiftpm/xcode
builtin-create-build-directory /Users/admin/builder/spi-builder-workspace/.derivedData/Build/Intermediates.noindex
ClangStatCache /Applications/Xcode-26.5.0.app/Contents/Developer/Toolchains/XcodeDefault.xctoolchain/usr/bin/clang-stat-cache /Applications/Xcode-26.5.0.app/Contents/Developer/Platforms/WatchOS.platform/Developer/SDKs/WatchOS26.5.sdk /Users/admin/builder/spi-builder-workspace/.derivedData/SDKStatCaches.noindex/watchos26.5-23T570-688ef53f1462e2c8f657fdc38a81448f7931b973dfc65d9472806dbbc3af9379.sdkstatcache
cd /Users/admin/builder/spi-builder-workspace/.swiftpm/xcode
/Applications/Xcode-26.5.0.app/Contents/Developer/Toolchains/XcodeDefault.xctoolchain/usr/bin/clang-stat-cache /Applications/Xcode-26.5.0.app/Contents/Developer/Platforms/WatchOS.platform/Developer/SDKs/WatchOS26.5.sdk -o /Users/admin/builder/spi-builder-workspace/.derivedData/SDKStatCaches.noindex/watchos26.5-23T570-688ef53f1462e2c8f657fdc38a81448f7931b973dfc65d9472806dbbc3af9379.sdkstatcache
CreateBuildDirectory /Users/admin/builder/spi-builder-workspace/.derivedData/Build/Intermediates.noindex/SwiftExplicitPrecompiledModules
cd /Users/admin/builder/spi-builder-workspace/.swiftpm/xcode
builtin-create-build-directory /Users/admin/builder/spi-builder-workspace/.derivedData/Build/Intermediates.noindex/SwiftExplicitPrecompiledModules
CreateBuildDirectory /Users/admin/builder/spi-builder-workspace/.derivedData/Build/Intermediates.noindex/ExplicitPrecompiledModules
cd /Users/admin/builder/spi-builder-workspace/.swiftpm/xcode
builtin-create-build-directory /Users/admin/builder/spi-builder-workspace/.derivedData/Build/Intermediates.noindex/ExplicitPrecompiledModules
CreateBuildDirectory /Users/admin/builder/spi-builder-workspace/.derivedData/Build/Intermediates.noindex/EagerLinkingTBDs/Debug-watchos
cd /Users/admin/builder/spi-builder-workspace/.swiftpm/xcode
builtin-create-build-directory /Users/admin/builder/spi-builder-workspace/.derivedData/Build/Intermediates.noindex/EagerLinkingTBDs/Debug-watchos
CreateBuildDirectory /Users/admin/builder/spi-builder-workspace/.derivedData/Build/Products/Debug-watchos
cd /Users/admin/builder/spi-builder-workspace/.swiftpm/xcode
builtin-create-build-directory /Users/admin/builder/spi-builder-workspace/.derivedData/Build/Products/Debug-watchos
CreateBuildDirectory /Users/admin/builder/spi-builder-workspace/.derivedData/Build/Products/Debug-watchos/PackageFrameworks
cd /Users/admin/builder/spi-builder-workspace/.swiftpm/xcode
builtin-create-build-directory /Users/admin/builder/spi-builder-workspace/.derivedData/Build/Products/Debug-watchos/PackageFrameworks
MkDir /Users/admin/builder/spi-builder-workspace/.derivedData/Build/Products/Debug-watchos/SwiftEDR_SwiftEDR.bundle (in target 'SwiftEDR_SwiftEDR' from project 'SwiftEDR')
cd /Users/admin/builder/spi-builder-workspace
/bin/mkdir -p /Users/admin/builder/spi-builder-workspace/.derivedData/Build/Products/Debug-watchos/SwiftEDR_SwiftEDR.bundle
WriteAuxiliaryFile /Users/admin/builder/spi-builder-workspace/.derivedData/Build/Intermediates.noindex/SwiftEDR.build/Debug-watchos/SwiftEDR_SwiftEDR.build/SwiftEDR_SwiftEDR.DependencyStaticMetadataFileList (in target 'SwiftEDR_SwiftEDR' from project 'SwiftEDR')
cd /Users/admin/builder/spi-builder-workspace
write-file /Users/admin/builder/spi-builder-workspace/.derivedData/Build/Intermediates.noindex/SwiftEDR.build/Debug-watchos/SwiftEDR_SwiftEDR.build/SwiftEDR_SwiftEDR.DependencyStaticMetadataFileList
WriteAuxiliaryFile /Users/admin/builder/spi-builder-workspace/.derivedData/Build/Intermediates.noindex/SwiftEDR.build/Debug-watchos/SwiftEDR_SwiftEDR.build/empty-SwiftEDR_SwiftEDR.plist (in target 'SwiftEDR_SwiftEDR' from project 'SwiftEDR')
cd /Users/admin/builder/spi-builder-workspace
write-file /Users/admin/builder/spi-builder-workspace/.derivedData/Build/Intermediates.noindex/SwiftEDR.build/Debug-watchos/SwiftEDR_SwiftEDR.build/empty-SwiftEDR_SwiftEDR.plist
WriteAuxiliaryFile /Users/admin/builder/spi-builder-workspace/.derivedData/Build/Intermediates.noindex/SwiftEDR.build/Debug-watchos/SwiftEDR_SwiftEDR.build/SwiftEDR_SwiftEDR.DependencyMetadataFileList (in target 'SwiftEDR_SwiftEDR' from project 'SwiftEDR')
cd /Users/admin/builder/spi-builder-workspace
write-file /Users/admin/builder/spi-builder-workspace/.derivedData/Build/Intermediates.noindex/SwiftEDR.build/Debug-watchos/SwiftEDR_SwiftEDR.build/SwiftEDR_SwiftEDR.DependencyMetadataFileList
WriteAuxiliaryFile /Users/admin/builder/spi-builder-workspace/.derivedData/Build/Intermediates.noindex/SwiftEDR.build/Debug-watchos/SwiftEDR.build/SwiftEDR.modulemap (in target 'SwiftEDR' from project 'SwiftEDR')
cd /Users/admin/builder/spi-builder-workspace
write-file /Users/admin/builder/spi-builder-workspace/.derivedData/Build/Intermediates.noindex/SwiftEDR.build/Debug-watchos/SwiftEDR.build/SwiftEDR.modulemap
WriteAuxiliaryFile /Users/admin/builder/spi-builder-workspace/.derivedData/Build/Intermediates.noindex/SwiftEDR.build/Debug-watchos/SwiftEDR.build/SwiftEDR.DependencyStaticMetadataFileList (in target 'SwiftEDR' from project 'SwiftEDR')
cd /Users/admin/builder/spi-builder-workspace
write-file /Users/admin/builder/spi-builder-workspace/.derivedData/Build/Intermediates.noindex/SwiftEDR.build/Debug-watchos/SwiftEDR.build/SwiftEDR.DependencyStaticMetadataFileList
WriteAuxiliaryFile /Users/admin/builder/spi-builder-workspace/.derivedData/Build/Intermediates.noindex/SwiftEDR.build/Debug-watchos/SwiftEDR.build/SwiftEDR.DependencyMetadataFileList (in target 'SwiftEDR' from project 'SwiftEDR')
cd /Users/admin/builder/spi-builder-workspace
write-file /Users/admin/builder/spi-builder-workspace/.derivedData/Build/Intermediates.noindex/SwiftEDR.build/Debug-watchos/SwiftEDR.build/SwiftEDR.DependencyMetadataFileList
WriteAuxiliaryFile /Users/admin/builder/spi-builder-workspace/.derivedData/Build/Intermediates.noindex/SwiftEDR.build/Debug-watchos/SwiftEDR.build/Objects-normal/arm64_32/SwiftEDR_const_extract_protocols.json (in target 'SwiftEDR' from project 'SwiftEDR')
cd /Users/admin/builder/spi-builder-workspace
write-file /Users/admin/builder/spi-builder-workspace/.derivedData/Build/Intermediates.noindex/SwiftEDR.build/Debug-watchos/SwiftEDR.build/Objects-normal/arm64_32/SwiftEDR_const_extract_protocols.json
WriteAuxiliaryFile /Users/admin/builder/spi-builder-workspace/.derivedData/Build/Intermediates.noindex/SwiftEDR.build/Debug-watchos/SwiftEDR.build/Objects-normal/arm64_32/SwiftEDR.SwiftFileList (in target 'SwiftEDR' from project 'SwiftEDR')
cd /Users/admin/builder/spi-builder-workspace
write-file /Users/admin/builder/spi-builder-workspace/.derivedData/Build/Intermediates.noindex/SwiftEDR.build/Debug-watchos/SwiftEDR.build/Objects-normal/arm64_32/SwiftEDR.SwiftFileList
WriteAuxiliaryFile /Users/admin/builder/spi-builder-workspace/.derivedData/Build/Intermediates.noindex/SwiftEDR.build/Debug-watchos/SwiftEDR.build/Objects-normal/arm64_32/SwiftEDR.SwiftConstValuesFileList (in target 'SwiftEDR' from project 'SwiftEDR')
cd /Users/admin/builder/spi-builder-workspace
write-file /Users/admin/builder/spi-builder-workspace/.derivedData/Build/Intermediates.noindex/SwiftEDR.build/Debug-watchos/SwiftEDR.build/Objects-normal/arm64_32/SwiftEDR.SwiftConstValuesFileList
WriteAuxiliaryFile /Users/admin/builder/spi-builder-workspace/.derivedData/Build/Intermediates.noindex/SwiftEDR.build/Debug-watchos/SwiftEDR.build/Objects-normal/arm64_32/SwiftEDR.LinkFileList (in target 'SwiftEDR' from project 'SwiftEDR')
cd /Users/admin/builder/spi-builder-workspace
write-file /Users/admin/builder/spi-builder-workspace/.derivedData/Build/Intermediates.noindex/SwiftEDR.build/Debug-watchos/SwiftEDR.build/Objects-normal/arm64_32/SwiftEDR.LinkFileList
WriteAuxiliaryFile /Users/admin/builder/spi-builder-workspace/.derivedData/Build/Intermediates.noindex/SwiftEDR.build/Debug-watchos/SwiftEDR.build/Objects-normal/arm64_32/SwiftEDR-OutputFileMap.json (in target 'SwiftEDR' from project 'SwiftEDR')
cd /Users/admin/builder/spi-builder-workspace
write-file /Users/admin/builder/spi-builder-workspace/.derivedData/Build/Intermediates.noindex/SwiftEDR.build/Debug-watchos/SwiftEDR.build/Objects-normal/arm64_32/SwiftEDR-OutputFileMap.json
WriteAuxiliaryFile /Users/admin/builder/spi-builder-workspace/.derivedData/Build/Intermediates.noindex/SwiftEDR.build/Debug-watchos/SwiftEDR.build/Objects-normal/arm64/SwiftEDR-OutputFileMap.json (in target 'SwiftEDR' from project 'SwiftEDR')
cd /Users/admin/builder/spi-builder-workspace
write-file /Users/admin/builder/spi-builder-workspace/.derivedData/Build/Intermediates.noindex/SwiftEDR.build/Debug-watchos/SwiftEDR.build/Objects-normal/arm64/SwiftEDR-OutputFileMap.json
WriteAuxiliaryFile /Users/admin/builder/spi-builder-workspace/.derivedData/Build/Intermediates.noindex/SwiftEDR.build/Debug-watchos/SwiftEDR.build/Objects-normal/arm64/SwiftEDR_const_extract_protocols.json (in target 'SwiftEDR' from project 'SwiftEDR')
cd /Users/admin/builder/spi-builder-workspace
write-file /Users/admin/builder/spi-builder-workspace/.derivedData/Build/Intermediates.noindex/SwiftEDR.build/Debug-watchos/SwiftEDR.build/Objects-normal/arm64/SwiftEDR_const_extract_protocols.json
WriteAuxiliaryFile /Users/admin/builder/spi-builder-workspace/.derivedData/Build/Intermediates.noindex/SwiftEDR.build/Debug-watchos/SwiftEDR.build/Objects-normal/arm64/SwiftEDR.SwiftFileList (in target 'SwiftEDR' from project 'SwiftEDR')
cd /Users/admin/builder/spi-builder-workspace
write-file /Users/admin/builder/spi-builder-workspace/.derivedData/Build/Intermediates.noindex/SwiftEDR.build/Debug-watchos/SwiftEDR.build/Objects-normal/arm64/SwiftEDR.SwiftFileList
WriteAuxiliaryFile /Users/admin/builder/spi-builder-workspace/.derivedData/Build/Intermediates.noindex/SwiftEDR.build/Debug-watchos/SwiftEDR.build/Objects-normal/arm64/SwiftEDR.SwiftConstValuesFileList (in target 'SwiftEDR' from project 'SwiftEDR')
cd /Users/admin/builder/spi-builder-workspace
write-file /Users/admin/builder/spi-builder-workspace/.derivedData/Build/Intermediates.noindex/SwiftEDR.build/Debug-watchos/SwiftEDR.build/Objects-normal/arm64/SwiftEDR.SwiftConstValuesFileList
WriteAuxiliaryFile /Users/admin/builder/spi-builder-workspace/.derivedData/Build/Intermediates.noindex/SwiftEDR.build/Debug-watchos/SwiftEDR.build/Objects-normal/arm64/SwiftEDR.LinkFileList (in target 'SwiftEDR' from project 'SwiftEDR')
cd /Users/admin/builder/spi-builder-workspace
write-file /Users/admin/builder/spi-builder-workspace/.derivedData/Build/Intermediates.noindex/SwiftEDR.build/Debug-watchos/SwiftEDR.build/Objects-normal/arm64/SwiftEDR.LinkFileList
WriteAuxiliaryFile /Users/admin/builder/spi-builder-workspace/.derivedData/Build/Intermediates.noindex/SwiftEDR.build/Debug-watchos/SwiftEDR.build/DerivedSources/resource_bundle_accessor.swift (in target 'SwiftEDR' from project 'SwiftEDR')
cd /Users/admin/builder/spi-builder-workspace
write-file /Users/admin/builder/spi-builder-workspace/.derivedData/Build/Intermediates.noindex/SwiftEDR.build/Debug-watchos/SwiftEDR.build/DerivedSources/resource_bundle_accessor.swift
Copy /Users/admin/builder/spi-builder-workspace/.derivedData/Build/Intermediates.noindex/GeneratedModuleMaps-watchos/SwiftEDR.modulemap /Users/admin/builder/spi-builder-workspace/.derivedData/Build/Intermediates.noindex/SwiftEDR.build/Debug-watchos/SwiftEDR.build/SwiftEDR.modulemap (in target 'SwiftEDR' from project 'SwiftEDR')
cd /Users/admin/builder/spi-builder-workspace
builtin-copy -exclude .DS_Store -exclude CVS -exclude .svn -exclude .git -exclude .hg -resolve-src-symlinks /Users/admin/builder/spi-builder-workspace/.derivedData/Build/Intermediates.noindex/SwiftEDR.build/Debug-watchos/SwiftEDR.build/SwiftEDR.modulemap /Users/admin/builder/spi-builder-workspace/.derivedData/Build/Intermediates.noindex/GeneratedModuleMaps-watchos
ProcessInfoPlistFile /Users/admin/builder/spi-builder-workspace/.derivedData/Build/Products/Debug-watchos/SwiftEDR_SwiftEDR.bundle/Info.plist /Users/admin/builder/spi-builder-workspace/.derivedData/Build/Intermediates.noindex/SwiftEDR.build/Debug-watchos/SwiftEDR_SwiftEDR.build/empty-SwiftEDR_SwiftEDR.plist (in target 'SwiftEDR_SwiftEDR' from project 'SwiftEDR')
cd /Users/admin/builder/spi-builder-workspace
builtin-infoPlistUtility /Users/admin/builder/spi-builder-workspace/.derivedData/Build/Intermediates.noindex/SwiftEDR.build/Debug-watchos/SwiftEDR_SwiftEDR.build/empty-SwiftEDR_SwiftEDR.plist -producttype com.apple.product-type.bundle -expandbuildsettings -format binary -platform watchos -o /Users/admin/builder/spi-builder-workspace/.derivedData/Build/Products/Debug-watchos/SwiftEDR_SwiftEDR.bundle/Info.plist
CompileMetalFile /Users/admin/builder/spi-builder-workspace/Sources/SwiftEDR/Shaders/Shaders.metal (in target 'SwiftEDR_SwiftEDR' from project 'SwiftEDR')
cd /Users/admin/builder/spi-builder-workspace
/var/run/com.apple.security.cryptexd/mnt/com.apple.MobileAsset.MetalToolchain-v17.6.42.0.wZOixe/Metal.xctoolchain/usr/bin/metal -c -target air64-apple-watchos26.0 -I/Users/admin/builder/spi-builder-workspace/.derivedData/Build/Products/Debug-watchos/include -F/Users/admin/builder/spi-builder-workspace/.derivedData/Build/Products/Debug-watchos -isysroot /Applications/Xcode-26.5.0.app/Contents/Developer/Platforms/WatchOS.platform/Developer/SDKs/WatchOS26.5.sdk -fmetal-math-mode\=fast -fmetal-math-fp32-functions\=fast -serialize-diagnostics /Users/admin/builder/spi-builder-workspace/.derivedData/Build/Intermediates.noindex/SwiftEDR.build/Debug-watchos/SwiftEDR_SwiftEDR.build/Metal/Shaders.dia -o /Users/admin/builder/spi-builder-workspace/.derivedData/Build/Intermediates.noindex/SwiftEDR.build/Debug-watchos/SwiftEDR_SwiftEDR.build/Metal/Shaders.air -MMD -MT dependencies -MF /Users/admin/builder/spi-builder-workspace/.derivedData/Build/Intermediates.noindex/SwiftEDR.build/Debug-watchos/SwiftEDR_SwiftEDR.build/Metal/Shaders.dat /Users/admin/builder/spi-builder-workspace/Sources/SwiftEDR/Shaders/Shaders.metal
/Users/admin/builder/spi-builder-workspace/Sources/SwiftEDR/Shaders/Shaders.metal:13:52: error: use of undeclared identifier 'SwiftUI'
SwiftUI::Layer layer,
^
/Users/admin/builder/spi-builder-workspace/Sources/SwiftEDR/Shaders/Shaders.metal:34:52: error: use of undeclared identifier 'SwiftUI'
SwiftUI::Layer layer,
^
/Users/admin/builder/spi-builder-workspace/Sources/SwiftEDR/Shaders/Shaders.metal:55:39: error: use of undeclared identifier 'SwiftUI'
SwiftUI::Layer layer,
^
/Users/admin/builder/spi-builder-workspace/Sources/SwiftEDR/Shaders/Shaders.metal:75:44: error: use of undeclared identifier 'SwiftUI'
SwiftUI::Layer layer,
^
4 errors generated.
SwiftDriver SwiftEDR normal arm64_32 com.apple.xcode.tools.swift.compiler (in target 'SwiftEDR' from project 'SwiftEDR')
cd /Users/admin/builder/spi-builder-workspace/.swiftpm/xcode
builtin-SwiftDriver -- /Applications/Xcode-26.5.0.app/Contents/Developer/Toolchains/XcodeDefault.xctoolchain/usr/bin/swiftc -module-name SwiftEDR -Onone @/Users/admin/builder/spi-builder-workspace/.derivedData/Build/Intermediates.noindex/SwiftEDR.build/Debug-watchos/SwiftEDR.build/Objects-normal/arm64_32/SwiftEDR.SwiftFileList -DSWIFT_PACKAGE -DDEBUG -DSWIFT_MODULE_RESOURCE_BUNDLE_AVAILABLE -DXcode -plugin-path /Applications/Xcode-26.5.0.app/Contents/Developer/Toolchains/XcodeDefault.xctoolchain/usr/lib/swift/host/plugins/testing -enable-experimental-feature DebugDescriptionMacro -sdk /Applications/Xcode-26.5.0.app/Contents/Developer/Platforms/WatchOS.platform/Developer/SDKs/WatchOS26.5.sdk -target arm64_32-apple-watchos26.0 -g -module-cache-path /Users/admin/builder/spi-builder-workspace/.derivedData/ModuleCache.noindex -Xfrontend -serialize-debugging-options -enable-testing -index-store-path /Users/admin/builder/spi-builder-workspace/.derivedData/Index.noindex/DataStore -Xcc -D_LIBCPP_HARDENING_MODE\=_LIBCPP_HARDENING_MODE_DEBUG -swift-version 6 -I /Users/admin/builder/spi-builder-workspace/.derivedData/Build/Products/Debug-watchos -Isystem /Applications/Xcode-26.5.0.app/Contents/Developer/Platforms/WatchOS.platform/Developer/usr/lib -F /Users/admin/builder/spi-builder-workspace/.derivedData/Build/Products/Debug-watchos -F /Applications/Xcode-26.5.0.app/Contents/Developer/Platforms/WatchOS.platform/Developer/Library/Frameworks -F /Applications/Xcode-26.5.0.app/Contents/Developer/Platforms/WatchOS.platform/Developer/SDKs/WatchOS26.5.sdk/Developer/Library/Frameworks -c -j10 -enable-batch-mode -incremental -Xcc -ivfsstatcache -Xcc /Users/admin/builder/spi-builder-workspace/.derivedData/SDKStatCaches.noindex/watchos26.5-23T570-688ef53f1462e2c8f657fdc38a81448f7931b973dfc65d9472806dbbc3af9379.sdkstatcache -output-file-map /Users/admin/builder/spi-builder-workspace/.derivedData/Build/Intermediates.noindex/SwiftEDR.build/Debug-watchos/SwiftEDR.build/Objects-normal/arm64_32/SwiftEDR-OutputFileMap.json -use-frontend-parseable-output -save-temps -no-color-diagnostics -explicit-module-build -module-cache-path /Users/admin/builder/spi-builder-workspace/.derivedData/Build/Intermediates.noindex/SwiftExplicitPrecompiledModules -clang-scanner-module-cache-path /Users/admin/builder/spi-builder-workspace/.derivedData/ModuleCache.noindex -sdk-module-cache-path /Users/admin/builder/spi-builder-workspace/.derivedData/ModuleCache.noindex -serialize-diagnostics -emit-dependencies -emit-module -emit-module-path /Users/admin/builder/spi-builder-workspace/.derivedData/Build/Intermediates.noindex/SwiftEDR.build/Debug-watchos/SwiftEDR.build/Objects-normal/arm64_32/SwiftEDR.swiftmodule -validate-clang-modules-once -clang-build-session-file /Users/admin/builder/spi-builder-workspace/.derivedData/ModuleCache.noindex/Session.modulevalidation -package-name spi_builder_workspace -Xcc -I/Users/admin/builder/spi-builder-workspace/.derivedData/Build/Intermediates.noindex/SwiftEDR.build/Debug-watchos/SwiftEDR.build/swift-overrides.hmap -emit-const-values -Xfrontend -const-gather-protocols-file -Xfrontend /Users/admin/builder/spi-builder-workspace/.derivedData/Build/Intermediates.noindex/SwiftEDR.build/Debug-watchos/SwiftEDR.build/Objects-normal/arm64_32/SwiftEDR_const_extract_protocols.json -Xcc -I/Users/admin/builder/spi-builder-workspace/.derivedData/Build/Products/Debug-watchos/include -Xcc -I/Users/admin/builder/spi-builder-workspace/.derivedData/Build/Intermediates.noindex/SwiftEDR.build/Debug-watchos/SwiftEDR.build/DerivedSources-normal/arm64_32 -Xcc -I/Users/admin/builder/spi-builder-workspace/.derivedData/Build/Intermediates.noindex/SwiftEDR.build/Debug-watchos/SwiftEDR.build/DerivedSources/arm64_32 -Xcc -I/Users/admin/builder/spi-builder-workspace/.derivedData/Build/Intermediates.noindex/SwiftEDR.build/Debug-watchos/SwiftEDR.build/DerivedSources -Xcc -DSWIFT_PACKAGE -Xcc -DDEBUG\=1 -emit-objc-header -emit-objc-header-path /Users/admin/builder/spi-builder-workspace/.derivedData/Build/Intermediates.noindex/SwiftEDR.build/Debug-watchos/SwiftEDR.build/Objects-normal/arm64_32/SwiftEDR-Swift.h -working-directory /Users/admin/builder/spi-builder-workspace/.swiftpm/xcode -experimental-emit-module-separately -disable-cmo
/Users/admin/builder/spi-builder-workspace/Sources/SwiftEDR/Model/Export/ImagePreset.swift:9:8: error: Unable to resolve module dependency: 'VideoToolbox'
import VideoToolbox
^ (in target 'SwiftEDR' from project 'SwiftEDR')
/Users/admin/builder/spi-builder-workspace/Sources/SwiftEDR/Model/Export/ImagePreset.swift:9:8: note: A dependency of main module 'SwiftEDR'
import VideoToolbox
^ (in target 'SwiftEDR' from project 'SwiftEDR')
/Users/admin/builder/spi-builder-workspace/Sources/SwiftEDR/Model/Export/MediaPreset.swift:9:8: note: Also imported here
import VideoToolbox
^ (in target 'SwiftEDR' from project 'SwiftEDR')
/Users/admin/builder/spi-builder-workspace/Sources/SwiftEDR/Model/Export/VideoPreset.swift:9:8: note: Also imported here
import VideoToolbox
^ (in target 'SwiftEDR' from project 'SwiftEDR')
SwiftDriver SwiftEDR normal arm64 com.apple.xcode.tools.swift.compiler (in target 'SwiftEDR' from project 'SwiftEDR')
cd /Users/admin/builder/spi-builder-workspace/.swiftpm/xcode
builtin-SwiftDriver -- /Applications/Xcode-26.5.0.app/Contents/Developer/Toolchains/XcodeDefault.xctoolchain/usr/bin/swiftc -module-name SwiftEDR -Onone @/Users/admin/builder/spi-builder-workspace/.derivedData/Build/Intermediates.noindex/SwiftEDR.build/Debug-watchos/SwiftEDR.build/Objects-normal/arm64/SwiftEDR.SwiftFileList -DSWIFT_PACKAGE -DDEBUG -DSWIFT_MODULE_RESOURCE_BUNDLE_AVAILABLE -DXcode -plugin-path /Applications/Xcode-26.5.0.app/Contents/Developer/Toolchains/XcodeDefault.xctoolchain/usr/lib/swift/host/plugins/testing -enable-experimental-feature DebugDescriptionMacro -sdk /Applications/Xcode-26.5.0.app/Contents/Developer/Platforms/WatchOS.platform/Developer/SDKs/WatchOS26.5.sdk -target arm64-apple-watchos26.0 -g -module-cache-path /Users/admin/builder/spi-builder-workspace/.derivedData/ModuleCache.noindex -Xfrontend -serialize-debugging-options -enable-testing -index-store-path /Users/admin/builder/spi-builder-workspace/.derivedData/Index.noindex/DataStore -Xcc -D_LIBCPP_HARDENING_MODE\=_LIBCPP_HARDENING_MODE_DEBUG -swift-version 6 -I /Users/admin/builder/spi-builder-workspace/.derivedData/Build/Products/Debug-watchos -Isystem /Applications/Xcode-26.5.0.app/Contents/Developer/Platforms/WatchOS.platform/Developer/usr/lib -F /Users/admin/builder/spi-builder-workspace/.derivedData/Build/Products/Debug-watchos -F /Applications/Xcode-26.5.0.app/Contents/Developer/Platforms/WatchOS.platform/Developer/Library/Frameworks -F /Applications/Xcode-26.5.0.app/Contents/Developer/Platforms/WatchOS.platform/Developer/SDKs/WatchOS26.5.sdk/Developer/Library/Frameworks -c -j10 -enable-batch-mode -incremental -Xcc -ivfsstatcache -Xcc /Users/admin/builder/spi-builder-workspace/.derivedData/SDKStatCaches.noindex/watchos26.5-23T570-688ef53f1462e2c8f657fdc38a81448f7931b973dfc65d9472806dbbc3af9379.sdkstatcache -output-file-map /Users/admin/builder/spi-builder-workspace/.derivedData/Build/Intermediates.noindex/SwiftEDR.build/Debug-watchos/SwiftEDR.build/Objects-normal/arm64/SwiftEDR-OutputFileMap.json -use-frontend-parseable-output -save-temps -no-color-diagnostics -explicit-module-build -module-cache-path /Users/admin/builder/spi-builder-workspace/.derivedData/Build/Intermediates.noindex/SwiftExplicitPrecompiledModules -clang-scanner-module-cache-path /Users/admin/builder/spi-builder-workspace/.derivedData/ModuleCache.noindex -sdk-module-cache-path /Users/admin/builder/spi-builder-workspace/.derivedData/ModuleCache.noindex -serialize-diagnostics -emit-dependencies -emit-module -emit-module-path /Users/admin/builder/spi-builder-workspace/.derivedData/Build/Intermediates.noindex/SwiftEDR.build/Debug-watchos/SwiftEDR.build/Objects-normal/arm64/SwiftEDR.swiftmodule -validate-clang-modules-once -clang-build-session-file /Users/admin/builder/spi-builder-workspace/.derivedData/ModuleCache.noindex/Session.modulevalidation -package-name spi_builder_workspace -Xcc -I/Users/admin/builder/spi-builder-workspace/.derivedData/Build/Intermediates.noindex/SwiftEDR.build/Debug-watchos/SwiftEDR.build/swift-overrides.hmap -emit-const-values -Xfrontend -const-gather-protocols-file -Xfrontend /Users/admin/builder/spi-builder-workspace/.derivedData/Build/Intermediates.noindex/SwiftEDR.build/Debug-watchos/SwiftEDR.build/Objects-normal/arm64/SwiftEDR_const_extract_protocols.json -Xcc -I/Users/admin/builder/spi-builder-workspace/.derivedData/Build/Products/Debug-watchos/include -Xcc -I/Users/admin/builder/spi-builder-workspace/.derivedData/Build/Intermediates.noindex/SwiftEDR.build/Debug-watchos/SwiftEDR.build/DerivedSources-normal/arm64 -Xcc -I/Users/admin/builder/spi-builder-workspace/.derivedData/Build/Intermediates.noindex/SwiftEDR.build/Debug-watchos/SwiftEDR.build/DerivedSources/arm64 -Xcc -I/Users/admin/builder/spi-builder-workspace/.derivedData/Build/Intermediates.noindex/SwiftEDR.build/Debug-watchos/SwiftEDR.build/DerivedSources -Xcc -DSWIFT_PACKAGE -Xcc -DDEBUG\=1 -emit-objc-header -emit-objc-header-path /Users/admin/builder/spi-builder-workspace/.derivedData/Build/Intermediates.noindex/SwiftEDR.build/Debug-watchos/SwiftEDR.build/Objects-normal/arm64/SwiftEDR-Swift.h -working-directory /Users/admin/builder/spi-builder-workspace/.swiftpm/xcode -experimental-emit-module-separately -disable-cmo
/Users/admin/builder/spi-builder-workspace/Sources/SwiftEDR/Model/Export/ImagePreset.swift:9:8: error: Unable to resolve module dependency: 'VideoToolbox'
import VideoToolbox
^ (in target 'SwiftEDR' from project 'SwiftEDR')
/Users/admin/builder/spi-builder-workspace/Sources/SwiftEDR/Model/Export/ImagePreset.swift:9:8: note: A dependency of main module 'SwiftEDR'
import VideoToolbox
^ (in target 'SwiftEDR' from project 'SwiftEDR')
/Users/admin/builder/spi-builder-workspace/Sources/SwiftEDR/Model/Export/MediaPreset.swift:9:8: note: Also imported here
import VideoToolbox
^ (in target 'SwiftEDR' from project 'SwiftEDR')
/Users/admin/builder/spi-builder-workspace/Sources/SwiftEDR/Model/Export/VideoPreset.swift:9:8: note: Also imported here
import VideoToolbox
^ (in target 'SwiftEDR' from project 'SwiftEDR')
2026-10-19 15:17:10.714 xcodebuild[662:4003] [MT] IDERunDestination: Supported platforms for the buildables in the current scheme is empty.
/Users/admin/builder/spi-builder-workspace/Sources/SwiftEDR/Model/Export/ImagePreset.swift:9:8: error: unable to resolve module dependency: 'VideoToolbox'
import VideoToolbox
^
/Users/admin/builder/spi-builder-workspace/Sources/SwiftEDR/Model/Export/ImagePreset.swift:9:8: note: a dependency of main module 'SwiftEDR'
import VideoToolbox
^
/Users/admin/builder/spi-builder-workspace/Sources/SwiftEDR/Model/Export/MediaPreset.swift:9:8: note: also imported here
import VideoToolbox
^
/Users/admin/builder/spi-builder-workspace/Sources/SwiftEDR/Model/Export/VideoPreset.swift:9:8: note: also imported here
import VideoToolbox
^
/Users/admin/builder/spi-builder-workspace/Sources/SwiftEDR/Model/Export/ImagePreset.swift:9:8: error: unable to resolve module dependency: 'VideoToolbox'
import VideoToolbox
^
/Users/admin/builder/spi-builder-workspace/Sources/SwiftEDR/Model/Export/ImagePreset.swift:9:8: note: a dependency of main module 'SwiftEDR'
import VideoToolbox
^
/Users/admin/builder/spi-builder-workspace/Sources/SwiftEDR/Model/Export/MediaPreset.swift:9:8: note: also imported here
import VideoToolbox
^
/Users/admin/builder/spi-builder-workspace/Sources/SwiftEDR/Model/Export/VideoPreset.swift:9:8: note: also imported here
import VideoToolbox
^
** BUILD FAILED **
The following build commands failed:
CompileMetalFile /Users/admin/builder/spi-builder-workspace/Sources/SwiftEDR/Shaders/Shaders.metal (in target 'SwiftEDR_SwiftEDR' from project 'SwiftEDR')
SwiftDriver SwiftEDR normal arm64_32 com.apple.xcode.tools.swift.compiler (in target 'SwiftEDR' from project 'SwiftEDR')
SwiftDriver SwiftEDR normal arm64 com.apple.xcode.tools.swift.compiler (in target 'SwiftEDR' from project 'SwiftEDR')
Building workspace spi-builder-workspace with scheme SwiftEDR
(4 failures)
Command line invocation:
/Applications/Xcode-26.5.0.app/Contents/Developer/usr/bin/xcodebuild -IDEClonedSourcePackagesDirPathOverride=/Users/admin/builder/spi-builder-workspace/.dependencies -resolvePackageDependencies
Resolve Package Graph
Resolved source packages:
SwiftEDR: /Users/admin/builder/spi-builder-workspace
resolved source packages: SwiftEDR
2026-10-19 15:17:16.005 xcodebuild[680:4333] [MT] IDERunDestination: Supported platforms for the buildables in the current scheme is empty.
{
"dependencies" : [
],
"manifest_display_name" : "SwiftEDR",
"name" : "SwiftEDR",
"path" : "/Users/admin/builder/spi-builder-workspace",
"platforms" : [
{
"name" : "ios",
"version" : "26.0"
},
{
"name" : "macos",
"version" : "26.0"
},
{
"name" : "visionos",
"version" : "26.0"
}
],
"products" : [
{
"name" : "SwiftEDR",
"targets" : [
"SwiftEDR"
],
"type" : {
"library" : [
"automatic"
]
}
}
],
"targets" : [
{
"c99name" : "SwiftEDR",
"module_type" : "SwiftTarget",
"name" : "SwiftEDR",
"path" : "Sources/SwiftEDR",
"product_memberships" : [
"SwiftEDR"
],
"resources" : [
{
"path" : "/Users/admin/builder/spi-builder-workspace/Sources/SwiftEDR/Shaders/Shaders.metal",
"rule" : {
"process" : {
}
}
}
],
"sources" : [
"Component/BloomModifier.swift",
"Component/HeadroomAsserter.swift",
"Component/HighlightsModifier.swift",
"Component/ToneMapModifier.swift",
"EDRCanvas.swift",
"EDRImage.swift",
"EDRModifier.swift",
"Model/BaseModel.swift",
"Model/EnvironmentValues.swift",
"Model/Export/ImagePreset.swift",
"Model/Export/MediaPreset.swift",
"Model/Export/VideoPreset.swift",
"Model/Headroom.swift",
"Model/ImageMetadata.swift",
"Model/Palette.swift",
"Model/Profile.swift",
"Utility/BackoffRepeater.swift",
"Utility/Extension/CGImage+EDR.swift",
"Utility/Extension/CGImageSource+EDR.swift",
"Utility/Extension/Data+EDR.swift",
"Utility/HeadroomFollower.swift",
"Utility/HeadroomMonitor.swift",
"Utility/Multicaster.swift",
"Utility/Platform.swift"
],
"type" : "library"
}
],
"tools_version" : "6.2"
}
{
"workspace" : {
"name" : "spi-builder-workspace",
"schemes" : [
"SwiftEDR"
]
}
}
2026-10-19 15:17:17.172 xcodebuild[690:4405] [MT] IDERunDestination: Supported platforms for the buildables in the current scheme is empty.
Running build ...
env DEVELOPER_DIR=/Applications/Xcode-26.5.0.app xcrun xcodebuild -IDEClonedSourcePackagesDirPathOverride=$PWD/.dependencies -skipMacroValidation -skipPackagePluginValidation -derivedDataPath $PWD/.derivedData build -scheme SwiftEDR -destination generic/platform=watchOS
Command line invocation:
/Applications/Xcode-26.5.0.app/Contents/Developer/usr/bin/xcodebuild -IDEClonedSourcePackagesDirPathOverride=/Users/admin/builder/spi-builder-workspace/.dependencies -skipMacroValidation -skipPackagePluginValidation -derivedDataPath /Users/admin/builder/spi-builder-workspace/.derivedData build -scheme SwiftEDR -destination generic/platform=watchOS
Resolve Package Graph
Resolved source packages:
SwiftEDR: /Users/admin/builder/spi-builder-workspace
ComputePackagePrebuildTargetDependencyGraph
Prepare packages
CreateBuildRequest
SendProjectDescription
CreateBuildOperation
ComputeTargetDependencyGraph
note: Building targets in dependency order
note: Target dependency graph (3 targets)
Target 'SwiftEDR' in project 'SwiftEDR'
➜ Explicit dependency on target 'SwiftEDR' in project 'SwiftEDR'
➜ Explicit dependency on target 'SwiftEDR_SwiftEDR' in project 'SwiftEDR'
Target 'SwiftEDR' in project 'SwiftEDR'
➜ Explicit dependency on target 'SwiftEDR_SwiftEDR' in project 'SwiftEDR'
Target 'SwiftEDR_SwiftEDR' in project 'SwiftEDR' (no dependencies)
GatherProvisioningInputs
CreateBuildDescription
ClangStatCache /Applications/Xcode-26.5.0.app/Contents/Developer/Toolchains/XcodeDefault.xctoolchain/usr/bin/clang-stat-cache /Applications/Xcode-26.5.0.app/Contents/Developer/Platforms/WatchOS.platform/Developer/SDKs/WatchOS26.5.sdk /Users/admin/builder/spi-builder-workspace/.derivedData/SDKStatCaches.noindex/watchos26.5-23T570-688ef53f1462e2c8f657fdc38a81448f7931b973dfc65d9472806dbbc3af9379.sdkstatcache
cd /Users/admin/builder/spi-builder-workspace/.swiftpm/xcode
/Applications/Xcode-26.5.0.app/Contents/Developer/Toolchains/XcodeDefault.xctoolchain/usr/bin/clang-stat-cache /Applications/Xcode-26.5.0.app/Contents/Developer/Platforms/WatchOS.platform/Developer/SDKs/WatchOS26.5.sdk -o /Users/admin/builder/spi-builder-workspace/.derivedData/SDKStatCaches.noindex/watchos26.5-23T570-688ef53f1462e2c8f657fdc38a81448f7931b973dfc65d9472806dbbc3af9379.sdkstatcache
CompileMetalFile /Users/admin/builder/spi-builder-workspace/Sources/SwiftEDR/Shaders/Shaders.metal (in target 'SwiftEDR_SwiftEDR' from project 'SwiftEDR')
cd /Users/admin/builder/spi-builder-workspace
/var/run/com.apple.security.cryptexd/mnt/com.apple.MobileAsset.MetalToolchain-v17.6.42.0.wZOixe/Metal.xctoolchain/usr/bin/metal -c -target air64-apple-watchos26.0 -I/Users/admin/builder/spi-builder-workspace/.derivedData/Build/Products/Debug-watchos/include -F/Users/admin/builder/spi-builder-workspace/.derivedData/Build/Products/Debug-watchos -isysroot /Applications/Xcode-26.5.0.app/Contents/Developer/Platforms/WatchOS.platform/Developer/SDKs/WatchOS26.5.sdk -fmetal-math-mode\=fast -fmetal-math-fp32-functions\=fast -serialize-diagnostics /Users/admin/builder/spi-builder-workspace/.derivedData/Build/Intermediates.noindex/SwiftEDR.build/Debug-watchos/SwiftEDR_SwiftEDR.build/Metal/Shaders.dia -o /Users/admin/builder/spi-builder-workspace/.derivedData/Build/Intermediates.noindex/SwiftEDR.build/Debug-watchos/SwiftEDR_SwiftEDR.build/Metal/Shaders.air -MMD -MT dependencies -MF /Users/admin/builder/spi-builder-workspace/.derivedData/Build/Intermediates.noindex/SwiftEDR.build/Debug-watchos/SwiftEDR_SwiftEDR.build/Metal/Shaders.dat /Users/admin/builder/spi-builder-workspace/Sources/SwiftEDR/Shaders/Shaders.metal
/Users/admin/builder/spi-builder-workspace/Sources/SwiftEDR/Shaders/Shaders.metal:13:52: error: use of undeclared identifier 'SwiftUI'
SwiftUI::Layer layer,
^
/Users/admin/builder/spi-builder-workspace/Sources/SwiftEDR/Shaders/Shaders.metal:34:52: error: use of undeclared identifier 'SwiftUI'
SwiftUI::Layer layer,
^
/Users/admin/builder/spi-builder-workspace/Sources/SwiftEDR/Shaders/Shaders.metal:55:39: error: use of undeclared identifier 'SwiftUI'
SwiftUI::Layer layer,
^
/Users/admin/builder/spi-builder-workspace/Sources/SwiftEDR/Shaders/Shaders.metal:75:44: error: use of undeclared identifier 'SwiftUI'
SwiftUI::Layer layer,
^
4 errors generated.
2026-10-19 15:17:18.046 xcodebuild[693:4436] [MT] IDERunDestination: Supported platforms for the buildables in the current scheme is empty.
** BUILD FAILED **
The following build commands failed:
CompileMetalFile /Users/admin/builder/spi-builder-workspace/Sources/SwiftEDR/Shaders/Shaders.metal (in target 'SwiftEDR_SwiftEDR' from project 'SwiftEDR')
Building workspace spi-builder-workspace with scheme SwiftEDR
(2 failures)
BUILD FAILURE 6.3 watchOS