The Swift Package Index logo.Swift Package Index

Build Information

Failed to build Sunlight, reference main (6a2906), with Swift 6.4 for Android on 15 Sep 2026 19:17:53 UTC.

Build Command

bash -c docker run --pull=always --rm -v "checkouts-54344845-0":/host -w "$PWD" -e JAVA_HOME="/root/.sdkman/candidates/java/current" -e SPI_BUILD="1" -e SPI_PROCESSING="1" registry.gitlab.com/saguaro1/spi-images:android-6.4-latest swift build --swift-sdk aarch64-unknown-linux-android28 2>&1

Build Log

========================================
RunAll
========================================
Builder version: 5.1.0
Interrupt handler set up.
========================================
Checkout
========================================
Clone URL: https://github.com/binarybirds/sunlight.git
Reference: main
Initialized empty Git repository in /host/spi-builder-workspace/.git/
hint: Using 'master' as the name for the initial branch. This default branch name
hint: is subject to change. To configure the initial branch name to use in all
hint: of your new repositories, which will suppress this warning, call:
hint:
hint: 	git config --global init.defaultBranch <name>
hint:
hint: Names commonly chosen instead of 'master' are 'main', 'trunk' and
hint: 'development'. The just-created branch can be renamed via this command:
hint:
hint: 	git branch -m <name>
From https://github.com/binarybirds/sunlight
 * branch            main       -> FETCH_HEAD
 * [new branch]      main       -> origin/main
HEAD is now at 6a29064 license
Cloned https://github.com/binarybirds/sunlight.git
Revision (git rev-parse @):
6a29064f66271cf10434896712168c1c29e2cc1a
SUCCESS checkout https://github.com/binarybirds/sunlight.git at main
========================================
Build
========================================
Selected platform:         android
Swift version:             6.4
Building package at path:  $PWD
https://github.com/binarybirds/sunlight.git
Running build ...
bash -c docker run --pull=always --rm -v "checkouts-54344845-0":/host -w "$PWD" -e JAVA_HOME="/root/.sdkman/candidates/java/current" -e SPI_BUILD="1" -e SPI_PROCESSING="1" registry.gitlab.com/saguaro1/spi-images:android-6.4-latest swift build --swift-sdk aarch64-unknown-linux-android28 2>&1
android-6.4-latest: Pulling from saguaro1/spi-images
Digest: sha256:abadcff584c273feba50641b454858d377ba30b35ea7287a94f45ebd8afd0ea0
Status: Image is up to date for registry.gitlab.com/saguaro1/spi-images:android-6.4-latest
Building for debugging...
[Planning deferred tasks]
[25 / 33] Sunlight
error: SwiftCompile normal aarch64 /host/spi-builder-workspace/Sources/FloatingPoint+Extensions.swift failed with a nonzero exit code. Command line:     cd /host
    builtin-SwiftPerFileCompile FloatingPoint+Extensions.swift
/host/spi-builder-workspace/Sources/FloatingPoint+Extensions.swift:23:27: error: cannot convert value of type 'Double' to expected argument type 'Self'
21 |     // Reduce angle to within 0..360 degrees
22 |     var reduceAngle: Self {
23 |         return self - 360 * floor(self / 360) as Self
   |                           `- error: cannot convert value of type 'Double' to expected argument type 'Self'
24 |     }
25 |
/host/spi-builder-workspace/Sources/FloatingPoint+Extensions.swift:23:35: error: cannot convert value of type 'Self' to expected argument type 'Double'
21 |     // Reduce angle to within 0..360 degrees
22 |     var reduceAngle: Self {
23 |         return self - 360 * floor(self / 360) as Self
   |                                   `- error: cannot convert value of type 'Self' to expected argument type 'Double'
24 |     }
25 |
/host/spi-builder-workspace/Sources/FloatingPoint+Extensions.swift:29:27: error: cannot convert value of type 'Double' to expected argument type 'Self'
27 |     var reduceAngle180: Self {
28 |         let value = self / 360 + 1 / 2
29 |         return self - 360 * floor(value)
   |                           `- error: cannot convert value of type 'Double' to expected argument type 'Self'
30 |     }
31 |
/host/spi-builder-workspace/Sources/FloatingPoint+Extensions.swift:29:35: error: cannot convert value of type 'Self' to expected argument type 'Double'
27 |     var reduceAngle180: Self {
28 |         let value = self / 360 + 1 / 2
29 |         return self - 360 * floor(value)
   |                                   `- error: cannot convert value of type 'Self' to expected argument type 'Double'
30 |     }
31 |
Failed frontend command:
/root/.local/share/swiftly/toolchains/6.4.x-snapshot-2026-09-04/usr/bin/swift-frontend -frontend -c -primary-file /host/spi-builder-workspace/Sources/FloatingPoint+Extensions.swift /host/spi-builder-workspace/Sources/SchlyterAlgorithm.swift /host/spi-builder-workspace/Sources/SunlightCalculator.swift /host/spi-builder-workspace/Sources/SunlightProtocols.swift /host/spi-builder-workspace/Sources/WilliamsAlgorithm.swift -emit-dependencies-path /host/spi-builder-workspace/.build/out/Intermediates.noindex/Sunlight.build/Debug-android-aarch64/Sunlight-t.build/Objects-normal/aarch64/FloatingPoint+Extensions.d -emit-const-values-path /host/spi-builder-workspace/.build/out/Intermediates.noindex/Sunlight.build/Debug-android-aarch64/Sunlight-t.build/Objects-normal/aarch64/FloatingPoint+Extensions.swiftconstvalues -emit-reference-dependencies-path /host/spi-builder-workspace/.build/out/Intermediates.noindex/Sunlight.build/Debug-android-aarch64/Sunlight-t.build/Objects-normal/aarch64/FloatingPoint+Extensions.swiftdeps -serialize-diagnostics-path /host/spi-builder-workspace/.build/out/Intermediates.noindex/Sunlight.build/Debug-android-aarch64/Sunlight-t.build/Objects-normal/aarch64/FloatingPoint+Extensions.dia -target aarch64-unknown-linux-android28 -Xllvm -aarch64-use-tbi -disable-objc-interop -sdk /android-ndk/android-ndk-r27d/toolchains/llvm/prebuilt/linux-x86_64/sysroot -sysroot /android-ndk/android-ndk-r27d/toolchains/llvm/prebuilt/linux-x86_64/sysroot -I /host/spi-builder-workspace/.build/out/Products/Debug-android-aarch64 -module-cache-path /host/spi-builder-workspace/.build/out/ModuleCache.noindex -color-diagnostics -Xcc -fcolor-diagnostics -enable-testing -g -debug-info-format\=dwarf -dwarf-version\=4 -swift-version 4.2 -Onone -D SWIFT_PACKAGE -D DEBUG -D SWIFT_MODULE_RESOURCE_BUNDLE_UNAVAILABLE -D Xcode -serialize-debugging-options -enable-experimental-feature DebugDescriptionMacro -empty-abi-descriptor -external-plugin-path /root/.local/share/swiftly/toolchains/6.4.x-snapshot-2026-09-04/usr/lib/swift/host/plugins/testing\#/root/.local/share/swiftly/toolchains/6.4.x-snapshot-2026-09-04/usr/bin/swift-plugin-server -validate-clang-modules-once -clang-build-session-file /host/spi-builder-workspace/.build/out/ModuleCache.noindex/Session.modulevalidation -Xcc -working-directory -Xcc /host -resource-dir /root/.swiftpm/swift-sdks/swift-6.4.x-DEVELOPMENT-SNAPSHOT-2026-09-04-a_android.artifactbundle/swift-android/swift-resources/usr/lib/swift-aarch64 -enable-anonymous-context-mangled-names -file-compilation-dir /host -Xcc -resource-dir -Xcc /android-ndk/android-ndk-r27d/toolchains/llvm/prebuilt/linux-x86_64/lib/clang/18 -Xcc -fno-omit-frame-pointer -Xcc -D_LIBCPP_HARDENING_MODE\=_LIBCPP_HARDENING_MODE_DEBUG -Xcc -fmodules-prune-interval\=86400 -Xcc -fmodules-prune-after\=345600 -Xcc -I/host/spi-builder-workspace/.build/out/Products/Debug-android-aarch64/include -Xcc -I/host/spi-builder-workspace/.build/out/Intermediates.noindex/Sunlight.build/Debug-android-aarch64/Sunlight-t.build/DerivedSources-normal/aarch64 -Xcc -I/host/spi-builder-workspace/.build/out/Intermediates.noindex/Sunlight.build/Debug-android-aarch64/Sunlight-t.build/DerivedSources/aarch64 -Xcc -I/host/spi-builder-workspace/.build/out/Intermediates.noindex/Sunlight.build/Debug-android-aarch64/Sunlight-t.build/DerivedSources -Xcc -DSWIFT_PACKAGE -Xcc -DDEBUG\=1 -no-auto-bridging-header-chaining -module-name Sunlight -const-gather-protocols-file /host/spi-builder-workspace/.build/out/Intermediates.noindex/Sunlight.build/Debug-android-aarch64/Sunlight-t.build/Objects-normal/aarch64/Sunlight_const_extract_protocols.json -in-process-plugin-server-path /root/.local/share/swiftly/toolchains/6.4.x-snapshot-2026-09-04/usr/lib/swift/host/libSwiftInProcPluginServer.so -plugin-path /root/.local/share/swiftly/toolchains/6.4.x-snapshot-2026-09-04/usr/lib/swift/host/plugins -plugin-path /root/.local/share/swiftly/toolchains/6.4.x-snapshot-2026-09-04/usr/local/lib/swift/host/plugins -parse-as-library -o /host/spi-builder-workspace/.build/out/Intermediates.noindex/Sunlight.build/Debug-android-aarch64/Sunlight-t.build/Objects-normal/aarch64/FloatingPoint+Extensions.o -index-unit-output-path /Sunlight.build/Debug-android-aarch64/Sunlight-t.build/Objects-normal/aarch64/FloatingPoint+Extensions.o -index-store-path /host/spi-builder-workspace/.build/out -index-system-modules
error: Build failed
BUILD FAILURE 6.4 android