Build Information
Failed to build quickpose-ios-sdk, reference main (41e67a), with Swift 6.1 for Android on 27 Aug 2026 03:32:56 UTC.
Build Command
bash -c docker run --pull=always --rm -v "checkouts-54344844-0":/host -w "$PWD" -e JAVA_HOME="/root/.sdkman/candidates/java/current" -e SPI_BUILD="1" -e SPI_PROCESSING="1" registry.gitlab.com/saguaro1/spi-images:android-6.1-latest swift build --swift-sdk aarch64-unknown-linux-android24 2>&1Build Log
========================================
RunAll
========================================
Builder version: 5.0.2
Interrupt handler set up.
========================================
Checkout
========================================
Clone URL: https://github.com/quickpose/quickpose-ios-sdk.git
Reference: main
Initialized empty Git repository in /host/spi-builder-workspace/.git/
hint: Using 'master' as the name for the initial branch. This default branch name
hint: is subject to change. To configure the initial branch name to use in all
hint: of your new repositories, which will suppress this warning, call:
hint:
hint: git config --global init.defaultBranch <name>
hint:
hint: Names commonly chosen instead of 'master' are 'main', 'trunk' and
hint: 'development'. The just-created branch can be renamed via this command:
hint:
hint: git branch -m <name>
From https://github.com/quickpose/quickpose-ios-sdk
* branch main -> FETCH_HEAD
* [new branch] main -> origin/main
HEAD is now at 41e67a7 CHANGELOG 1.7.0: user-facing change only
Updating files: 93% (458/490)
Updating files: 94% (461/490)
Updating files: 95% (466/490)
Updating files: 96% (471/490)
Updating files: 97% (476/490)
Updating files: 98% (481/490)
Updating files: 99% (486/490)
Updating files: 100% (490/490)
Updating files: 100% (490/490), done.
Cloned https://github.com/quickpose/quickpose-ios-sdk.git
Revision (git rev-parse @):
41e67a7ea246aee1a0ebfa6d5f3342010c2acaa7
SUCCESS checkout https://github.com/quickpose/quickpose-ios-sdk.git at main
========================================
Build
========================================
Selected platform: android
Swift version: 6.1
Building package at path: $PWD
https://github.com/quickpose/quickpose-ios-sdk.git
https://github.com/quickpose/quickpose-ios-sdk.git
WARNING: environment variable SUPPRESS_SWIFT_6_FLAGS is not set
Running build ...
bash -c docker run --pull=always --rm -v "checkouts-54344844-0":/host -w "$PWD" -e JAVA_HOME="/root/.sdkman/candidates/java/current" -e SPI_BUILD="1" -e SPI_PROCESSING="1" registry.gitlab.com/saguaro1/spi-images:android-6.1-latest swift build --swift-sdk aarch64-unknown-linux-android24 -Xswiftc -Xfrontend -Xswiftc -stats-output-dir -Xswiftc -Xfrontend -Xswiftc .stats -Xswiftc -strict-concurrency=complete -Xswiftc -enable-upcoming-feature -Xswiftc StrictConcurrency -Xswiftc -enable-upcoming-feature -Xswiftc DisableOutwardActorInference -Xswiftc -enable-upcoming-feature -Xswiftc GlobalActorIsolatedTypesUsability -Xswiftc -enable-upcoming-feature -Xswiftc InferSendableFromCaptures 2>&1
android-6.1-latest: Pulling from saguaro1/spi-images
Digest: sha256:0cd0efb458d677a6de9b5e028d30e2aa1d1b247c2277202ba317a28ce9e867e0
Status: Image is up to date for registry.gitlab.com/saguaro1/spi-images:android-6.1-latest
Building for debugging...
[0/8] Write sources
[2/8] Compiling QuickPoseMPTarget-full dummy.m
[2/8] Compiling QuickPoseMPTarget-all dummy.m
[4/8] Compiling QuickPoseMPTarget-lite dummy.m
[5/8] Compiling QuickPoseCoreTarget dummy.m
[6/8] Compiling QuickPoseMPTarget-heavy dummy.m
[7/8] Write swift-version-24593BA9C3E375BF.txt
error: emit-module command failed with exit code 1 (use -v to see invocation)
[9/11] Emitting module QuickPoseCamera
/host/spi-builder-workspace/Sources/QuickPoseCamera/QuickPoseCamera.swift:9:8: error: no such module 'AVFoundation'
7 |
8 | import Foundation
9 | import AVFoundation
| `- error: no such module 'AVFoundation'
10 | import UIKit // for UIDevice only
11 |
[10/11] Compiling QuickPoseCamera QuickPoseSimulatedCamera.swift
/host/spi-builder-workspace/Sources/QuickPoseCamera/QuickPoseCamera.swift:9:8: error: no such module 'AVFoundation'
7 |
8 | import Foundation
9 | import AVFoundation
| `- error: no such module 'AVFoundation'
10 | import UIKit // for UIDevice only
11 |
[11/11] Compiling QuickPoseCamera QuickPoseCamera.swift
/host/spi-builder-workspace/Sources/QuickPoseCamera/QuickPoseCamera.swift:9:8: error: no such module 'AVFoundation'
7 |
8 | import Foundation
9 | import AVFoundation
| `- error: no such module 'AVFoundation'
10 | import UIKit // for UIDevice only
11 |
Running build ...
bash -c docker run --pull=always --rm -v "checkouts-54344844-0":/host -w "$PWD" -e JAVA_HOME="/root/.sdkman/candidates/java/current" -e SPI_BUILD="1" -e SPI_PROCESSING="1" registry.gitlab.com/saguaro1/spi-images:android-6.1-latest swift build --swift-sdk aarch64-unknown-linux-android24 2>&1
android-6.1-latest: Pulling from saguaro1/spi-images
Digest: sha256:0cd0efb458d677a6de9b5e028d30e2aa1d1b247c2277202ba317a28ce9e867e0
Status: Image is up to date for registry.gitlab.com/saguaro1/spi-images:android-6.1-latest
[0/1] Planning build
Building for debugging...
[0/1] Write swift-version-24593BA9C3E375BF.txt
error: emit-module command failed with exit code 1 (use -v to see invocation)
[2/4] Emitting module QuickPoseCamera
/host/spi-builder-workspace/Sources/QuickPoseCamera/QuickPoseCamera.swift:9:8: error: no such module 'AVFoundation'
7 |
8 | import Foundation
9 | import AVFoundation
| `- error: no such module 'AVFoundation'
10 | import UIKit // for UIDevice only
11 |
[3/4] Compiling QuickPoseCamera QuickPoseSimulatedCamera.swift
/host/spi-builder-workspace/Sources/QuickPoseCamera/QuickPoseCamera.swift:9:8: error: no such module 'AVFoundation'
7 |
8 | import Foundation
9 | import AVFoundation
| `- error: no such module 'AVFoundation'
10 | import UIKit // for UIDevice only
11 |
[4/4] Compiling QuickPoseCamera QuickPoseCamera.swift
/host/spi-builder-workspace/Sources/QuickPoseCamera/QuickPoseCamera.swift:9:8: error: no such module 'AVFoundation'
7 |
8 | import Foundation
9 | import AVFoundation
| `- error: no such module 'AVFoundation'
10 | import UIKit // for UIDevice only
11 |
BUILD FAILURE 6.1 android