The Swift Package Index logo.Swift Package Index

Build Information

Failed to build fugle-realtime-swift, reference v0.1.2 (391bfe), with Swift 6.4 for Android on 18 Sep 2026 09:25:46 UTC.

Build Command

bash -c docker run --pull=always --rm -v "checkouts-54344843-0":/host -w "$PWD" -e JAVA_HOME="/root/.sdkman/candidates/java/current" -e SPI_BUILD="1" -e SPI_PROCESSING="1" registry.gitlab.com/saguaro1/spi-images:android-6.4-latest swift build --swift-sdk aarch64-unknown-linux-android28 2>&1

Build Log

========================================
RunAll
========================================
Builder version: 5.1.0
Interrupt handler set up.
========================================
Checkout
========================================
Clone URL: https://github.com/KeanuPang/fugle-realtime-swift.git
Reference: v0.1.2
Initialized empty Git repository in /host/spi-builder-workspace/.git/
hint: Using 'master' as the name for the initial branch. This default branch name
hint: is subject to change. To configure the initial branch name to use in all
hint: of your new repositories, which will suppress this warning, call:
hint:
hint: 	git config --global init.defaultBranch <name>
hint:
hint: Names commonly chosen instead of 'master' are 'main', 'trunk' and
hint: 'development'. The just-created branch can be renamed via this command:
hint:
hint: 	git branch -m <name>
From https://github.com/KeanuPang/fugle-realtime-swift
 * tag               v0.1.2     -> FETCH_HEAD
HEAD is now at 391bfe6 Merge pull request #3 from KeanuPang/develop
Cloned https://github.com/KeanuPang/fugle-realtime-swift.git
Revision (git rev-parse @):
391bfe6ee1cb6f5eb5c115fd66039cd744b13d7f
SPI manifest file found: $PWD/.spi.yml
SUCCESS checkout https://github.com/KeanuPang/fugle-realtime-swift.git at v0.1.2
========================================
Build
========================================
Selected platform:         android
Swift version:             6.4
Building package at path:  $PWD
https://github.com/KeanuPang/fugle-realtime-swift.git
Running build ...
bash -c docker run --pull=always --rm -v "checkouts-54344843-0":/host -w "$PWD" -e JAVA_HOME="/root/.sdkman/candidates/java/current" -e SPI_BUILD="1" -e SPI_PROCESSING="1" registry.gitlab.com/saguaro1/spi-images:android-6.4-latest swift build --swift-sdk aarch64-unknown-linux-android28 2>&1
android-6.4-latest: Pulling from saguaro1/spi-images
Digest: sha256:abadcff584c273feba50641b454858d377ba30b35ea7287a94f45ebd8afd0ea0
Status: Image is up to date for registry.gitlab.com/saguaro1/spi-images:android-6.4-latest
Fetching https://github.com/vapor/websocket-kit.git
Fetching https://github.com/tristanhimmelman/ObjectMapper.git
Fetching https://github.com/swift-server/async-http-client.git
[1/6342] Fetching objectmapper
[6343/9012] Fetching objectmapper, websocket-kit
Fetched https://github.com/tristanhimmelman/ObjectMapper.git (0.50s)
[668/2670] Fetching websocket-kit
Fetched https://github.com/vapor/websocket-kit.git (0.56s)
[1/16197] Fetching async-http-client
Fetched https://github.com/swift-server/async-http-client.git (0.95s)
Computing version for https://github.com/tristanhimmelman/ObjectMapper.git
Computed https://github.com/tristanhimmelman/ObjectMapper.git at 4.4.3 (1.16s)
Computing version for https://github.com/vapor/websocket-kit.git
Computed https://github.com/vapor/websocket-kit.git at 2.16.2 (0.16s)
Fetching https://github.com/apple/swift-nio-ssl.git
Fetching https://github.com/apple/swift-nio-transport-services.git
Fetching https://github.com/apple/swift-atomics.git
Fetching https://github.com/apple/swift-nio-extras.git
Fetching https://github.com/apple/swift-nio.git
[1/6681] Fetching swift-nio-extras
[269/22746] Fetching swift-nio-extras, swift-nio-ssl
[5722/25609] Fetching swift-nio-extras, swift-nio-ssl, swift-nio-transport-services
[6198/27484] Fetching swift-nio-extras, swift-nio-ssl, swift-nio-transport-services, swift-atomics
Fetched https://github.com/apple/swift-nio-transport-services.git (0.55s)
[10163/24621] Fetching swift-nio-extras, swift-nio-ssl, swift-atomics
Fetched https://github.com/apple/swift-atomics.git (0.58s)
Fetched https://github.com/apple/swift-nio-extras.git (0.58s)
[2732/16065] Fetching swift-nio-ssl
[16066/102087] Fetching swift-nio-ssl, swift-nio
Fetched https://github.com/apple/swift-nio-ssl.git (1.02s)
[8603/86022] Fetching swift-nio
Fetched https://github.com/apple/swift-nio.git (2.82s)
Computing version for https://github.com/apple/swift-atomics.git
Computed https://github.com/apple/swift-atomics.git at 1.3.1 (2.99s)
Computing version for https://github.com/apple/swift-nio-transport-services.git
Computed https://github.com/apple/swift-nio-transport-services.git at 1.28.0 (0.20s)
Computing version for https://github.com/apple/swift-nio-ssl.git
Computed https://github.com/apple/swift-nio-ssl.git at 2.37.5 (0.22s)
Computing version for https://github.com/apple/swift-nio.git
Computed https://github.com/apple/swift-nio.git at 2.103.0 (0.33s)
Fetching https://github.com/apple/swift-system.git
Fetching https://github.com/apple/swift-collections.git
[1/27279] Fetching swift-collections
[1638/34177] Fetching swift-collections, swift-system
Fetched https://github.com/apple/swift-system.git (1.13s)
Fetched https://github.com/apple/swift-collections.git (1.14s)
Computing version for https://github.com/apple/swift-collections.git
Computed https://github.com/apple/swift-collections.git at 1.6.0 (1.44s)
Computing version for https://github.com/apple/swift-system.git
Computed https://github.com/apple/swift-system.git at 1.8.1 (0.21s)
Computing version for https://github.com/apple/swift-nio-extras.git
Computed https://github.com/apple/swift-nio-extras.git at 1.35.1 (1.18s)
Fetching https://github.com/apple/swift-asn1.git
Fetching https://github.com/apple/swift-algorithms.git
Fetching https://github.com/apple/swift-log.git
Fetching https://github.com/apple/swift-async-algorithms.git
Fetching https://github.com/apple/swift-http-structured-headers.git
[1/8096] Fetching swift-log
[1783/9349] Fetching swift-log, swift-http-structured-headers
[3549/15494] Fetching swift-log, swift-http-structured-headers, swift-algorithms
Fetched https://github.com/apple/swift-http-structured-headers.git (0.50s)
[12398/14241] Fetching swift-log, swift-algorithms
Fetching https://github.com/apple/swift-certificates.git
Fetching https://github.com/swift-server/swift-service-lifecycle.git
Fetched https://github.com/apple/swift-log.git (0.54s)
Fetching https://github.com/apple/swift-http-types.git
Fetched https://github.com/apple/swift-algorithms.git (0.55s)
Fetching https://github.com/apple/swift-nio-http2.git
[1/1983] Fetching swift-asn1
Fetched https://github.com/apple/swift-asn1.git (0.88s)
[1/6723] Fetching swift-async-algorithms
[472/8658] Fetching swift-async-algorithms, swift-http-types
[2868/16211] Fetching swift-async-algorithms, swift-http-types, swift-certificates
[3003/19054] Fetching swift-async-algorithms, swift-http-types, swift-certificates, swift-service-lifecycle
Fetched https://github.com/apple/swift-http-types.git (0.47s)
[10537/17119] Fetching swift-async-algorithms, swift-certificates, swift-service-lifecycle
Fetched https://github.com/swift-server/swift-service-lifecycle.git (0.51s)
[13899/14276] Fetching swift-async-algorithms, swift-certificates
[14277/26528] Fetching swift-async-algorithms, swift-certificates, swift-nio-http2
Fetched https://github.com/apple/swift-async-algorithms.git (1.08s)
[7676/19805] Fetching swift-certificates, swift-nio-http2
Fetched https://github.com/apple/swift-certificates.git (0.59s)
[613/12252] Fetching swift-nio-http2
Fetched https://github.com/apple/swift-nio-http2.git (0.86s)
Computing version for https://github.com/apple/swift-algorithms.git
Computed https://github.com/apple/swift-algorithms.git at 1.2.1 (1.60s)
Fetching https://github.com/apple/swift-numerics.git
[1/6636] Fetching swift-numerics
Fetched https://github.com/apple/swift-numerics.git (1.05s)
Computing version for https://github.com/apple/swift-numerics.git
Computed https://github.com/apple/swift-numerics.git at 1.1.1 (1.21s)
Computing version for https://github.com/swift-server/swift-service-lifecycle.git
Computed https://github.com/swift-server/swift-service-lifecycle.git at 2.12.0 (0.18s)
Computing version for https://github.com/apple/swift-log.git
Computed https://github.com/apple/swift-log.git at 1.15.1 (0.19s)
Computing version for https://github.com/apple/swift-async-algorithms.git
Computed https://github.com/apple/swift-async-algorithms.git at 1.1.5 (0.21s)
Computing version for https://github.com/apple/swift-http-structured-headers.git
Computed https://github.com/apple/swift-http-structured-headers.git at 1.7.0 (0.17s)
Computing version for https://github.com/apple/swift-http-types.git
Computed https://github.com/apple/swift-http-types.git at 1.8.0 (0.21s)
Computing version for https://github.com/apple/swift-asn1.git
Computed https://github.com/apple/swift-asn1.git at 1.7.3 (0.20s)
Computing version for https://github.com/apple/swift-certificates.git
Computed https://github.com/apple/swift-certificates.git at 1.20.0 (0.25s)
Fetching https://github.com/apple/swift-crypto.git
[1/18542] Fetching swift-crypto
Fetched https://github.com/apple/swift-crypto.git (1.12s)
Computing version for https://github.com/apple/swift-crypto.git
Computed https://github.com/apple/swift-crypto.git at 4.5.2 (1.40s)
Computing version for https://github.com/apple/swift-nio-http2.git
Computed https://github.com/apple/swift-nio-http2.git at 1.46.0 (0.19s)
Computing version for https://github.com/swift-server/async-http-client.git
Computed https://github.com/swift-server/async-http-client.git at 1.36.1 (0.20s)
Fetching https://github.com/apple/swift-distributed-tracing.git
Fetching https://github.com/apple/swift-configuration.git
Fetching https://github.com/apple/swift-service-context.git
[1/6305] Fetching swift-distributed-tracing
[3974/10047] Fetching swift-distributed-tracing, swift-configuration
Fetched https://github.com/apple/swift-configuration.git (0.56s)
[1/1364] Fetching swift-service-context
Fetched https://github.com/apple/swift-service-context.git (1.00s)
Fetched https://github.com/apple/swift-distributed-tracing.git (1.00s)
Computing version for https://github.com/apple/swift-service-context.git
Computed https://github.com/apple/swift-service-context.git at 1.3.0 (1.18s)
Computing version for https://github.com/apple/swift-configuration.git
Computed https://github.com/apple/swift-configuration.git at 1.2.0 (0.25s)
Computing version for https://github.com/apple/swift-distributed-tracing.git
Computed https://github.com/apple/swift-distributed-tracing.git at 1.5.0 (0.18s)
Creating working copy for https://github.com/tristanhimmelman/ObjectMapper.git
Working copy of https://github.com/tristanhimmelman/ObjectMapper.git resolved at 4.4.3
Creating working copy for https://github.com/apple/swift-service-context.git
Working copy of https://github.com/apple/swift-service-context.git resolved at 1.3.0
Creating working copy for https://github.com/apple/swift-nio-http2.git
Working copy of https://github.com/apple/swift-nio-http2.git resolved at 1.46.0
Creating working copy for https://github.com/apple/swift-collections.git
Working copy of https://github.com/apple/swift-collections.git resolved at 1.6.0
Creating working copy for https://github.com/apple/swift-certificates.git
Working copy of https://github.com/apple/swift-certificates.git resolved at 1.20.0
Creating working copy for https://github.com/apple/swift-atomics.git
Working copy of https://github.com/apple/swift-atomics.git resolved at 1.3.1
Creating working copy for https://github.com/vapor/websocket-kit.git
Working copy of https://github.com/vapor/websocket-kit.git resolved at 2.16.2
Creating working copy for https://github.com/apple/swift-system.git
Working copy of https://github.com/apple/swift-system.git resolved at 1.8.1
Creating working copy for https://github.com/apple/swift-asn1.git
Working copy of https://github.com/apple/swift-asn1.git resolved at 1.7.3
Creating working copy for https://github.com/apple/swift-configuration.git
Working copy of https://github.com/apple/swift-configuration.git resolved at 1.2.0
Creating working copy for https://github.com/apple/swift-nio-ssl.git
Working copy of https://github.com/apple/swift-nio-ssl.git resolved at 2.37.5
Creating working copy for https://github.com/apple/swift-crypto.git
Working copy of https://github.com/apple/swift-crypto.git resolved at 4.5.2
Creating working copy for https://github.com/apple/swift-http-types.git
Working copy of https://github.com/apple/swift-http-types.git resolved at 1.8.0
Creating working copy for https://github.com/swift-server/async-http-client.git
Working copy of https://github.com/swift-server/async-http-client.git resolved at 1.36.1
Creating working copy for https://github.com/apple/swift-async-algorithms.git
Working copy of https://github.com/apple/swift-async-algorithms.git resolved at 1.1.5
Creating working copy for https://github.com/apple/swift-log.git
Working copy of https://github.com/apple/swift-log.git resolved at 1.15.1
Creating working copy for https://github.com/apple/swift-nio.git
Working copy of https://github.com/apple/swift-nio.git resolved at 2.103.0
Creating working copy for https://github.com/apple/swift-nio-transport-services.git
Working copy of https://github.com/apple/swift-nio-transport-services.git resolved at 1.28.0
Creating working copy for https://github.com/swift-server/swift-service-lifecycle.git
Working copy of https://github.com/swift-server/swift-service-lifecycle.git resolved at 2.12.0
Creating working copy for https://github.com/apple/swift-distributed-tracing.git
Working copy of https://github.com/apple/swift-distributed-tracing.git resolved at 1.5.0
Creating working copy for https://github.com/apple/swift-nio-extras.git
Working copy of https://github.com/apple/swift-nio-extras.git resolved at 1.35.1
Creating working copy for https://github.com/apple/swift-algorithms.git
Working copy of https://github.com/apple/swift-algorithms.git resolved at 1.2.1
Creating working copy for https://github.com/apple/swift-http-structured-headers.git
Working copy of https://github.com/apple/swift-http-structured-headers.git resolved at 1.7.0
Creating working copy for https://github.com/apple/swift-numerics.git
Working copy of https://github.com/apple/swift-numerics.git resolved at 1.1.1
Building for debugging...
[Computing dependencies]
[Provisioning 4 / 80]
[Pre-planning 1 / 1588]
[Planning 975 / 1588]
[Planning deferred tasks]
[Constructing 2667 / 3856]
[184 / 971] InternalCollectionsUtilities
[300 / 1003] SystemPackage
[301 / 1021] _NIOBase64
[314 / 1021] RealModule
[325 / 1021] SystemPackage
[336 / 1021] SystemPackage-product
[337 / 1021] _NIODataStructures
[339 / 1021] _NIODataStructures
[347 / 1022] _NIOBase64
[351 / 1023] _NIODataStructures
[358 / 1024] RealModule-product
[360 / 1024] RealModule
[362 / 1024] RealModule
[363 / 1024] ObjectMapper
[364 / 1024] ObjectMapper
[370 / 1025] RealModule
[373 / 1026] SystemPackage
error: SwiftCompile normal aarch64 /host/spi-builder-workspace/.build/checkouts/ObjectMapper/Sources/Mapper.swift failed with a nonzero exit code. Command line:     cd /host
    builtin-SwiftPerFileCompile Mapper.swift
/host/spi-builder-workspace/.build/checkouts/ObjectMapper/Sources/Mapper.swift:118:20: error: cannot find type 'NSException' in scope
116 | 				#if DEBUG
117 | 				#if !os(Linux)
118 | 				let exception: NSException
    |                    `- error: cannot find type 'NSException' in scope
119 | 				if let mapError = error as? MapError {
120 | 					exception = NSException(name: .init(rawValue: "MapError"), reason: mapError.description, userInfo: nil)
/host/spi-builder-workspace/.build/checkouts/ObjectMapper/Sources/Mapper.swift:120:18: error: cannot find 'NSException' in scope
118 | 				let exception: NSException
119 | 				if let mapError = error as? MapError {
120 | 					exception = NSException(name: .init(rawValue: "MapError"), reason: mapError.description, userInfo: nil)
    |                  `- error: cannot find 'NSException' in scope
121 | 				} else {
122 | 					exception = NSException(name: .init(rawValue: "ImmutableMappableError"), reason: error.localizedDescription, userInfo: nil)
/host/spi-builder-workspace/.build/checkouts/ObjectMapper/Sources/Mapper.swift:122:18: error: cannot find 'NSException' in scope
120 | 					exception = NSException(name: .init(rawValue: "MapError"), reason: mapError.description, userInfo: nil)
121 | 				} else {
122 | 					exception = NSException(name: .init(rawValue: "ImmutableMappableError"), reason: error.localizedDescription, userInfo: nil)
    |                  `- error: cannot find 'NSException' in scope
123 | 				}
124 | 				exception.raise()
Failed frontend command:
/root/.local/share/swiftly/toolchains/6.4.x-snapshot-2026-09-04/usr/bin/swift-frontend -frontend -c /host/spi-builder-workspace/.build/checkouts/ObjectMapper/Sources/CodableTransform.swift /host/spi-builder-workspace/.build/checkouts/ObjectMapper/Sources/CustomDateFormatTransform.swift /host/spi-builder-workspace/.build/checkouts/ObjectMapper/Sources/DataTransform.swift /host/spi-builder-workspace/.build/checkouts/ObjectMapper/Sources/DateFormatterTransform.swift /host/spi-builder-workspace/.build/checkouts/ObjectMapper/Sources/DateTransform.swift /host/spi-builder-workspace/.build/checkouts/ObjectMapper/Sources/DictionaryTransform.swift /host/spi-builder-workspace/.build/checkouts/ObjectMapper/Sources/EnumOperators.swift /host/spi-builder-workspace/.build/checkouts/ObjectMapper/Sources/EnumTransform.swift /host/spi-builder-workspace/.build/checkouts/ObjectMapper/Sources/FromJSON.swift /host/spi-builder-workspace/.build/checkouts/ObjectMapper/Sources/HexColorTransform.swift /host/spi-builder-workspace/.build/checkouts/ObjectMapper/Sources/ISO8601DateTransform.swift /host/spi-builder-workspace/.build/checkouts/ObjectMapper/Sources/ImmutableMappable.swift /host/spi-builder-workspace/.build/checkouts/ObjectMapper/Sources/IntegerOperators.swift /host/spi-builder-workspace/.build/checkouts/ObjectMapper/Sources/Map.swift /host/spi-builder-workspace/.build/checkouts/ObjectMapper/Sources/MapError.swift -primary-file /host/spi-builder-workspace/.build/checkouts/ObjectMapper/Sources/Mappable.swift -primary-file /host/spi-builder-workspace/.build/checkouts/ObjectMapper/Sources/Mapper.swift -primary-file /host/spi-builder-workspace/.build/checkouts/ObjectMapper/Sources/NSDecimalNumberTransform.swift /host/spi-builder-workspace/.build/checkouts/ObjectMapper/Sources/Operators.swift /host/spi-builder-workspace/.build/checkouts/ObjectMapper/Sources/ToJSON.swift /host/spi-builder-workspace/.build/checkouts/ObjectMapper/Sources/TransformOf.swift /host/spi-builder-workspace/.build/checkouts/ObjectMapper/Sources/TransformOperators.swift /host/spi-builder-workspace/.build/checkouts/ObjectMapper/Sources/TransformType.swift /host/spi-builder-workspace/.build/checkouts/ObjectMapper/Sources/URLTransform.swift -supplementary-output-file-map /host/spi-builder-workspace/.build/out/Intermediates.noindex/ObjectMapper.build/Debug-android-aarch64/ObjectMapper-t.build/Objects-normal/aarch64/supplementaryOutputs-6 -target aarch64-unknown-linux-android28 -Xllvm -aarch64-use-tbi -disable-objc-interop -sdk /android-ndk/android-ndk-r27d/toolchains/llvm/prebuilt/linux-x86_64/sysroot -sysroot /android-ndk/android-ndk-r27d/toolchains/llvm/prebuilt/linux-x86_64/sysroot -I /host/spi-builder-workspace/.build/out/Products/Debug-android-aarch64 -module-cache-path /host/spi-builder-workspace/.build/out/ModuleCache.noindex -color-diagnostics -Xcc -fcolor-diagnostics -enable-testing -g -debug-info-format\=dwarf -dwarf-version\=4 -suppress-warnings -swift-version 5 -Onone -D SWIFT_PACKAGE -D DEBUG -D SWIFT_MODULE_RESOURCE_BUNDLE_UNAVAILABLE -D Xcode -serialize-debugging-options -enable-experimental-feature DebugDescriptionMacro -empty-abi-descriptor -external-plugin-path /root/.local/share/swiftly/toolchains/6.4.x-snapshot-2026-09-04/usr/lib/swift/host/plugins/testing\#/root/.local/share/swiftly/toolchains/6.4.x-snapshot-2026-09-04/usr/bin/swift-plugin-server -validate-clang-modules-once -clang-build-session-file /host/spi-builder-workspace/.build/out/ModuleCache.noindex/Session.modulevalidation -Xcc -working-directory -Xcc /host -resource-dir /root/.swiftpm/swift-sdks/swift-6.4.x-DEVELOPMENT-SNAPSHOT-2026-09-04-a_android.artifactbundle/swift-android/swift-resources/usr/lib/swift-aarch64 -enable-anonymous-context-mangled-names -file-compilation-dir /host -Xcc -resource-dir -Xcc /android-ndk/android-ndk-r27d/toolchains/llvm/prebuilt/linux-x86_64/lib/clang/18 -Xcc -fno-omit-frame-pointer -Xcc -D_LIBCPP_HARDENING_MODE\=_LIBCPP_HARDENING_MODE_DEBUG -Xcc -fmodules-prune-interval\=86400 -Xcc -fmodules-prune-after\=345600 -Xcc -I/host/spi-builder-workspace/.build/out/Products/Debug-android-aarch64/include -Xcc -I/host/spi-builder-workspace/.build/out/Intermediates.noindex/ObjectMapper.build/Debug-android-aarch64/ObjectMapper-t.build/DerivedSources-normal/aarch64 -Xcc -I/host/spi-builder-workspace/.build/out/Intermediates.noindex/ObjectMapper.build/Debug-android-aarch64/ObjectMapper-t.build/DerivedSources/aarch64 -Xcc -I/host/spi-builder-workspace/.build/out/Intermediates.noindex/ObjectMapper.build/Debug-android-aarch64/ObjectMapper-t.build/DerivedSources -Xcc -DSWIFT_PACKAGE -Xcc -DDEBUG\=1 -no-auto-bridging-header-chaining -module-name ObjectMapper -const-gather-protocols-file /host/spi-builder-workspace/.build/out/Intermediates.noindex/ObjectMapper.build/Debug-android-aarch64/ObjectMapper-t.build/Objects-normal/aarch64/ObjectMapper_const_extract_protocols.json -in-process-plugin-server-path /root/.local/share/swiftly/toolchains/6.4.x-snapshot-2026-09-04/usr/lib/swift/host/libSwiftInProcPluginServer.so -plugin-path /root/.local/share/swiftly/toolchains/6.4.x-snapshot-2026-09-04/usr/lib/swift/host/plugins -plugin-path /root/.local/share/swiftly/toolchains/6.4.x-snapshot-2026-09-04/usr/local/lib/swift/host/plugins -parse-as-library -o /host/spi-builder-workspace/.build/out/Intermediates.noindex/ObjectMapper.build/Debug-android-aarch64/ObjectMapper-t.build/Objects-normal/aarch64/Mappable.o -o /host/spi-builder-workspace/.build/out/Intermediates.noindex/ObjectMapper.build/Debug-android-aarch64/ObjectMapper-t.build/Objects-normal/aarch64/Mapper.o -o /host/spi-builder-workspace/.build/out/Intermediates.noindex/ObjectMapper.build/Debug-android-aarch64/ObjectMapper-t.build/Objects-normal/aarch64/NSDecimalNumberTransform.o -index-unit-output-path /ObjectMapper.build/Debug-android-aarch64/ObjectMapper-t.build/Objects-normal/aarch64/Mappable.o -index-unit-output-path /ObjectMapper.build/Debug-android-aarch64/ObjectMapper-t.build/Objects-normal/aarch64/Mapper.o -index-unit-output-path /ObjectMapper.build/Debug-android-aarch64/ObjectMapper-t.build/Objects-normal/aarch64/NSDecimalNumberTransform.o -index-store-path /host/spi-builder-workspace/.build/out -index-system-modules
error: Build failed
BUILD FAILURE 6.4 android