Build Information
Failed to build SkyFloatingLabelTextField, reference main (a0750e), with Swift 6.4 for macOS (Xcode) using Xcode 27.0 on 19 Sep 2026 01:32:30 UTC.
Build Command
env DEVELOPER_DIR=/Applications/Xcode-27.0.0-Release.Candidate.app xcrun xcodebuild -IDEClonedSourcePackagesDirPathOverride=$PWD/.dependencies -skipMacroValidation -skipPackagePluginValidation -derivedDataPath $PWD/.derivedData build -scheme SkyFloatingLabelTextField -destination platform=macOS,arch=arm64Build Log
========================================
RunAll
========================================
Builder version: 5.1.0
Interrupt handler set up.
========================================
Checkout
========================================
Clone URL: https://github.com/Skyscanner/SkyFloatingLabelTextField.git
Reference: main
Initialized empty Git repository in /Users/admin/builder/spi-builder-workspace/.git/
From https://github.com/Skyscanner/SkyFloatingLabelTextField
* branch main -> FETCH_HEAD
* [new branch] main -> origin/main
HEAD is now at a0750eb [Release] Version 4.0.0
Cloned https://github.com/Skyscanner/SkyFloatingLabelTextField.git
Revision (git rev-parse @):
a0750ebbc7311f3b3debf99c5e59338e854afa59
SUCCESS checkout https://github.com/Skyscanner/SkyFloatingLabelTextField.git at main
========================================
Build
========================================
Selected platform: macosXcodebuild
Swift version: 6.4
Building package at path: $PWD
https://github.com/Skyscanner/SkyFloatingLabelTextField.git
Command line invocation:
/Applications/Xcode-27.0.0-Release.Candidate.app/Contents/Developer/usr/bin/xcodebuild -IDEClonedSourcePackagesDirPathOverride=/Users/admin/builder/spi-builder-workspace/.dependencies -resolvePackageDependencies
resolved source packages:
{
"dependencies" : [
],
"manifest_display_name" : "SkyFloatingLabelTextField",
"name" : "SkyFloatingLabelTextField",
"path" : "/Users/admin/builder/spi-builder-workspace",
"platforms" : [
{
"name" : "ios",
"version" : "9.0"
}
],
"products" : [
{
"name" : "SkyFloatingLabelTextField",
"targets" : [
"SkyFloatingLabelTextField"
],
"type" : {
"library" : [
"automatic"
]
}
}
],
"swift_languages_versions" : [
"4.2"
],
"targets" : [
{
"c99name" : "SkyFloatingLabelTextFieldTests",
"module_type" : "SwiftTarget",
"name" : "SkyFloatingLabelTextFieldTests",
"path" : "SkyFloatingLabelTextField/SkyFloatingLabelTextFieldTests",
"sources" : [
"SkyFloatingLabelTextFieldAppearanceTests.swift",
"SkyFloatingLabelTextFieldTests.swift",
"SkyFloatingLabelTextFieldWithIconTests.swift"
],
"target_dependencies" : [
"SkyFloatingLabelTextField"
],
"type" : "test"
},
{
"c99name" : "SkyFloatingLabelTextField",
"module_type" : "SwiftTarget",
"name" : "SkyFloatingLabelTextField",
"path" : "Sources",
"product_memberships" : [
"SkyFloatingLabelTextField"
],
"sources" : [
"SkyFloatingLabelTextField.swift",
"SkyFloatingLabelTextFieldWithIcon.swift",
"UITextField+fixCaretPosition.swift"
],
"type" : "library"
}
],
"tools_version" : "5.1"
}
{
"workspace" : {
"name" : "SkyFloatingLabelTextField",
"schemes" : [
"SkyFloatingLabelTextField",
"SkyFloatingLabelTextFieldExample"
]
}
}
{
"workspace" : {
"name" : "SkyFloatingLabelTextField",
"schemes" : [
"SkyFloatingLabelTextField"
]
}
}
2026-09-18 21:32:21.858 xcodebuild[655:3922] [MT] IDERunDestination: Supported platforms for the buildables in the current scheme is empty.
Running build ...
env DEVELOPER_DIR=/Applications/Xcode-27.0.0-Release.Candidate.app xcrun xcodebuild -IDEClonedSourcePackagesDirPathOverride=$PWD/.dependencies -skipMacroValidation -skipPackagePluginValidation -derivedDataPath $PWD/.derivedData build -scheme SkyFloatingLabelTextField -destination platform=macOS,arch=arm64
Command line invocation:
/Applications/Xcode-27.0.0-Release.Candidate.app/Contents/Developer/usr/bin/xcodebuild -IDEClonedSourcePackagesDirPathOverride=/Users/admin/builder/spi-builder-workspace/.dependencies -skipMacroValidation -skipPackagePluginValidation -derivedDataPath /Users/admin/builder/spi-builder-workspace/.derivedData build -scheme SkyFloatingLabelTextField -destination platform=macOS,arch=arm64
Resolve Package Graph
Resolved source packages:
SkyFloatingLabelTextField: /Users/admin/builder/spi-builder-workspace
ComputePackagePrebuildTargetDependencyGraph
Prepare packages
CreateBuildRequest
SendProjectDescription
CreateBuildOperation
ComputeTargetDependencyGraph
note: Building targets in dependency order
note: Target dependency graph (2 targets)
Target 'SkyFloatingLabelTextField-product' in project 'SkyFloatingLabelTextField'
➜ Explicit dependency on target 'SkyFloatingLabelTextField' in project 'SkyFloatingLabelTextField'
Target 'SkyFloatingLabelTextField' in project 'SkyFloatingLabelTextField' (no dependencies)
GatherProvisioningInputs
CreateBuildDescription
ExecuteExternalTool /Applications/Xcode-27.0.0-Release.Candidate.app/Contents/Developer/Toolchains/XcodeDefault.xctoolchain/usr/bin/clang -v -E -dM -isysroot /Applications/Xcode-27.0.0-Release.Candidate.app/Contents/Developer/Platforms/MacOSX.platform/Developer/SDKs/MacOSX27.0.sdk -x c -c /dev/null
ExecuteExternalTool /Applications/Xcode-27.0.0-Release.Candidate.app/Contents/Developer/Toolchains/XcodeDefault.xctoolchain/usr/bin/swiftc --version
ExecuteExternalTool /Applications/Xcode-27.0.0-Release.Candidate.app/Contents/Developer/Toolchains/XcodeDefault.xctoolchain/usr/bin/ld -version_details
Build description signature: 28e43c5d18f9df987174a4af5e8a5ab3
Build description path: /Users/admin/builder/spi-builder-workspace/.derivedData/Build/Intermediates.noindex/XCBuildData/28e43c5d18f9df987174a4af5e8a5ab3.xcbuilddata
CreateBuildDirectory /Users/admin/builder/spi-builder-workspace/.derivedData/SDKExplicitPrecompiledModules
cd /Users/admin/builder/spi-builder-workspace/.swiftpm/xcode
builtin-create-build-directory /Users/admin/builder/spi-builder-workspace/.derivedData/SDKExplicitPrecompiledModules
CreateBuildDirectory /Users/admin/builder/spi-builder-workspace/.derivedData/CompilationCache.noindex
cd /Users/admin/builder/spi-builder-workspace/.swiftpm/xcode
builtin-create-build-directory /Users/admin/builder/spi-builder-workspace/.derivedData/CompilationCache.noindex
CreateBuildDirectory /Users/admin/builder/spi-builder-workspace/.derivedData/Build/Intermediates.noindex
cd /Users/admin/builder/spi-builder-workspace/.swiftpm/xcode
builtin-create-build-directory /Users/admin/builder/spi-builder-workspace/.derivedData/Build/Intermediates.noindex
CreateBuildDirectory /Users/admin/builder/spi-builder-workspace/.derivedData/ModuleCache.noindex
cd /Users/admin/builder/spi-builder-workspace/.swiftpm/xcode
builtin-create-build-directory /Users/admin/builder/spi-builder-workspace/.derivedData/ModuleCache.noindex
CreateBuildDirectory /Users/admin/builder/spi-builder-workspace/.derivedData/Build/Products
cd /Users/admin/builder/spi-builder-workspace/.swiftpm/xcode
builtin-create-build-directory /Users/admin/builder/spi-builder-workspace/.derivedData/Build/Products
ClangStatCache /Applications/Xcode-27.0.0-Release.Candidate.app/Contents/Developer/Toolchains/XcodeDefault.xctoolchain/usr/bin/clang-stat-cache /Applications/Xcode-27.0.0-Release.Candidate.app/Contents/Developer/Platforms/MacOSX.platform/Developer/SDKs/MacOSX27.0.sdk /Users/admin/builder/spi-builder-workspace/.derivedData/SDKStatCaches.noindex/macosx27.0-26A425-e829b21a6f8c9b70876ba0858053c0446a22442a12e9d48fe1a705f55a1adfc4.sdkstatcache
cd /Users/admin/builder/spi-builder-workspace/.swiftpm/xcode
/Applications/Xcode-27.0.0-Release.Candidate.app/Contents/Developer/Toolchains/XcodeDefault.xctoolchain/usr/bin/clang-stat-cache /Applications/Xcode-27.0.0-Release.Candidate.app/Contents/Developer/Platforms/MacOSX.platform/Developer/SDKs/MacOSX27.0.sdk -o /Users/admin/builder/spi-builder-workspace/.derivedData/SDKStatCaches.noindex/macosx27.0-26A425-e829b21a6f8c9b70876ba0858053c0446a22442a12e9d48fe1a705f55a1adfc4.sdkstatcache
CreateBuildDirectory /Users/admin/builder/spi-builder-workspace/.derivedData/Build/Intermediates.noindex/SwiftExplicitPrecompiledModules
cd /Users/admin/builder/spi-builder-workspace/.swiftpm/xcode
builtin-create-build-directory /Users/admin/builder/spi-builder-workspace/.derivedData/Build/Intermediates.noindex/SwiftExplicitPrecompiledModules
CreateBuildDirectory /Users/admin/builder/spi-builder-workspace/.derivedData/Build/Intermediates.noindex/PrecompiledHeaders
cd /Users/admin/builder/spi-builder-workspace/.swiftpm/xcode
builtin-create-build-directory /Users/admin/builder/spi-builder-workspace/.derivedData/Build/Intermediates.noindex/PrecompiledHeaders
CreateBuildDirectory /Users/admin/builder/spi-builder-workspace/.derivedData/Build/Intermediates.noindex/ExplicitPrecompiledModules
cd /Users/admin/builder/spi-builder-workspace/.swiftpm/xcode
builtin-create-build-directory /Users/admin/builder/spi-builder-workspace/.derivedData/Build/Intermediates.noindex/ExplicitPrecompiledModules
CreateBuildDirectory /Users/admin/builder/spi-builder-workspace/.derivedData/Build/Intermediates.noindex/EagerLinkingTBDs/Debug
cd /Users/admin/builder/spi-builder-workspace/.swiftpm/xcode
builtin-create-build-directory /Users/admin/builder/spi-builder-workspace/.derivedData/Build/Intermediates.noindex/EagerLinkingTBDs/Debug
CreateBuildDirectory /Users/admin/builder/spi-builder-workspace/.derivedData/Build/Products/Debug
cd /Users/admin/builder/spi-builder-workspace/.swiftpm/xcode
builtin-create-build-directory /Users/admin/builder/spi-builder-workspace/.derivedData/Build/Products/Debug
CreateBuildDirectory /Users/admin/builder/spi-builder-workspace/.derivedData/Build/Products/Debug/PackageFrameworks
cd /Users/admin/builder/spi-builder-workspace/.swiftpm/xcode
builtin-create-build-directory /Users/admin/builder/spi-builder-workspace/.derivedData/Build/Products/Debug/PackageFrameworks
WriteAuxiliaryFile /Users/admin/builder/spi-builder-workspace/.derivedData/Build/Intermediates.noindex/SkyFloatingLabelTextField.build/Debug/SkyFloatingLabelTextField-t.build/SkyFloatingLabelTextField.DependencyStaticMetadataFileList (in target 'SkyFloatingLabelTextField' from project 'SkyFloatingLabelTextField')
cd /Users/admin/builder/spi-builder-workspace
write-file /Users/admin/builder/spi-builder-workspace/.derivedData/Build/Intermediates.noindex/SkyFloatingLabelTextField.build/Debug/SkyFloatingLabelTextField-t.build/SkyFloatingLabelTextField.DependencyStaticMetadataFileList
WriteAuxiliaryFile /Users/admin/builder/spi-builder-workspace/.derivedData/Build/Intermediates.noindex/SkyFloatingLabelTextField.build/Debug/SkyFloatingLabelTextField-t.build/SkyFloatingLabelTextField.modulemap (in target 'SkyFloatingLabelTextField' from project 'SkyFloatingLabelTextField')
cd /Users/admin/builder/spi-builder-workspace
write-file /Users/admin/builder/spi-builder-workspace/.derivedData/Build/Intermediates.noindex/SkyFloatingLabelTextField.build/Debug/SkyFloatingLabelTextField-t.build/SkyFloatingLabelTextField.modulemap
WriteAuxiliaryFile /Users/admin/builder/spi-builder-workspace/.derivedData/Build/Intermediates.noindex/SkyFloatingLabelTextField.build/Debug/SkyFloatingLabelTextField-t.build/SkyFloatingLabelTextField.DependencyMetadataFileList (in target 'SkyFloatingLabelTextField' from project 'SkyFloatingLabelTextField')
cd /Users/admin/builder/spi-builder-workspace
write-file /Users/admin/builder/spi-builder-workspace/.derivedData/Build/Intermediates.noindex/SkyFloatingLabelTextField.build/Debug/SkyFloatingLabelTextField-t.build/SkyFloatingLabelTextField.DependencyMetadataFileList
WriteAuxiliaryFile /Users/admin/builder/spi-builder-workspace/.derivedData/Build/Intermediates.noindex/SkyFloatingLabelTextField.build/Debug/SkyFloatingLabelTextField-t.build/Objects-normal/arm64/SkyFloatingLabelTextField.LinkFileList (in target 'SkyFloatingLabelTextField' from project 'SkyFloatingLabelTextField')
cd /Users/admin/builder/spi-builder-workspace
write-file /Users/admin/builder/spi-builder-workspace/.derivedData/Build/Intermediates.noindex/SkyFloatingLabelTextField.build/Debug/SkyFloatingLabelTextField-t.build/Objects-normal/arm64/SkyFloatingLabelTextField.LinkFileList
WriteAuxiliaryFile /Users/admin/builder/spi-builder-workspace/.derivedData/Build/Intermediates.noindex/SkyFloatingLabelTextField.build/Debug/SkyFloatingLabelTextField-t.build/Objects-normal/arm64/SkyFloatingLabelTextField.SwiftFileList (in target 'SkyFloatingLabelTextField' from project 'SkyFloatingLabelTextField')
cd /Users/admin/builder/spi-builder-workspace
write-file /Users/admin/builder/spi-builder-workspace/.derivedData/Build/Intermediates.noindex/SkyFloatingLabelTextField.build/Debug/SkyFloatingLabelTextField-t.build/Objects-normal/arm64/SkyFloatingLabelTextField.SwiftFileList
WriteAuxiliaryFile /Users/admin/builder/spi-builder-workspace/.derivedData/Build/Intermediates.noindex/SkyFloatingLabelTextField.build/Debug/SkyFloatingLabelTextField-t.build/Objects-normal/arm64/SkyFloatingLabelTextField.SwiftConstValuesFileList (in target 'SkyFloatingLabelTextField' from project 'SkyFloatingLabelTextField')
cd /Users/admin/builder/spi-builder-workspace
write-file /Users/admin/builder/spi-builder-workspace/.derivedData/Build/Intermediates.noindex/SkyFloatingLabelTextField.build/Debug/SkyFloatingLabelTextField-t.build/Objects-normal/arm64/SkyFloatingLabelTextField.SwiftConstValuesFileList
WriteAuxiliaryFile /Users/admin/builder/spi-builder-workspace/.derivedData/Build/Intermediates.noindex/SkyFloatingLabelTextField.build/Debug/SkyFloatingLabelTextField-t.build/Objects-normal/arm64/SkyFloatingLabelTextField_const_extract_protocols.json (in target 'SkyFloatingLabelTextField' from project 'SkyFloatingLabelTextField')
cd /Users/admin/builder/spi-builder-workspace
write-file /Users/admin/builder/spi-builder-workspace/.derivedData/Build/Intermediates.noindex/SkyFloatingLabelTextField.build/Debug/SkyFloatingLabelTextField-t.build/Objects-normal/arm64/SkyFloatingLabelTextField_const_extract_protocols.json
WriteAuxiliaryFile /Users/admin/builder/spi-builder-workspace/.derivedData/Build/Intermediates.noindex/SkyFloatingLabelTextField.build/Debug/SkyFloatingLabelTextField-t.build/Objects-normal/arm64/SkyFloatingLabelTextField-OutputFileMap.json (in target 'SkyFloatingLabelTextField' from project 'SkyFloatingLabelTextField')
cd /Users/admin/builder/spi-builder-workspace
write-file /Users/admin/builder/spi-builder-workspace/.derivedData/Build/Intermediates.noindex/SkyFloatingLabelTextField.build/Debug/SkyFloatingLabelTextField-t.build/Objects-normal/arm64/SkyFloatingLabelTextField-OutputFileMap.json
Copy /Users/admin/builder/spi-builder-workspace/.derivedData/Build/Intermediates.noindex/GeneratedModuleMaps/SkyFloatingLabelTextField.modulemap /Users/admin/builder/spi-builder-workspace/.derivedData/Build/Intermediates.noindex/SkyFloatingLabelTextField.build/Debug/SkyFloatingLabelTextField-t.build/SkyFloatingLabelTextField.modulemap (in target 'SkyFloatingLabelTextField' from project 'SkyFloatingLabelTextField')
cd /Users/admin/builder/spi-builder-workspace
builtin-copy -exclude .DS_Store -exclude CVS -exclude .svn -exclude .git -exclude .hg -resolve-src-symlinks /Users/admin/builder/spi-builder-workspace/.derivedData/Build/Intermediates.noindex/SkyFloatingLabelTextField.build/Debug/SkyFloatingLabelTextField-t.build/SkyFloatingLabelTextField.modulemap /Users/admin/builder/spi-builder-workspace/.derivedData/Build/Intermediates.noindex/GeneratedModuleMaps
SwiftDriver SkyFloatingLabelTextField normal arm64 com.apple.xcode.tools.swift.compiler (in target 'SkyFloatingLabelTextField' from project 'SkyFloatingLabelTextField')
cd /Users/admin/builder/spi-builder-workspace/.swiftpm/xcode
builtin-SwiftDriver -- /Applications/Xcode-27.0.0-Release.Candidate.app/Contents/Developer/Toolchains/XcodeDefault.xctoolchain/usr/bin/swiftc -parse-as-library -module-name SkyFloatingLabelTextField -Onone @/Users/admin/builder/spi-builder-workspace/.derivedData/Build/Intermediates.noindex/SkyFloatingLabelTextField.build/Debug/SkyFloatingLabelTextField-t.build/Objects-normal/arm64/SkyFloatingLabelTextField.SwiftFileList -DSWIFT_PACKAGE -DDEBUG -DSWIFT_MODULE_RESOURCE_BUNDLE_UNAVAILABLE -DXcode -plugin-path /Applications/Xcode-27.0.0-Release.Candidate.app/Contents/Developer/Toolchains/XcodeDefault.xctoolchain/usr/lib/swift/host/plugins/testing -enable-experimental-feature DebugDescriptionMacro -sdk /Applications/Xcode-27.0.0-Release.Candidate.app/Contents/Developer/Platforms/MacOSX.platform/Developer/SDKs/MacOSX27.0.sdk -target arm64-apple-macos12.0 -g -module-cache-path /Users/admin/builder/spi-builder-workspace/.derivedData/ModuleCache.noindex -Xfrontend -serialize-debugging-options -profile-coverage-mapping -profile-generate -enable-testing -index-store-path /Users/admin/builder/spi-builder-workspace/.derivedData/Index.noindex/DataStore -Xcc -D_LIBCPP_HARDENING_MODE\=_LIBCPP_HARDENING_MODE_DEBUG -swift-version 4.2 -I /Users/admin/builder/spi-builder-workspace/.derivedData/Build/Products/Debug -Isystem /Applications/Xcode-27.0.0-Release.Candidate.app/Contents/Developer/Platforms/MacOSX.platform/Developer/usr/lib -F /Users/admin/builder/spi-builder-workspace/.derivedData/Build/Products/Debug -F /Applications/Xcode-27.0.0-Release.Candidate.app/Contents/Developer/Platforms/MacOSX.platform/Developer/Library/Frameworks -c -j10 -enable-batch-mode -incremental -Xcc -ivfsstatcache -Xcc /Users/admin/builder/spi-builder-workspace/.derivedData/SDKStatCaches.noindex/macosx27.0-26A425-e829b21a6f8c9b70876ba0858053c0446a22442a12e9d48fe1a705f55a1adfc4.sdkstatcache -output-file-map /Users/admin/builder/spi-builder-workspace/.derivedData/Build/Intermediates.noindex/SkyFloatingLabelTextField.build/Debug/SkyFloatingLabelTextField-t.build/Objects-normal/arm64/SkyFloatingLabelTextField-OutputFileMap.json -save-temps -no-color-diagnostics -emit-dependencies -emit-module -emit-module-path /Users/admin/builder/spi-builder-workspace/.derivedData/Build/Intermediates.noindex/SkyFloatingLabelTextField.build/Debug/SkyFloatingLabelTextField-t.build/Objects-normal/arm64/SkyFloatingLabelTextField.swiftmodule -serialize-diagnostics -validate-clang-modules-once -clang-build-session-file /Users/admin/builder/spi-builder-workspace/.derivedData/ModuleCache.noindex/Session.modulevalidation -Xcc -fmodules-prune-interval\=86400 -Xcc -fmodules-prune-after\=345600 -emit-const-values -const-gather-protocols-list /Users/admin/builder/spi-builder-workspace/.derivedData/Build/Intermediates.noindex/SkyFloatingLabelTextField.build/Debug/SkyFloatingLabelTextField-t.build/Objects-normal/arm64/SkyFloatingLabelTextField_const_extract_protocols.json -Xcc -I/Users/admin/builder/spi-builder-workspace/.derivedData/Build/Products/Debug/include -Xcc -I/Users/admin/builder/spi-builder-workspace/.derivedData/Build/Intermediates.noindex/SkyFloatingLabelTextField.build/Debug/SkyFloatingLabelTextField-t.build/DerivedSources-normal/arm64 -Xcc -I/Users/admin/builder/spi-builder-workspace/.derivedData/Build/Intermediates.noindex/SkyFloatingLabelTextField.build/Debug/SkyFloatingLabelTextField-t.build/DerivedSources/arm64 -Xcc -I/Users/admin/builder/spi-builder-workspace/.derivedData/Build/Intermediates.noindex/SkyFloatingLabelTextField.build/Debug/SkyFloatingLabelTextField-t.build/DerivedSources -Xcc -DSWIFT_PACKAGE -Xcc -DDEBUG\=1 -emit-objc-header -emit-objc-header-path /Users/admin/builder/spi-builder-workspace/.derivedData/Build/Intermediates.noindex/SkyFloatingLabelTextField.build/Debug/SkyFloatingLabelTextField-t.build/Objects-normal/arm64/SkyFloatingLabelTextField-Swift.h -working-directory /Users/admin/builder/spi-builder-workspace/.swiftpm/xcode -experimental-emit-module-separately -disable-cmo
SwiftCompile normal arm64 Compiling\ SkyFloatingLabelTextField.swift /Users/admin/builder/spi-builder-workspace/Sources/SkyFloatingLabelTextField.swift (in target 'SkyFloatingLabelTextField' from project 'SkyFloatingLabelTextField')
SwiftCompile normal arm64 /Users/admin/builder/spi-builder-workspace/Sources/SkyFloatingLabelTextField.swift (in target 'SkyFloatingLabelTextField' from project 'SkyFloatingLabelTextField')
cd /Users/admin/builder/spi-builder-workspace/.swiftpm/xcode
builtin-SwiftPerFileCompile SkyFloatingLabelTextField.swift
SwiftEmitModule normal arm64 Emitting\ module\ for\ SkyFloatingLabelTextField (in target 'SkyFloatingLabelTextField' from project 'SkyFloatingLabelTextField')
/Users/admin/builder/spi-builder-workspace/Sources/SkyFloatingLabelTextField.swift:12:8: error: no such module 'UIKit'
10 | // for the specific language governing permissions and limitations under the License.
11 |
12 | import UIKit
| `- error: no such module 'UIKit'
13 |
14 | /**
Failed frontend command:
/Applications/Xcode-27.0.0-Release.Candidate.app/Contents/Developer/Toolchains/XcodeDefault.xctoolchain/usr/bin/swift-frontend -frontend -emit-module -experimental-skip-non-inlinable-function-bodies-without-types /Users/admin/builder/spi-builder-workspace/Sources/SkyFloatingLabelTextField.swift /Users/admin/builder/spi-builder-workspace/Sources/SkyFloatingLabelTextFieldWithIcon.swift /Users/admin/builder/spi-builder-workspace/Sources/UITextField+fixCaretPosition.swift -target arm64-apple-macos12.0 -Xllvm -aarch64-use-tbi -enable-objc-interop -stack-check -sdk /Applications/Xcode-27.0.0-Release.Candidate.app/Contents/Developer/Platforms/MacOSX.platform/Developer/SDKs/MacOSX27.0.sdk -I /Users/admin/builder/spi-builder-workspace/.derivedData/Build/Products/Debug -Isystem /Applications/Xcode-27.0.0-Release.Candidate.app/Contents/Developer/Platforms/MacOSX.platform/Developer/usr/lib -F /Users/admin/builder/spi-builder-workspace/.derivedData/Build/Products/Debug -F /Applications/Xcode-27.0.0-Release.Candidate.app/Contents/Developer/Platforms/MacOSX.platform/Developer/Library/Frameworks -module-cache-path /Users/admin/builder/spi-builder-workspace/.derivedData/ModuleCache.noindex -no-color-diagnostics -Xcc -fno-color-diagnostics -enable-testing -g -debug-info-format\=dwarf -dwarf-version\=4 -profile-generate -profile-coverage-mapping -swift-version 4.2 -Onone -D SWIFT_PACKAGE -D DEBUG -D SWIFT_MODULE_RESOURCE_BUNDLE_UNAVAILABLE -D Xcode -serialize-debugging-options -enable-experimental-feature DebugDescriptionMacro -empty-abi-descriptor -plugin-path /Applications/Xcode-27.0.0-Release.Candidate.app/Contents/Developer/Toolchains/XcodeDefault.xctoolchain/usr/lib/swift/host/plugins/testing -validate-clang-modules-once -clang-build-session-file /Users/admin/builder/spi-builder-workspace/.derivedData/ModuleCache.noindex/Session.modulevalidation -Xcc -working-directory -Xcc /Users/admin/builder/spi-builder-workspace/.swiftpm/xcode -enable-anonymous-context-mangled-names -file-compilation-dir /Users/admin/builder/spi-builder-workspace/.swiftpm/xcode -Xcc -D_LIBCPP_HARDENING_MODE\=_LIBCPP_HARDENING_MODE_DEBUG -Xcc -ivfsstatcache -Xcc /Users/admin/builder/spi-builder-workspace/.derivedData/SDKStatCaches.noindex/macosx27.0-26A425-e829b21a6f8c9b70876ba0858053c0446a22442a12e9d48fe1a705f55a1adfc4.sdkstatcache -Xcc -fmodules-prune-interval\=86400 -Xcc -fmodules-prune-after\=345600 -Xcc -I/Users/admin/builder/spi-builder-workspace/.derivedData/Build/Products/Debug/include -Xcc -I/Users/admin/builder/spi-builder-workspace/.derivedData/Build/Intermediates.noindex/SkyFloatingLabelTextField.build/Debug/SkyFloatingLabelTextField-t.build/DerivedSources-normal/arm64 -Xcc -I/Users/admin/builder/spi-builder-workspace/.derivedData/Build/Intermediates.noindex/SkyFloatingLabelTextField.build/Debug/SkyFloatingLabelTextField-t.build/DerivedSources/arm64 -Xcc -I/Users/admin/builder/spi-builder-workspace/.derivedData/Build/Intermediates.noindex/SkyFloatingLabelTextField.build/Debug/SkyFloatingLabelTextField-t.build/DerivedSources -Xcc -DSWIFT_PACKAGE -Xcc -DDEBUG\=1 -no-auto-bridging-header-chaining -module-name SkyFloatingLabelTextField -const-gather-protocols-file /Users/admin/builder/spi-builder-workspace/.derivedData/Build/Intermediates.noindex/SkyFloatingLabelTextField.build/Debug/SkyFloatingLabelTextField-t.build/Objects-normal/arm64/SkyFloatingLabelTextField_const_extract_protocols.json -disable-clang-spi -target-sdk-version 27.0 -target-sdk-name macosx27.0 -external-plugin-path /Applications/Xcode-27.0.0-Release.Candidate.app/Contents/Developer/Platforms/MacOSX.platform/Developer/usr/lib/swift/host/plugins\#/Applications/Xcode-27.0.0-Release.Candidate.app/Contents/Developer/Platforms/MacOSX.platform/Developer/usr/bin/swift-plugin-server -external-plugin-path /Applications/Xcode-27.0.0-Release.Candidate.app/Contents/Developer/Platforms/MacOSX.platform/Developer/usr/local/lib/swift/host/plugins\#/Applications/Xcode-27.0.0-Release.Candidate.app/Contents/Developer/Platforms/MacOSX.platform/Developer/usr/bin/swift-plugin-server -in-process-plugin-server-path /Applications/Xcode-27.0.0-Release.Candidate.app/Contents/Developer/Toolchains/XcodeDefault.xctoolchain/usr/lib/swift/host/libSwiftInProcPluginServer.dylib -plugin-path /Applications/Xcode-27.0.0-Release.Candidate.app/Contents/Developer/Toolchains/XcodeDefault.xctoolchain/usr/lib/swift/host/plugins -plugin-path /Applications/Xcode-27.0.0-Release.Candidate.app/Contents/Developer/Toolchains/XcodeDefault.xctoolchain/usr/local/lib/swift/host/plugins -emit-module-doc-path /Users/admin/builder/spi-builder-workspace/.derivedData/Build/Intermediates.noindex/SkyFloatingLabelTextField.build/Debug/SkyFloatingLabelTextField-t.build/Objects-normal/arm64/SkyFloatingLabelTextField.swiftdoc -emit-module-source-info-path /Users/admin/builder/spi-builder-workspace/.derivedData/Build/Intermediates.noindex/SkyFloatingLabelTextField.build/Debug/SkyFloatingLabelTextField-t.build/Objects-normal/arm64/SkyFloatingLabelTextField.swiftsourceinfo -emit-objc-header-path /Users/admin/builder/spi-builder-workspace/.derivedData/Build/Intermediates.noindex/SkyFloatingLabelTextField.build/Debug/SkyFloatingLabelTextField-t.build/Objects-normal/arm64/SkyFloatingLabelTextField-Swift.h -serialize-diagnostics-path /Users/admin/builder/spi-builder-workspace/.derivedData/Build/Intermediates.noindex/SkyFloatingLabelTextField.build/Debug/SkyFloatingLabelTextField-t.build/Objects-normal/arm64/SkyFloatingLabelTextField-primary-emit-module.dia -emit-dependencies-path /Users/admin/builder/spi-builder-workspace/.derivedData/Build/Intermediates.noindex/SkyFloatingLabelTextField.build/Debug/SkyFloatingLabelTextField-t.build/Objects-normal/arm64/SkyFloatingLabelTextField-primary-emit-module.d -parse-as-library -o /Users/admin/builder/spi-builder-workspace/.derivedData/Build/Intermediates.noindex/SkyFloatingLabelTextField.build/Debug/SkyFloatingLabelTextField-t.build/Objects-normal/arm64/SkyFloatingLabelTextField.swiftmodule -emit-abi-descriptor-path /Users/admin/builder/spi-builder-workspace/.derivedData/Build/Intermediates.noindex/SkyFloatingLabelTextField.build/Debug/SkyFloatingLabelTextField-t.build/Objects-normal/arm64/SkyFloatingLabelTextField.abi.json
SwiftCompile normal arm64 (in target 'SkyFloatingLabelTextField' from project 'SkyFloatingLabelTextField')
cd /Users/admin/builder/spi-builder-workspace/.swiftpm/xcode
SwiftCompile normal arm64 Compiling\ SkyFloatingLabelTextFieldWithIcon.swift /Users/admin/builder/spi-builder-workspace/Sources/SkyFloatingLabelTextFieldWithIcon.swift (in target 'SkyFloatingLabelTextField' from project 'SkyFloatingLabelTextField')
SwiftCompile normal arm64 /Users/admin/builder/spi-builder-workspace/Sources/SkyFloatingLabelTextFieldWithIcon.swift (in target 'SkyFloatingLabelTextField' from project 'SkyFloatingLabelTextField')
cd /Users/admin/builder/spi-builder-workspace/.swiftpm/xcode
builtin-SwiftPerFileCompile SkyFloatingLabelTextFieldWithIcon.swift
SwiftCompile normal arm64 Compiling\ UITextField+fixCaretPosition.swift /Users/admin/builder/spi-builder-workspace/Sources/UITextField+fixCaretPosition.swift (in target 'SkyFloatingLabelTextField' from project 'SkyFloatingLabelTextField')
SwiftCompile normal arm64 /Users/admin/builder/spi-builder-workspace/Sources/UITextField+fixCaretPosition.swift (in target 'SkyFloatingLabelTextField' from project 'SkyFloatingLabelTextField')
cd /Users/admin/builder/spi-builder-workspace/.swiftpm/xcode
builtin-SwiftPerFileCompile UITextField+fixCaretPosition.swift
PruneExplicitPrecompiledModules /Users/admin/builder/spi-builder-workspace/.derivedData/Build/Intermediates.noindex/ExplicitPrecompiledModules
PruneExplicitPrecompiledModules /Users/admin/builder/spi-builder-workspace/.derivedData/SDKExplicitPrecompiledModules
PruneExplicitPrecompiledModules /Users/admin/builder/spi-builder-workspace/.derivedData/Build/Intermediates.noindex/SwiftExplicitPrecompiledModules
2026-09-18 21:32:23.451 xcodebuild[722:4452] [MT] IDERunDestination: Supported platforms for the buildables in the current scheme is empty.
--- xcodebuild: WARNING: Using the first of multiple matching destinations:
{ platform:macOS, arch:arm64, id:676a86242fd681b09c40aaa05a473e62c3222aee, name:My Mac }
{ platform:macOS, arch:arm64, variant:Mac Catalyst, id:676a86242fd681b09c40aaa05a473e62c3222aee, name:My Mac }
{ platform:macOS, arch:arm64, variant:DriverKit, id:676a86242fd681b09c40aaa05a473e62c3222aee, name:My Mac }
{ platform:macOS, arch:arm64, variant:Designed for [iPad,iPhone], id:676a86242fd681b09c40aaa05a473e62c3222aee, name:My Mac }
** BUILD FAILED **
The following build commands failed:
SwiftEmitModule normal arm64 Emitting\ module\ for\ SkyFloatingLabelTextField (in target 'SkyFloatingLabelTextField' from project 'SkyFloatingLabelTextField')
SwiftCompile normal arm64 (in target 'SkyFloatingLabelTextField' from project 'SkyFloatingLabelTextField')
Building workspace SkyFloatingLabelTextField with scheme SkyFloatingLabelTextField
(3 failures)
Command line invocation:
/Applications/Xcode-27.0.0-Release.Candidate.app/Contents/Developer/usr/bin/xcodebuild -IDEClonedSourcePackagesDirPathOverride=/Users/admin/builder/spi-builder-workspace/.dependencies -resolvePackageDependencies
Resolve Package Graph
Resolved source packages:
SkyFloatingLabelTextField: /Users/admin/builder/spi-builder-workspace
resolved source packages: SkyFloatingLabelTextField
2026-09-18 21:32:27.808 xcodebuild[741:4601] [MT] IDERunDestination: Supported platforms for the buildables in the current scheme is empty.
{
"dependencies" : [
],
"manifest_display_name" : "SkyFloatingLabelTextField",
"name" : "SkyFloatingLabelTextField",
"path" : "/Users/admin/builder/spi-builder-workspace",
"platforms" : [
{
"name" : "ios",
"version" : "9.0"
}
],
"products" : [
{
"name" : "SkyFloatingLabelTextField",
"targets" : [
"SkyFloatingLabelTextField"
],
"type" : {
"library" : [
"automatic"
]
}
}
],
"swift_languages_versions" : [
"4.2"
],
"targets" : [
{
"c99name" : "SkyFloatingLabelTextFieldTests",
"module_type" : "SwiftTarget",
"name" : "SkyFloatingLabelTextFieldTests",
"path" : "SkyFloatingLabelTextField/SkyFloatingLabelTextFieldTests",
"sources" : [
"SkyFloatingLabelTextFieldAppearanceTests.swift",
"SkyFloatingLabelTextFieldTests.swift",
"SkyFloatingLabelTextFieldWithIconTests.swift"
],
"target_dependencies" : [
"SkyFloatingLabelTextField"
],
"type" : "test"
},
{
"c99name" : "SkyFloatingLabelTextField",
"module_type" : "SwiftTarget",
"name" : "SkyFloatingLabelTextField",
"path" : "Sources",
"product_memberships" : [
"SkyFloatingLabelTextField"
],
"sources" : [
"SkyFloatingLabelTextField.swift",
"SkyFloatingLabelTextFieldWithIcon.swift",
"UITextField+fixCaretPosition.swift"
],
"type" : "library"
}
],
"tools_version" : "5.1"
}
{
"workspace" : {
"name" : "SkyFloatingLabelTextField",
"schemes" : [
"SkyFloatingLabelTextField"
]
}
}
2026-09-18 21:32:29.024 xcodebuild[749:4663] [MT] IDERunDestination: Supported platforms for the buildables in the current scheme is empty.
Running build ...
env DEVELOPER_DIR=/Applications/Xcode-27.0.0-Release.Candidate.app xcrun xcodebuild -IDEClonedSourcePackagesDirPathOverride=$PWD/.dependencies -skipMacroValidation -skipPackagePluginValidation -derivedDataPath $PWD/.derivedData build -scheme SkyFloatingLabelTextField -destination platform=macOS,arch=arm64
Command line invocation:
/Applications/Xcode-27.0.0-Release.Candidate.app/Contents/Developer/usr/bin/xcodebuild -IDEClonedSourcePackagesDirPathOverride=/Users/admin/builder/spi-builder-workspace/.dependencies -skipMacroValidation -skipPackagePluginValidation -derivedDataPath /Users/admin/builder/spi-builder-workspace/.derivedData build -scheme SkyFloatingLabelTextField -destination platform=macOS,arch=arm64
Resolve Package Graph
Resolved source packages:
SkyFloatingLabelTextField: /Users/admin/builder/spi-builder-workspace
ComputePackagePrebuildTargetDependencyGraph
Prepare packages
CreateBuildRequest
SendProjectDescription
CreateBuildOperation
ComputeTargetDependencyGraph
note: Building targets in dependency order
note: Target dependency graph (2 targets)
Target 'SkyFloatingLabelTextField-product' in project 'SkyFloatingLabelTextField'
➜ Explicit dependency on target 'SkyFloatingLabelTextField' in project 'SkyFloatingLabelTextField'
Target 'SkyFloatingLabelTextField' in project 'SkyFloatingLabelTextField' (no dependencies)
GatherProvisioningInputs
CreateBuildDescription
ClangStatCache /Applications/Xcode-27.0.0-Release.Candidate.app/Contents/Developer/Toolchains/XcodeDefault.xctoolchain/usr/bin/clang-stat-cache /Applications/Xcode-27.0.0-Release.Candidate.app/Contents/Developer/Platforms/MacOSX.platform/Developer/SDKs/MacOSX27.0.sdk /Users/admin/builder/spi-builder-workspace/.derivedData/SDKStatCaches.noindex/macosx27.0-26A425-e829b21a6f8c9b70876ba0858053c0446a22442a12e9d48fe1a705f55a1adfc4.sdkstatcache
cd /Users/admin/builder/spi-builder-workspace/.swiftpm/xcode
/Applications/Xcode-27.0.0-Release.Candidate.app/Contents/Developer/Toolchains/XcodeDefault.xctoolchain/usr/bin/clang-stat-cache /Applications/Xcode-27.0.0-Release.Candidate.app/Contents/Developer/Platforms/MacOSX.platform/Developer/SDKs/MacOSX27.0.sdk -o /Users/admin/builder/spi-builder-workspace/.derivedData/SDKStatCaches.noindex/macosx27.0-26A425-e829b21a6f8c9b70876ba0858053c0446a22442a12e9d48fe1a705f55a1adfc4.sdkstatcache
SwiftDriver SkyFloatingLabelTextField normal arm64 com.apple.xcode.tools.swift.compiler (in target 'SkyFloatingLabelTextField' from project 'SkyFloatingLabelTextField')
cd /Users/admin/builder/spi-builder-workspace/.swiftpm/xcode
builtin-SwiftDriver -- /Applications/Xcode-27.0.0-Release.Candidate.app/Contents/Developer/Toolchains/XcodeDefault.xctoolchain/usr/bin/swiftc -parse-as-library -module-name SkyFloatingLabelTextField -Onone @/Users/admin/builder/spi-builder-workspace/.derivedData/Build/Intermediates.noindex/SkyFloatingLabelTextField.build/Debug/SkyFloatingLabelTextField-t.build/Objects-normal/arm64/SkyFloatingLabelTextField.SwiftFileList -DSWIFT_PACKAGE -DDEBUG -DSWIFT_MODULE_RESOURCE_BUNDLE_UNAVAILABLE -DXcode -plugin-path /Applications/Xcode-27.0.0-Release.Candidate.app/Contents/Developer/Toolchains/XcodeDefault.xctoolchain/usr/lib/swift/host/plugins/testing -enable-experimental-feature DebugDescriptionMacro -sdk /Applications/Xcode-27.0.0-Release.Candidate.app/Contents/Developer/Platforms/MacOSX.platform/Developer/SDKs/MacOSX27.0.sdk -target arm64-apple-macos12.0 -g -module-cache-path /Users/admin/builder/spi-builder-workspace/.derivedData/ModuleCache.noindex -Xfrontend -serialize-debugging-options -profile-coverage-mapping -profile-generate -enable-testing -index-store-path /Users/admin/builder/spi-builder-workspace/.derivedData/Index.noindex/DataStore -Xcc -D_LIBCPP_HARDENING_MODE\=_LIBCPP_HARDENING_MODE_DEBUG -swift-version 4.2 -I /Users/admin/builder/spi-builder-workspace/.derivedData/Build/Products/Debug -Isystem /Applications/Xcode-27.0.0-Release.Candidate.app/Contents/Developer/Platforms/MacOSX.platform/Developer/usr/lib -F /Users/admin/builder/spi-builder-workspace/.derivedData/Build/Products/Debug -F /Applications/Xcode-27.0.0-Release.Candidate.app/Contents/Developer/Platforms/MacOSX.platform/Developer/Library/Frameworks -c -j10 -enable-batch-mode -incremental -Xcc -ivfsstatcache -Xcc /Users/admin/builder/spi-builder-workspace/.derivedData/SDKStatCaches.noindex/macosx27.0-26A425-e829b21a6f8c9b70876ba0858053c0446a22442a12e9d48fe1a705f55a1adfc4.sdkstatcache -output-file-map /Users/admin/builder/spi-builder-workspace/.derivedData/Build/Intermediates.noindex/SkyFloatingLabelTextField.build/Debug/SkyFloatingLabelTextField-t.build/Objects-normal/arm64/SkyFloatingLabelTextField-OutputFileMap.json -save-temps -no-color-diagnostics -emit-dependencies -emit-module -emit-module-path /Users/admin/builder/spi-builder-workspace/.derivedData/Build/Intermediates.noindex/SkyFloatingLabelTextField.build/Debug/SkyFloatingLabelTextField-t.build/Objects-normal/arm64/SkyFloatingLabelTextField.swiftmodule -serialize-diagnostics -validate-clang-modules-once -clang-build-session-file /Users/admin/builder/spi-builder-workspace/.derivedData/ModuleCache.noindex/Session.modulevalidation -Xcc -fmodules-prune-interval\=86400 -Xcc -fmodules-prune-after\=345600 -emit-const-values -const-gather-protocols-list /Users/admin/builder/spi-builder-workspace/.derivedData/Build/Intermediates.noindex/SkyFloatingLabelTextField.build/Debug/SkyFloatingLabelTextField-t.build/Objects-normal/arm64/SkyFloatingLabelTextField_const_extract_protocols.json -Xcc -I/Users/admin/builder/spi-builder-workspace/.derivedData/Build/Products/Debug/include -Xcc -I/Users/admin/builder/spi-builder-workspace/.derivedData/Build/Intermediates.noindex/SkyFloatingLabelTextField.build/Debug/SkyFloatingLabelTextField-t.build/DerivedSources-normal/arm64 -Xcc -I/Users/admin/builder/spi-builder-workspace/.derivedData/Build/Intermediates.noindex/SkyFloatingLabelTextField.build/Debug/SkyFloatingLabelTextField-t.build/DerivedSources/arm64 -Xcc -I/Users/admin/builder/spi-builder-workspace/.derivedData/Build/Intermediates.noindex/SkyFloatingLabelTextField.build/Debug/SkyFloatingLabelTextField-t.build/DerivedSources -Xcc -DSWIFT_PACKAGE -Xcc -DDEBUG\=1 -emit-objc-header -emit-objc-header-path /Users/admin/builder/spi-builder-workspace/.derivedData/Build/Intermediates.noindex/SkyFloatingLabelTextField.build/Debug/SkyFloatingLabelTextField-t.build/Objects-normal/arm64/SkyFloatingLabelTextField-Swift.h -working-directory /Users/admin/builder/spi-builder-workspace/.swiftpm/xcode -experimental-emit-module-separately -disable-cmo
SwiftEmitModule normal arm64 Emitting\ module\ for\ SkyFloatingLabelTextField (in target 'SkyFloatingLabelTextField' from project 'SkyFloatingLabelTextField')
SwiftCompile normal arm64 (in target 'SkyFloatingLabelTextField' from project 'SkyFloatingLabelTextField')
cd /Users/admin/builder/spi-builder-workspace/.swiftpm/xcode
/Users/admin/builder/spi-builder-workspace/Sources/SkyFloatingLabelTextField.swift:12:8: error: no such module 'UIKit'
10 | // for the specific language governing permissions and limitations under the License.
11 |
12 | import UIKit
| `- error: no such module 'UIKit'
13 |
14 | /**
Failed frontend command:
/Applications/Xcode-27.0.0-Release.Candidate.app/Contents/Developer/Toolchains/XcodeDefault.xctoolchain/usr/bin/swift-frontend -frontend -emit-module -experimental-skip-non-inlinable-function-bodies-without-types /Users/admin/builder/spi-builder-workspace/Sources/SkyFloatingLabelTextField.swift /Users/admin/builder/spi-builder-workspace/Sources/SkyFloatingLabelTextFieldWithIcon.swift /Users/admin/builder/spi-builder-workspace/Sources/UITextField+fixCaretPosition.swift -target arm64-apple-macos12.0 -Xllvm -aarch64-use-tbi -enable-objc-interop -stack-check -sdk /Applications/Xcode-27.0.0-Release.Candidate.app/Contents/Developer/Platforms/MacOSX.platform/Developer/SDKs/MacOSX27.0.sdk -I /Users/admin/builder/spi-builder-workspace/.derivedData/Build/Products/Debug -Isystem /Applications/Xcode-27.0.0-Release.Candidate.app/Contents/Developer/Platforms/MacOSX.platform/Developer/usr/lib -F /Users/admin/builder/spi-builder-workspace/.derivedData/Build/Products/Debug -F /Applications/Xcode-27.0.0-Release.Candidate.app/Contents/Developer/Platforms/MacOSX.platform/Developer/Library/Frameworks -module-cache-path /Users/admin/builder/spi-builder-workspace/.derivedData/ModuleCache.noindex -no-color-diagnostics -Xcc -fno-color-diagnostics -enable-testing -g -debug-info-format\=dwarf -dwarf-version\=4 -profile-generate -profile-coverage-mapping -swift-version 4.2 -Onone -D SWIFT_PACKAGE -D DEBUG -D SWIFT_MODULE_RESOURCE_BUNDLE_UNAVAILABLE -D Xcode -serialize-debugging-options -enable-experimental-feature DebugDescriptionMacro -empty-abi-descriptor -plugin-path /Applications/Xcode-27.0.0-Release.Candidate.app/Contents/Developer/Toolchains/XcodeDefault.xctoolchain/usr/lib/swift/host/plugins/testing -validate-clang-modules-once -clang-build-session-file /Users/admin/builder/spi-builder-workspace/.derivedData/ModuleCache.noindex/Session.modulevalidation -Xcc -working-directory -Xcc /Users/admin/builder/spi-builder-workspace/.swiftpm/xcode -enable-anonymous-context-mangled-names -file-compilation-dir /Users/admin/builder/spi-builder-workspace/.swiftpm/xcode -Xcc -D_LIBCPP_HARDENING_MODE\=_LIBCPP_HARDENING_MODE_DEBUG -Xcc -ivfsstatcache -Xcc /Users/admin/builder/spi-builder-workspace/.derivedData/SDKStatCaches.noindex/macosx27.0-26A425-e829b21a6f8c9b70876ba0858053c0446a22442a12e9d48fe1a705f55a1adfc4.sdkstatcache -Xcc -fmodules-prune-interval\=86400 -Xcc -fmodules-prune-after\=345600 -Xcc -I/Users/admin/builder/spi-builder-workspace/.derivedData/Build/Products/Debug/include -Xcc -I/Users/admin/builder/spi-builder-workspace/.derivedData/Build/Intermediates.noindex/SkyFloatingLabelTextField.build/Debug/SkyFloatingLabelTextField-t.build/DerivedSources-normal/arm64 -Xcc -I/Users/admin/builder/spi-builder-workspace/.derivedData/Build/Intermediates.noindex/SkyFloatingLabelTextField.build/Debug/SkyFloatingLabelTextField-t.build/DerivedSources/arm64 -Xcc -I/Users/admin/builder/spi-builder-workspace/.derivedData/Build/Intermediates.noindex/SkyFloatingLabelTextField.build/Debug/SkyFloatingLabelTextField-t.build/DerivedSources -Xcc -DSWIFT_PACKAGE -Xcc -DDEBUG\=1 -no-auto-bridging-header-chaining -module-name SkyFloatingLabelTextField -const-gather-protocols-file /Users/admin/builder/spi-builder-workspace/.derivedData/Build/Intermediates.noindex/SkyFloatingLabelTextField.build/Debug/SkyFloatingLabelTextField-t.build/Objects-normal/arm64/SkyFloatingLabelTextField_const_extract_protocols.json -disable-clang-spi -target-sdk-version 27.0 -target-sdk-name macosx27.0 -external-plugin-path /Applications/Xcode-27.0.0-Release.Candidate.app/Contents/Developer/Platforms/MacOSX.platform/Developer/usr/lib/swift/host/plugins\#/Applications/Xcode-27.0.0-Release.Candidate.app/Contents/Developer/Platforms/MacOSX.platform/Developer/usr/bin/swift-plugin-server -external-plugin-path /Applications/Xcode-27.0.0-Release.Candidate.app/Contents/Developer/Platforms/MacOSX.platform/Developer/usr/local/lib/swift/host/plugins\#/Applications/Xcode-27.0.0-Release.Candidate.app/Contents/Developer/Platforms/MacOSX.platform/Developer/usr/bin/swift-plugin-server -in-process-plugin-server-path /Applications/Xcode-27.0.0-Release.Candidate.app/Contents/Developer/Toolchains/XcodeDefault.xctoolchain/usr/lib/swift/host/libSwiftInProcPluginServer.dylib -plugin-path /Applications/Xcode-27.0.0-Release.Candidate.app/Contents/Developer/Toolchains/XcodeDefault.xctoolchain/usr/lib/swift/host/plugins -plugin-path /Applications/Xcode-27.0.0-Release.Candidate.app/Contents/Developer/Toolchains/XcodeDefault.xctoolchain/usr/local/lib/swift/host/plugins -emit-module-doc-path /Users/admin/builder/spi-builder-workspace/.derivedData/Build/Intermediates.noindex/SkyFloatingLabelTextField.build/Debug/SkyFloatingLabelTextField-t.build/Objects-normal/arm64/SkyFloatingLabelTextField.swiftdoc -emit-module-source-info-path /Users/admin/builder/spi-builder-workspace/.derivedData/Build/Intermediates.noindex/SkyFloatingLabelTextField.build/Debug/SkyFloatingLabelTextField-t.build/Objects-normal/arm64/SkyFloatingLabelTextField.swiftsourceinfo -emit-objc-header-path /Users/admin/builder/spi-builder-workspace/.derivedData/Build/Intermediates.noindex/SkyFloatingLabelTextField.build/Debug/SkyFloatingLabelTextField-t.build/Objects-normal/arm64/SkyFloatingLabelTextField-Swift.h -serialize-diagnostics-path /Users/admin/builder/spi-builder-workspace/.derivedData/Build/Intermediates.noindex/SkyFloatingLabelTextField.build/Debug/SkyFloatingLabelTextField-t.build/Objects-normal/arm64/SkyFloatingLabelTextField-primary-emit-module.dia -emit-dependencies-path /Users/admin/builder/spi-builder-workspace/.derivedData/Build/Intermediates.noindex/SkyFloatingLabelTextField.build/Debug/SkyFloatingLabelTextField-t.build/Objects-normal/arm64/SkyFloatingLabelTextField-primary-emit-module.d -parse-as-library -o /Users/admin/builder/spi-builder-workspace/.derivedData/Build/Intermediates.noindex/SkyFloatingLabelTextField.build/Debug/SkyFloatingLabelTextField-t.build/Objects-normal/arm64/SkyFloatingLabelTextField.swiftmodule -emit-abi-descriptor-path /Users/admin/builder/spi-builder-workspace/.derivedData/Build/Intermediates.noindex/SkyFloatingLabelTextField.build/Debug/SkyFloatingLabelTextField-t.build/Objects-normal/arm64/SkyFloatingLabelTextField.abi.json
SwiftCompile normal arm64 Compiling\ UITextField+fixCaretPosition.swift /Users/admin/builder/spi-builder-workspace/Sources/UITextField+fixCaretPosition.swift (in target 'SkyFloatingLabelTextField' from project 'SkyFloatingLabelTextField')
SwiftCompile normal arm64 /Users/admin/builder/spi-builder-workspace/Sources/UITextField+fixCaretPosition.swift (in target 'SkyFloatingLabelTextField' from project 'SkyFloatingLabelTextField')
cd /Users/admin/builder/spi-builder-workspace/.swiftpm/xcode
builtin-SwiftPerFileCompile UITextField+fixCaretPosition.swift
SwiftCompile normal arm64 Compiling\ SkyFloatingLabelTextFieldWithIcon.swift /Users/admin/builder/spi-builder-workspace/Sources/SkyFloatingLabelTextFieldWithIcon.swift (in target 'SkyFloatingLabelTextField' from project 'SkyFloatingLabelTextField')
SwiftCompile normal arm64 /Users/admin/builder/spi-builder-workspace/Sources/SkyFloatingLabelTextFieldWithIcon.swift (in target 'SkyFloatingLabelTextField' from project 'SkyFloatingLabelTextField')
cd /Users/admin/builder/spi-builder-workspace/.swiftpm/xcode
builtin-SwiftPerFileCompile SkyFloatingLabelTextFieldWithIcon.swift
SwiftCompile normal arm64 Compiling\ SkyFloatingLabelTextField.swift /Users/admin/builder/spi-builder-workspace/Sources/SkyFloatingLabelTextField.swift (in target 'SkyFloatingLabelTextField' from project 'SkyFloatingLabelTextField')
SwiftCompile normal arm64 /Users/admin/builder/spi-builder-workspace/Sources/SkyFloatingLabelTextField.swift (in target 'SkyFloatingLabelTextField' from project 'SkyFloatingLabelTextField')
cd /Users/admin/builder/spi-builder-workspace/.swiftpm/xcode
builtin-SwiftPerFileCompile SkyFloatingLabelTextField.swift
PruneExplicitPrecompiledModules /Users/admin/builder/spi-builder-workspace/.derivedData/SDKExplicitPrecompiledModules
PruneExplicitPrecompiledModules /Users/admin/builder/spi-builder-workspace/.derivedData/Build/Intermediates.noindex/ExplicitPrecompiledModules
PruneExplicitPrecompiledModules /Users/admin/builder/spi-builder-workspace/.derivedData/Build/Intermediates.noindex/SwiftExplicitPrecompiledModules
2026-09-18 21:32:29.972 xcodebuild[750:4687] [MT] IDERunDestination: Supported platforms for the buildables in the current scheme is empty.
--- xcodebuild: WARNING: Using the first of multiple matching destinations:
{ platform:macOS, arch:arm64, id:676a86242fd681b09c40aaa05a473e62c3222aee, name:My Mac }
{ platform:macOS, arch:arm64, variant:Mac Catalyst, id:676a86242fd681b09c40aaa05a473e62c3222aee, name:My Mac }
{ platform:macOS, arch:arm64, variant:DriverKit, id:676a86242fd681b09c40aaa05a473e62c3222aee, name:My Mac }
{ platform:macOS, arch:arm64, variant:Designed for [iPad,iPhone], id:676a86242fd681b09c40aaa05a473e62c3222aee, name:My Mac }
** BUILD FAILED **
The following build commands failed:
SwiftCompile normal arm64 (in target 'SkyFloatingLabelTextField' from project 'SkyFloatingLabelTextField')
SwiftEmitModule normal arm64 Emitting\ module\ for\ SkyFloatingLabelTextField (in target 'SkyFloatingLabelTextField' from project 'SkyFloatingLabelTextField')
Building workspace SkyFloatingLabelTextField with scheme SkyFloatingLabelTextField
(3 failures)
BUILD FAILURE 6.4 macosXcodebuild