The Swift Package Index logo.Swift Package Index

Build Information

Failed to build AppIconResizer, reference main (0a3fa7), with Swift 6.4 for watchOS using Xcode 27.0 on 18 Sep 2026 16:28:20 UTC.

Build Command

env DEVELOPER_DIR=/Applications/Xcode-27.0.0-Release.Candidate.app xcrun xcodebuild -IDEClonedSourcePackagesDirPathOverride=$PWD/.dependencies -skipMacroValidation -skipPackagePluginValidation -derivedDataPath $PWD/.derivedData build -scheme AppIconResizer -destination generic/platform=watchOS

Build Log

========================================
RunAll
========================================
Builder version: 5.1.0
Interrupt handler set up.
========================================
Checkout
========================================
Clone URL: https://github.com/num42/icon-resizer-swift.git
Reference: main
Initialized empty Git repository in /Users/admin/builder/spi-builder-workspace/.git/
From https://github.com/num42/icon-resizer-swift
 * branch            main       -> FETCH_HEAD
 * [new branch]      main       -> origin/main
HEAD is now at 0a3fa74 Update README.md
Cloned https://github.com/num42/icon-resizer-swift.git
Revision (git rev-parse @):
0a3fa744e48303551b662dba058f8217e02a5fb3
SUCCESS checkout https://github.com/num42/icon-resizer-swift.git at main
========================================
Build
========================================
Selected platform:         watchOS
Swift version:             6.4
Building package at path:  $PWD
https://github.com/num42/icon-resizer-swift.git
Command line invocation:
    /Applications/Xcode-27.0.0-Release.Candidate.app/Contents/Developer/usr/bin/xcodebuild -IDEClonedSourcePackagesDirPathOverride=/Users/admin/builder/spi-builder-workspace/.dependencies -resolvePackageDependencies
Resolve Package Graph
Fetching from https://github.com/kylef/Commander.git
Fetching from https://github.com/kylef/Spectre.git
Creating working copy of package ‘Spectre’
Checking out 0.10.1 of package ‘Spectre’
Creating working copy of package ‘Commander’
Checking out 0.9.2 of package ‘Commander’
Resolve Package Graph
Resolved source packages:
  Spectre: https://github.com/kylef/Spectre.git @ 0.10.1
  AppIconResizer: /Users/admin/builder/spi-builder-workspace
  Commander: https://github.com/kylef/Commander.git @ 0.9.2
resolved source packages: Spectre, AppIconResizer, Commander
2026-09-18 12:27:26.160 xcodebuild[563:3047] [MT] IDERunDestination: Supported platforms for the buildables in the current scheme is empty.
{
  "dependencies" : [
    {
      "identity" : "commander",
      "requirement" : {
        "range" : [
          {
            "lower_bound" : "0.9.1",
            "upper_bound" : "1.0.0"
          }
        ]
      },
      "type" : "sourceControl",
      "url" : "https://github.com/kylef/Commander.git"
    }
  ],
  "manifest_display_name" : "AppIconResizer",
  "name" : "AppIconResizer",
  "path" : "/Users/admin/builder/spi-builder-workspace",
  "platforms" : [
    {
      "name" : "macos",
      "version" : "10.13"
    }
  ],
  "products" : [
    {
      "name" : "icon-resizer-swift",
      "targets" : [
        "AppIconResizer"
      ],
      "type" : {
        "executable" : null
      }
    }
  ],
  "targets" : [
    {
      "c99name" : "AppIconResizerTests",
      "module_type" : "SwiftTarget",
      "name" : "AppIconResizerTests",
      "path" : "Tests/AppIconResizerTests",
      "product_dependencies" : [
        "Commander"
      ],
      "sources" : [
        "AppIconResizerTests.swift",
        "XCTestManifests.swift"
      ],
      "target_dependencies" : [
        "AppIconResizer"
      ],
      "type" : "test"
    },
    {
      "c99name" : "AppIconResizerCore",
      "module_type" : "SwiftTarget",
      "name" : "AppIconResizerCore",
      "path" : "Sources/AppIconResizerCore",
      "product_dependencies" : [
        "Commander"
      ],
      "product_memberships" : [
        "icon-resizer-swift"
      ],
      "sources" : [
        "AppIconEntry.swift",
        "AppIconResizer.swift",
        "ArrayExtensions.swift",
        "CGImageExtensions.swift",
        "CIImageExtensions.swift",
        "DataExtensions.swift",
        "DoubleExtensions.swift",
        "Idiom.swift",
        "VirtualDevice.swift"
      ],
      "type" : "library"
    },
    {
      "c99name" : "AppIconResizer",
      "module_type" : "SwiftTarget",
      "name" : "AppIconResizer",
      "path" : "Sources/AppIconResizer",
      "product_memberships" : [
        "icon-resizer-swift"
      ],
      "sources" : [
        "main.swift"
      ],
      "target_dependencies" : [
        "AppIconResizerCore"
      ],
      "type" : "executable"
    }
  ],
  "tools_version" : "5.0"
}
{
  "workspace" : {
    "name" : "AppIconResizer",
    "schemes" : [
      "AppIconResizer"
    ]
  }
}
2026-09-18 12:28:08.091 xcodebuild[757:4536] [MT] IDERunDestination: Supported platforms for the buildables in the current scheme is empty.
Running build ...
env DEVELOPER_DIR=/Applications/Xcode-27.0.0-Release.Candidate.app xcrun xcodebuild -IDEClonedSourcePackagesDirPathOverride=$PWD/.dependencies -skipMacroValidation -skipPackagePluginValidation -derivedDataPath $PWD/.derivedData build -scheme AppIconResizer -destination generic/platform=watchOS
Command line invocation:
    /Applications/Xcode-27.0.0-Release.Candidate.app/Contents/Developer/usr/bin/xcodebuild -IDEClonedSourcePackagesDirPathOverride=/Users/admin/builder/spi-builder-workspace/.dependencies -skipMacroValidation -skipPackagePluginValidation -derivedDataPath /Users/admin/builder/spi-builder-workspace/.derivedData build -scheme AppIconResizer -destination generic/platform=watchOS
Resolve Package Graph
Resolve Package Graph
Resolved source packages:
  Commander: https://github.com/kylef/Commander.git @ 0.9.2
  Spectre: https://github.com/kylef/Spectre.git @ 0.10.1
  AppIconResizer: /Users/admin/builder/spi-builder-workspace
ComputePackagePrebuildTargetDependencyGraph
Prepare packages
CreateBuildRequest
SendProjectDescription
CreateBuildOperation
ComputeTargetDependencyGraph
note: Building targets in dependency order
note: Target dependency graph (4 targets)
    Target 'icon-resizer-swift-product' in project 'AppIconResizer'
        ➜ Explicit dependency on target 'AppIconResizerCore' in project 'AppIconResizer'
        ➜ Explicit dependency on target 'Commander-product' in project 'Commander'
    Target 'AppIconResizerCore' in project 'AppIconResizer'
        ➜ Explicit dependency on target 'Commander-product' in project 'Commander'
    Target 'Commander-product' in project 'Commander'
        ➜ Explicit dependency on target 'Commander' in project 'Commander'
    Target 'Commander' in project 'Commander' (no dependencies)
GatherProvisioningInputs
CreateBuildDescription
ExecuteExternalTool /Applications/Xcode-27.0.0-Release.Candidate.app/Contents/Developer/Toolchains/XcodeDefault.xctoolchain/usr/bin/clang -v -E -dM -isysroot /Applications/Xcode-27.0.0-Release.Candidate.app/Contents/Developer/Platforms/WatchOS.platform/Developer/SDKs/WatchOS27.0.sdk -x c -c /dev/null
ExecuteExternalTool /Applications/Xcode-27.0.0-Release.Candidate.app/Contents/Developer/Toolchains/XcodeDefault.xctoolchain/usr/bin/swiftc --version
ExecuteExternalTool /Applications/Xcode-27.0.0-Release.Candidate.app/Contents/Developer/Toolchains/XcodeDefault.xctoolchain/usr/bin/ld -version_details
Build description signature: 6ffeef82227055b15c95c3ed74731dac
Build description path: /Users/admin/builder/spi-builder-workspace/.derivedData/Build/Intermediates.noindex/XCBuildData/6ffeef82227055b15c95c3ed74731dac.xcbuilddata
CreateBuildDirectory /Users/admin/builder/spi-builder-workspace/.derivedData/SDKExplicitPrecompiledModules
    cd /Users/admin/builder/spi-builder-workspace/.swiftpm/xcode
    builtin-create-build-directory /Users/admin/builder/spi-builder-workspace/.derivedData/SDKExplicitPrecompiledModules
CreateBuildDirectory /Users/admin/builder/spi-builder-workspace/.derivedData/ModuleCache.noindex
    cd /Users/admin/builder/spi-builder-workspace/.swiftpm/xcode
    builtin-create-build-directory /Users/admin/builder/spi-builder-workspace/.derivedData/ModuleCache.noindex
CreateBuildDirectory /Users/admin/builder/spi-builder-workspace/.derivedData/CompilationCache.noindex
    cd /Users/admin/builder/spi-builder-workspace/.swiftpm/xcode
    builtin-create-build-directory /Users/admin/builder/spi-builder-workspace/.derivedData/CompilationCache.noindex
CreateBuildDirectory /Users/admin/builder/spi-builder-workspace/.derivedData/Build/Products
    cd /Users/admin/builder/spi-builder-workspace/.swiftpm/xcode
    builtin-create-build-directory /Users/admin/builder/spi-builder-workspace/.derivedData/Build/Products
CreateBuildDirectory /Users/admin/builder/spi-builder-workspace/.derivedData/Build/Intermediates.noindex
    cd /Users/admin/builder/spi-builder-workspace/.swiftpm/xcode
    builtin-create-build-directory /Users/admin/builder/spi-builder-workspace/.derivedData/Build/Intermediates.noindex
ClangStatCache /Applications/Xcode-27.0.0-Release.Candidate.app/Contents/Developer/Toolchains/XcodeDefault.xctoolchain/usr/bin/clang-stat-cache /Applications/Xcode-27.0.0-Release.Candidate.app/Contents/Developer/Platforms/WatchOS.platform/Developer/SDKs/WatchOS27.0.sdk /Users/admin/builder/spi-builder-workspace/.derivedData/SDKStatCaches.noindex/watchos27.0-24R360-e829b21a6f8c9b70876ba0858053c04477534ef55a1706bf4c1112bbb242f0a2.sdkstatcache
    cd /Users/admin/builder/spi-builder-workspace/.swiftpm/xcode
    /Applications/Xcode-27.0.0-Release.Candidate.app/Contents/Developer/Toolchains/XcodeDefault.xctoolchain/usr/bin/clang-stat-cache /Applications/Xcode-27.0.0-Release.Candidate.app/Contents/Developer/Platforms/WatchOS.platform/Developer/SDKs/WatchOS27.0.sdk -o /Users/admin/builder/spi-builder-workspace/.derivedData/SDKStatCaches.noindex/watchos27.0-24R360-e829b21a6f8c9b70876ba0858053c04477534ef55a1706bf4c1112bbb242f0a2.sdkstatcache
CreateBuildDirectory /Users/admin/builder/spi-builder-workspace/.derivedData/Build/Intermediates.noindex/SwiftExplicitPrecompiledModules
    cd /Users/admin/builder/spi-builder-workspace/.swiftpm/xcode
    builtin-create-build-directory /Users/admin/builder/spi-builder-workspace/.derivedData/Build/Intermediates.noindex/SwiftExplicitPrecompiledModules
CreateBuildDirectory /Users/admin/builder/spi-builder-workspace/.derivedData/Build/Intermediates.noindex/PrecompiledHeaders
    cd /Users/admin/builder/spi-builder-workspace/.swiftpm/xcode
    builtin-create-build-directory /Users/admin/builder/spi-builder-workspace/.derivedData/Build/Intermediates.noindex/PrecompiledHeaders
CreateBuildDirectory /Users/admin/builder/spi-builder-workspace/.derivedData/Build/Intermediates.noindex/ExplicitPrecompiledModules
    cd /Users/admin/builder/spi-builder-workspace/.swiftpm/xcode
    builtin-create-build-directory /Users/admin/builder/spi-builder-workspace/.derivedData/Build/Intermediates.noindex/ExplicitPrecompiledModules
CreateBuildDirectory /Users/admin/builder/spi-builder-workspace/.derivedData/Build/Intermediates.noindex/EagerLinkingTBDs/Debug-watchos
    cd /Users/admin/builder/spi-builder-workspace/.swiftpm/xcode
    builtin-create-build-directory /Users/admin/builder/spi-builder-workspace/.derivedData/Build/Intermediates.noindex/EagerLinkingTBDs/Debug-watchos
CreateBuildDirectory /Users/admin/builder/spi-builder-workspace/.derivedData/Build/Products/Debug-watchos
    cd /Users/admin/builder/spi-builder-workspace/.swiftpm/xcode
    builtin-create-build-directory /Users/admin/builder/spi-builder-workspace/.derivedData/Build/Products/Debug-watchos
CreateBuildDirectory /Users/admin/builder/spi-builder-workspace/.derivedData/Build/Products/Debug-watchos/PackageFrameworks
    cd /Users/admin/builder/spi-builder-workspace/.swiftpm/xcode
    builtin-create-build-directory /Users/admin/builder/spi-builder-workspace/.derivedData/Build/Products/Debug-watchos/PackageFrameworks
WriteAuxiliaryFile /Users/admin/builder/spi-builder-workspace/.derivedData/Build/Intermediates.noindex/Commander.build/Debug-watchos/Commander-t.build/Commander.modulemap (in target 'Commander' from project 'Commander')
    cd /Users/admin/builder/spi-builder-workspace/.dependencies/checkouts/Commander
    write-file /Users/admin/builder/spi-builder-workspace/.derivedData/Build/Intermediates.noindex/Commander.build/Debug-watchos/Commander-t.build/Commander.modulemap
WriteAuxiliaryFile /Users/admin/builder/spi-builder-workspace/.derivedData/Build/Intermediates.noindex/AppIconResizer.build/Debug-watchos/icon-resizer-swift-p.build/icon-resizer-swift.DependencyStaticMetadataFileList (in target 'icon-resizer-swift-product' from project 'AppIconResizer')
    cd /Users/admin/builder/spi-builder-workspace
    write-file /Users/admin/builder/spi-builder-workspace/.derivedData/Build/Intermediates.noindex/AppIconResizer.build/Debug-watchos/icon-resizer-swift-p.build/icon-resizer-swift.DependencyStaticMetadataFileList
WriteAuxiliaryFile /Users/admin/builder/spi-builder-workspace/.derivedData/Build/Intermediates.noindex/AppIconResizer.build/Debug-watchos/icon-resizer-swift-p.build/icon-resizer-swift.DependencyMetadataFileList (in target 'icon-resizer-swift-product' from project 'AppIconResizer')
    cd /Users/admin/builder/spi-builder-workspace
    write-file /Users/admin/builder/spi-builder-workspace/.derivedData/Build/Intermediates.noindex/AppIconResizer.build/Debug-watchos/icon-resizer-swift-p.build/icon-resizer-swift.DependencyMetadataFileList
WriteAuxiliaryFile /Users/admin/builder/spi-builder-workspace/.derivedData/Build/Intermediates.noindex/Commander.build/Debug-watchos/Commander-t.build/Objects-normal/arm64/Commander_const_extract_protocols.json (in target 'Commander' from project 'Commander')
    cd /Users/admin/builder/spi-builder-workspace/.dependencies/checkouts/Commander
    write-file /Users/admin/builder/spi-builder-workspace/.derivedData/Build/Intermediates.noindex/Commander.build/Debug-watchos/Commander-t.build/Objects-normal/arm64/Commander_const_extract_protocols.json
WriteAuxiliaryFile /Users/admin/builder/spi-builder-workspace/.derivedData/Build/Intermediates.noindex/Commander.build/Debug-watchos/Commander-t.build/Objects-normal/arm64_32/Commander.LinkFileList (in target 'Commander' from project 'Commander')
    cd /Users/admin/builder/spi-builder-workspace/.dependencies/checkouts/Commander
    write-file /Users/admin/builder/spi-builder-workspace/.derivedData/Build/Intermediates.noindex/Commander.build/Debug-watchos/Commander-t.build/Objects-normal/arm64_32/Commander.LinkFileList
WriteAuxiliaryFile /Users/admin/builder/spi-builder-workspace/.derivedData/Build/Intermediates.noindex/Commander.build/Debug-watchos/Commander-t.build/Objects-normal/arm64_32/Commander_const_extract_protocols.json (in target 'Commander' from project 'Commander')
    cd /Users/admin/builder/spi-builder-workspace/.dependencies/checkouts/Commander
    write-file /Users/admin/builder/spi-builder-workspace/.derivedData/Build/Intermediates.noindex/Commander.build/Debug-watchos/Commander-t.build/Objects-normal/arm64_32/Commander_const_extract_protocols.json
WriteAuxiliaryFile /Users/admin/builder/spi-builder-workspace/.derivedData/Build/Intermediates.noindex/Commander.build/Debug-watchos/Commander-t.build/Objects-normal/arm64_32/Commander-OutputFileMap.json (in target 'Commander' from project 'Commander')
    cd /Users/admin/builder/spi-builder-workspace/.dependencies/checkouts/Commander
    write-file /Users/admin/builder/spi-builder-workspace/.derivedData/Build/Intermediates.noindex/Commander.build/Debug-watchos/Commander-t.build/Objects-normal/arm64_32/Commander-OutputFileMap.json
WriteAuxiliaryFile /Users/admin/builder/spi-builder-workspace/.derivedData/Build/Intermediates.noindex/Commander.build/Debug-watchos/Commander-t.build/Objects-normal/arm64/Commander-OutputFileMap.json (in target 'Commander' from project 'Commander')
    cd /Users/admin/builder/spi-builder-workspace/.dependencies/checkouts/Commander
    write-file /Users/admin/builder/spi-builder-workspace/.derivedData/Build/Intermediates.noindex/Commander.build/Debug-watchos/Commander-t.build/Objects-normal/arm64/Commander-OutputFileMap.json
WriteAuxiliaryFile /Users/admin/builder/spi-builder-workspace/.derivedData/Build/Intermediates.noindex/AppIconResizer.build/Debug-watchos/icon-resizer-swift-p.build/Objects-normal/arm64_32/icon-resizer-swift_const_extract_protocols.json (in target 'icon-resizer-swift-product' from project 'AppIconResizer')
    cd /Users/admin/builder/spi-builder-workspace
    write-file /Users/admin/builder/spi-builder-workspace/.derivedData/Build/Intermediates.noindex/AppIconResizer.build/Debug-watchos/icon-resizer-swift-p.build/Objects-normal/arm64_32/icon-resizer-swift_const_extract_protocols.json
WriteAuxiliaryFile /Users/admin/builder/spi-builder-workspace/.derivedData/Build/Intermediates.noindex/AppIconResizer.build/Debug-watchos/icon-resizer-swift-p.build/Objects-normal/arm64_32/icon-resizer-swift.LinkFileList (in target 'icon-resizer-swift-product' from project 'AppIconResizer')
    cd /Users/admin/builder/spi-builder-workspace
    write-file /Users/admin/builder/spi-builder-workspace/.derivedData/Build/Intermediates.noindex/AppIconResizer.build/Debug-watchos/icon-resizer-swift-p.build/Objects-normal/arm64_32/icon-resizer-swift.LinkFileList
WriteAuxiliaryFile /Users/admin/builder/spi-builder-workspace/.derivedData/Build/Intermediates.noindex/AppIconResizer.build/Debug-watchos/icon-resizer-swift-p.build/Objects-normal/arm64_32/icon-resizer-swift.SwiftFileList (in target 'icon-resizer-swift-product' from project 'AppIconResizer')
    cd /Users/admin/builder/spi-builder-workspace
    write-file /Users/admin/builder/spi-builder-workspace/.derivedData/Build/Intermediates.noindex/AppIconResizer.build/Debug-watchos/icon-resizer-swift-p.build/Objects-normal/arm64_32/icon-resizer-swift.SwiftFileList
WriteAuxiliaryFile /Users/admin/builder/spi-builder-workspace/.derivedData/Build/Intermediates.noindex/AppIconResizer.build/Debug-watchos/icon-resizer-swift-p.build/Objects-normal/arm64_32/icon-resizer-swift-OutputFileMap.json (in target 'icon-resizer-swift-product' from project 'AppIconResizer')
    cd /Users/admin/builder/spi-builder-workspace
    write-file /Users/admin/builder/spi-builder-workspace/.derivedData/Build/Intermediates.noindex/AppIconResizer.build/Debug-watchos/icon-resizer-swift-p.build/Objects-normal/arm64_32/icon-resizer-swift-OutputFileMap.json
WriteAuxiliaryFile /Users/admin/builder/spi-builder-workspace/.derivedData/Build/Intermediates.noindex/AppIconResizer.build/Debug-watchos/icon-resizer-swift-p.build/Objects-normal/arm64/icon-resizer-swift_const_extract_protocols.json (in target 'icon-resizer-swift-product' from project 'AppIconResizer')
    cd /Users/admin/builder/spi-builder-workspace
    write-file /Users/admin/builder/spi-builder-workspace/.derivedData/Build/Intermediates.noindex/AppIconResizer.build/Debug-watchos/icon-resizer-swift-p.build/Objects-normal/arm64/icon-resizer-swift_const_extract_protocols.json
WriteAuxiliaryFile /Users/admin/builder/spi-builder-workspace/.derivedData/Build/Intermediates.noindex/AppIconResizer.build/Debug-watchos/icon-resizer-swift-p.build/Objects-normal/arm64/icon-resizer-swift.SwiftFileList (in target 'icon-resizer-swift-product' from project 'AppIconResizer')
    cd /Users/admin/builder/spi-builder-workspace
    write-file /Users/admin/builder/spi-builder-workspace/.derivedData/Build/Intermediates.noindex/AppIconResizer.build/Debug-watchos/icon-resizer-swift-p.build/Objects-normal/arm64/icon-resizer-swift.SwiftFileList
WriteAuxiliaryFile /Users/admin/builder/spi-builder-workspace/.derivedData/Build/Intermediates.noindex/AppIconResizer.build/Debug-watchos/icon-resizer-swift-p.build/Objects-normal/arm64/icon-resizer-swift.LinkFileList (in target 'icon-resizer-swift-product' from project 'AppIconResizer')
    cd /Users/admin/builder/spi-builder-workspace
    write-file /Users/admin/builder/spi-builder-workspace/.derivedData/Build/Intermediates.noindex/AppIconResizer.build/Debug-watchos/icon-resizer-swift-p.build/Objects-normal/arm64/icon-resizer-swift.LinkFileList
WriteAuxiliaryFile /Users/admin/builder/spi-builder-workspace/.derivedData/Build/Intermediates.noindex/AppIconResizer.build/Debug-watchos/icon-resizer-swift-p.build/Objects-normal/arm64/icon-resizer-swift-OutputFileMap.json (in target 'icon-resizer-swift-product' from project 'AppIconResizer')
    cd /Users/admin/builder/spi-builder-workspace
    write-file /Users/admin/builder/spi-builder-workspace/.derivedData/Build/Intermediates.noindex/AppIconResizer.build/Debug-watchos/icon-resizer-swift-p.build/Objects-normal/arm64/icon-resizer-swift-OutputFileMap.json
WriteAuxiliaryFile /Users/admin/builder/spi-builder-workspace/.derivedData/Build/Intermediates.noindex/Commander.build/Debug-watchos/Commander-t.build/Objects-normal/arm64_32/Commander.SwiftFileList (in target 'Commander' from project 'Commander')
    cd /Users/admin/builder/spi-builder-workspace/.dependencies/checkouts/Commander
    write-file /Users/admin/builder/spi-builder-workspace/.derivedData/Build/Intermediates.noindex/Commander.build/Debug-watchos/Commander-t.build/Objects-normal/arm64_32/Commander.SwiftFileList
WriteAuxiliaryFile /Users/admin/builder/spi-builder-workspace/.derivedData/Build/Intermediates.noindex/Commander.build/Debug-watchos/Commander-t.build/Objects-normal/arm64_32/Commander.SwiftConstValuesFileList (in target 'Commander' from project 'Commander')
    cd /Users/admin/builder/spi-builder-workspace/.dependencies/checkouts/Commander
    write-file /Users/admin/builder/spi-builder-workspace/.derivedData/Build/Intermediates.noindex/Commander.build/Debug-watchos/Commander-t.build/Objects-normal/arm64_32/Commander.SwiftConstValuesFileList
WriteAuxiliaryFile /Users/admin/builder/spi-builder-workspace/.derivedData/Build/Intermediates.noindex/Commander.build/Debug-watchos/Commander-t.build/Objects-normal/arm64/Commander.SwiftFileList (in target 'Commander' from project 'Commander')
    cd /Users/admin/builder/spi-builder-workspace/.dependencies/checkouts/Commander
    write-file /Users/admin/builder/spi-builder-workspace/.derivedData/Build/Intermediates.noindex/Commander.build/Debug-watchos/Commander-t.build/Objects-normal/arm64/Commander.SwiftFileList
WriteAuxiliaryFile /Users/admin/builder/spi-builder-workspace/.derivedData/Build/Intermediates.noindex/Commander.build/Debug-watchos/Commander-t.build/Objects-normal/arm64/Commander.SwiftConstValuesFileList (in target 'Commander' from project 'Commander')
    cd /Users/admin/builder/spi-builder-workspace/.dependencies/checkouts/Commander
    write-file /Users/admin/builder/spi-builder-workspace/.derivedData/Build/Intermediates.noindex/Commander.build/Debug-watchos/Commander-t.build/Objects-normal/arm64/Commander.SwiftConstValuesFileList
WriteAuxiliaryFile /Users/admin/builder/spi-builder-workspace/.derivedData/Build/Intermediates.noindex/Commander.build/Debug-watchos/Commander-t.build/Objects-normal/arm64/Commander.LinkFileList (in target 'Commander' from project 'Commander')
    cd /Users/admin/builder/spi-builder-workspace/.dependencies/checkouts/Commander
    write-file /Users/admin/builder/spi-builder-workspace/.derivedData/Build/Intermediates.noindex/Commander.build/Debug-watchos/Commander-t.build/Objects-normal/arm64/Commander.LinkFileList
WriteAuxiliaryFile /Users/admin/builder/spi-builder-workspace/.derivedData/Build/Intermediates.noindex/Commander.build/Debug-watchos/Commander-t.build/Commander.DependencyStaticMetadataFileList (in target 'Commander' from project 'Commander')
    cd /Users/admin/builder/spi-builder-workspace/.dependencies/checkouts/Commander
    write-file /Users/admin/builder/spi-builder-workspace/.derivedData/Build/Intermediates.noindex/Commander.build/Debug-watchos/Commander-t.build/Commander.DependencyStaticMetadataFileList
WriteAuxiliaryFile /Users/admin/builder/spi-builder-workspace/.derivedData/Build/Intermediates.noindex/Commander.build/Debug-watchos/Commander-t.build/Commander.DependencyMetadataFileList (in target 'Commander' from project 'Commander')
    cd /Users/admin/builder/spi-builder-workspace/.dependencies/checkouts/Commander
    write-file /Users/admin/builder/spi-builder-workspace/.derivedData/Build/Intermediates.noindex/Commander.build/Debug-watchos/Commander-t.build/Commander.DependencyMetadataFileList
Copy /Users/admin/builder/spi-builder-workspace/.derivedData/Build/Intermediates.noindex/GeneratedModuleMaps-watchos/Commander.modulemap /Users/admin/builder/spi-builder-workspace/.derivedData/Build/Intermediates.noindex/Commander.build/Debug-watchos/Commander-t.build/Commander.modulemap (in target 'Commander' from project 'Commander')
    cd /Users/admin/builder/spi-builder-workspace/.dependencies/checkouts/Commander
    builtin-copy -exclude .DS_Store -exclude CVS -exclude .svn -exclude .git -exclude .hg -resolve-src-symlinks /Users/admin/builder/spi-builder-workspace/.derivedData/Build/Intermediates.noindex/Commander.build/Debug-watchos/Commander-t.build/Commander.modulemap /Users/admin/builder/spi-builder-workspace/.derivedData/Build/Intermediates.noindex/GeneratedModuleMaps-watchos
WriteAuxiliaryFile /Users/admin/builder/spi-builder-workspace/.derivedData/Build/Intermediates.noindex/AppIconResizer.build/Debug-watchos/AppIconResizerCore-t.build/Objects-normal/arm64_32/AppIconResizerCore_const_extract_protocols.json (in target 'AppIconResizerCore' from project 'AppIconResizer')
    cd /Users/admin/builder/spi-builder-workspace
    write-file /Users/admin/builder/spi-builder-workspace/.derivedData/Build/Intermediates.noindex/AppIconResizer.build/Debug-watchos/AppIconResizerCore-t.build/Objects-normal/arm64_32/AppIconResizerCore_const_extract_protocols.json
WriteAuxiliaryFile /Users/admin/builder/spi-builder-workspace/.derivedData/Build/Intermediates.noindex/AppIconResizer.build/Debug-watchos/AppIconResizerCore-t.build/Objects-normal/arm64_32/AppIconResizerCore.SwiftFileList (in target 'AppIconResizerCore' from project 'AppIconResizer')
    cd /Users/admin/builder/spi-builder-workspace
    write-file /Users/admin/builder/spi-builder-workspace/.derivedData/Build/Intermediates.noindex/AppIconResizer.build/Debug-watchos/AppIconResizerCore-t.build/Objects-normal/arm64_32/AppIconResizerCore.SwiftFileList
WriteAuxiliaryFile /Users/admin/builder/spi-builder-workspace/.derivedData/Build/Intermediates.noindex/AppIconResizer.build/Debug-watchos/AppIconResizerCore-t.build/Objects-normal/arm64_32/AppIconResizerCore.SwiftConstValuesFileList (in target 'AppIconResizerCore' from project 'AppIconResizer')
    cd /Users/admin/builder/spi-builder-workspace
    write-file /Users/admin/builder/spi-builder-workspace/.derivedData/Build/Intermediates.noindex/AppIconResizer.build/Debug-watchos/AppIconResizerCore-t.build/Objects-normal/arm64_32/AppIconResizerCore.SwiftConstValuesFileList
WriteAuxiliaryFile /Users/admin/builder/spi-builder-workspace/.derivedData/Build/Intermediates.noindex/AppIconResizer.build/Debug-watchos/AppIconResizerCore-t.build/Objects-normal/arm64_32/AppIconResizerCore.LinkFileList (in target 'AppIconResizerCore' from project 'AppIconResizer')
    cd /Users/admin/builder/spi-builder-workspace
    write-file /Users/admin/builder/spi-builder-workspace/.derivedData/Build/Intermediates.noindex/AppIconResizer.build/Debug-watchos/AppIconResizerCore-t.build/Objects-normal/arm64_32/AppIconResizerCore.LinkFileList
WriteAuxiliaryFile /Users/admin/builder/spi-builder-workspace/.derivedData/Build/Intermediates.noindex/AppIconResizer.build/Debug-watchos/AppIconResizerCore-t.build/Objects-normal/arm64_32/AppIconResizerCore-OutputFileMap.json (in target 'AppIconResizerCore' from project 'AppIconResizer')
    cd /Users/admin/builder/spi-builder-workspace
    write-file /Users/admin/builder/spi-builder-workspace/.derivedData/Build/Intermediates.noindex/AppIconResizer.build/Debug-watchos/AppIconResizerCore-t.build/Objects-normal/arm64_32/AppIconResizerCore-OutputFileMap.json
WriteAuxiliaryFile /Users/admin/builder/spi-builder-workspace/.derivedData/Build/Intermediates.noindex/AppIconResizer.build/Debug-watchos/AppIconResizerCore-t.build/Objects-normal/arm64/AppIconResizerCore_const_extract_protocols.json (in target 'AppIconResizerCore' from project 'AppIconResizer')
    cd /Users/admin/builder/spi-builder-workspace
    write-file /Users/admin/builder/spi-builder-workspace/.derivedData/Build/Intermediates.noindex/AppIconResizer.build/Debug-watchos/AppIconResizerCore-t.build/Objects-normal/arm64/AppIconResizerCore_const_extract_protocols.json
WriteAuxiliaryFile /Users/admin/builder/spi-builder-workspace/.derivedData/Build/Intermediates.noindex/AppIconResizer.build/Debug-watchos/AppIconResizerCore-t.build/Objects-normal/arm64/AppIconResizerCore.SwiftFileList (in target 'AppIconResizerCore' from project 'AppIconResizer')
    cd /Users/admin/builder/spi-builder-workspace
    write-file /Users/admin/builder/spi-builder-workspace/.derivedData/Build/Intermediates.noindex/AppIconResizer.build/Debug-watchos/AppIconResizerCore-t.build/Objects-normal/arm64/AppIconResizerCore.SwiftFileList
WriteAuxiliaryFile /Users/admin/builder/spi-builder-workspace/.derivedData/Build/Intermediates.noindex/AppIconResizer.build/Debug-watchos/AppIconResizerCore-t.build/Objects-normal/arm64/AppIconResizerCore.SwiftConstValuesFileList (in target 'AppIconResizerCore' from project 'AppIconResizer')
    cd /Users/admin/builder/spi-builder-workspace
    write-file /Users/admin/builder/spi-builder-workspace/.derivedData/Build/Intermediates.noindex/AppIconResizer.build/Debug-watchos/AppIconResizerCore-t.build/Objects-normal/arm64/AppIconResizerCore.SwiftConstValuesFileList
WriteAuxiliaryFile /Users/admin/builder/spi-builder-workspace/.derivedData/Build/Intermediates.noindex/AppIconResizer.build/Debug-watchos/AppIconResizerCore-t.build/Objects-normal/arm64/AppIconResizerCore.LinkFileList (in target 'AppIconResizerCore' from project 'AppIconResizer')
    cd /Users/admin/builder/spi-builder-workspace
    write-file /Users/admin/builder/spi-builder-workspace/.derivedData/Build/Intermediates.noindex/AppIconResizer.build/Debug-watchos/AppIconResizerCore-t.build/Objects-normal/arm64/AppIconResizerCore.LinkFileList
WriteAuxiliaryFile /Users/admin/builder/spi-builder-workspace/.derivedData/Build/Intermediates.noindex/AppIconResizer.build/Debug-watchos/AppIconResizerCore-t.build/Objects-normal/arm64/AppIconResizerCore-OutputFileMap.json (in target 'AppIconResizerCore' from project 'AppIconResizer')
    cd /Users/admin/builder/spi-builder-workspace
    write-file /Users/admin/builder/spi-builder-workspace/.derivedData/Build/Intermediates.noindex/AppIconResizer.build/Debug-watchos/AppIconResizerCore-t.build/Objects-normal/arm64/AppIconResizerCore-OutputFileMap.json
WriteAuxiliaryFile /Users/admin/builder/spi-builder-workspace/.derivedData/Build/Intermediates.noindex/AppIconResizer.build/Debug-watchos/AppIconResizerCore-t.build/AppIconResizerCore.modulemap (in target 'AppIconResizerCore' from project 'AppIconResizer')
    cd /Users/admin/builder/spi-builder-workspace
    write-file /Users/admin/builder/spi-builder-workspace/.derivedData/Build/Intermediates.noindex/AppIconResizer.build/Debug-watchos/AppIconResizerCore-t.build/AppIconResizerCore.modulemap
WriteAuxiliaryFile /Users/admin/builder/spi-builder-workspace/.derivedData/Build/Intermediates.noindex/AppIconResizer.build/Debug-watchos/AppIconResizerCore-t.build/AppIconResizerCore.DependencyStaticMetadataFileList (in target 'AppIconResizerCore' from project 'AppIconResizer')
    cd /Users/admin/builder/spi-builder-workspace
    write-file /Users/admin/builder/spi-builder-workspace/.derivedData/Build/Intermediates.noindex/AppIconResizer.build/Debug-watchos/AppIconResizerCore-t.build/AppIconResizerCore.DependencyStaticMetadataFileList
WriteAuxiliaryFile /Users/admin/builder/spi-builder-workspace/.derivedData/Build/Intermediates.noindex/AppIconResizer.build/Debug-watchos/AppIconResizerCore-t.build/AppIconResizerCore.DependencyMetadataFileList (in target 'AppIconResizerCore' from project 'AppIconResizer')
    cd /Users/admin/builder/spi-builder-workspace
    write-file /Users/admin/builder/spi-builder-workspace/.derivedData/Build/Intermediates.noindex/AppIconResizer.build/Debug-watchos/AppIconResizerCore-t.build/AppIconResizerCore.DependencyMetadataFileList
Copy /Users/admin/builder/spi-builder-workspace/.derivedData/Build/Intermediates.noindex/GeneratedModuleMaps-watchos/AppIconResizerCore.modulemap /Users/admin/builder/spi-builder-workspace/.derivedData/Build/Intermediates.noindex/AppIconResizer.build/Debug-watchos/AppIconResizerCore-t.build/AppIconResizerCore.modulemap (in target 'AppIconResizerCore' from project 'AppIconResizer')
    cd /Users/admin/builder/spi-builder-workspace
    builtin-copy -exclude .DS_Store -exclude CVS -exclude .svn -exclude .git -exclude .hg -resolve-src-symlinks /Users/admin/builder/spi-builder-workspace/.derivedData/Build/Intermediates.noindex/AppIconResizer.build/Debug-watchos/AppIconResizerCore-t.build/AppIconResizerCore.modulemap /Users/admin/builder/spi-builder-workspace/.derivedData/Build/Intermediates.noindex/GeneratedModuleMaps-watchos
SwiftDriver Commander normal arm64 com.apple.xcode.tools.swift.compiler (in target 'Commander' from project 'Commander')
    cd /Users/admin/builder/spi-builder-workspace/.swiftpm/xcode
    builtin-SwiftDriver -- /Applications/Xcode-27.0.0-Release.Candidate.app/Contents/Developer/Toolchains/XcodeDefault.xctoolchain/usr/bin/swiftc -parse-as-library -module-name Commander -Onone @/Users/admin/builder/spi-builder-workspace/.derivedData/Build/Intermediates.noindex/Commander.build/Debug-watchos/Commander-t.build/Objects-normal/arm64/Commander.SwiftFileList -DSWIFT_PACKAGE -DDEBUG -DSWIFT_MODULE_RESOURCE_BUNDLE_UNAVAILABLE -DXcode -plugin-path /Applications/Xcode-27.0.0-Release.Candidate.app/Contents/Developer/Toolchains/XcodeDefault.xctoolchain/usr/lib/swift/host/plugins/testing -enable-experimental-feature DebugDescriptionMacro -sdk /Applications/Xcode-27.0.0-Release.Candidate.app/Contents/Developer/Platforms/WatchOS.platform/Developer/SDKs/WatchOS27.0.sdk -target arm64-apple-watchos9.0 -g -module-cache-path /Users/admin/builder/spi-builder-workspace/.derivedData/ModuleCache.noindex -Xfrontend -serialize-debugging-options -profile-coverage-mapping -profile-generate -enable-testing -suppress-warnings -index-store-path /Users/admin/builder/spi-builder-workspace/.derivedData/Index.noindex/DataStore -Xcc -D_LIBCPP_HARDENING_MODE\=_LIBCPP_HARDENING_MODE_DEBUG -swift-version 4 -I /Users/admin/builder/spi-builder-workspace/.derivedData/Build/Products/Debug-watchos -Isystem /Applications/Xcode-27.0.0-Release.Candidate.app/Contents/Developer/Platforms/WatchOS.platform/Developer/usr/lib -F /Users/admin/builder/spi-builder-workspace/.derivedData/Build/Products/Debug-watchos -F /Applications/Xcode-27.0.0-Release.Candidate.app/Contents/Developer/Platforms/WatchOS.platform/Developer/Library/Frameworks -F /Applications/Xcode-27.0.0-Release.Candidate.app/Contents/Developer/Platforms/WatchOS.platform/Developer/SDKs/WatchOS27.0.sdk/Developer/Library/Frameworks -c -j10 -enable-batch-mode -incremental -Xcc -ivfsstatcache -Xcc /Users/admin/builder/spi-builder-workspace/.derivedData/SDKStatCaches.noindex/watchos27.0-24R360-e829b21a6f8c9b70876ba0858053c04477534ef55a1706bf4c1112bbb242f0a2.sdkstatcache -output-file-map /Users/admin/builder/spi-builder-workspace/.derivedData/Build/Intermediates.noindex/Commander.build/Debug-watchos/Commander-t.build/Objects-normal/arm64/Commander-OutputFileMap.json -save-temps -no-color-diagnostics -emit-dependencies -emit-module -emit-module-path /Users/admin/builder/spi-builder-workspace/.derivedData/Build/Intermediates.noindex/Commander.build/Debug-watchos/Commander-t.build/Objects-normal/arm64/Commander.swiftmodule -serialize-diagnostics -validate-clang-modules-once -clang-build-session-file /Users/admin/builder/spi-builder-workspace/.derivedData/ModuleCache.noindex/Session.modulevalidation -Xcc -fmodules-prune-interval\=86400 -Xcc -fmodules-prune-after\=345600 -emit-const-values -const-gather-protocols-list /Users/admin/builder/spi-builder-workspace/.derivedData/Build/Intermediates.noindex/Commander.build/Debug-watchos/Commander-t.build/Objects-normal/arm64/Commander_const_extract_protocols.json -Xcc -I/Users/admin/builder/spi-builder-workspace/.derivedData/Build/Products/Debug-watchos/include -Xcc -I/Users/admin/builder/spi-builder-workspace/.derivedData/Build/Intermediates.noindex/Commander.build/Debug-watchos/Commander-t.build/DerivedSources-normal/arm64 -Xcc -I/Users/admin/builder/spi-builder-workspace/.derivedData/Build/Intermediates.noindex/Commander.build/Debug-watchos/Commander-t.build/DerivedSources/arm64 -Xcc -I/Users/admin/builder/spi-builder-workspace/.derivedData/Build/Intermediates.noindex/Commander.build/Debug-watchos/Commander-t.build/DerivedSources -Xcc -DSWIFT_PACKAGE -Xcc -DDEBUG\=1 -emit-objc-header -emit-objc-header-path /Users/admin/builder/spi-builder-workspace/.derivedData/Build/Intermediates.noindex/Commander.build/Debug-watchos/Commander-t.build/Objects-normal/arm64/Commander-Swift.h -working-directory /Users/admin/builder/spi-builder-workspace/.swiftpm/xcode -experimental-emit-module-separately -disable-cmo
SwiftDriver Commander normal arm64_32 com.apple.xcode.tools.swift.compiler (in target 'Commander' from project 'Commander')
    cd /Users/admin/builder/spi-builder-workspace/.swiftpm/xcode
    builtin-SwiftDriver -- /Applications/Xcode-27.0.0-Release.Candidate.app/Contents/Developer/Toolchains/XcodeDefault.xctoolchain/usr/bin/swiftc -parse-as-library -module-name Commander -Onone @/Users/admin/builder/spi-builder-workspace/.derivedData/Build/Intermediates.noindex/Commander.build/Debug-watchos/Commander-t.build/Objects-normal/arm64_32/Commander.SwiftFileList -DSWIFT_PACKAGE -DDEBUG -DSWIFT_MODULE_RESOURCE_BUNDLE_UNAVAILABLE -DXcode -plugin-path /Applications/Xcode-27.0.0-Release.Candidate.app/Contents/Developer/Toolchains/XcodeDefault.xctoolchain/usr/lib/swift/host/plugins/testing -enable-experimental-feature DebugDescriptionMacro -sdk /Applications/Xcode-27.0.0-Release.Candidate.app/Contents/Developer/Platforms/WatchOS.platform/Developer/SDKs/WatchOS27.0.sdk -target arm64_32-apple-watchos9.0 -g -module-cache-path /Users/admin/builder/spi-builder-workspace/.derivedData/ModuleCache.noindex -Xfrontend -serialize-debugging-options -profile-coverage-mapping -profile-generate -enable-testing -suppress-warnings -index-store-path /Users/admin/builder/spi-builder-workspace/.derivedData/Index.noindex/DataStore -Xcc -D_LIBCPP_HARDENING_MODE\=_LIBCPP_HARDENING_MODE_DEBUG -swift-version 4 -I /Users/admin/builder/spi-builder-workspace/.derivedData/Build/Products/Debug-watchos -Isystem /Applications/Xcode-27.0.0-Release.Candidate.app/Contents/Developer/Platforms/WatchOS.platform/Developer/usr/lib -F /Users/admin/builder/spi-builder-workspace/.derivedData/Build/Products/Debug-watchos -F /Applications/Xcode-27.0.0-Release.Candidate.app/Contents/Developer/Platforms/WatchOS.platform/Developer/Library/Frameworks -F /Applications/Xcode-27.0.0-Release.Candidate.app/Contents/Developer/Platforms/WatchOS.platform/Developer/SDKs/WatchOS27.0.sdk/Developer/Library/Frameworks -c -j10 -enable-batch-mode -incremental -Xcc -ivfsstatcache -Xcc /Users/admin/builder/spi-builder-workspace/.derivedData/SDKStatCaches.noindex/watchos27.0-24R360-e829b21a6f8c9b70876ba0858053c04477534ef55a1706bf4c1112bbb242f0a2.sdkstatcache -output-file-map /Users/admin/builder/spi-builder-workspace/.derivedData/Build/Intermediates.noindex/Commander.build/Debug-watchos/Commander-t.build/Objects-normal/arm64_32/Commander-OutputFileMap.json -save-temps -no-color-diagnostics -emit-dependencies -emit-module -emit-module-path /Users/admin/builder/spi-builder-workspace/.derivedData/Build/Intermediates.noindex/Commander.build/Debug-watchos/Commander-t.build/Objects-normal/arm64_32/Commander.swiftmodule -serialize-diagnostics -validate-clang-modules-once -clang-build-session-file /Users/admin/builder/spi-builder-workspace/.derivedData/ModuleCache.noindex/Session.modulevalidation -Xcc -fmodules-prune-interval\=86400 -Xcc -fmodules-prune-after\=345600 -emit-const-values -const-gather-protocols-list /Users/admin/builder/spi-builder-workspace/.derivedData/Build/Intermediates.noindex/Commander.build/Debug-watchos/Commander-t.build/Objects-normal/arm64_32/Commander_const_extract_protocols.json -Xcc -I/Users/admin/builder/spi-builder-workspace/.derivedData/Build/Products/Debug-watchos/include -Xcc -I/Users/admin/builder/spi-builder-workspace/.derivedData/Build/Intermediates.noindex/Commander.build/Debug-watchos/Commander-t.build/DerivedSources-normal/arm64_32 -Xcc -I/Users/admin/builder/spi-builder-workspace/.derivedData/Build/Intermediates.noindex/Commander.build/Debug-watchos/Commander-t.build/DerivedSources/arm64_32 -Xcc -I/Users/admin/builder/spi-builder-workspace/.derivedData/Build/Intermediates.noindex/Commander.build/Debug-watchos/Commander-t.build/DerivedSources -Xcc -DSWIFT_PACKAGE -Xcc -DDEBUG\=1 -emit-objc-header -emit-objc-header-path /Users/admin/builder/spi-builder-workspace/.derivedData/Build/Intermediates.noindex/Commander.build/Debug-watchos/Commander-t.build/Objects-normal/arm64_32/Commander-Swift.h -working-directory /Users/admin/builder/spi-builder-workspace/.swiftpm/xcode -experimental-emit-module-separately -disable-cmo
SwiftEmitModule normal arm64_32 Emitting\ module\ for\ Commander (in target 'Commander' from project 'Commander')
SwiftCompile normal arm64_32 (in target 'Commander' from project 'Commander')
    cd /Users/admin/builder/spi-builder-workspace/.swiftpm/xcode

SwiftCompile normal arm64_32 Compiling\ CommandRunner.swift /Users/admin/builder/spi-builder-workspace/.dependencies/checkouts/Commander/Sources/Commander/CommandRunner.swift (in target 'Commander' from project 'Commander')
SwiftCompile normal arm64_32 /Users/admin/builder/spi-builder-workspace/.dependencies/checkouts/Commander/Sources/Commander/CommandRunner.swift (in target 'Commander' from project 'Commander')
    cd /Users/admin/builder/spi-builder-workspace/.swiftpm/xcode
    builtin-SwiftPerFileCompile CommandRunner.swift
SwiftCompile normal arm64_32 Compiling\ Command.swift /Users/admin/builder/spi-builder-workspace/.dependencies/checkouts/Commander/Sources/Commander/Command.swift (in target 'Commander' from project 'Commander')
SwiftCompile normal arm64_32 /Users/admin/builder/spi-builder-workspace/.dependencies/checkouts/Commander/Sources/Commander/Command.swift (in target 'Commander' from project 'Commander')
    cd /Users/admin/builder/spi-builder-workspace/.swiftpm/xcode
    builtin-SwiftPerFileCompile Command.swift
SwiftCompile normal arm64_32 Compiling\ Error.swift /Users/admin/builder/spi-builder-workspace/.dependencies/checkouts/Commander/Sources/Commander/Error.swift (in target 'Commander' from project 'Commander')
SwiftCompile normal arm64_32 /Users/admin/builder/spi-builder-workspace/.dependencies/checkouts/Commander/Sources/Commander/Error.swift (in target 'Commander' from project 'Commander')
    cd /Users/admin/builder/spi-builder-workspace/.swiftpm/xcode
    builtin-SwiftPerFileCompile Error.swift
SwiftCompile normal arm64_32 Compiling\ CommandType.swift /Users/admin/builder/spi-builder-workspace/.dependencies/checkouts/Commander/Sources/Commander/CommandType.swift (in target 'Commander' from project 'Commander')
SwiftCompile normal arm64_32 /Users/admin/builder/spi-builder-workspace/.dependencies/checkouts/Commander/Sources/Commander/CommandType.swift (in target 'Commander' from project 'Commander')
    cd /Users/admin/builder/spi-builder-workspace/.swiftpm/xcode
    builtin-SwiftPerFileCompile CommandType.swift
SwiftCompile normal arm64_32 Compiling\ ArgumentParser.swift /Users/admin/builder/spi-builder-workspace/.dependencies/checkouts/Commander/Sources/Commander/ArgumentParser.swift (in target 'Commander' from project 'Commander')
SwiftCompile normal arm64_32 /Users/admin/builder/spi-builder-workspace/.dependencies/checkouts/Commander/Sources/Commander/ArgumentParser.swift (in target 'Commander' from project 'Commander')
    cd /Users/admin/builder/spi-builder-workspace/.swiftpm/xcode
    builtin-SwiftPerFileCompile ArgumentParser.swift
SwiftCompile normal arm64_32 Compiling\ ArgumentConvertible.swift /Users/admin/builder/spi-builder-workspace/.dependencies/checkouts/Commander/Sources/Commander/ArgumentConvertible.swift (in target 'Commander' from project 'Commander')
SwiftCompile normal arm64_32 /Users/admin/builder/spi-builder-workspace/.dependencies/checkouts/Commander/Sources/Commander/ArgumentConvertible.swift (in target 'Commander' from project 'Commander')
    cd /Users/admin/builder/spi-builder-workspace/.swiftpm/xcode
    builtin-SwiftPerFileCompile ArgumentConvertible.swift
SwiftCompile normal arm64_32 Compiling\ ArgumentDescription.swift /Users/admin/builder/spi-builder-workspace/.dependencies/checkouts/Commander/Sources/Commander/ArgumentDescription.swift (in target 'Commander' from project 'Commander')
SwiftCompile normal arm64_32 /Users/admin/builder/spi-builder-workspace/.dependencies/checkouts/Commander/Sources/Commander/ArgumentDescription.swift (in target 'Commander' from project 'Commander')
    cd /Users/admin/builder/spi-builder-workspace/.swiftpm/xcode
    builtin-SwiftPerFileCompile ArgumentDescription.swift
SwiftCompile normal arm64_32 Compiling\ Group.swift /Users/admin/builder/spi-builder-workspace/.dependencies/checkouts/Commander/Sources/Commander/Group.swift (in target 'Commander' from project 'Commander')
SwiftCompile normal arm64_32 /Users/admin/builder/spi-builder-workspace/.dependencies/checkouts/Commander/Sources/Commander/Group.swift (in target 'Commander' from project 'Commander')
    cd /Users/admin/builder/spi-builder-workspace/.swiftpm/xcode
    builtin-SwiftPerFileCompile Group.swift
SwiftCompile normal arm64_32 Compiling\ Commands.swift /Users/admin/builder/spi-builder-workspace/.dependencies/checkouts/Commander/Sources/Commander/Commands.swift (in target 'Commander' from project 'Commander')
SwiftCompile normal arm64_32 /Users/admin/builder/spi-builder-workspace/.dependencies/checkouts/Commander/Sources/Commander/Commands.swift (in target 'Commander' from project 'Commander')
    cd /Users/admin/builder/spi-builder-workspace/.swiftpm/xcode
    builtin-SwiftPerFileCompile Commands.swift
SwiftEmitModule normal arm64 Emitting\ module\ for\ Commander (in target 'Commander' from project 'Commander')
SwiftCompile normal arm64 (in target 'Commander' from project 'Commander')
    cd /Users/admin/builder/spi-builder-workspace/.swiftpm/xcode

SwiftDriverJobDiscovery normal arm64_32 Compiling CommandType.swift (in target 'Commander' from project 'Commander')
SwiftCompile normal arm64 Compiling\ ArgumentConvertible.swift /Users/admin/builder/spi-builder-workspace/.dependencies/checkouts/Commander/Sources/Commander/ArgumentConvertible.swift (in target 'Commander' from project 'Commander')
SwiftCompile normal arm64 /Users/admin/builder/spi-builder-workspace/.dependencies/checkouts/Commander/Sources/Commander/ArgumentConvertible.swift (in target 'Commander' from project 'Commander')
    cd /Users/admin/builder/spi-builder-workspace/.swiftpm/xcode
    builtin-SwiftPerFileCompile ArgumentConvertible.swift
SwiftDriverJobDiscovery normal arm64_32 Compiling Command.swift (in target 'Commander' from project 'Commander')
SwiftCompile normal arm64 Compiling\ Group.swift /Users/admin/builder/spi-builder-workspace/.dependencies/checkouts/Commander/Sources/Commander/Group.swift (in target 'Commander' from project 'Commander')
SwiftCompile normal arm64 /Users/admin/builder/spi-builder-workspace/.dependencies/checkouts/Commander/Sources/Commander/Group.swift (in target 'Commander' from project 'Commander')
    cd /Users/admin/builder/spi-builder-workspace/.swiftpm/xcode
    builtin-SwiftPerFileCompile Group.swift
SwiftDriverJobDiscovery normal arm64_32 Compiling ArgumentConvertible.swift (in target 'Commander' from project 'Commander')
SwiftCompile normal arm64 Compiling\ ArgumentDescription.swift /Users/admin/builder/spi-builder-workspace/.dependencies/checkouts/Commander/Sources/Commander/ArgumentDescription.swift (in target 'Commander' from project 'Commander')
SwiftCompile normal arm64 /Users/admin/builder/spi-builder-workspace/.dependencies/checkouts/Commander/Sources/Commander/ArgumentDescription.swift (in target 'Commander' from project 'Commander')
    cd /Users/admin/builder/spi-builder-workspace/.swiftpm/xcode
    builtin-SwiftPerFileCompile ArgumentDescription.swift
SwiftDriverJobDiscovery normal arm64_32 Compiling ArgumentParser.swift (in target 'Commander' from project 'Commander')
SwiftCompile normal arm64 Compiling\ Commands.swift /Users/admin/builder/spi-builder-workspace/.dependencies/checkouts/Commander/Sources/Commander/Commands.swift (in target 'Commander' from project 'Commander')
SwiftCompile normal arm64 /Users/admin/builder/spi-builder-workspace/.dependencies/checkouts/Commander/Sources/Commander/Commands.swift (in target 'Commander' from project 'Commander')
    cd /Users/admin/builder/spi-builder-workspace/.swiftpm/xcode
    builtin-SwiftPerFileCompile Commands.swift
SwiftDriverJobDiscovery normal arm64_32 Compiling ArgumentDescription.swift (in target 'Commander' from project 'Commander')
SwiftCompile normal arm64 Compiling\ Command.swift /Users/admin/builder/spi-builder-workspace/.dependencies/checkouts/Commander/Sources/Commander/Command.swift (in target 'Commander' from project 'Commander')
SwiftCompile normal arm64 /Users/admin/builder/spi-builder-workspace/.dependencies/checkouts/Commander/Sources/Commander/Command.swift (in target 'Commander' from project 'Commander')
    cd /Users/admin/builder/spi-builder-workspace/.swiftpm/xcode
    builtin-SwiftPerFileCompile Command.swift
SwiftDriverJobDiscovery normal arm64_32 Emitting module for Commander (in target 'Commander' from project 'Commander')
SwiftDriver\ Compilation\ Requirements Commander normal arm64_32 com.apple.xcode.tools.swift.compiler (in target 'Commander' from project 'Commander')
    cd /Users/admin/builder/spi-builder-workspace/.swiftpm/xcode
    builtin-Swift-Compilation-Requirements -- /Applications/Xcode-27.0.0-Release.Candidate.app/Contents/Developer/Toolchains/XcodeDefault.xctoolchain/usr/bin/swiftc -parse-as-library -module-name Commander -Onone @/Users/admin/builder/spi-builder-workspace/.derivedData/Build/Intermediates.noindex/Commander.build/Debug-watchos/Commander-t.build/Objects-normal/arm64_32/Commander.SwiftFileList -DSWIFT_PACKAGE -DDEBUG -DSWIFT_MODULE_RESOURCE_BUNDLE_UNAVAILABLE -DXcode -plugin-path /Applications/Xcode-27.0.0-Release.Candidate.app/Contents/Developer/Toolchains/XcodeDefault.xctoolchain/usr/lib/swift/host/plugins/testing -enable-experimental-feature DebugDescriptionMacro -sdk /Applications/Xcode-27.0.0-Release.Candidate.app/Contents/Developer/Platforms/WatchOS.platform/Developer/SDKs/WatchOS27.0.sdk -target arm64_32-apple-watchos9.0 -g -module-cache-path /Users/admin/builder/spi-builder-workspace/.derivedData/ModuleCache.noindex -Xfrontend -serialize-debugging-options -profile-coverage-mapping -profile-generate -enable-testing -suppress-warnings -index-store-path /Users/admin/builder/spi-builder-workspace/.derivedData/Index.noindex/DataStore -Xcc -D_LIBCPP_HARDENING_MODE\=_LIBCPP_HARDENING_MODE_DEBUG -swift-version 4 -I /Users/admin/builder/spi-builder-workspace/.derivedData/Build/Products/Debug-watchos -Isystem /Applications/Xcode-27.0.0-Release.Candidate.app/Contents/Developer/Platforms/WatchOS.platform/Developer/usr/lib -F /Users/admin/builder/spi-builder-workspace/.derivedData/Build/Products/Debug-watchos -F /Applications/Xcode-27.0.0-Release.Candidate.app/Contents/Developer/Platforms/WatchOS.platform/Developer/Library/Frameworks -F /Applications/Xcode-27.0.0-Release.Candidate.app/Contents/Developer/Platforms/WatchOS.platform/Developer/SDKs/WatchOS27.0.sdk/Developer/Library/Frameworks -c -j10 -enable-batch-mode -incremental -Xcc -ivfsstatcache -Xcc /Users/admin/builder/spi-builder-workspace/.derivedData/SDKStatCaches.noindex/watchos27.0-24R360-e829b21a6f8c9b70876ba0858053c04477534ef55a1706bf4c1112bbb242f0a2.sdkstatcache -output-file-map /Users/admin/builder/spi-builder-workspace/.derivedData/Build/Intermediates.noindex/Commander.build/Debug-watchos/Commander-t.build/Objects-normal/arm64_32/Commander-OutputFileMap.json -save-temps -no-color-diagnostics -emit-dependencies -emit-module -emit-module-path /Users/admin/builder/spi-builder-workspace/.derivedData/Build/Intermediates.noindex/Commander.build/Debug-watchos/Commander-t.build/Objects-normal/arm64_32/Commander.swiftmodule -serialize-diagnostics -validate-clang-modules-once -clang-build-session-file /Users/admin/builder/spi-builder-workspace/.derivedData/ModuleCache.noindex/Session.modulevalidation -Xcc -fmodules-prune-interval\=86400 -Xcc -fmodules-prune-after\=345600 -emit-const-values -const-gather-protocols-list /Users/admin/builder/spi-builder-workspace/.derivedData/Build/Intermediates.noindex/Commander.build/Debug-watchos/Commander-t.build/Objects-normal/arm64_32/Commander_const_extract_protocols.json -Xcc -I/Users/admin/builder/spi-builder-workspace/.derivedData/Build/Products/Debug-watchos/include -Xcc -I/Users/admin/builder/spi-builder-workspace/.derivedData/Build/Intermediates.noindex/Commander.build/Debug-watchos/Commander-t.build/DerivedSources-normal/arm64_32 -Xcc -I/Users/admin/builder/spi-builder-workspace/.derivedData/Build/Intermediates.noindex/Commander.build/Debug-watchos/Commander-t.build/DerivedSources/arm64_32 -Xcc -I/Users/admin/builder/spi-builder-workspace/.derivedData/Build/Intermediates.noindex/Commander.build/Debug-watchos/Commander-t.build/DerivedSources -Xcc -DSWIFT_PACKAGE -Xcc -DDEBUG\=1 -emit-objc-header -emit-objc-header-path /Users/admin/builder/spi-builder-workspace/.derivedData/Build/Intermediates.noindex/Commander.build/Debug-watchos/Commander-t.build/Objects-normal/arm64_32/Commander-Swift.h -working-directory /Users/admin/builder/spi-builder-workspace/.swiftpm/xcode -experimental-emit-module-separately -disable-cmo
SwiftDriverJobDiscovery normal arm64_32 Compiling Group.swift (in target 'Commander' from project 'Commander')
SwiftCompile normal arm64 Compiling\ CommandType.swift /Users/admin/builder/spi-builder-workspace/.dependencies/checkouts/Commander/Sources/Commander/CommandType.swift (in target 'Commander' from project 'Commander')
SwiftCompile normal arm64 /Users/admin/builder/spi-builder-workspace/.dependencies/checkouts/Commander/Sources/Commander/CommandType.swift (in target 'Commander' from project 'Commander')
    cd /Users/admin/builder/spi-builder-workspace/.swiftpm/xcode
    builtin-SwiftPerFileCompile CommandType.swift
SwiftDriverJobDiscovery normal arm64_32 Compiling CommandRunner.swift (in target 'Commander' from project 'Commander')
Copy /Users/admin/builder/spi-builder-workspace/.derivedData/Build/Products/Debug-watchos/Commander.swiftmodule/arm64_32-apple-watchos.swiftmodule /Users/admin/builder/spi-builder-workspace/.derivedData/Build/Intermediates.noindex/Commander.build/Debug-watchos/Commander-t.build/Objects-normal/arm64_32/Commander.swiftmodule (in target 'Commander' from project 'Commander')
    cd /Users/admin/builder/spi-builder-workspace/.dependencies/checkouts/Commander
    builtin-copy -exclude .DS_Store -exclude CVS -exclude .svn -exclude .git -exclude .hg -resolve-src-symlinks -rename /Users/admin/builder/spi-builder-workspace/.derivedData/Build/Intermediates.noindex/Commander.build/Debug-watchos/Commander-t.build/Objects-normal/arm64_32/Commander.swiftmodule /Users/admin/builder/spi-builder-workspace/.derivedData/Build/Products/Debug-watchos/Commander.swiftmodule/arm64_32-apple-watchos.swiftmodule
Copy /Users/admin/builder/spi-builder-workspace/.derivedData/Build/Products/Debug-watchos/Commander.swiftmodule/arm64_32-apple-watchos.swiftdoc /Users/admin/builder/spi-builder-workspace/.derivedData/Build/Intermediates.noindex/Commander.build/Debug-watchos/Commander-t.build/Objects-normal/arm64_32/Commander.swiftdoc (in target 'Commander' from project 'Commander')
    cd /Users/admin/builder/spi-builder-workspace/.dependencies/checkouts/Commander
    builtin-copy -exclude .DS_Store -exclude CVS -exclude .svn -exclude .git -exclude .hg -resolve-src-symlinks -rename /Users/admin/builder/spi-builder-workspace/.derivedData/Build/Intermediates.noindex/Commander.build/Debug-watchos/Commander-t.build/Objects-normal/arm64_32/Commander.swiftdoc /Users/admin/builder/spi-builder-workspace/.derivedData/Build/Products/Debug-watchos/Commander.swiftmodule/arm64_32-apple-watchos.swiftdoc
Copy /Users/admin/builder/spi-builder-workspace/.derivedData/Build/Products/Debug-watchos/Commander.swiftmodule/arm64_32-apple-watchos.abi.json /Users/admin/builder/spi-builder-workspace/.derivedData/Build/Intermediates.noindex/Commander.build/Debug-watchos/Commander-t.build/Objects-normal/arm64_32/Commander.abi.json (in target 'Commander' from project 'Commander')
    cd /Users/admin/builder/spi-builder-workspace/.dependencies/checkouts/Commander
    builtin-copy -exclude .DS_Store -exclude CVS -exclude .svn -exclude .git -exclude .hg -resolve-src-symlinks -rename /Users/admin/builder/spi-builder-workspace/.derivedData/Build/Intermediates.noindex/Commander.build/Debug-watchos/Commander-t.build/Objects-normal/arm64_32/Commander.abi.json /Users/admin/builder/spi-builder-workspace/.derivedData/Build/Products/Debug-watchos/Commander.swiftmodule/arm64_32-apple-watchos.abi.json
Copy /Users/admin/builder/spi-builder-workspace/.derivedData/Build/Products/Debug-watchos/Commander.swiftmodule/Project/arm64_32-apple-watchos.swiftsourceinfo /Users/admin/builder/spi-builder-workspace/.derivedData/Build/Intermediates.noindex/Commander.build/Debug-watchos/Commander-t.build/Objects-normal/arm64_32/Commander.swiftsourceinfo (in target 'Commander' from project 'Commander')
    cd /Users/admin/builder/spi-builder-workspace/.dependencies/checkouts/Commander
    builtin-copy -exclude .DS_Store -exclude CVS -exclude .svn -exclude .git -exclude .hg -resolve-src-symlinks -rename /Users/admin/builder/spi-builder-workspace/.derivedData/Build/Intermediates.noindex/Commander.build/Debug-watchos/Commander-t.build/Objects-normal/arm64_32/Commander.swiftsourceinfo /Users/admin/builder/spi-builder-workspace/.derivedData/Build/Products/Debug-watchos/Commander.swiftmodule/Project/arm64_32-apple-watchos.swiftsourceinfo
SwiftCompile normal arm64 Compiling\ ArgumentParser.swift /Users/admin/builder/spi-builder-workspace/.dependencies/checkouts/Commander/Sources/Commander/ArgumentParser.swift (in target 'Commander' from project 'Commander')
SwiftCompile normal arm64 /Users/admin/builder/spi-builder-workspace/.dependencies/checkouts/Commander/Sources/Commander/ArgumentParser.swift (in target 'Commander' from project 'Commander')
    cd /Users/admin/builder/spi-builder-workspace/.swiftpm/xcode
    builtin-SwiftPerFileCompile ArgumentParser.swift
SwiftCompile normal arm64 Compiling\ CommandRunner.swift /Users/admin/builder/spi-builder-workspace/.dependencies/checkouts/Commander/Sources/Commander/CommandRunner.swift (in target 'Commander' from project 'Commander')
SwiftCompile normal arm64 /Users/admin/builder/spi-builder-workspace/.dependencies/checkouts/Commander/Sources/Commander/CommandRunner.swift (in target 'Commander' from project 'Commander')
    cd /Users/admin/builder/spi-builder-workspace/.swiftpm/xcode
    builtin-SwiftPerFileCompile CommandRunner.swift
SwiftDriverJobDiscovery normal arm64_32 Compiling Error.swift (in target 'Commander' from project 'Commander')
SwiftCompile normal arm64 Compiling\ Error.swift /Users/admin/builder/spi-builder-workspace/.dependencies/checkouts/Commander/Sources/Commander/Error.swift (in target 'Commander' from project 'Commander')
SwiftCompile normal arm64 /Users/admin/builder/spi-builder-workspace/.dependencies/checkouts/Commander/Sources/Commander/Error.swift (in target 'Commander' from project 'Commander')
    cd /Users/admin/builder/spi-builder-workspace/.swiftpm/xcode
    builtin-SwiftPerFileCompile Error.swift
SwiftDriverJobDiscovery normal arm64 Emitting module for Commander (in target 'Commander' from project 'Commander')
SwiftDriver\ Compilation\ Requirements Commander normal arm64 com.apple.xcode.tools.swift.compiler (in target 'Commander' from project 'Commander')
    cd /Users/admin/builder/spi-builder-workspace/.swiftpm/xcode
    builtin-Swift-Compilation-Requirements -- /Applications/Xcode-27.0.0-Release.Candidate.app/Contents/Developer/Toolchains/XcodeDefault.xctoolchain/usr/bin/swiftc -parse-as-library -module-name Commander -Onone @/Users/admin/builder/spi-builder-workspace/.derivedData/Build/Intermediates.noindex/Commander.build/Debug-watchos/Commander-t.build/Objects-normal/arm64/Commander.SwiftFileList -DSWIFT_PACKAGE -DDEBUG -DSWIFT_MODULE_RESOURCE_BUNDLE_UNAVAILABLE -DXcode -plugin-path /Applications/Xcode-27.0.0-Release.Candidate.app/Contents/Developer/Toolchains/XcodeDefault.xctoolchain/usr/lib/swift/host/plugins/testing -enable-experimental-feature DebugDescriptionMacro -sdk /Applications/Xcode-27.0.0-Release.Candidate.app/Contents/Developer/Platforms/WatchOS.platform/Developer/SDKs/WatchOS27.0.sdk -target arm64-apple-watchos9.0 -g -module-cache-path /Users/admin/builder/spi-builder-workspace/.derivedData/ModuleCache.noindex -Xfrontend -serialize-debugging-options -profile-coverage-mapping -profile-generate -enable-testing -suppress-warnings -index-store-path /Users/admin/builder/spi-builder-workspace/.derivedData/Index.noindex/DataStore -Xcc -D_LIBCPP_HARDENING_MODE\=_LIBCPP_HARDENING_MODE_DEBUG -swift-version 4 -I /Users/admin/builder/spi-builder-workspace/.derivedData/Build/Products/Debug-watchos -Isystem /Applications/Xcode-27.0.0-Release.Candidate.app/Contents/Developer/Platforms/WatchOS.platform/Developer/usr/lib -F /Users/admin/builder/spi-builder-workspace/.derivedData/Build/Products/Debug-watchos -F /Applications/Xcode-27.0.0-Release.Candidate.app/Contents/Developer/Platforms/WatchOS.platform/Developer/Library/Frameworks -F /Applications/Xcode-27.0.0-Release.Candidate.app/Contents/Developer/Platforms/WatchOS.platform/Developer/SDKs/WatchOS27.0.sdk/Developer/Library/Frameworks -c -j10 -enable-batch-mode -incremental -Xcc -ivfsstatcache -Xcc /Users/admin/builder/spi-builder-workspace/.derivedData/SDKStatCaches.noindex/watchos27.0-24R360-e829b21a6f8c9b70876ba0858053c04477534ef55a1706bf4c1112bbb242f0a2.sdkstatcache -output-file-map /Users/admin/builder/spi-builder-workspace/.derivedData/Build/Intermediates.noindex/Commander.build/Debug-watchos/Commander-t.build/Objects-normal/arm64/Commander-OutputFileMap.json -save-temps -no-color-diagnostics -emit-dependencies -emit-module -emit-module-path /Users/admin/builder/spi-builder-workspace/.derivedData/Build/Intermediates.noindex/Commander.build/Debug-watchos/Commander-t.build/Objects-normal/arm64/Commander.swiftmodule -serialize-diagnostics -validate-clang-modules-once -clang-build-session-file /Users/admin/builder/spi-builder-workspace/.derivedData/ModuleCache.noindex/Session.modulevalidation -Xcc -fmodules-prune-interval\=86400 -Xcc -fmodules-prune-after\=345600 -emit-const-values -const-gather-protocols-list /Users/admin/builder/spi-builder-workspace/.derivedData/Build/Intermediates.noindex/Commander.build/Debug-watchos/Commander-t.build/Objects-normal/arm64/Commander_const_extract_protocols.json -Xcc -I/Users/admin/builder/spi-builder-workspace/.derivedData/Build/Products/Debug-watchos/include -Xcc -I/Users/admin/builder/spi-builder-workspace/.derivedData/Build/Intermediates.noindex/Commander.build/Debug-watchos/Commander-t.build/DerivedSources-normal/arm64 -Xcc -I/Users/admin/builder/spi-builder-workspace/.derivedData/Build/Intermediates.noindex/Commander.build/Debug-watchos/Commander-t.build/DerivedSources/arm64 -Xcc -I/Users/admin/builder/spi-builder-workspace/.derivedData/Build/Intermediates.noindex/Commander.build/Debug-watchos/Commander-t.build/DerivedSources -Xcc -DSWIFT_PACKAGE -Xcc -DDEBUG\=1 -emit-objc-header -emit-objc-header-path /Users/admin/builder/spi-builder-workspace/.derivedData/Build/Intermediates.noindex/Commander.build/Debug-watchos/Commander-t.build/Objects-normal/arm64/Commander-Swift.h -working-directory /Users/admin/builder/spi-builder-workspace/.swiftpm/xcode -experimental-emit-module-separately -disable-cmo
SwiftDriverJobDiscovery normal arm64_32 Compiling Commands.swift (in target 'Commander' from project 'Commander')
SwiftMergeGeneratedHeaders /Users/admin/builder/spi-builder-workspace/.derivedData/Build/Intermediates.noindex/GeneratedModuleMaps-watchos/Commander-Swift.h /Users/admin/builder/spi-builder-workspace/.derivedData/Build/Intermediates.noindex/Commander.build/Debug-watchos/Commander-t.build/Objects-normal/arm64/Commander-Swift.h /Users/admin/builder/spi-builder-workspace/.derivedData/Build/Intermediates.noindex/Commander.build/Debug-watchos/Commander-t.build/Objects-normal/arm64_32/Commander-Swift.h (in target 'Commander' from project 'Commander')
    cd /Users/admin/builder/spi-builder-workspace/.dependencies/checkouts/Commander
    builtin-swiftHeaderTool -arch arm64 /Users/admin/builder/spi-builder-workspace/.derivedData/Build/Intermediates.noindex/Commander.build/Debug-watchos/Commander-t.build/Objects-normal/arm64/Commander-Swift.h -arch arm64_32 /Users/admin/builder/spi-builder-workspace/.derivedData/Build/Intermediates.noindex/Commander.build/Debug-watchos/Commander-t.build/Objects-normal/arm64_32/Commander-Swift.h -o /Users/admin/builder/spi-builder-workspace/.derivedData/Build/Intermediates.noindex/GeneratedModuleMaps-watchos/Commander-Swift.h
Copy /Users/admin/builder/spi-builder-workspace/.derivedData/Build/Products/Debug-watchos/Commander.swiftmodule/arm64-apple-watchos.swiftmodule /Users/admin/builder/spi-builder-workspace/.derivedData/Build/Intermediates.noindex/Commander.build/Debug-watchos/Commander-t.build/Objects-normal/arm64/Commander.swiftmodule (in target 'Commander' from project 'Commander')
    cd /Users/admin/builder/spi-builder-workspace/.dependencies/checkouts/Commander
    builtin-copy -exclude .DS_Store -exclude CVS -exclude .svn -exclude .git -exclude .hg -resolve-src-symlinks -rename /Users/admin/builder/spi-builder-workspace/.derivedData/Build/Intermediates.noindex/Commander.build/Debug-watchos/Commander-t.build/Objects-normal/arm64/Commander.swiftmodule /Users/admin/builder/spi-builder-workspace/.derivedData/Build/Products/Debug-watchos/Commander.swiftmodule/arm64-apple-watchos.swiftmodule
Copy /Users/admin/builder/spi-builder-workspace/.derivedData/Build/Products/Debug-watchos/Commander.swiftmodule/arm64-apple-watchos.swiftdoc /Users/admin/builder/spi-builder-workspace/.derivedData/Build/Intermediates.noindex/Commander.build/Debug-watchos/Commander-t.build/Objects-normal/arm64/Commander.swiftdoc (in target 'Commander' from project 'Commander')
    cd /Users/admin/builder/spi-builder-workspace/.dependencies/checkouts/Commander
    builtin-copy -exclude .DS_Store -exclude CVS -exclude .svn -exclude .git -exclude .hg -resolve-src-symlinks -rename /Users/admin/builder/spi-builder-workspace/.derivedData/Build/Intermediates.noindex/Commander.build/Debug-watchos/Commander-t.build/Objects-normal/arm64/Commander.swiftdoc /Users/admin/builder/spi-builder-workspace/.derivedData/Build/Products/Debug-watchos/Commander.swiftmodule/arm64-apple-watchos.swiftdoc
Copy /Users/admin/builder/spi-builder-workspace/.derivedData/Build/Products/Debug-watchos/Commander.swiftmodule/arm64-apple-watchos.abi.json /Users/admin/builder/spi-builder-workspace/.derivedData/Build/Intermediates.noindex/Commander.build/Debug-watchos/Commander-t.build/Objects-normal/arm64/Commander.abi.json (in target 'Commander' from project 'Commander')
    cd /Users/admin/builder/spi-builder-workspace/.dependencies/checkouts/Commander
    builtin-copy -exclude .DS_Store -exclude CVS -exclude .svn -exclude .git -exclude .hg -resolve-src-symlinks -rename /Users/admin/builder/spi-builder-workspace/.derivedData/Build/Intermediates.noindex/Commander.build/Debug-watchos/Commander-t.build/Objects-normal/arm64/Commander.abi.json /Users/admin/builder/spi-builder-workspace/.derivedData/Build/Products/Debug-watchos/Commander.swiftmodule/arm64-apple-watchos.abi.json
Copy /Users/admin/builder/spi-builder-workspace/.derivedData/Build/Products/Debug-watchos/Commander.swiftmodule/Project/arm64-apple-watchos.swiftsourceinfo /Users/admin/builder/spi-builder-workspace/.derivedData/Build/Intermediates.noindex/Commander.build/Debug-watchos/Commander-t.build/Objects-normal/arm64/Commander.swiftsourceinfo (in target 'Commander' from project 'Commander')
    cd /Users/admin/builder/spi-builder-workspace/.dependencies/checkouts/Commander
    builtin-copy -exclude .DS_Store -exclude CVS -exclude .svn -exclude .git -exclude .hg -resolve-src-symlinks -rename /Users/admin/builder/spi-builder-workspace/.derivedData/Build/Intermediates.noindex/Commander.build/Debug-watchos/Commander-t.build/Objects-normal/arm64/Commander.swiftsourceinfo /Users/admin/builder/spi-builder-workspace/.derivedData/Build/Products/Debug-watchos/Commander.swiftmodule/Project/arm64-apple-watchos.swiftsourceinfo
SwiftDriver\ Compilation Commander normal arm64_32 com.apple.xcode.tools.swift.compiler (in target 'Commander' from project 'Commander')
    cd /Users/admin/builder/spi-builder-workspace/.swiftpm/xcode
    builtin-Swift-Compilation -- /Applications/Xcode-27.0.0-Release.Candidate.app/Contents/Developer/Toolchains/XcodeDefault.xctoolchain/usr/bin/swiftc -parse-as-library -module-name Commander -Onone @/Users/admin/builder/spi-builder-workspace/.derivedData/Build/Intermediates.noindex/Commander.build/Debug-watchos/Commander-t.build/Objects-normal/arm64_32/Commander.SwiftFileList -DSWIFT_PACKAGE -DDEBUG -DSWIFT_MODULE_RESOURCE_BUNDLE_UNAVAILABLE -DXcode -plugin-path /Applications/Xcode-27.0.0-Release.Candidate.app/Contents/Developer/Toolchains/XcodeDefault.xctoolchain/usr/lib/swift/host/plugins/testing -enable-experimental-feature DebugDescriptionMacro -sdk /Applications/Xcode-27.0.0-Release.Candidate.app/Contents/Developer/Platforms/WatchOS.platform/Developer/SDKs/WatchOS27.0.sdk -target arm64_32-apple-watchos9.0 -g -module-cache-path /Users/admin/builder/spi-builder-workspace/.derivedData/ModuleCache.noindex -Xfrontend -serialize-debugging-options -profile-coverage-mapping -profile-generate -enable-testing -suppress-warnings -index-store-path /Users/admin/builder/spi-builder-workspace/.derivedData/Index.noindex/DataStore -Xcc -D_LIBCPP_HARDENING_MODE\=_LIBCPP_HARDENING_MODE_DEBUG -swift-version 4 -I /Users/admin/builder/spi-builder-workspace/.derivedData/Build/Products/Debug-watchos -Isystem /Applications/Xcode-27.0.0-Release.Candidate.app/Contents/Developer/Platforms/WatchOS.platform/Developer/usr/lib -F /Users/admin/builder/spi-builder-workspace/.derivedData/Build/Products/Debug-watchos -F /Applications/Xcode-27.0.0-Release.Candidate.app/Contents/Developer/Platforms/WatchOS.platform/Developer/Library/Frameworks -F /Applications/Xcode-27.0.0-Release.Candidate.app/Contents/Developer/Platforms/WatchOS.platform/Developer/SDKs/WatchOS27.0.sdk/Developer/Library/Frameworks -c -j10 -enable-batch-mode -incremental -Xcc -ivfsstatcache -Xcc /Users/admin/builder/spi-builder-workspace/.derivedData/SDKStatCaches.noindex/watchos27.0-24R360-e829b21a6f8c9b70876ba0858053c04477534ef55a1706bf4c1112bbb242f0a2.sdkstatcache -output-file-map /Users/admin/builder/spi-builder-workspace/.derivedData/Build/Intermediates.noindex/Commander.build/Debug-watchos/Commander-t.build/Objects-normal/arm64_32/Commander-OutputFileMap.json -save-temps -no-color-diagnostics -emit-dependencies -emit-module -emit-module-path /Users/admin/builder/spi-builder-workspace/.derivedData/Build/Intermediates.noindex/Commander.build/Debug-watchos/Commander-t.build/Objects-normal/arm64_32/Commander.swiftmodule -serialize-diagnostics -validate-clang-modules-once -clang-build-session-file /Users/admin/builder/spi-builder-workspace/.derivedData/ModuleCache.noindex/Session.modulevalidation -Xcc -fmodules-prune-interval\=86400 -Xcc -fmodules-prune-after\=345600 -emit-const-values -const-gather-protocols-list /Users/admin/builder/spi-builder-workspace/.derivedData/Build/Intermediates.noindex/Commander.build/Debug-watchos/Commander-t.build/Objects-normal/arm64_32/Commander_const_extract_protocols.json -Xcc -I/Users/admin/builder/spi-builder-workspace/.derivedData/Build/Products/Debug-watchos/include -Xcc -I/Users/admin/builder/spi-builder-workspace/.derivedData/Build/Intermediates.noindex/Commander.build/Debug-watchos/Commander-t.build/DerivedSources-normal/arm64_32 -Xcc -I/Users/admin/builder/spi-builder-workspace/.derivedData/Build/Intermediates.noindex/Commander.build/Debug-watchos/Commander-t.build/DerivedSources/arm64_32 -Xcc -I/Users/admin/builder/spi-builder-workspace/.derivedData/Build/Intermediates.noindex/Commander.build/Debug-watchos/Commander-t.build/DerivedSources -Xcc -DSWIFT_PACKAGE -Xcc -DDEBUG\=1 -emit-objc-header -emit-objc-header-path /Users/admin/builder/spi-builder-workspace/.derivedData/Build/Intermediates.noindex/Commander.build/Debug-watchos/Commander-t.build/Objects-normal/arm64_32/Commander-Swift.h -working-directory /Users/admin/builder/spi-builder-workspace/.swiftpm/xcode -experimental-emit-module-separately -disable-cmo
Ld /Users/admin/builder/spi-builder-workspace/.derivedData/Build/Intermediates.noindex/Commander.build/Debug-watchos/Commander-t.build/Objects-normal/arm64_32/Binary/Commander.o normal arm64_32 (in target 'Commander' from project 'Commander')
    cd /Users/admin/builder/spi-builder-workspace/.dependencies/checkouts/Commander
    /Applications/Xcode-27.0.0-Release.Candidate.app/Contents/Developer/Toolchains/XcodeDefault.xctoolchain/usr/bin/clang -Xlinker -reproducible -target arm64_32-apple-watchos9.0 -r -isysroot /Applications/Xcode-27.0.0-Release.Candidate.app/Contents/Developer/Platforms/WatchOS.platform/Developer/SDKs/WatchOS27.0.sdk -O0 -w -Xlinker -no_warn_duplicate_libraries -F/Users/admin/builder/spi-builder-workspace/.derivedData/Build/Intermediates.noindex/EagerLinkingTBDs/Debug-watchos -F/Users/admin/builder/spi-builder-workspace/.derivedData/Build/Products/Debug-watchos -iframework /Applications/Xcode-27.0.0-Release.Candidate.app/Contents/Developer/Platforms/WatchOS.platform/Developer/Library/Frameworks -iframework /Applications/Xcode-27.0.0-Release.Candidate.app/Contents/Developer/Platforms/WatchOS.platform/Developer/SDKs/WatchOS27.0.sdk/Developer/Library/Frameworks -filelist /Users/admin/builder/spi-builder-workspace/.derivedData/Build/Intermediates.noindex/Commander.build/Debug-watchos/Commander-t.build/Objects-normal/arm64_32/Commander.LinkFileList -nostdlib -Xlinker -object_path_lto -Xlinker /Users/admin/builder/spi-builder-workspace/.derivedData/Build/Intermediates.noindex/Commander.build/Debug-watchos/Commander-t.build/Objects-normal/arm64_32/Commander_lto.o -Xlinker -no_deduplicate -Xlinker -debug_variant -Xlinker -dependency_info -Xlinker /Users/admin/builder/spi-builder-workspace/.derivedData/Build/Intermediates.noindex/Commander.build/Debug-watchos/Commander-t.build/Objects-normal/arm64_32/Commander_dependency_info.dat -fobjc-link-runtime -L/Applications/Xcode-27.0.0-Release.Candidate.app/Contents/Developer/Toolchains/XcodeDefault.xctoolchain/usr/lib/swift/watchos -L/usr/lib/swift -Xlinker -add_ast_path -Xlinker /Users/admin/builder/spi-builder-workspace/.derivedData/Build/Intermediates.noindex/Commander.build/Debug-watchos/Commander-t.build/Objects-normal/arm64_32/Commander.swiftmodule -o /Users/admin/builder/spi-builder-workspace/.derivedData/Build/Intermediates.noindex/Commander.build/Debug-watchos/Commander-t.build/Objects-normal/arm64_32/Binary/Commander.o
SwiftDriver AppIconResizerCore normal arm64_32 com.apple.xcode.tools.swift.compiler (in target 'AppIconResizerCore' from project 'AppIconResizer')
    cd /Users/admin/builder/spi-builder-workspace/.swiftpm/xcode
    builtin-SwiftDriver -- /Applications/Xcode-27.0.0-Release.Candidate.app/Contents/Developer/Toolchains/XcodeDefault.xctoolchain/usr/bin/swiftc -parse-as-library -module-name AppIconResizerCore -Onone @/Users/admin/builder/spi-builder-workspace/.derivedData/Build/Intermediates.noindex/AppIconResizer.build/Debug-watchos/AppIconResizerCore-t.build/Objects-normal/arm64_32/AppIconResizerCore.SwiftFileList -DSWIFT_PACKAGE -DDEBUG -DSWIFT_MODULE_RESOURCE_BUNDLE_UNAVAILABLE -DXcode -plugin-path /Applications/Xcode-27.0.0-Release.Candidate.app/Contents/Developer/Toolchains/XcodeDefault.xctoolchain/usr/lib/swift/host/plugins/testing -enable-experimental-feature DebugDescriptionMacro -sdk /Applications/Xcode-27.0.0-Release.Candidate.app/Contents/Developer/Platforms/WatchOS.platform/Developer/SDKs/WatchOS27.0.sdk -target arm64_32-apple-watchos9.0 -g -module-cache-path /Users/admin/builder/spi-builder-workspace/.derivedData/ModuleCache.noindex -Xfrontend -serialize-debugging-options -profile-coverage-mapping -profile-generate -enable-testing -index-store-path /Users/admin/builder/spi-builder-workspace/.derivedData/Index.noindex/DataStore -Xcc -D_LIBCPP_HARDENING_MODE\=_LIBCPP_HARDENING_MODE_DEBUG -swift-version 5 -I /Users/admin/builder/spi-builder-workspace/.derivedData/Build/Products/Debug-watchos -Isystem /Applications/Xcode-27.0.0-Release.Candidate.app/Contents/Developer/Platforms/WatchOS.platform/Developer/usr/lib -F /Users/admin/builder/spi-builder-workspace/.derivedData/Build/Products/Debug-watchos/PackageFrameworks -F /Users/admin/builder/spi-builder-workspace/.derivedData/Build/Products/Debug-watchos -F /Applications/Xcode-27.0.0-Release.Candidate.app/Contents/Developer/Platforms/WatchOS.platform/Developer/Library/Frameworks -F /Applications/Xcode-27.0.0-Release.Candidate.app/Contents/Developer/Platforms/WatchOS.platform/Developer/SDKs/WatchOS27.0.sdk/Developer/Library/Frameworks -c -j10 -enable-batch-mode -incremental -Xcc -ivfsstatcache -Xcc /Users/admin/builder/spi-builder-workspace/.derivedData/SDKStatCaches.noindex/watchos27.0-24R360-e829b21a6f8c9b70876ba0858053c04477534ef55a1706bf4c1112bbb242f0a2.sdkstatcache -output-file-map /Users/admin/builder/spi-builder-workspace/.derivedData/Build/Intermediates.noindex/AppIconResizer.build/Debug-watchos/AppIconResizerCore-t.build/Objects-normal/arm64_32/AppIconResizerCore-OutputFileMap.json -save-temps -no-color-diagnostics -explicit-module-build -module-cache-path /Users/admin/builder/spi-builder-workspace/.derivedData/Build/Intermediates.noindex/SwiftExplicitPrecompiledModules -clang-scanner-module-cache-path /Users/admin/builder/spi-builder-workspace/.derivedData/ModuleCache.noindex -sdk-module-cache-path /Users/admin/builder/spi-builder-workspace/.derivedData/SDKExplicitPrecompiledModules -emit-dependencies -emit-module -emit-module-path /Users/admin/builder/spi-builder-workspace/.derivedData/Build/Intermediates.noindex/AppIconResizer.build/Debug-watchos/AppIconResizerCore-t.build/Objects-normal/arm64_32/AppIconResizerCore.swiftmodule -serialize-diagnostics -dependency-scan-serialize-diagnostics-path /Users/admin/builder/spi-builder-workspace/.derivedData/Build/Intermediates.noindex/AppIconResizer.build/Debug-watchos/AppIconResizerCore-t.build/Objects-normal/arm64_32/AppIconResizerCore-dependency-scan.dia -validate-clang-modules-once -clang-build-session-file /Users/admin/builder/spi-builder-workspace/.derivedData/ModuleCache.noindex/Session.modulevalidation -Xcc -fmodules-prune-interval\=86400 -Xcc -fmodules-prune-after\=345600 -emit-const-values -const-gather-protocols-list /Users/admin/builder/spi-builder-workspace/.derivedData/Build/Intermediates.noindex/AppIconResizer.build/Debug-watchos/AppIconResizerCore-t.build/Objects-normal/arm64_32/AppIconResizerCore_const_extract_protocols.json -Xcc -I/Users/admin/builder/spi-builder-workspace/.derivedData/Build/Products/Debug-watchos/include -Xcc -I/Users/admin/builder/spi-builder-workspace/.derivedData/Build/Intermediates.noindex/AppIconResizer.build/Debug-watchos/AppIconResizerCore-t.build/DerivedSources-normal/arm64_32 -Xcc -I/Users/admin/builder/spi-builder-workspace/.derivedData/Build/Intermediates.noindex/AppIconResizer.build/Debug-watchos/AppIconResizerCore-t.build/DerivedSources/arm64_32 -Xcc -I/Users/admin/builder/spi-builder-workspace/.derivedData/Build/Intermediates.noindex/AppIconResizer.build/Debug-watchos/AppIconResizerCore-t.build/DerivedSources -Xcc -DSWIFT_PACKAGE -Xcc -DDEBUG\=1 -emit-objc-header -emit-objc-header-path /Users/admin/builder/spi-builder-workspace/.derivedData/Build/Intermediates.noindex/AppIconResizer.build/Debug-watchos/AppIconResizerCore-t.build/Objects-normal/arm64_32/AppIconResizerCore-Swift.h -working-directory /Users/admin/builder/spi-builder-workspace/.swiftpm/xcode -experimental-emit-module-separately -disable-cmo
/Users/admin/builder/spi-builder-workspace/Sources/AppIconResizerCore/AppIconEntry.swift:1:8: error: Unable to resolve module dependency: 'CoreImage' (in target 'AppIconResizerCore' from project 'AppIconResizer')
    note: A dependency of main module 'AppIconResizerCore'
    /Users/admin/builder/spi-builder-workspace/Sources/AppIconResizerCore/AppIconResizer.swift:2:8: note: Also imported here
    /Users/admin/builder/spi-builder-workspace/Sources/AppIconResizerCore/CGImageExtensions.swift:1:8: note: Also imported here
    /Users/admin/builder/spi-builder-workspace/Sources/AppIconResizerCore/CIImageExtensions.swift:1:8: note: Also imported here
    /Users/admin/builder/spi-builder-workspace/Sources/AppIconResizerCore/Idiom.swift:1:8: note: Also imported here
/Users/admin/builder/spi-builder-workspace/Sources/AppIconResizerCore/AppIconEntry.swift:1:8: note: A dependency of main module 'AppIconResizerCore'
import CoreImage
       ^ (in target 'AppIconResizerCore' from project 'AppIconResizer')
/Users/admin/builder/spi-builder-workspace/Sources/AppIconResizerCore/AppIconResizer.swift:2:8: note: Also imported here
import CoreImage
       ^ (in target 'AppIconResizerCore' from project 'AppIconResizer')
/Users/admin/builder/spi-builder-workspace/Sources/AppIconResizerCore/CGImageExtensions.swift:1:8: note: Also imported here
import CoreImage
       ^ (in target 'AppIconResizerCore' from project 'AppIconResizer')
/Users/admin/builder/spi-builder-workspace/Sources/AppIconResizerCore/CIImageExtensions.swift:1:8: note: Also imported here
import CoreImage
       ^ (in target 'AppIconResizerCore' from project 'AppIconResizer')
/Users/admin/builder/spi-builder-workspace/Sources/AppIconResizerCore/Idiom.swift:1:8: note: Also imported here
import CoreImage
       ^ (in target 'AppIconResizerCore' from project 'AppIconResizer')
SwiftDriver AppIconResizerCore normal arm64 com.apple.xcode.tools.swift.compiler (in target 'AppIconResizerCore' from project 'AppIconResizer')
    cd /Users/admin/builder/spi-builder-workspace/.swiftpm/xcode
    builtin-SwiftDriver -- /Applications/Xcode-27.0.0-Release.Candidate.app/Contents/Developer/Toolchains/XcodeDefault.xctoolchain/usr/bin/swiftc -parse-as-library -module-name AppIconResizerCore -Onone @/Users/admin/builder/spi-builder-workspace/.derivedData/Build/Intermediates.noindex/AppIconResizer.build/Debug-watchos/AppIconResizerCore-t.build/Objects-normal/arm64/AppIconResizerCore.SwiftFileList -DSWIFT_PACKAGE -DDEBUG -DSWIFT_MODULE_RESOURCE_BUNDLE_UNAVAILABLE -DXcode -plugin-path /Applications/Xcode-27.0.0-Release.Candidate.app/Contents/Developer/Toolchains/XcodeDefault.xctoolchain/usr/lib/swift/host/plugins/testing -enable-experimental-feature DebugDescriptionMacro -sdk /Applications/Xcode-27.0.0-Release.Candidate.app/Contents/Developer/Platforms/WatchOS.platform/Developer/SDKs/WatchOS27.0.sdk -target arm64-apple-watchos9.0 -g -module-cache-path /Users/admin/builder/spi-builder-workspace/.derivedData/ModuleCache.noindex -Xfrontend -serialize-debugging-options -profile-coverage-mapping -profile-generate -enable-testing -index-store-path /Users/admin/builder/spi-builder-workspace/.derivedData/Index.noindex/DataStore -Xcc -D_LIBCPP_HARDENING_MODE\=_LIBCPP_HARDENING_MODE_DEBUG -swift-version 5 -I /Users/admin/builder/spi-builder-workspace/.derivedData/Build/Products/Debug-watchos -Isystem /Applications/Xcode-27.0.0-Release.Candidate.app/Contents/Developer/Platforms/WatchOS.platform/Developer/usr/lib -F /Users/admin/builder/spi-builder-workspace/.derivedData/Build/Products/Debug-watchos/PackageFrameworks -F /Users/admin/builder/spi-builder-workspace/.derivedData/Build/Products/Debug-watchos -F /Applications/Xcode-27.0.0-Release.Candidate.app/Contents/Developer/Platforms/WatchOS.platform/Developer/Library/Frameworks -F /Applications/Xcode-27.0.0-Release.Candidate.app/Contents/Developer/Platforms/WatchOS.platform/Developer/SDKs/WatchOS27.0.sdk/Developer/Library/Frameworks -c -j10 -enable-batch-mode -incremental -Xcc -ivfsstatcache -Xcc /Users/admin/builder/spi-builder-workspace/.derivedData/SDKStatCaches.noindex/watchos27.0-24R360-e829b21a6f8c9b70876ba0858053c04477534ef55a1706bf4c1112bbb242f0a2.sdkstatcache -output-file-map /Users/admin/builder/spi-builder-workspace/.derivedData/Build/Intermediates.noindex/AppIconResizer.build/Debug-watchos/AppIconResizerCore-t.build/Objects-normal/arm64/AppIconResizerCore-OutputFileMap.json -save-temps -no-color-diagnostics -explicit-module-build -module-cache-path /Users/admin/builder/spi-builder-workspace/.derivedData/Build/Intermediates.noindex/SwiftExplicitPrecompiledModules -clang-scanner-module-cache-path /Users/admin/builder/spi-builder-workspace/.derivedData/ModuleCache.noindex -sdk-module-cache-path /Users/admin/builder/spi-builder-workspace/.derivedData/SDKExplicitPrecompiledModules -emit-dependencies -emit-module -emit-module-path /Users/admin/builder/spi-builder-workspace/.derivedData/Build/Intermediates.noindex/AppIconResizer.build/Debug-watchos/AppIconResizerCore-t.build/Objects-normal/arm64/AppIconResizerCore.swiftmodule -serialize-diagnostics -dependency-scan-serialize-diagnostics-path /Users/admin/builder/spi-builder-workspace/.derivedData/Build/Intermediates.noindex/AppIconResizer.build/Debug-watchos/AppIconResizerCore-t.build/Objects-normal/arm64/AppIconResizerCore-dependency-scan.dia -validate-clang-modules-once -clang-build-session-file /Users/admin/builder/spi-builder-workspace/.derivedData/ModuleCache.noindex/Session.modulevalidation -Xcc -fmodules-prune-interval\=86400 -Xcc -fmodules-prune-after\=345600 -emit-const-values -const-gather-protocols-list /Users/admin/builder/spi-builder-workspace/.derivedData/Build/Intermediates.noindex/AppIconResizer.build/Debug-watchos/AppIconResizerCore-t.build/Objects-normal/arm64/AppIconResizerCore_const_extract_protocols.json -Xcc -I/Users/admin/builder/spi-builder-workspace/.derivedData/Build/Products/Debug-watchos/include -Xcc -I/Users/admin/builder/spi-builder-workspace/.derivedData/Build/Intermediates.noindex/AppIconResizer.build/Debug-watchos/AppIconResizerCore-t.build/DerivedSources-normal/arm64 -Xcc -I/Users/admin/builder/spi-builder-workspace/.derivedData/Build/Intermediates.noindex/AppIconResizer.build/Debug-watchos/AppIconResizerCore-t.build/DerivedSources/arm64 -Xcc -I/Users/admin/builder/spi-builder-workspace/.derivedData/Build/Intermediates.noindex/AppIconResizer.build/Debug-watchos/AppIconResizerCore-t.build/DerivedSources -Xcc -DSWIFT_PACKAGE -Xcc -DDEBUG\=1 -emit-objc-header -emit-objc-header-path /Users/admin/builder/spi-builder-workspace/.derivedData/Build/Intermediates.noindex/AppIconResizer.build/Debug-watchos/AppIconResizerCore-t.build/Objects-normal/arm64/AppIconResizerCore-Swift.h -working-directory /Users/admin/builder/spi-builder-workspace/.swiftpm/xcode -experimental-emit-module-separately -disable-cmo
/Users/admin/builder/spi-builder-workspace/Sources/AppIconResizerCore/AppIconEntry.swift:1:8: error: Unable to resolve module dependency: 'CoreImage' (in target 'AppIconResizerCore' from project 'AppIconResizer')
    note: A dependency of main module 'AppIconResizerCore'
    /Users/admin/builder/spi-builder-workspace/Sources/AppIconResizerCore/AppIconResizer.swift:2:8: note: Also imported here
    /Users/admin/builder/spi-builder-workspace/Sources/AppIconResizerCore/CGImageExtensions.swift:1:8: note: Also imported here
    /Users/admin/builder/spi-builder-workspace/Sources/AppIconResizerCore/CIImageExtensions.swift:1:8: note: Also imported here
    /Users/admin/builder/spi-builder-workspace/Sources/AppIconResizerCore/Idiom.swift:1:8: note: Also imported here
/Users/admin/builder/spi-builder-workspace/Sources/AppIconResizerCore/AppIconEntry.swift:1:8: note: A dependency of main module 'AppIconResizerCore'
import CoreImage
       ^ (in target 'AppIconResizerCore' from project 'AppIconResizer')
/Users/admin/builder/spi-builder-workspace/Sources/AppIconResizerCore/AppIconResizer.swift:2:8: note: Also imported here
import CoreImage
       ^ (in target 'AppIconResizerCore' from project 'AppIconResizer')
/Users/admin/builder/spi-builder-workspace/Sources/AppIconResizerCore/CGImageExtensions.swift:1:8: note: Also imported here
import CoreImage
       ^ (in target 'AppIconResizerCore' from project 'AppIconResizer')
/Users/admin/builder/spi-builder-workspace/Sources/AppIconResizerCore/CIImageExtensions.swift:1:8: note: Also imported here
import CoreImage
       ^ (in target 'AppIconResizerCore' from project 'AppIconResizer')
/Users/admin/builder/spi-builder-workspace/Sources/AppIconResizerCore/Idiom.swift:1:8: note: Also imported here
import CoreImage
       ^ (in target 'AppIconResizerCore' from project 'AppIconResizer')
SwiftDriverJobDiscovery normal arm64 Compiling CommandType.swift (in target 'Commander' from project 'Commander')
SwiftDriverJobDiscovery normal arm64 Compiling Command.swift (in target 'Commander' from project 'Commander')
SwiftDriverJobDiscovery normal arm64 Compiling ArgumentDescription.swift (in target 'Commander' from project 'Commander')
SwiftDriverJobDiscovery normal arm64 Compiling CommandRunner.swift (in target 'Commander' from project 'Commander')
SwiftDriverJobDiscovery normal arm64 Compiling ArgumentParser.swift (in target 'Commander' from project 'Commander')
SwiftDriverJobDiscovery normal arm64 Compiling ArgumentConvertible.swift (in target 'Commander' from project 'Commander')
SwiftDriverJobDiscovery normal arm64 Compiling Group.swift (in target 'Commander' from project 'Commander')
PruneExplicitPrecompiledModules /Users/admin/builder/spi-builder-workspace/.derivedData/Build/Intermediates.noindex/ExplicitPrecompiledModules
PruneExplicitPrecompiledModules /Users/admin/builder/spi-builder-workspace/.derivedData/Build/Intermediates.noindex/SwiftExplicitPrecompiledModules
PruneExplicitPrecompiledModules /Users/admin/builder/spi-builder-workspace/.derivedData/SDKExplicitPrecompiledModules
2026-09-18 12:28:10.887 xcodebuild[758:4579] [MT] IDERunDestination: Supported platforms for the buildables in the current scheme is empty.
** BUILD FAILED **
The following build commands failed:
	SwiftDriver AppIconResizerCore normal arm64_32 com.apple.xcode.tools.swift.compiler (in target 'AppIconResizerCore' from project 'AppIconResizer')
	SwiftDriver AppIconResizerCore normal arm64 com.apple.xcode.tools.swift.compiler (in target 'AppIconResizerCore' from project 'AppIconResizer')
	Building workspace AppIconResizer with scheme AppIconResizer
(3 failures)
Command line invocation:
    /Applications/Xcode-27.0.0-Release.Candidate.app/Contents/Developer/usr/bin/xcodebuild -IDEClonedSourcePackagesDirPathOverride=/Users/admin/builder/spi-builder-workspace/.dependencies -resolvePackageDependencies
Resolve Package Graph
Resolved source packages:
  AppIconResizer: /Users/admin/builder/spi-builder-workspace
  Commander: https://github.com/kylef/Commander.git @ 0.9.2
  Spectre: https://github.com/kylef/Spectre.git @ 0.10.1
resolved source packages: AppIconResizer, Commander, Spectre
2026-09-18 12:28:17.319 xcodebuild[811:5000] [MT] IDERunDestination: Supported platforms for the buildables in the current scheme is empty.
{
  "dependencies" : [
    {
      "identity" : "commander",
      "requirement" : {
        "range" : [
          {
            "lower_bound" : "0.9.1",
            "upper_bound" : "1.0.0"
          }
        ]
      },
      "type" : "sourceControl",
      "url" : "https://github.com/kylef/Commander.git"
    }
  ],
  "manifest_display_name" : "AppIconResizer",
  "name" : "AppIconResizer",
  "path" : "/Users/admin/builder/spi-builder-workspace",
  "platforms" : [
    {
      "name" : "macos",
      "version" : "10.13"
    }
  ],
  "products" : [
    {
      "name" : "icon-resizer-swift",
      "targets" : [
        "AppIconResizer"
      ],
      "type" : {
        "executable" : null
      }
    }
  ],
  "targets" : [
    {
      "c99name" : "AppIconResizerTests",
      "module_type" : "SwiftTarget",
      "name" : "AppIconResizerTests",
      "path" : "Tests/AppIconResizerTests",
      "product_dependencies" : [
        "Commander"
      ],
      "sources" : [
        "AppIconResizerTests.swift",
        "XCTestManifests.swift"
      ],
      "target_dependencies" : [
        "AppIconResizer"
      ],
      "type" : "test"
    },
    {
      "c99name" : "AppIconResizerCore",
      "module_type" : "SwiftTarget",
      "name" : "AppIconResizerCore",
      "path" : "Sources/AppIconResizerCore",
      "product_dependencies" : [
        "Commander"
      ],
      "product_memberships" : [
        "icon-resizer-swift"
      ],
      "sources" : [
        "AppIconEntry.swift",
        "AppIconResizer.swift",
        "ArrayExtensions.swift",
        "CGImageExtensions.swift",
        "CIImageExtensions.swift",
        "DataExtensions.swift",
        "DoubleExtensions.swift",
        "Idiom.swift",
        "VirtualDevice.swift"
      ],
      "type" : "library"
    },
    {
      "c99name" : "AppIconResizer",
      "module_type" : "SwiftTarget",
      "name" : "AppIconResizer",
      "path" : "Sources/AppIconResizer",
      "product_memberships" : [
        "icon-resizer-swift"
      ],
      "sources" : [
        "main.swift"
      ],
      "target_dependencies" : [
        "AppIconResizerCore"
      ],
      "type" : "executable"
    }
  ],
  "tools_version" : "5.0"
}
{
  "workspace" : {
    "name" : "AppIconResizer",
    "schemes" : [
      "AppIconResizer"
    ]
  }
}
2026-09-18 12:28:18.558 xcodebuild[819:5064] [MT] IDERunDestination: Supported platforms for the buildables in the current scheme is empty.
Running build ...
env DEVELOPER_DIR=/Applications/Xcode-27.0.0-Release.Candidate.app xcrun xcodebuild -IDEClonedSourcePackagesDirPathOverride=$PWD/.dependencies -skipMacroValidation -skipPackagePluginValidation -derivedDataPath $PWD/.derivedData build -scheme AppIconResizer -destination generic/platform=watchOS
Command line invocation:
    /Applications/Xcode-27.0.0-Release.Candidate.app/Contents/Developer/usr/bin/xcodebuild -IDEClonedSourcePackagesDirPathOverride=/Users/admin/builder/spi-builder-workspace/.dependencies -skipMacroValidation -skipPackagePluginValidation -derivedDataPath /Users/admin/builder/spi-builder-workspace/.derivedData build -scheme AppIconResizer -destination generic/platform=watchOS
Resolve Package Graph
Resolved source packages:
  AppIconResizer: /Users/admin/builder/spi-builder-workspace
  Commander: https://github.com/kylef/Commander.git @ 0.9.2
  Spectre: https://github.com/kylef/Spectre.git @ 0.10.1
ComputePackagePrebuildTargetDependencyGraph
Prepare packages
CreateBuildRequest
SendProjectDescription
CreateBuildOperation
ComputeTargetDependencyGraph
note: Building targets in dependency order
note: Target dependency graph (4 targets)
    Target 'icon-resizer-swift-product' in project 'AppIconResizer'
        ➜ Explicit dependency on target 'AppIconResizerCore' in project 'AppIconResizer'
        ➜ Explicit dependency on target 'Commander-product' in project 'Commander'
    Target 'AppIconResizerCore' in project 'AppIconResizer'
        ➜ Explicit dependency on target 'Commander-product' in project 'Commander'
    Target 'Commander-product' in project 'Commander'
        ➜ Explicit dependency on target 'Commander' in project 'Commander'
    Target 'Commander' in project 'Commander' (no dependencies)
GatherProvisioningInputs
CreateBuildDescription
ClangStatCache /Applications/Xcode-27.0.0-Release.Candidate.app/Contents/Developer/Toolchains/XcodeDefault.xctoolchain/usr/bin/clang-stat-cache /Applications/Xcode-27.0.0-Release.Candidate.app/Contents/Developer/Platforms/WatchOS.platform/Developer/SDKs/WatchOS27.0.sdk /Users/admin/builder/spi-builder-workspace/.derivedData/SDKStatCaches.noindex/watchos27.0-24R360-e829b21a6f8c9b70876ba0858053c04477534ef55a1706bf4c1112bbb242f0a2.sdkstatcache
    cd /Users/admin/builder/spi-builder-workspace/.swiftpm/xcode
    /Applications/Xcode-27.0.0-Release.Candidate.app/Contents/Developer/Toolchains/XcodeDefault.xctoolchain/usr/bin/clang-stat-cache /Applications/Xcode-27.0.0-Release.Candidate.app/Contents/Developer/Platforms/WatchOS.platform/Developer/SDKs/WatchOS27.0.sdk -o /Users/admin/builder/spi-builder-workspace/.derivedData/SDKStatCaches.noindex/watchos27.0-24R360-e829b21a6f8c9b70876ba0858053c04477534ef55a1706bf4c1112bbb242f0a2.sdkstatcache
SwiftDriver Commander normal arm64 com.apple.xcode.tools.swift.compiler (in target 'Commander' from project 'Commander')
    cd /Users/admin/builder/spi-builder-workspace/.swiftpm/xcode
    builtin-SwiftDriver -- /Applications/Xcode-27.0.0-Release.Candidate.app/Contents/Developer/Toolchains/XcodeDefault.xctoolchain/usr/bin/swiftc -parse-as-library -module-name Commander -Onone @/Users/admin/builder/spi-builder-workspace/.derivedData/Build/Intermediates.noindex/Commander.build/Debug-watchos/Commander-t.build/Objects-normal/arm64/Commander.SwiftFileList -DSWIFT_PACKAGE -DDEBUG -DSWIFT_MODULE_RESOURCE_BUNDLE_UNAVAILABLE -DXcode -plugin-path /Applications/Xcode-27.0.0-Release.Candidate.app/Contents/Developer/Toolchains/XcodeDefault.xctoolchain/usr/lib/swift/host/plugins/testing -enable-experimental-feature DebugDescriptionMacro -sdk /Applications/Xcode-27.0.0-Release.Candidate.app/Contents/Developer/Platforms/WatchOS.platform/Developer/SDKs/WatchOS27.0.sdk -target arm64-apple-watchos9.0 -g -module-cache-path /Users/admin/builder/spi-builder-workspace/.derivedData/ModuleCache.noindex -Xfrontend -serialize-debugging-options -profile-coverage-mapping -profile-generate -enable-testing -suppress-warnings -index-store-path /Users/admin/builder/spi-builder-workspace/.derivedData/Index.noindex/DataStore -Xcc -D_LIBCPP_HARDENING_MODE\=_LIBCPP_HARDENING_MODE_DEBUG -swift-version 4 -I /Users/admin/builder/spi-builder-workspace/.derivedData/Build/Products/Debug-watchos -Isystem /Applications/Xcode-27.0.0-Release.Candidate.app/Contents/Developer/Platforms/WatchOS.platform/Developer/usr/lib -F /Users/admin/builder/spi-builder-workspace/.derivedData/Build/Products/Debug-watchos -F /Applications/Xcode-27.0.0-Release.Candidate.app/Contents/Developer/Platforms/WatchOS.platform/Developer/Library/Frameworks -F /Applications/Xcode-27.0.0-Release.Candidate.app/Contents/Developer/Platforms/WatchOS.platform/Developer/SDKs/WatchOS27.0.sdk/Developer/Library/Frameworks -c -j10 -enable-batch-mode -incremental -Xcc -ivfsstatcache -Xcc /Users/admin/builder/spi-builder-workspace/.derivedData/SDKStatCaches.noindex/watchos27.0-24R360-e829b21a6f8c9b70876ba0858053c04477534ef55a1706bf4c1112bbb242f0a2.sdkstatcache -output-file-map /Users/admin/builder/spi-builder-workspace/.derivedData/Build/Intermediates.noindex/Commander.build/Debug-watchos/Commander-t.build/Objects-normal/arm64/Commander-OutputFileMap.json -save-temps -no-color-diagnostics -emit-dependencies -emit-module -emit-module-path /Users/admin/builder/spi-builder-workspace/.derivedData/Build/Intermediates.noindex/Commander.build/Debug-watchos/Commander-t.build/Objects-normal/arm64/Commander.swiftmodule -serialize-diagnostics -validate-clang-modules-once -clang-build-session-file /Users/admin/builder/spi-builder-workspace/.derivedData/ModuleCache.noindex/Session.modulevalidation -Xcc -fmodules-prune-interval\=86400 -Xcc -fmodules-prune-after\=345600 -emit-const-values -const-gather-protocols-list /Users/admin/builder/spi-builder-workspace/.derivedData/Build/Intermediates.noindex/Commander.build/Debug-watchos/Commander-t.build/Objects-normal/arm64/Commander_const_extract_protocols.json -Xcc -I/Users/admin/builder/spi-builder-workspace/.derivedData/Build/Products/Debug-watchos/include -Xcc -I/Users/admin/builder/spi-builder-workspace/.derivedData/Build/Intermediates.noindex/Commander.build/Debug-watchos/Commander-t.build/DerivedSources-normal/arm64 -Xcc -I/Users/admin/builder/spi-builder-workspace/.derivedData/Build/Intermediates.noindex/Commander.build/Debug-watchos/Commander-t.build/DerivedSources/arm64 -Xcc -I/Users/admin/builder/spi-builder-workspace/.derivedData/Build/Intermediates.noindex/Commander.build/Debug-watchos/Commander-t.build/DerivedSources -Xcc -DSWIFT_PACKAGE -Xcc -DDEBUG\=1 -emit-objc-header -emit-objc-header-path /Users/admin/builder/spi-builder-workspace/.derivedData/Build/Intermediates.noindex/Commander.build/Debug-watchos/Commander-t.build/Objects-normal/arm64/Commander-Swift.h -working-directory /Users/admin/builder/spi-builder-workspace/.swiftpm/xcode -experimental-emit-module-separately -disable-cmo
SwiftDriver AppIconResizerCore normal arm64 com.apple.xcode.tools.swift.compiler (in target 'AppIconResizerCore' from project 'AppIconResizer')
    cd /Users/admin/builder/spi-builder-workspace/.swiftpm/xcode
    builtin-SwiftDriver -- /Applications/Xcode-27.0.0-Release.Candidate.app/Contents/Developer/Toolchains/XcodeDefault.xctoolchain/usr/bin/swiftc -parse-as-library -module-name AppIconResizerCore -Onone @/Users/admin/builder/spi-builder-workspace/.derivedData/Build/Intermediates.noindex/AppIconResizer.build/Debug-watchos/AppIconResizerCore-t.build/Objects-normal/arm64/AppIconResizerCore.SwiftFileList -DSWIFT_PACKAGE -DDEBUG -DSWIFT_MODULE_RESOURCE_BUNDLE_UNAVAILABLE -DXcode -plugin-path /Applications/Xcode-27.0.0-Release.Candidate.app/Contents/Developer/Toolchains/XcodeDefault.xctoolchain/usr/lib/swift/host/plugins/testing -enable-experimental-feature DebugDescriptionMacro -sdk /Applications/Xcode-27.0.0-Release.Candidate.app/Contents/Developer/Platforms/WatchOS.platform/Developer/SDKs/WatchOS27.0.sdk -target arm64-apple-watchos9.0 -g -module-cache-path /Users/admin/builder/spi-builder-workspace/.derivedData/ModuleCache.noindex -Xfrontend -serialize-debugging-options -profile-coverage-mapping -profile-generate -enable-testing -index-store-path /Users/admin/builder/spi-builder-workspace/.derivedData/Index.noindex/DataStore -Xcc -D_LIBCPP_HARDENING_MODE\=_LIBCPP_HARDENING_MODE_DEBUG -swift-version 5 -I /Users/admin/builder/spi-builder-workspace/.derivedData/Build/Products/Debug-watchos -Isystem /Applications/Xcode-27.0.0-Release.Candidate.app/Contents/Developer/Platforms/WatchOS.platform/Developer/usr/lib -F /Users/admin/builder/spi-builder-workspace/.derivedData/Build/Products/Debug-watchos/PackageFrameworks -F /Users/admin/builder/spi-builder-workspace/.derivedData/Build/Products/Debug-watchos -F /Applications/Xcode-27.0.0-Release.Candidate.app/Contents/Developer/Platforms/WatchOS.platform/Developer/Library/Frameworks -F /Applications/Xcode-27.0.0-Release.Candidate.app/Contents/Developer/Platforms/WatchOS.platform/Developer/SDKs/WatchOS27.0.sdk/Developer/Library/Frameworks -c -j10 -enable-batch-mode -incremental -Xcc -ivfsstatcache -Xcc /Users/admin/builder/spi-builder-workspace/.derivedData/SDKStatCaches.noindex/watchos27.0-24R360-e829b21a6f8c9b70876ba0858053c04477534ef55a1706bf4c1112bbb242f0a2.sdkstatcache -output-file-map /Users/admin/builder/spi-builder-workspace/.derivedData/Build/Intermediates.noindex/AppIconResizer.build/Debug-watchos/AppIconResizerCore-t.build/Objects-normal/arm64/AppIconResizerCore-OutputFileMap.json -save-temps -no-color-diagnostics -explicit-module-build -module-cache-path /Users/admin/builder/spi-builder-workspace/.derivedData/Build/Intermediates.noindex/SwiftExplicitPrecompiledModules -clang-scanner-module-cache-path /Users/admin/builder/spi-builder-workspace/.derivedData/ModuleCache.noindex -sdk-module-cache-path /Users/admin/builder/spi-builder-workspace/.derivedData/SDKExplicitPrecompiledModules -emit-dependencies -emit-module -emit-module-path /Users/admin/builder/spi-builder-workspace/.derivedData/Build/Intermediates.noindex/AppIconResizer.build/Debug-watchos/AppIconResizerCore-t.build/Objects-normal/arm64/AppIconResizerCore.swiftmodule -serialize-diagnostics -dependency-scan-serialize-diagnostics-path /Users/admin/builder/spi-builder-workspace/.derivedData/Build/Intermediates.noindex/AppIconResizer.build/Debug-watchos/AppIconResizerCore-t.build/Objects-normal/arm64/AppIconResizerCore-dependency-scan.dia -validate-clang-modules-once -clang-build-session-file /Users/admin/builder/spi-builder-workspace/.derivedData/ModuleCache.noindex/Session.modulevalidation -Xcc -fmodules-prune-interval\=86400 -Xcc -fmodules-prune-after\=345600 -emit-const-values -const-gather-protocols-list /Users/admin/builder/spi-builder-workspace/.derivedData/Build/Intermediates.noindex/AppIconResizer.build/Debug-watchos/AppIconResizerCore-t.build/Objects-normal/arm64/AppIconResizerCore_const_extract_protocols.json -Xcc -I/Users/admin/builder/spi-builder-workspace/.derivedData/Build/Products/Debug-watchos/include -Xcc -I/Users/admin/builder/spi-builder-workspace/.derivedData/Build/Intermediates.noindex/AppIconResizer.build/Debug-watchos/AppIconResizerCore-t.build/DerivedSources-normal/arm64 -Xcc -I/Users/admin/builder/spi-builder-workspace/.derivedData/Build/Intermediates.noindex/AppIconResizer.build/Debug-watchos/AppIconResizerCore-t.build/DerivedSources/arm64 -Xcc -I/Users/admin/builder/spi-builder-workspace/.derivedData/Build/Intermediates.noindex/AppIconResizer.build/Debug-watchos/AppIconResizerCore-t.build/DerivedSources -Xcc -DSWIFT_PACKAGE -Xcc -DDEBUG\=1 -emit-objc-header -emit-objc-header-path /Users/admin/builder/spi-builder-workspace/.derivedData/Build/Intermediates.noindex/AppIconResizer.build/Debug-watchos/AppIconResizerCore-t.build/Objects-normal/arm64/AppIconResizerCore-Swift.h -working-directory /Users/admin/builder/spi-builder-workspace/.swiftpm/xcode -experimental-emit-module-separately -disable-cmo
/Users/admin/builder/spi-builder-workspace/Sources/AppIconResizerCore/AppIconEntry.swift:1:8: error: Unable to resolve module dependency: 'CoreImage' (in target 'AppIconResizerCore' from project 'AppIconResizer')
    note: A dependency of main module 'AppIconResizerCore'
    /Users/admin/builder/spi-builder-workspace/Sources/AppIconResizerCore/AppIconResizer.swift:2:8: note: Also imported here
    /Users/admin/builder/spi-builder-workspace/Sources/AppIconResizerCore/CGImageExtensions.swift:1:8: note: Also imported here
    /Users/admin/builder/spi-builder-workspace/Sources/AppIconResizerCore/CIImageExtensions.swift:1:8: note: Also imported here
    /Users/admin/builder/spi-builder-workspace/Sources/AppIconResizerCore/Idiom.swift:1:8: note: Also imported here
/Users/admin/builder/spi-builder-workspace/Sources/AppIconResizerCore/AppIconEntry.swift:1:8: note: A dependency of main module 'AppIconResizerCore'
import CoreImage
       ^ (in target 'AppIconResizerCore' from project 'AppIconResizer')
/Users/admin/builder/spi-builder-workspace/Sources/AppIconResizerCore/AppIconResizer.swift:2:8: note: Also imported here
import CoreImage
       ^ (in target 'AppIconResizerCore' from project 'AppIconResizer')
/Users/admin/builder/spi-builder-workspace/Sources/AppIconResizerCore/CGImageExtensions.swift:1:8: note: Also imported here
import CoreImage
       ^ (in target 'AppIconResizerCore' from project 'AppIconResizer')
/Users/admin/builder/spi-builder-workspace/Sources/AppIconResizerCore/CIImageExtensions.swift:1:8: note: Also imported here
import CoreImage
       ^ (in target 'AppIconResizerCore' from project 'AppIconResizer')
/Users/admin/builder/spi-builder-workspace/Sources/AppIconResizerCore/Idiom.swift:1:8: note: Also imported here
import CoreImage
       ^ (in target 'AppIconResizerCore' from project 'AppIconResizer')
SwiftDriver AppIconResizerCore normal arm64_32 com.apple.xcode.tools.swift.compiler (in target 'AppIconResizerCore' from project 'AppIconResizer')
    cd /Users/admin/builder/spi-builder-workspace/.swiftpm/xcode
    builtin-SwiftDriver -- /Applications/Xcode-27.0.0-Release.Candidate.app/Contents/Developer/Toolchains/XcodeDefault.xctoolchain/usr/bin/swiftc -parse-as-library -module-name AppIconResizerCore -Onone @/Users/admin/builder/spi-builder-workspace/.derivedData/Build/Intermediates.noindex/AppIconResizer.build/Debug-watchos/AppIconResizerCore-t.build/Objects-normal/arm64_32/AppIconResizerCore.SwiftFileList -DSWIFT_PACKAGE -DDEBUG -DSWIFT_MODULE_RESOURCE_BUNDLE_UNAVAILABLE -DXcode -plugin-path /Applications/Xcode-27.0.0-Release.Candidate.app/Contents/Developer/Toolchains/XcodeDefault.xctoolchain/usr/lib/swift/host/plugins/testing -enable-experimental-feature DebugDescriptionMacro -sdk /Applications/Xcode-27.0.0-Release.Candidate.app/Contents/Developer/Platforms/WatchOS.platform/Developer/SDKs/WatchOS27.0.sdk -target arm64_32-apple-watchos9.0 -g -module-cache-path /Users/admin/builder/spi-builder-workspace/.derivedData/ModuleCache.noindex -Xfrontend -serialize-debugging-options -profile-coverage-mapping -profile-generate -enable-testing -index-store-path /Users/admin/builder/spi-builder-workspace/.derivedData/Index.noindex/DataStore -Xcc -D_LIBCPP_HARDENING_MODE\=_LIBCPP_HARDENING_MODE_DEBUG -swift-version 5 -I /Users/admin/builder/spi-builder-workspace/.derivedData/Build/Products/Debug-watchos -Isystem /Applications/Xcode-27.0.0-Release.Candidate.app/Contents/Developer/Platforms/WatchOS.platform/Developer/usr/lib -F /Users/admin/builder/spi-builder-workspace/.derivedData/Build/Products/Debug-watchos/PackageFrameworks -F /Users/admin/builder/spi-builder-workspace/.derivedData/Build/Products/Debug-watchos -F /Applications/Xcode-27.0.0-Release.Candidate.app/Contents/Developer/Platforms/WatchOS.platform/Developer/Library/Frameworks -F /Applications/Xcode-27.0.0-Release.Candidate.app/Contents/Developer/Platforms/WatchOS.platform/Developer/SDKs/WatchOS27.0.sdk/Developer/Library/Frameworks -c -j10 -enable-batch-mode -incremental -Xcc -ivfsstatcache -Xcc /Users/admin/builder/spi-builder-workspace/.derivedData/SDKStatCaches.noindex/watchos27.0-24R360-e829b21a6f8c9b70876ba0858053c04477534ef55a1706bf4c1112bbb242f0a2.sdkstatcache -output-file-map /Users/admin/builder/spi-builder-workspace/.derivedData/Build/Intermediates.noindex/AppIconResizer.build/Debug-watchos/AppIconResizerCore-t.build/Objects-normal/arm64_32/AppIconResizerCore-OutputFileMap.json -save-temps -no-color-diagnostics -explicit-module-build -module-cache-path /Users/admin/builder/spi-builder-workspace/.derivedData/Build/Intermediates.noindex/SwiftExplicitPrecompiledModules -clang-scanner-module-cache-path /Users/admin/builder/spi-builder-workspace/.derivedData/ModuleCache.noindex -sdk-module-cache-path /Users/admin/builder/spi-builder-workspace/.derivedData/SDKExplicitPrecompiledModules -emit-dependencies -emit-module -emit-module-path /Users/admin/builder/spi-builder-workspace/.derivedData/Build/Intermediates.noindex/AppIconResizer.build/Debug-watchos/AppIconResizerCore-t.build/Objects-normal/arm64_32/AppIconResizerCore.swiftmodule -serialize-diagnostics -dependency-scan-serialize-diagnostics-path /Users/admin/builder/spi-builder-workspace/.derivedData/Build/Intermediates.noindex/AppIconResizer.build/Debug-watchos/AppIconResizerCore-t.build/Objects-normal/arm64_32/AppIconResizerCore-dependency-scan.dia -validate-clang-modules-once -clang-build-session-file /Users/admin/builder/spi-builder-workspace/.derivedData/ModuleCache.noindex/Session.modulevalidation -Xcc -fmodules-prune-interval\=86400 -Xcc -fmodules-prune-after\=345600 -emit-const-values -const-gather-protocols-list /Users/admin/builder/spi-builder-workspace/.derivedData/Build/Intermediates.noindex/AppIconResizer.build/Debug-watchos/AppIconResizerCore-t.build/Objects-normal/arm64_32/AppIconResizerCore_const_extract_protocols.json -Xcc -I/Users/admin/builder/spi-builder-workspace/.derivedData/Build/Products/Debug-watchos/include -Xcc -I/Users/admin/builder/spi-builder-workspace/.derivedData/Build/Intermediates.noindex/AppIconResizer.build/Debug-watchos/AppIconResizerCore-t.build/DerivedSources-normal/arm64_32 -Xcc -I/Users/admin/builder/spi-builder-workspace/.derivedData/Build/Intermediates.noindex/AppIconResizer.build/Debug-watchos/AppIconResizerCore-t.build/DerivedSources/arm64_32 -Xcc -I/Users/admin/builder/spi-builder-workspace/.derivedData/Build/Intermediates.noindex/AppIconResizer.build/Debug-watchos/AppIconResizerCore-t.build/DerivedSources -Xcc -DSWIFT_PACKAGE -Xcc -DDEBUG\=1 -emit-objc-header -emit-objc-header-path /Users/admin/builder/spi-builder-workspace/.derivedData/Build/Intermediates.noindex/AppIconResizer.build/Debug-watchos/AppIconResizerCore-t.build/Objects-normal/arm64_32/AppIconResizerCore-Swift.h -working-directory /Users/admin/builder/spi-builder-workspace/.swiftpm/xcode -experimental-emit-module-separately -disable-cmo
/Users/admin/builder/spi-builder-workspace/Sources/AppIconResizerCore/AppIconEntry.swift:1:8: error: Unable to resolve module dependency: 'CoreImage' (in target 'AppIconResizerCore' from project 'AppIconResizer')
    note: A dependency of main module 'AppIconResizerCore'
    /Users/admin/builder/spi-builder-workspace/Sources/AppIconResizerCore/AppIconResizer.swift:2:8: note: Also imported here
    /Users/admin/builder/spi-builder-workspace/Sources/AppIconResizerCore/CGImageExtensions.swift:1:8: note: Also imported here
    /Users/admin/builder/spi-builder-workspace/Sources/AppIconResizerCore/CIImageExtensions.swift:1:8: note: Also imported here
    /Users/admin/builder/spi-builder-workspace/Sources/AppIconResizerCore/Idiom.swift:1:8: note: Also imported here
/Users/admin/builder/spi-builder-workspace/Sources/AppIconResizerCore/AppIconEntry.swift:1:8: note: A dependency of main module 'AppIconResizerCore'
import CoreImage
       ^ (in target 'AppIconResizerCore' from project 'AppIconResizer')
/Users/admin/builder/spi-builder-workspace/Sources/AppIconResizerCore/AppIconResizer.swift:2:8: note: Also imported here
import CoreImage
       ^ (in target 'AppIconResizerCore' from project 'AppIconResizer')
/Users/admin/builder/spi-builder-workspace/Sources/AppIconResizerCore/CGImageExtensions.swift:1:8: note: Also imported here
import CoreImage
       ^ (in target 'AppIconResizerCore' from project 'AppIconResizer')
/Users/admin/builder/spi-builder-workspace/Sources/AppIconResizerCore/CIImageExtensions.swift:1:8: note: Also imported here
import CoreImage
       ^ (in target 'AppIconResizerCore' from project 'AppIconResizer')
/Users/admin/builder/spi-builder-workspace/Sources/AppIconResizerCore/Idiom.swift:1:8: note: Also imported here
import CoreImage
       ^ (in target 'AppIconResizerCore' from project 'AppIconResizer')
SwiftEmitModule normal arm64 Emitting\ module\ for\ Commander (in target 'Commander' from project 'Commander')
SwiftCompile normal arm64 (in target 'Commander' from project 'Commander')
    cd /Users/admin/builder/spi-builder-workspace/.swiftpm/xcode

SwiftCompile normal arm64 Compiling\ Error.swift /Users/admin/builder/spi-builder-workspace/.dependencies/checkouts/Commander/Sources/Commander/Error.swift (in target 'Commander' from project 'Commander')
SwiftCompile normal arm64 /Users/admin/builder/spi-builder-workspace/.dependencies/checkouts/Commander/Sources/Commander/Error.swift (in target 'Commander' from project 'Commander')
    cd /Users/admin/builder/spi-builder-workspace/.swiftpm/xcode
    builtin-SwiftPerFileCompile Error.swift
SwiftCompile normal arm64 Compiling\ Commands.swift /Users/admin/builder/spi-builder-workspace/.dependencies/checkouts/Commander/Sources/Commander/Commands.swift (in target 'Commander' from project 'Commander')
SwiftCompile normal arm64 /Users/admin/builder/spi-builder-workspace/.dependencies/checkouts/Commander/Sources/Commander/Commands.swift (in target 'Commander' from project 'Commander')
    cd /Users/admin/builder/spi-builder-workspace/.swiftpm/xcode
    builtin-SwiftPerFileCompile Commands.swift
PruneExplicitPrecompiledModules /Users/admin/builder/spi-builder-workspace/.derivedData/SDKExplicitPrecompiledModules
PruneExplicitPrecompiledModules /Users/admin/builder/spi-builder-workspace/.derivedData/Build/Intermediates.noindex/ExplicitPrecompiledModules
PruneExplicitPrecompiledModules /Users/admin/builder/spi-builder-workspace/.derivedData/Build/Intermediates.noindex/SwiftExplicitPrecompiledModules
2026-09-18 12:28:19.557 xcodebuild[820:5091] [MT] IDERunDestination: Supported platforms for the buildables in the current scheme is empty.
** BUILD FAILED **
The following build commands failed:
	SwiftDriver AppIconResizerCore normal arm64 com.apple.xcode.tools.swift.compiler (in target 'AppIconResizerCore' from project 'AppIconResizer')
	SwiftDriver AppIconResizerCore normal arm64_32 com.apple.xcode.tools.swift.compiler (in target 'AppIconResizerCore' from project 'AppIconResizer')
	Building workspace AppIconResizer with scheme AppIconResizer
(3 failures)
BUILD FAILURE 6.4 watchOS