The Swift Package Index logo.Swift Package Index

Build Information

Failed to build SpeziFHIR, reference main (b304ec), with Swift 6.4 for watchOS using Xcode 27.0 on 23 Sep 2026 20:23:10 UTC.

Build Command

env DEVELOPER_DIR=/Applications/Xcode-27.0.0-Release.Candidate.app xcrun xcodebuild -IDEClonedSourcePackagesDirPathOverride=$PWD/.dependencies -skipMacroValidation -skipPackagePluginValidation -derivedDataPath $PWD/.derivedData build -scheme SpeziFHIR-Package -destination generic/platform=watchOS

Build Log

SwiftDriver AsyncAlgorithms normal arm64 com.apple.xcode.tools.swift.compiler (in target 'AsyncAlgorithms' from project 'swift-async-algorithms')
    cd /Users/admin/builder/spi-builder-workspace/.swiftpm/xcode
    builtin-SwiftDriver -- /Applications/Xcode-27.0.0-Release.Candidate.app/Contents/Developer/Toolchains/XcodeDefault.xctoolchain/usr/bin/swiftc -parse-as-library -module-name AsyncAlgorithms -Onone @/Users/admin/builder/spi-builder-workspace/.derivedData/Build/Intermediates.noindex/swift-async-algorithms.build/Debug-watchos/AsyncAlgorithms-t.build/Objects-normal/arm64/AsyncAlgorithms.SwiftFileList -DSWIFT_PACKAGE -DDEBUG -DSWIFT_MODULE_RESOURCE_BUNDLE_UNAVAILABLE -DXcode -enable-experimental-feature AvailabilityMacro\=AsyncAlgorithms\ 1.0:macOS\ 10.15,\ iOS\ 13.0,\ tvOS\ 13.0,\ watchOS\ 6.0 -enable-experimental-feature AvailabilityMacro\=AsyncAlgorithms\ 1.1:macOS\ 15.0,\ iOS\ 18.0,\ tvOS\ 18.0,\ watchOS\ 11.0,\ visionOS\ 2.0 -enable-experimental-feature AvailabilityMacro\=AsyncAlgorithms\ 1.2:macOS\ 15.0,\ iOS\ 18.0,\ tvOS\ 18.0,\ watchOS\ 11.0,\ visionOS\ 2.0 -enable-experimental-feature AvailabilityMacro\=AsyncAlgorithms\ 1.3:macOS\ 15.0,\ iOS\ 18.0,\ tvOS\ 18.0,\ watchOS\ 11.0,\ visionOS\ 2.0 -enable-experimental-feature StrictConcurrency\=complete -plugin-path /Applications/Xcode-27.0.0-Release.Candidate.app/Contents/Developer/Toolchains/XcodeDefault.xctoolchain/usr/lib/swift/host/plugins/testing -enable-experimental-feature DebugDescriptionMacro -sdk /Applications/Xcode-27.0.0-Release.Candidate.app/Contents/Developer/Platforms/WatchOS.platform/Developer/SDKs/WatchOS27.0.sdk -target arm64-apple-watchos9.0 -g -module-cache-path /Users/admin/builder/spi-builder-workspace/.derivedData/ModuleCache.noindex -Xfrontend -serialize-debugging-options -profile-coverage-mapping -profile-generate -enable-testing -suppress-warnings -index-store-path /Users/admin/builder/spi-builder-workspace/.derivedData/Index.noindex/DataStore -Xcc -D_LIBCPP_HARDENING_MODE\=_LIBCPP_HARDENING_MODE_DEBUG -swift-version 6 -I /Users/admin/builder/spi-builder-workspace/.derivedData/Build/Products/Debug-watchos -Isystem /Applications/Xcode-27.0.0-Release.Candidate.app/Contents/Developer/Platforms/WatchOS.platform/Developer/usr/lib -F /Users/admin/builder/spi-builder-workspace/.derivedData/Build/Products/Debug-watchos/PackageFrameworks -F /Users/admin/builder/spi-builder-workspace/.derivedData/Build/Products/Debug-watchos -F /Applications/Xcode-27.0.0-Release.Candidate.app/Contents/Developer/Platforms/WatchOS.platform/Developer/Library/Frameworks -F /Applications/Xcode-27.0.0-Release.Candidate.app/Contents/Developer/Platforms/WatchOS.platform/Developer/SDKs/WatchOS27.0.sdk/Developer/Library/Frameworks -c -j10 -enable-batch-mode -incremental -Xcc -ivfsstatcache -Xcc /Users/admin/builder/spi-builder-workspace/.derivedData/SDKStatCaches.noindex/watchos27.0-24R360-e829b21a6f8c9b70876ba0858053c04477534ef55a1706bf4c1112bbb242f0a2.sdkstatcache -output-file-map /Users/admin/builder/spi-builder-workspace/.derivedData/Build/Intermediates.noindex/swift-async-algorithms.build/Debug-watchos/AsyncAlgorithms-t.build/Objects-normal/arm64/AsyncAlgorithms-OutputFileMap.json -save-temps -no-color-diagnostics -explicit-module-build -module-cache-path /Users/admin/builder/spi-builder-workspace/.derivedData/Build/Intermediates.noindex/SwiftExplicitPrecompiledModules -clang-scanner-module-cache-path /Users/admin/builder/spi-builder-workspace/.derivedData/ModuleCache.noindex -sdk-module-cache-path /Users/admin/builder/spi-builder-workspace/.derivedData/SDKExplicitPrecompiledModules -emit-dependencies -emit-module -emit-module-path /Users/admin/builder/spi-builder-workspace/.derivedData/Build/Intermediates.noindex/swift-async-algorithms.build/Debug-watchos/AsyncAlgorithms-t.build/Objects-normal/arm64/AsyncAlgorithms.swiftmodule -serialize-diagnostics -dependency-scan-serialize-diagnostics-path /Users/admin/builder/spi-builder-workspace/.derivedData/Build/Intermediates.noindex/swift-async-algorithms.build/Debug-watchos/AsyncAlgorithms-t.build/Objects-normal/arm64/AsyncAlgorithms-dependency-scan.dia -user-module-version 1.1.5 -validate-clang-modules-once -clang-build-session-file /Users/admin/builder/spi-builder-workspace/.derivedData/ModuleCache.noindex/Session.modulevalidation -Xcc -fmodules-prune-interval\=86400 -Xcc -fmodules-prune-after\=345600 -package-name swift_async_algorithms -emit-const-values -const-gather-protocols-list /Users/admin/builder/spi-builder-workspace/.derivedData/Build/Intermediates.noindex/swift-async-algorithms.build/Debug-watchos/AsyncAlgorithms-t.build/Objects-normal/arm64/AsyncAlgorithms_const_extract_protocols.json -Xcc -I/Users/admin/builder/spi-builder-workspace/.derivedData/Build/Products/Debug-watchos/include -Xcc -I/Users/admin/builder/spi-builder-workspace/.derivedData/Build/Intermediates.noindex/swift-async-algorithms.build/Debug-watchos/AsyncAlgorithms-t.build/DerivedSources-normal/arm64 -Xcc -I/Users/admin/builder/spi-builder-workspace/.derivedData/Build/Intermediates.noindex/swift-async-algorithms.build/Debug-watchos/AsyncAlgorithms-t.build/DerivedSources/arm64 -Xcc -I/Users/admin/builder/spi-builder-workspace/.derivedData/Build/Intermediates.noindex/swift-async-algorithms.build/Debug-watchos/AsyncAlgorithms-t.build/DerivedSources -Xcc -DSWIFT_PACKAGE -Xcc -DDEBUG\=1 -emit-objc-header -emit-objc-header-path /Users/admin/builder/spi-builder-workspace/.derivedData/Build/Intermediates.noindex/swift-async-algorithms.build/Debug-watchos/AsyncAlgorithms-t.build/Objects-normal/arm64/AsyncAlgorithms-Swift.h -working-directory /Users/admin/builder/spi-builder-workspace/.swiftpm/xcode -experimental-emit-module-separately -disable-cmo
SwiftEmitModule normal arm64 Emitting\ module\ for\ HealthKitOnFHIR (in target 'HealthKitOnFHIR' from project 'HealthKitOnFHIR')
/Users/admin/builder/spi-builder-workspace/.dependencies/checkouts/HealthKitOnFHIR/Sources/HealthKitOnFHIR/FHIR Extensions/Observation+Dates.swift:19:13: error: cannot assign to property: 'self' is immutable
15 |     /// Sets the `Observation`'s effective date.
16 |     @inlinable
17 |     public func setEffective(startDate: Date, endDate: Date, timeZone: TimeZone) throws {
   |            `- note: mark method 'mutating' to make 'self' mutable
18 |         if startDate == endDate {
19 |             effective = .dateTime(FHIRPrimitive(try DateTime(date: startDate, timeZone: timeZone)))
   |             `- error: cannot assign to property: 'self' is immutable
20 |         } else {
21 |             effective = .period(Period(
/Users/admin/builder/spi-builder-workspace/.dependencies/checkouts/HealthKitOnFHIR/Sources/HealthKitOnFHIR/FHIR Extensions/Observation+Dates.swift:21:13: error: cannot assign to property: 'self' is immutable
15 |     /// Sets the `Observation`'s effective date.
16 |     @inlinable
17 |     public func setEffective(startDate: Date, endDate: Date, timeZone: TimeZone) throws {
   |            `- note: mark method 'mutating' to make 'self' mutable
18 |         if startDate == endDate {
19 |             effective = .dateTime(FHIRPrimitive(try DateTime(date: startDate, timeZone: timeZone)))
20 |         } else {
21 |             effective = .period(Period(
   |             `- error: cannot assign to property: 'self' is immutable
22 |                 end: FHIRPrimitive(try DateTime(date: endDate, timeZone: timeZone)),
23 |                 start: FHIRPrimitive(try DateTime(date: startDate, timeZone: timeZone))
/Users/admin/builder/spi-builder-workspace/.dependencies/checkouts/HealthKitOnFHIR/Sources/HealthKitOnFHIR/FHIR Extensions/Observation+Dates.swift:31:9: error: cannot assign to property: 'self' is immutable
28 |     /// Sets the `Observation`'s issued date.
29 |     @inlinable
30 |     public func setIssued(on date: Date) throws {
   |            `- note: mark method 'mutating' to make 'self' mutable
31 |         issued = FHIRPrimitive(try Instant(date: date))
   |         `- error: cannot assign to property: 'self' is immutable
32 |     }
33 | }
/Users/admin/builder/spi-builder-workspace/.dependencies/checkouts/HealthKitOnFHIR/Sources/HealthKitOnFHIR/FHIR Extensions/Resource+Collections.swift:73:1: error: extension of protocol 'Element' cannot declare inheritance relationship
 71 | }
 72 |
 73 | extension ModelsR4.Element: FHIRTypeWithExtensions {}
    | `- error: extension of protocol 'Element' cannot declare inheritance relationship
 74 | extension ModelsR4.DomainResource: FHIRTypeWithExtensions {}
 75 |
/Users/admin/builder/spi-builder-workspace/.dependencies/checkouts/HealthKitOnFHIR/Sources/HealthKitOnFHIR/FHIR Extensions/Resource+Collections.swift:74:1: error: extension of protocol 'DomainResource' cannot declare inheritance relationship
 72 |
 73 | extension ModelsR4.Element: FHIRTypeWithExtensions {}
 74 | extension ModelsR4.DomainResource: FHIRTypeWithExtensions {}
    | `- error: extension of protocol 'DomainResource' cannot declare inheritance relationship
 75 |
 76 |
/Users/admin/builder/spi-builder-workspace/.dependencies/checkouts/HealthKitOnFHIR/Sources/HealthKitOnFHIR/FHIR Extensions/Resource+Collections.swift:19:9: error: cannot find 'appendElement' in scope
 17 |     @inlinable
 18 |     public func appendIdentifier(_ identifier: Identifier) {
 19 |         appendElement(identifier, to: \.identifier)
    |         `- error: cannot find 'appendElement' in scope
 20 |     }
 21 |
/Users/admin/builder/spi-builder-workspace/.dependencies/checkouts/HealthKitOnFHIR/Sources/HealthKitOnFHIR/FHIR Extensions/Resource+Collections.swift:19:39: error: cannot infer key path type from context; consider explicitly specifying a root type
 17 |     @inlinable
 18 |     public func appendIdentifier(_ identifier: Identifier) {
 19 |         appendElement(identifier, to: \.identifier)
    |                                       `- error: cannot infer key path type from context; consider explicitly specifying a root type
 20 |     }
 21 |
/Users/admin/builder/spi-builder-workspace/.dependencies/checkouts/HealthKitOnFHIR/Sources/HealthKitOnFHIR/FHIR Extensions/Resource+Collections.swift:25:9: error: cannot find 'appendElements' in scope
 23 |     @inlinable
 24 |     public func appendIdentifiers(_ identifiers: some Collection<Identifier>) {
 25 |         appendElements(identifiers, to: \.identifier)
    |         `- error: cannot find 'appendElements' in scope
 26 |     }
 27 |
/Users/admin/builder/spi-builder-workspace/.dependencies/checkouts/HealthKitOnFHIR/Sources/HealthKitOnFHIR/FHIR Extensions/Resource+Collections.swift:25:41: error: cannot infer key path type from context; consider explicitly specifying a root type
 23 |     @inlinable
 24 |     public func appendIdentifiers(_ identifiers: some Collection<Identifier>) {
 25 |         appendElements(identifiers, to: \.identifier)
    |                                         `- error: cannot infer key path type from context; consider explicitly specifying a root type
 26 |     }
 27 |
/Users/admin/builder/spi-builder-workspace/.dependencies/checkouts/HealthKitOnFHIR/Sources/HealthKitOnFHIR/FHIR Extensions/Resource+Collections.swift:31:9: error: cannot find 'appendElement' in scope
 29 |     @inlinable
 30 |     public func appendCategory(_ category: CodeableConcept) {
 31 |         appendElement(category, to: \.category)
    |         `- error: cannot find 'appendElement' in scope
 32 |     }
 33 |
/Users/admin/builder/spi-builder-workspace/.dependencies/checkouts/HealthKitOnFHIR/Sources/HealthKitOnFHIR/FHIR Extensions/Resource+Collections.swift:31:37: error: cannot infer key path type from context; consider explicitly specifying a root type
 29 |     @inlinable
 30 |     public func appendCategory(_ category: CodeableConcept) {
 31 |         appendElement(category, to: \.category)
    |                                     `- error: cannot infer key path type from context; consider explicitly specifying a root type
 32 |     }
 33 |
/Users/admin/builder/spi-builder-workspace/.dependencies/checkouts/HealthKitOnFHIR/Sources/HealthKitOnFHIR/FHIR Extensions/Resource+Collections.swift:37:9: error: cannot find 'appendElements' in scope
 35 |     @inlinable
 36 |     public func appendCategories(_ categories: some Collection<CodeableConcept>) {
 37 |         appendElements(categories, to: \.category)
    |         `- error: cannot find 'appendElements' in scope
 38 |     }
 39 |
/Users/admin/builder/spi-builder-workspace/.dependencies/checkouts/HealthKitOnFHIR/Sources/HealthKitOnFHIR/FHIR Extensions/Resource+Collections.swift:37:40: error: cannot infer key path type from context; consider explicitly specifying a root type
 35 |     @inlinable
 36 |     public func appendCategories(_ categories: some Collection<CodeableConcept>) {
 37 |         appendElements(categories, to: \.category)
    |                                        `- error: cannot infer key path type from context; consider explicitly specifying a root type
 38 |     }
 39 |
/Users/admin/builder/spi-builder-workspace/.dependencies/checkouts/HealthKitOnFHIR/Sources/HealthKitOnFHIR/FHIR Extensions/Resource+Collections.swift:43:9: error: cannot find 'appendElement' in scope
 41 |     @inlinable
 42 |     public func appendCoding(_ coding: Coding) {
 43 |         appendElement(coding, to: \.code.coding)
    |         `- error: cannot find 'appendElement' in scope
 44 |     }
 45 |
/Users/admin/builder/spi-builder-workspace/.dependencies/checkouts/HealthKitOnFHIR/Sources/HealthKitOnFHIR/FHIR Extensions/Resource+Collections.swift:43:35: error: cannot infer key path type from context; consider explicitly specifying a root type
 41 |     @inlinable
 42 |     public func appendCoding(_ coding: Coding) {
 43 |         appendElement(coding, to: \.code.coding)
    |                                   `- error: cannot infer key path type from context; consider explicitly specifying a root type
 44 |     }
 45 |
/Users/admin/builder/spi-builder-workspace/.dependencies/checkouts/HealthKitOnFHIR/Sources/HealthKitOnFHIR/FHIR Extensions/Resource+Collections.swift:49:9: error: cannot find 'appendElements' in scope
 47 |     @inlinable
 48 |     public func appendCodings(_ codings: some Collection<Coding>) {
 49 |         appendElements(codings, to: \.code.coding)
    |         `- error: cannot find 'appendElements' in scope
 50 |     }
 51 |
/Users/admin/builder/spi-builder-workspace/.dependencies/checkouts/HealthKitOnFHIR/Sources/HealthKitOnFHIR/FHIR Extensions/Resource+Collections.swift:49:37: error: cannot infer key path type from context; consider explicitly specifying a root type
 47 |     @inlinable
 48 |     public func appendCodings(_ codings: some Collection<Coding>) {
 49 |         appendElements(codings, to: \.code.coding)
    |                                     `- error: cannot infer key path type from context; consider explicitly specifying a root type
 50 |     }
 51 |
/Users/admin/builder/spi-builder-workspace/.dependencies/checkouts/HealthKitOnFHIR/Sources/HealthKitOnFHIR/FHIR Extensions/Resource+Collections.swift:55:9: error: cannot find 'appendElement' in scope
 53 |     @inlinable
 54 |     public func appendComponent(_ component: ObservationComponent) {
 55 |         appendElement(component, to: \.component)
    |         `- error: cannot find 'appendElement' in scope
 56 |     }
 57 |
/Users/admin/builder/spi-builder-workspace/.dependencies/checkouts/HealthKitOnFHIR/Sources/HealthKitOnFHIR/FHIR Extensions/Resource+Collections.swift:55:38: error: cannot infer key path type from context; consider explicitly specifying a root type
 53 |     @inlinable
 54 |     public func appendComponent(_ component: ObservationComponent) {
 55 |         appendElement(component, to: \.component)
    |                                      `- error: cannot infer key path type from context; consider explicitly specifying a root type
 56 |     }
 57 |
/Users/admin/builder/spi-builder-workspace/.dependencies/checkouts/HealthKitOnFHIR/Sources/HealthKitOnFHIR/FHIR Extensions/Resource+Collections.swift:61:9: error: cannot find 'appendElements' in scope
 59 |     @inlinable
 60 |     public func appendComponents(_ components: some Collection<ObservationComponent>) {
 61 |         appendElements(components, to: \.component)
    |         `- error: cannot find 'appendElements' in scope
 62 |     }
 63 | }
/Users/admin/builder/spi-builder-workspace/.dependencies/checkouts/HealthKitOnFHIR/Sources/HealthKitOnFHIR/FHIR Extensions/Resource+Collections.swift:61:40: error: cannot infer key path type from context; consider explicitly specifying a root type
 59 |     @inlinable
 60 |     public func appendComponents(_ components: some Collection<ObservationComponent>) {
 61 |         appendElements(components, to: \.component)
    |                                        `- error: cannot infer key path type from context; consider explicitly specifying a root type
 62 |     }
 63 | }
/Users/admin/builder/spi-builder-workspace/.dependencies/checkouts/HealthKitOnFHIR/Sources/HealthKitOnFHIR/FHIR Extensions/Resource+Mutation.swift:19:20: error: no type named 'FHIRAbstractResource' in module 'ModelsR4'
17 | public protocol FHIRResourceMutationExtensions {}
18 |
19 | extension ModelsR4.FHIRAbstractResource: FHIRResourceMutationExtensions {}
   |                    `- error: no type named 'FHIRAbstractResource' in module 'ModelsR4'
20 | extension ModelsR4.Element: FHIRResourceMutationExtensions {}
21 |
/Users/admin/builder/spi-builder-workspace/.dependencies/checkouts/HealthKitOnFHIR/Sources/HealthKitOnFHIR/FHIR Extensions/Resource+Mutation.swift:20:1: error: extension of protocol 'Element' cannot declare inheritance relationship
18 |
19 | extension ModelsR4.FHIRAbstractResource: FHIRResourceMutationExtensions {}
20 | extension ModelsR4.Element: FHIRResourceMutationExtensions {}
   | `- error: extension of protocol 'Element' cannot declare inheritance relationship
21 |
22 |
Failed frontend command:
/Applications/Xcode-27.0.0-Release.Candidate.app/Contents/Developer/Toolchains/XcodeDefault.xctoolchain/usr/bin/swift-frontend -frontend -emit-module -experimental-skip-non-inlinable-function-bodies-without-types /Users/admin/builder/spi-builder-workspace/.derivedData/Build/Intermediates.noindex/HealthKitOnFHIR.build/Debug-watchos/HealthKitOnFHIR-t.build/DerivedSources/resource_bundle_accessor.swift /Users/admin/builder/spi-builder-workspace/.dependencies/checkouts/HealthKitOnFHIR/Sources/HealthKitOnFHIR/FHIR\ Extensions/FHIR\ Extension\ Builder/FHIRExtensionBuilder+AbsoluteTimeRange.swift /Users/admin/builder/spi-builder-workspace/.dependencies/checkouts/HealthKitOnFHIR/Sources/HealthKitOnFHIR/FHIR\ Extensions/FHIR\ Extension\ Builder/FHIRExtensionBuilder+Metadata.swift /Users/admin/builder/spi-builder-workspace/.dependencies/checkouts/HealthKitOnFHIR/Sources/HealthKitOnFHIR/FHIR\ Extensions/FHIR\ Extension\ Builder/FHIRExtensionBuilder+Source.swift /Users/admin/builder/spi-builder-workspace/.dependencies/checkouts/HealthKitOnFHIR/Sources/HealthKitOnFHIR/FHIR\ Extensions/FHIR\ Extension\ Builder/FHIRExtensionBuilder.swift /Users/admin/builder/spi-builder-workspace/.dependencies/checkouts/HealthKitOnFHIR/Sources/HealthKitOnFHIR/FHIR\ Extensions/FHIR+Utils.swift /Users/admin/builder/spi-builder-workspace/.dependencies/checkouts/HealthKitOnFHIR/Sources/HealthKitOnFHIR/FHIR\ Extensions/Observation+Dates.swift /Users/admin/builder/spi-builder-workspace/.dependencies/checkouts/HealthKitOnFHIR/Sources/HealthKitOnFHIR/FHIR\ Extensions/Observation+Value.swift /Users/admin/builder/spi-builder-workspace/.dependencies/checkouts/HealthKitOnFHIR/Sources/HealthKitOnFHIR/FHIR\ Extensions/Resource+Collections.swift /Users/admin/builder/spi-builder-workspace/.dependencies/checkouts/HealthKitOnFHIR/Sources/HealthKitOnFHIR/FHIR\ Extensions/Resource+Mutation.swift /Users/admin/builder/spi-builder-workspace/.dependencies/checkouts/HealthKitOnFHIR/Sources/HealthKitOnFHIR/Foundation\ Extensions/Bundle+JSON.swift /Users/admin/builder/spi-builder-workspace/.dependencies/checkouts/HealthKitOnFHIR/Sources/HealthKitOnFHIR/Foundation\ Extensions/Utils.swift /Users/admin/builder/spi-builder-workspace/.dependencies/checkouts/HealthKitOnFHIR/Sources/HealthKitOnFHIR/HKSampleMapping/HKCategorySampleMapping.swift /Users/admin/builder/spi-builder-workspace/.dependencies/checkouts/HealthKitOnFHIR/Sources/HealthKitOnFHIR/HKSampleMapping/HKCorrelationMapping.swift /Users/admin/builder/spi-builder-workspace/.dependencies/checkouts/HealthKitOnFHIR/Sources/HealthKitOnFHIR/HKSampleMapping/HKElectrocardiogramMapping.swift /Users/admin/builder/spi-builder-workspace/.dependencies/checkouts/HealthKitOnFHIR/Sources/HealthKitOnFHIR/HKSampleMapping/HKQuantitySampleMapping.swift /Users/admin/builder/spi-builder-workspace/.dependencies/checkouts/HealthKitOnFHIR/Sources/HealthKitOnFHIR/HKSampleMapping/HKSampleMapping.swift /Users/admin/builder/spi-builder-workspace/.dependencies/checkouts/HealthKitOnFHIR/Sources/HealthKitOnFHIR/HKSampleMapping/HKStateOfMindSampleMapping.swift /Users/admin/builder/spi-builder-workspace/.dependencies/checkouts/HealthKitOnFHIR/Sources/HealthKitOnFHIR/HKSampleMapping/HKWorkoutSampleMapping.swift /Users/admin/builder/spi-builder-workspace/.dependencies/checkouts/HealthKitOnFHIR/Sources/HealthKitOnFHIR/HKSampleMapping/MappedCode.swift /Users/admin/builder/spi-builder-workspace/.dependencies/checkouts/HealthKitOnFHIR/Sources/HealthKitOnFHIR/HKSampleMapping/MappedUnit.swift /Users/admin/builder/spi-builder-workspace/.dependencies/checkouts/HealthKitOnFHIR/Sources/HealthKitOnFHIR/HealthKit\ Extensions/FHIRObservationBuildable.swift /Users/admin/builder/spi-builder-workspace/.dependencies/checkouts/HealthKitOnFHIR/Sources/HealthKitOnFHIR/HealthKit\ Extensions/HKCategorySample+Observation.swift /Users/admin/builder/spi-builder-workspace/.dependencies/checkouts/HealthKitOnFHIR/Sources/HealthKitOnFHIR/HealthKit\ Extensions/HKCategoryValue+String.swift /Users/admin/builder/spi-builder-workspace/.dependencies/checkouts/HealthKitOnFHIR/Sources/HealthKitOnFHIR/HealthKit\ Extensions/HKClinicalRecord+ResourceProxy.swift /Users/admin/builder/spi-builder-workspace/.dependencies/checkouts/HealthKitOnFHIR/Sources/HealthKitOnFHIR/HealthKit\ Extensions/HKCorrelationType+Observation.swift /Users/admin/builder/spi-builder-workspace/.dependencies/checkouts/HealthKitOnFHIR/Sources/HealthKitOnFHIR/HealthKit\ Extensions/HKElectrocardiogram+Observation.swift /Users/admin/builder/spi-builder-workspace/.dependencies/checkouts/HealthKitOnFHIR/Sources/HealthKitOnFHIR/HealthKit\ Extensions/HKQuantitySample+Observation.swift /Users/admin/builder/spi-builder-workspace/.dependencies/checkouts/HealthKitOnFHIR/Sources/HealthKitOnFHIR/HealthKit\ Extensions/HKQuantityType+Coding.swift /Users/admin/builder/spi-builder-workspace/.dependencies/checkouts/HealthKitOnFHIR/Sources/HealthKitOnFHIR/HealthKit\ Extensions/HKSample+ResourceProxy.swift /Users/admin/builder/spi-builder-workspace/.dependencies/checkouts/HealthKitOnFHIR/Sources/HealthKitOnFHIR/HealthKit\ Extensions/HKSample+TimeZone.swift /Users/admin/builder/spi-builder-workspace/.dependencies/checkouts/HealthKitOnFHIR/Sources/HealthKitOnFHIR/HealthKit\ Extensions/HKSampleType+ResourceType.swift /Users/admin/builder/spi-builder-workspace/.dependencies/checkouts/HealthKitOnFHIR/Sources/HealthKitOnFHIR/HealthKit\ Extensions/HKStateOfMind+Observation.swift /Users/admin/builder/spi-builder-workspace/.dependencies/checkouts/HealthKitOnFHIR/Sources/HealthKitOnFHIR/HealthKit\ Extensions/HKWorkout+Observation.swift /Users/admin/builder/spi-builder-workspace/.dependencies/checkouts/HealthKitOnFHIR/Sources/HealthKitOnFHIR/HealthKit\ Extensions/HKWorkoutActivityType+String.swift /Users/admin/builder/spi-builder-workspace/.dependencies/checkouts/HealthKitOnFHIR/Sources/HealthKitOnFHIR/HealthKitOnFHIRError.swift -target arm64-apple-watchos10.0 -disable-cross-import-overlay-search -load-resolved-plugin /Applications/Xcode-27.0.0-Release.Candidate.app/Contents/Developer/Platforms/WatchOS.platform/Developer/usr/lib/swift/host/plugins/libFoundationMacros.dylib\#/Applications/Xcode-27.0.0-Release.Candidate.app/Contents/Developer/Platforms/WatchOS.platform/Developer/usr/bin/swift-plugin-server\#FoundationMacros -load-resolved-plugin /Applications/Xcode-27.0.0-Release.Candidate.app/Contents/Developer/Platforms/WatchOS.platform/Developer/usr/lib/swift/host/plugins/libObservationMacros.dylib\#/Applications/Xcode-27.0.0-Release.Candidate.app/Contents/Developer/Platforms/WatchOS.platform/Developer/usr/bin/swift-plugin-server\#ObservationMacros -load-resolved-plugin /Applications/Xcode-27.0.0-Release.Candidate.app/Contents/Developer/Platforms/WatchOS.platform/Developer/usr/lib/swift/host/plugins/libSwiftMacros.dylib\#/Applications/Xcode-27.0.0-Release.Candidate.app/Contents/Developer/Platforms/WatchOS.platform/Developer/usr/bin/swift-plugin-server\#SwiftMacros -disable-implicit-swift-modules -Xcc -fno-implicit-modules -Xcc -fno-implicit-module-maps -explicit-swift-module-map-file /Users/admin/builder/spi-builder-workspace/.derivedData/Build/Intermediates.noindex/HealthKitOnFHIR.build/Debug-watchos/HealthKitOnFHIR-t.build/Objects-normal/arm64/HealthKitOnFHIR-dependencies-1.json -Xllvm -aarch64-use-tbi -enable-objc-interop -stack-check -sdk /Applications/Xcode-27.0.0-Release.Candidate.app/Contents/Developer/Platforms/WatchOS.platform/Developer/SDKs/WatchOS27.0.sdk -I /Users/admin/builder/spi-builder-workspace/.derivedData/Build/Products/Debug-watchos -Isystem /Applications/Xcode-27.0.0-Release.Candidate.app/Contents/Developer/Platforms/WatchOS.platform/Developer/usr/lib -F /Users/admin/builder/spi-builder-workspace/.derivedData/Build/Products/Debug-watchos/PackageFrameworks -F /Users/admin/builder/spi-builder-workspace/.derivedData/Build/Products/Debug-watchos -F /Applications/Xcode-27.0.0-Release.Candidate.app/Contents/Developer/Platforms/WatchOS.platform/Developer/Library/Frameworks -F /Applications/Xcode-27.0.0-Release.Candidate.app/Contents/Developer/Platforms/WatchOS.platform/Developer/SDKs/WatchOS27.0.sdk/Developer/Library/Frameworks -module-cache-path /Users/admin/builder/spi-builder-workspace/.derivedData/Build/Intermediates.noindex/SwiftExplicitPrecompiledModules -no-color-diagnostics -Xcc -fno-color-diagnostics -enable-testing -g -debug-info-format\=dwarf -dwarf-version\=4 -suppress-warnings -profile-generate -profile-coverage-mapping -swift-version 6 -Onone -D SWIFT_PACKAGE -D DEBUG -D SWIFT_MODULE_RESOURCE_BUNDLE_AVAILABLE -D Xcode -serialize-debugging-options -enable-upcoming-feature ExistentialAny -enable-experimental-feature DebugDescriptionMacro -empty-abi-descriptor -user-module-version 1.2.1 -validate-clang-modules-once -clang-build-session-file /Users/admin/builder/spi-builder-workspace/.derivedData/ModuleCache.noindex/Session.modulevalidation -Xcc -working-directory -Xcc /Users/admin/builder/spi-builder-workspace/.swiftpm/xcode -enable-anonymous-context-mangled-names -file-compilation-dir /Users/admin/builder/spi-builder-workspace/.swiftpm/xcode -Xcc -D_LIBCPP_HARDENING_MODE\=_LIBCPP_HARDENING_MODE_DEBUG -Xcc -ivfsstatcache -Xcc /Users/admin/builder/spi-builder-workspace/.derivedData/SDKStatCaches.noindex/watchos27.0-24R360-e829b21a6f8c9b70876ba0858053c04477534ef55a1706bf4c1112bbb242f0a2.sdkstatcache -Xcc -fmodules-prune-interval\=86400 -Xcc -fmodules-prune-after\=345600 -Xcc -I/Users/admin/builder/spi-builder-workspace/.derivedData/Build/Products/Debug-watchos/include -Xcc -I/Users/admin/builder/spi-builder-workspace/.derivedData/Build/Intermediates.noindex/HealthKitOnFHIR.build/Debug-watchos/HealthKitOnFHIR-t.build/DerivedSources-normal/arm64 -Xcc -I/Users/admin/builder/spi-builder-workspace/.derivedData/Build/Intermediates.noindex/HealthKitOnFHIR.build/Debug-watchos/HealthKitOnFHIR-t.build/DerivedSources/arm64 -Xcc -I/Users/admin/builder/spi-builder-workspace/.derivedData/Build/Intermediates.noindex/HealthKitOnFHIR.build/Debug-watchos/HealthKitOnFHIR-t.build/DerivedSources -Xcc -DSWIFT_PACKAGE -Xcc -DDEBUG\=1 -no-auto-bridging-header-chaining -module-name HealthKitOnFHIR -package-name healthkitonfhir -const-gather-protocols-file /Users/admin/builder/spi-builder-workspace/.derivedData/Build/Intermediates.noindex/HealthKitOnFHIR.build/Debug-watchos/HealthKitOnFHIR-t.build/Objects-normal/arm64/HealthKitOnFHIR_const_extract_protocols.json -disable-clang-spi -clang-target arm64-apple-watchos27.0 -target-sdk-version 27.0 -target-sdk-name watchos27.0 -in-process-plugin-server-path /Applications/Xcode-27.0.0-Release.Candidate.app/Contents/Developer/Toolchains/XcodeDefault.xctoolchain/usr/lib/swift/host/libSwiftInProcPluginServer.dylib -emit-module-doc-path /Users/admin/builder/spi-builder-workspace/.derivedData/Build/Intermediates.noindex/HealthKitOnFHIR.build/Debug-watchos/HealthKitOnFHIR-t.build/Objects-normal/arm64/HealthKitOnFHIR.swiftdoc -emit-module-source-info-path /Users/admin/builder/spi-builder-workspace/.derivedData/Build/Intermediates.noindex/HealthKitOnFHIR.build/Debug-watchos/HealthKitOnFHIR-t.build/Objects-normal/arm64/HealthKitOnFHIR.swiftsourceinfo -emit-objc-header-path /Users/admin/builder/spi-builder-workspace/.derivedData/Build/Intermediates.noindex/HealthKitOnFHIR.build/Debug-watchos/HealthKitOnFHIR-t.build/Objects-normal/arm64/HealthKitOnFHIR-Swift.h -serialize-diagnostics-path /Users/admin/builder/spi-builder-workspace/.derivedData/Build/Intermediates.noindex/HealthKitOnFHIR.build/Debug-watchos/HealthKitOnFHIR-t.build/Objects-normal/arm64/HealthKitOnFHIR-primary-emit-module.dia -emit-dependencies-path /Users/admin/builder/spi-builder-workspace/.derivedData/Build/Intermediates.noindex/HealthKitOnFHIR.build/Debug-watchos/HealthKitOnFHIR-t.build/Objects-normal/arm64/HealthKitOnFHIR-primary-emit-module.d -parse-as-library -o /Users/admin/builder/spi-builder-workspace/.derivedData/Build/Intermediates.noindex/HealthKitOnFHIR.build/Debug-watchos/HealthKitOnFHIR-t.build/Objects-normal/arm64/HealthKitOnFHIR.swiftmodule -emit-abi-descriptor-path /Users/admin/builder/spi-builder-workspace/.derivedData/Build/Intermediates.noindex/HealthKitOnFHIR.build/Debug-watchos/HealthKitOnFHIR-t.build/Objects-normal/arm64/HealthKitOnFHIR.abi.json
SwiftCompile normal arm64 (in target 'HealthKitOnFHIR' from project 'HealthKitOnFHIR')
    cd /Users/admin/builder/spi-builder-workspace/.swiftpm/xcode

SwiftEmitModule normal arm64_32 Emitting\ module\ for\ HealthKitOnFHIR (in target 'HealthKitOnFHIR' from project 'HealthKitOnFHIR')
/Users/admin/builder/spi-builder-workspace/.dependencies/checkouts/HealthKitOnFHIR/Sources/HealthKitOnFHIR/FHIR Extensions/Observation+Dates.swift:19:13: error: cannot assign to property: 'self' is immutable
15 |     /// Sets the `Observation`'s effective date.
16 |     @inlinable
17 |     public func setEffective(startDate: Date, endDate: Date, timeZone: TimeZone) throws {
   |            `- note: mark method 'mutating' to make 'self' mutable
18 |         if startDate == endDate {
19 |             effective = .dateTime(FHIRPrimitive(try DateTime(date: startDate, timeZone: timeZone)))
   |             `- error: cannot assign to property: 'self' is immutable
20 |         } else {
21 |             effective = .period(Period(
/Users/admin/builder/spi-builder-workspace/.dependencies/checkouts/HealthKitOnFHIR/Sources/HealthKitOnFHIR/FHIR Extensions/Observation+Dates.swift:21:13: error: cannot assign to property: 'self' is immutable
15 |     /// Sets the `Observation`'s effective date.
16 |     @inlinable
17 |     public func setEffective(startDate: Date, endDate: Date, timeZone: TimeZone) throws {
   |            `- note: mark method 'mutating' to make 'self' mutable
18 |         if startDate == endDate {
19 |             effective = .dateTime(FHIRPrimitive(try DateTime(date: startDate, timeZone: timeZone)))
20 |         } else {
21 |             effective = .period(Period(
   |             `- error: cannot assign to property: 'self' is immutable
22 |                 end: FHIRPrimitive(try DateTime(date: endDate, timeZone: timeZone)),
23 |                 start: FHIRPrimitive(try DateTime(date: startDate, timeZone: timeZone))
/Users/admin/builder/spi-builder-workspace/.dependencies/checkouts/HealthKitOnFHIR/Sources/HealthKitOnFHIR/FHIR Extensions/Observation+Dates.swift:31:9: error: cannot assign to property: 'self' is immutable
28 |     /// Sets the `Observation`'s issued date.
29 |     @inlinable
30 |     public func setIssued(on date: Date) throws {
   |            `- note: mark method 'mutating' to make 'self' mutable
31 |         issued = FHIRPrimitive(try Instant(date: date))
   |         `- error: cannot assign to property: 'self' is immutable
32 |     }
33 | }
/Users/admin/builder/spi-builder-workspace/.dependencies/checkouts/HealthKitOnFHIR/Sources/HealthKitOnFHIR/FHIR Extensions/Resource+Collections.swift:73:1: error: extension of protocol 'Element' cannot declare inheritance relationship
 71 | }
 72 |
 73 | extension ModelsR4.Element: FHIRTypeWithExtensions {}
    | `- error: extension of protocol 'Element' cannot declare inheritance relationship
 74 | extension ModelsR4.DomainResource: FHIRTypeWithExtensions {}
 75 |
/Users/admin/builder/spi-builder-workspace/.dependencies/checkouts/HealthKitOnFHIR/Sources/HealthKitOnFHIR/FHIR Extensions/Resource+Collections.swift:74:1: error: extension of protocol 'DomainResource' cannot declare inheritance relationship
 72 |
 73 | extension ModelsR4.Element: FHIRTypeWithExtensions {}
 74 | extension ModelsR4.DomainResource: FHIRTypeWithExtensions {}
    | `- error: extension of protocol 'DomainResource' cannot declare inheritance relationship
 75 |
 76 |
/Users/admin/builder/spi-builder-workspace/.dependencies/checkouts/HealthKitOnFHIR/Sources/HealthKitOnFHIR/FHIR Extensions/Resource+Collections.swift:19:9: error: cannot find 'appendElement' in scope
 17 |     @inlinable
 18 |     public func appendIdentifier(_ identifier: Identifier) {
 19 |         appendElement(identifier, to: \.identifier)
    |         `- error: cannot find 'appendElement' in scope
 20 |     }
 21 |
/Users/admin/builder/spi-builder-workspace/.dependencies/checkouts/HealthKitOnFHIR/Sources/HealthKitOnFHIR/FHIR Extensions/Resource+Collections.swift:19:39: error: cannot infer key path type from context; consider explicitly specifying a root type
 17 |     @inlinable
 18 |     public func appendIdentifier(_ identifier: Identifier) {
 19 |         appendElement(identifier, to: \.identifier)
    |                                       `- error: cannot infer key path type from context; consider explicitly specifying a root type
 20 |     }
 21 |
/Users/admin/builder/spi-builder-workspace/.dependencies/checkouts/HealthKitOnFHIR/Sources/HealthKitOnFHIR/FHIR Extensions/Resource+Collections.swift:25:9: error: cannot find 'appendElements' in scope
 23 |     @inlinable
 24 |     public func appendIdentifiers(_ identifiers: some Collection<Identifier>) {
 25 |         appendElements(identifiers, to: \.identifier)
    |         `- error: cannot find 'appendElements' in scope
 26 |     }
 27 |
/Users/admin/builder/spi-builder-workspace/.dependencies/checkouts/HealthKitOnFHIR/Sources/HealthKitOnFHIR/FHIR Extensions/Resource+Collections.swift:25:41: error: cannot infer key path type from context; consider explicitly specifying a root type
 23 |     @inlinable
 24 |     public func appendIdentifiers(_ identifiers: some Collection<Identifier>) {
 25 |         appendElements(identifiers, to: \.identifier)
    |                                         `- error: cannot infer key path type from context; consider explicitly specifying a root type
 26 |     }
 27 |
/Users/admin/builder/spi-builder-workspace/.dependencies/checkouts/HealthKitOnFHIR/Sources/HealthKitOnFHIR/FHIR Extensions/Resource+Collections.swift:31:9: error: cannot find 'appendElement' in scope
 29 |     @inlinable
 30 |     public func appendCategory(_ category: CodeableConcept) {
 31 |         appendElement(category, to: \.category)
    |         `- error: cannot find 'appendElement' in scope
 32 |     }
 33 |
/Users/admin/builder/spi-builder-workspace/.dependencies/checkouts/HealthKitOnFHIR/Sources/HealthKitOnFHIR/FHIR Extensions/Resource+Collections.swift:31:37: error: cannot infer key path type from context; consider explicitly specifying a root type
 29 |     @inlinable
 30 |     public func appendCategory(_ category: CodeableConcept) {
 31 |         appendElement(category, to: \.category)
    |                                     `- error: cannot infer key path type from context; consider explicitly specifying a root type
 32 |     }
 33 |
/Users/admin/builder/spi-builder-workspace/.dependencies/checkouts/HealthKitOnFHIR/Sources/HealthKitOnFHIR/FHIR Extensions/Resource+Collections.swift:37:9: error: cannot find 'appendElements' in scope
 35 |     @inlinable
 36 |     public func appendCategories(_ categories: some Collection<CodeableConcept>) {
 37 |         appendElements(categories, to: \.category)
    |         `- error: cannot find 'appendElements' in scope
 38 |     }
 39 |
/Users/admin/builder/spi-builder-workspace/.dependencies/checkouts/HealthKitOnFHIR/Sources/HealthKitOnFHIR/FHIR Extensions/Resource+Collections.swift:37:40: error: cannot infer key path type from context; consider explicitly specifying a root type
 35 |     @inlinable
 36 |     public func appendCategories(_ categories: some Collection<CodeableConcept>) {
 37 |         appendElements(categories, to: \.category)
    |                                        `- error: cannot infer key path type from context; consider explicitly specifying a root type
 38 |     }
 39 |
/Users/admin/builder/spi-builder-workspace/.dependencies/checkouts/HealthKitOnFHIR/Sources/HealthKitOnFHIR/FHIR Extensions/Resource+Collections.swift:43:9: error: cannot find 'appendElement' in scope
 41 |     @inlinable
 42 |     public func appendCoding(_ coding: Coding) {
 43 |         appendElement(coding, to: \.code.coding)
    |         `- error: cannot find 'appendElement' in scope
 44 |     }
 45 |
/Users/admin/builder/spi-builder-workspace/.dependencies/checkouts/HealthKitOnFHIR/Sources/HealthKitOnFHIR/FHIR Extensions/Resource+Collections.swift:43:35: error: cannot infer key path type from context; consider explicitly specifying a root type
 41 |     @inlinable
 42 |     public func appendCoding(_ coding: Coding) {
 43 |         appendElement(coding, to: \.code.coding)
    |                                   `- error: cannot infer key path type from context; consider explicitly specifying a root type
 44 |     }
 45 |
/Users/admin/builder/spi-builder-workspace/.dependencies/checkouts/HealthKitOnFHIR/Sources/HealthKitOnFHIR/FHIR Extensions/Resource+Collections.swift:49:9: error: cannot find 'appendElements' in scope
 47 |     @inlinable
 48 |     public func appendCodings(_ codings: some Collection<Coding>) {
 49 |         appendElements(codings, to: \.code.coding)
    |         `- error: cannot find 'appendElements' in scope
 50 |     }
 51 |
/Users/admin/builder/spi-builder-workspace/.dependencies/checkouts/HealthKitOnFHIR/Sources/HealthKitOnFHIR/FHIR Extensions/Resource+Collections.swift:49:37: error: cannot infer key path type from context; consider explicitly specifying a root type
 47 |     @inlinable
 48 |     public func appendCodings(_ codings: some Collection<Coding>) {
 49 |         appendElements(codings, to: \.code.coding)
    |                                     `- error: cannot infer key path type from context; consider explicitly specifying a root type
 50 |     }
 51 |
/Users/admin/builder/spi-builder-workspace/.dependencies/checkouts/HealthKitOnFHIR/Sources/HealthKitOnFHIR/FHIR Extensions/Resource+Collections.swift:55:9: error: cannot find 'appendElement' in scope
 53 |     @inlinable
 54 |     public func appendComponent(_ component: ObservationComponent) {
 55 |         appendElement(component, to: \.component)
    |         `- error: cannot find 'appendElement' in scope
 56 |     }
 57 |
/Users/admin/builder/spi-builder-workspace/.dependencies/checkouts/HealthKitOnFHIR/Sources/HealthKitOnFHIR/FHIR Extensions/Resource+Collections.swift:55:38: error: cannot infer key path type from context; consider explicitly specifying a root type
 53 |     @inlinable
 54 |     public func appendComponent(_ component: ObservationComponent) {
 55 |         appendElement(component, to: \.component)
    |                                      `- error: cannot infer key path type from context; consider explicitly specifying a root type
 56 |     }
 57 |
/Users/admin/builder/spi-builder-workspace/.dependencies/checkouts/HealthKitOnFHIR/Sources/HealthKitOnFHIR/FHIR Extensions/Resource+Collections.swift:61:9: error: cannot find 'appendElements' in scope
 59 |     @inlinable
 60 |     public func appendComponents(_ components: some Collection<ObservationComponent>) {
 61 |         appendElements(components, to: \.component)
    |         `- error: cannot find 'appendElements' in scope
 62 |     }
 63 | }
/Users/admin/builder/spi-builder-workspace/.dependencies/checkouts/HealthKitOnFHIR/Sources/HealthKitOnFHIR/FHIR Extensions/Resource+Collections.swift:61:40: error: cannot infer key path type from context; consider explicitly specifying a root type
 59 |     @inlinable
 60 |     public func appendComponents(_ components: some Collection<ObservationComponent>) {
 61 |         appendElements(components, to: \.component)
    |                                        `- error: cannot infer key path type from context; consider explicitly specifying a root type
 62 |     }
 63 | }
/Users/admin/builder/spi-builder-workspace/.dependencies/checkouts/HealthKitOnFHIR/Sources/HealthKitOnFHIR/FHIR Extensions/Resource+Mutation.swift:19:20: error: no type named 'FHIRAbstractResource' in module 'ModelsR4'
17 | public protocol FHIRResourceMutationExtensions {}
18 |
19 | extension ModelsR4.FHIRAbstractResource: FHIRResourceMutationExtensions {}
   |                    `- error: no type named 'FHIRAbstractResource' in module 'ModelsR4'
20 | extension ModelsR4.Element: FHIRResourceMutationExtensions {}
21 |
/Users/admin/builder/spi-builder-workspace/.dependencies/checkouts/HealthKitOnFHIR/Sources/HealthKitOnFHIR/FHIR Extensions/Resource+Mutation.swift:20:1: error: extension of protocol 'Element' cannot declare inheritance relationship
18 |
19 | extension ModelsR4.FHIRAbstractResource: FHIRResourceMutationExtensions {}
20 | extension ModelsR4.Element: FHIRResourceMutationExtensions {}
   | `- error: extension of protocol 'Element' cannot declare inheritance relationship
21 |
22 |
SwiftCompile normal arm64_32 (in target 'HealthKitOnFHIR' from project 'HealthKitOnFHIR')
    cd /Users/admin/builder/spi-builder-workspace/.swiftpm/xcode

SwiftCompile normal arm64 Compiling\ resource_bundle_accessor.swift,\ FHIRExtensionBuilder+AbsoluteTimeRange.swift,\ FHIRExtensionBuilder+Metadata.swift,\ FHIRExtensionBuilder+Source.swift /Users/admin/builder/spi-builder-workspace/.derivedData/Build/Intermediates.noindex/HealthKitOnFHIR.build/Debug-watchos/HealthKitOnFHIR-t.build/DerivedSources/resource_bundle_accessor.swift /Users/admin/builder/spi-builder-workspace/.dependencies/checkouts/HealthKitOnFHIR/Sources/HealthKitOnFHIR/FHIR\ Extensions/FHIR\ Extension\ Builder/FHIRExtensionBuilder+AbsoluteTimeRange.swift /Users/admin/builder/spi-builder-workspace/.dependencies/checkouts/HealthKitOnFHIR/Sources/HealthKitOnFHIR/FHIR\ Extensions/FHIR\ Extension\ Builder/FHIRExtensionBuilder+Metadata.swift /Users/admin/builder/spi-builder-workspace/.dependencies/checkouts/HealthKitOnFHIR/Sources/HealthKitOnFHIR/FHIR\ Extensions/FHIR\ Extension\ Builder/FHIRExtensionBuilder+Source.swift (in target 'HealthKitOnFHIR' from project 'HealthKitOnFHIR')
/Users/admin/builder/spi-builder-workspace/.dependencies/checkouts/HealthKitOnFHIR/Sources/HealthKitOnFHIR/FHIR Extensions/FHIR Extension Builder/FHIRExtensionBuilder+AbsoluteTimeRange.swift:45:25: error: value of type 'Observation' has no member 'appendExtensions'
43 |                 )
44 |             ]
45 |             observation.appendExtensions(timeRangeExtensions, replaceAllExistingWithSameUrl: true)
   |                         `- error: value of type 'Observation' has no member 'appendExtensions'
46 |         }
47 |     }
/Users/admin/builder/spi-builder-workspace/.dependencies/checkouts/HealthKitOnFHIR/Sources/HealthKitOnFHIR/FHIR Extensions/FHIR Extension Builder/FHIRExtensionBuilder+AbsoluteTimeRange.swift:58:9: error: cannot find 'removeAllExtensions' in scope
56 |     /// - throws: If an error was encountered when converting the effective time range into the extension values. If the Observation's effecrive time uses an unsupported format (eg: `Timing`), ``HealthKitOnFHIRError/notSupported`` is thrown.
57 |     public func encodeAbsoluteTimeRangeIntoExtension() throws {
58 |         removeAllExtensions(withUrl: FHIRExtensionUrls.absoluteTimeRangeStart)
   |         `- error: cannot find 'removeAllExtensions' in scope
59 |         removeAllExtensions(withUrl: FHIRExtensionUrls.absoluteTimeRangeEnd)
60 |         let startDate, endDate: DateTime?
/Users/admin/builder/spi-builder-workspace/.dependencies/checkouts/HealthKitOnFHIR/Sources/HealthKitOnFHIR/FHIR Extensions/FHIR Extension Builder/FHIRExtensionBuilder+AbsoluteTimeRange.swift:59:9: error: cannot find 'removeAllExtensions' in scope
57 |     public func encodeAbsoluteTimeRangeIntoExtension() throws {
58 |         removeAllExtensions(withUrl: FHIRExtensionUrls.absoluteTimeRangeStart)
59 |         removeAllExtensions(withUrl: FHIRExtensionUrls.absoluteTimeRangeEnd)
   |         `- error: cannot find 'removeAllExtensions' in scope
60 |         let startDate, endDate: DateTime?
61 |         switch effective {
/Users/admin/builder/spi-builder-workspace/.dependencies/checkouts/HealthKitOnFHIR/Sources/HealthKitOnFHIR/FHIR Extensions/FHIR Extension Builder/FHIRExtensionBuilder+AbsoluteTimeRange.swift:77:13: error: cannot find 'appendExtension' in scope
75 |         }
76 |         if let startDate = try startDate?.asNSDate() {
77 |             appendExtension(
   |             `- error: cannot find 'appendExtension' in scope
78 |                 Extension(
79 |                     url: FHIRExtensionUrls.absoluteTimeRangeStart,
/Users/admin/builder/spi-builder-workspace/.dependencies/checkouts/HealthKitOnFHIR/Sources/HealthKitOnFHIR/FHIR Extensions/FHIR Extension Builder/FHIRExtensionBuilder+AbsoluteTimeRange.swift:86:13: error: cannot find 'appendExtension' in scope
84 |         }
85 |         if let endDate = try endDate?.asNSDate() {
86 |             appendExtension(
   |             `- error: cannot find 'appendExtension' in scope
87 |                 Extension(
88 |                     url: FHIRExtensionUrls.absoluteTimeRangeEnd,
SwiftCompile normal arm64 /Users/admin/builder/spi-builder-workspace/.derivedData/Build/Intermediates.noindex/HealthKitOnFHIR.build/Debug-watchos/HealthKitOnFHIR-t.build/DerivedSources/resource_bundle_accessor.swift (in target 'HealthKitOnFHIR' from project 'HealthKitOnFHIR')
    cd /Users/admin/builder/spi-builder-workspace/.swiftpm/xcode
    builtin-SwiftPerFileCompile resource_bundle_accessor.swift
SwiftCompile normal arm64 /Users/admin/builder/spi-builder-workspace/.dependencies/checkouts/HealthKitOnFHIR/Sources/HealthKitOnFHIR/FHIR\ Extensions/FHIR\ Extension\ Builder/FHIRExtensionBuilder+AbsoluteTimeRange.swift (in target 'HealthKitOnFHIR' from project 'HealthKitOnFHIR')
    cd /Users/admin/builder/spi-builder-workspace/.swiftpm/xcode
    builtin-SwiftPerFileCompile FHIRExtensionBuilder+AbsoluteTimeRange.swift
SwiftCompile normal arm64 /Users/admin/builder/spi-builder-workspace/.dependencies/checkouts/HealthKitOnFHIR/Sources/HealthKitOnFHIR/FHIR\ Extensions/FHIR\ Extension\ Builder/FHIRExtensionBuilder+Metadata.swift (in target 'HealthKitOnFHIR' from project 'HealthKitOnFHIR')
    cd /Users/admin/builder/spi-builder-workspace/.swiftpm/xcode
    builtin-SwiftPerFileCompile FHIRExtensionBuilder+Metadata.swift
SwiftCompile normal arm64 /Users/admin/builder/spi-builder-workspace/.dependencies/checkouts/HealthKitOnFHIR/Sources/HealthKitOnFHIR/FHIR\ Extensions/FHIR\ Extension\ Builder/FHIRExtensionBuilder+Source.swift (in target 'HealthKitOnFHIR' from project 'HealthKitOnFHIR')
    cd /Users/admin/builder/spi-builder-workspace/.swiftpm/xcode
    builtin-SwiftPerFileCompile FHIRExtensionBuilder+Source.swift
SwiftEmitModule normal arm64_32 Emitting\ module\ for\ AsyncAlgorithms (in target 'AsyncAlgorithms' from project 'swift-async-algorithms')
SwiftCompile normal arm64_32 (in target 'AsyncAlgorithms' from project 'swift-async-algorithms')
    cd /Users/admin/builder/spi-builder-workspace/.swiftpm/xcode

SwiftEmitModule normal arm64 Emitting\ module\ for\ AsyncAlgorithms (in target 'AsyncAlgorithms' from project 'swift-async-algorithms')
SwiftCompile normal arm64 (in target 'AsyncAlgorithms' from project 'swift-async-algorithms')
    cd /Users/admin/builder/spi-builder-workspace/.swiftpm/xcode

PruneExplicitPrecompiledModules /Users/admin/builder/spi-builder-workspace/.derivedData/SDKExplicitPrecompiledModules
PruneExplicitPrecompiledModules /Users/admin/builder/spi-builder-workspace/.derivedData/Build/Intermediates.noindex/ExplicitPrecompiledModules
PruneExplicitPrecompiledModules /Users/admin/builder/spi-builder-workspace/.derivedData/Build/Intermediates.noindex/SwiftExplicitPrecompiledModules
2026-09-23 16:21:50.287 xcodebuild[1294:7009] [MT] IDERunDestination: Supported platforms for the buildables in the current scheme is empty.
** BUILD FAILED **
The following build commands failed:
	SwiftEmitModule normal arm64 Emitting\ module\ for\ HealthKitOnFHIR (in target 'HealthKitOnFHIR' from project 'HealthKitOnFHIR')
	SwiftCompile normal arm64 (in target 'HealthKitOnFHIR' from project 'HealthKitOnFHIR')
	Building workspace SpeziFHIR with scheme SpeziFHIR-Package
(3 failures)
Command line invocation:
    /Applications/Xcode-27.0.0-Release.Candidate.app/Contents/Developer/usr/bin/xcodebuild -IDEClonedSourcePackagesDirPathOverride=/Users/admin/builder/spi-builder-workspace/.dependencies -resolvePackageDependencies
Resolve Package Graph
failed to retrieve search paths with pkg-config; maybe pkg-config is not installedcouldn't find pc file for zlib
Resolved source packages:
  RuntimeAssertions: https://github.com/StanfordBDHG/XCTRuntimeAssertions.git @ 2.2.0
  SpeziStorage: https://github.com/StanfordSpezi/SpeziStorage.git @ 2.1.4
  swift-numerics: https://github.com/apple/swift-numerics.git @ 1.1.1
  FHIRModels: https://github.com/apple/FHIRModels.git @ 0.9.3
  zstd: https://github.com/StanfordBDHG/zstd.git @ 1.5.8-beta.1
  swift-algorithms: https://github.com/apple/swift-algorithms.git @ 1.2.1
  Spezi: https://github.com/StanfordSpezi/Spezi.git @ 1.10.2
  swift-atomics: https://github.com/apple/swift-atomics.git @ 1.3.1
  SpeziFHIR: /Users/admin/builder/spi-builder-workspace
  swift-async-algorithms: https://github.com/apple/swift-async-algorithms.git @ 1.1.5
  swift-log: https://github.com/apple/swift-log @ 1.15.1
  swift-syntax: https://github.com/swiftlang/swift-syntax.git @ 603.0.2
  SpeziHealthKit: https://github.com/StanfordSpezi/SpeziHealthKit.git @ 1.4.2
  SpeziFoundation: https://github.com/StanfordSpezi/SpeziFoundation.git @ 2.7.7
  swift-collections: https://github.com/apple/swift-collections.git @ 1.7.0
  HealthKitOnFHIR: https://github.com/StanfordBDHG/HealthKitOnFHIR.git @ 1.2.1
  ThreadLocal: https://github.com/StanfordBDHG/ThreadLocal.git @ 0.1.3
resolved source packages: RuntimeAssertions, SpeziStorage, swift-numerics, FHIRModels, zstd, swift-algorithms, Spezi, swift-atomics, SpeziFHIR, swift-async-algorithms, swift-log, swift-syntax, SpeziHealthKit, SpeziFoundation, swift-collections, HealthKitOnFHIR, ThreadLocal
2026-09-23 16:22:58.915 xcodebuild[2218:13236] [MT] IDERunDestination: Supported platforms for the buildables in the current scheme is empty.
{
  "default_localization" : "en",
  "dependencies" : [
    {
      "identity" : "fhirmodels",
      "requirement" : {
        "range" : [
          {
            "lower_bound" : "0.7.0",
            "upper_bound" : "1.0.0"
          }
        ]
      },
      "type" : "sourceControl",
      "url" : "https://github.com/apple/FHIRModels.git"
    },
    {
      "identity" : "healthkitonfhir",
      "requirement" : {
        "range" : [
          {
            "lower_bound" : "1.0.0",
            "upper_bound" : "2.0.0"
          }
        ]
      },
      "type" : "sourceControl",
      "url" : "https://github.com/StanfordBDHG/HealthKitOnFHIR.git"
    },
    {
      "identity" : "spezi",
      "requirement" : {
        "range" : [
          {
            "lower_bound" : "1.8.0",
            "upper_bound" : "2.0.0"
          }
        ]
      },
      "type" : "sourceControl",
      "url" : "https://github.com/StanfordSpezi/Spezi.git"
    },
    {
      "identity" : "spezihealthkit",
      "requirement" : {
        "range" : [
          {
            "lower_bound" : "1.2.0",
            "upper_bound" : "2.0.0"
          }
        ]
      },
      "type" : "sourceControl",
      "url" : "https://github.com/StanfordSpezi/SpeziHealthKit.git"
    }
  ],
  "manifest_display_name" : "SpeziFHIR",
  "name" : "SpeziFHIR",
  "path" : "/Users/admin/builder/spi-builder-workspace",
  "platforms" : [
    {
      "name" : "ios",
      "version" : "17.0"
    },
    {
      "name" : "macos",
      "version" : "14.0"
    },
    {
      "name" : "watchos",
      "version" : "10.0"
    },
    {
      "name" : "visionos",
      "version" : "1.0"
    }
  ],
  "products" : [
    {
      "name" : "SpeziFHIR",
      "targets" : [
        "SpeziFHIR"
      ],
      "type" : {
        "library" : [
          "automatic"
        ]
      }
    },
    {
      "name" : "SpeziFHIRHealthKit",
      "targets" : [
        "SpeziFHIRHealthKit"
      ],
      "type" : {
        "library" : [
          "automatic"
        ]
      }
    },
    {
      "name" : "SpeziFHIRMockPatients",
      "targets" : [
        "SpeziFHIRMockPatients"
      ],
      "type" : {
        "library" : [
          "automatic"
        ]
      }
    }
  ],
  "targets" : [
    {
      "c99name" : "SpeziFHIRTests",
      "module_type" : "SwiftTarget",
      "name" : "SpeziFHIRTests",
      "path" : "Tests/SpeziFHIRTests",
      "product_dependencies" : [
        "HealthKitOnFHIR",
        "SpeziHealthKit"
      ],
      "sources" : [
        "FHIRAttachment/Base64DecoderTests.swift",
        "FHIRAttachment/FHIRAttachmentServiceTests.swift",
        "FHIRAttachment/FHIRAttachmentTests.swift",
        "FHIRAttachment/PDFContentExtractorTests.swift",
        "FHIRAttachment/TextContentExtractorTests.swift",
        "FHIRResource/FHIRResourceCategoryTests.swift",
        "FHIRResource/FHIRResourceCopyTests.swift",
        "FHIRResource/FHIRResourceDSTU2Mocks.swift",
        "FHIRResource/FHIRResourceLockManagerTests.swift",
        "FHIRResource/FHIRResourceR4Mocks.swift",
        "FHIRResource/FHIRResourceSearchTests.swift",
        "FHIRResource/FHIRResourceStringifyTests.swift",
        "FHIRResource/FHIRResourceTests.swift",
        "FHIRResource/ResourceProxyDisplayNameTests.swift",
        "FHIRStore/FHIRStoreObservationChangesTests.swift",
        "FHIRStore/FHIRStoreTests.swift",
        "SpeziFHIRHealthKit/FHIRResourceAttachmentProcessingTests.swift"
      ],
      "target_dependencies" : [
        "SpeziFHIR",
        "SpeziFHIRHealthKit"
      ],
      "type" : "test"
    },
    {
      "c99name" : "SpeziFHIRMockPatients",
      "module_type" : "SwiftTarget",
      "name" : "SpeziFHIRMockPatients",
      "path" : "Sources/SpeziFHIRMockPatients",
      "product_dependencies" : [
        "ModelsR4"
      ],
      "product_memberships" : [
        "SpeziFHIRMockPatients"
      ],
      "resources" : [
        {
          "path" : "/Users/admin/builder/spi-builder-workspace/Sources/SpeziFHIRMockPatients/Resources/Allen322_Ferry570_ad134528-56a5-35fd-c37f-466ff119c625.json",
          "rule" : {
            "process" : {
            }
          }
        },
        {
          "path" : "/Users/admin/builder/spi-builder-workspace/Sources/SpeziFHIRMockPatients/Resources/Allen322_Ferry570_ad134528-56a5-35fd-c37f-466ff119c625.json.license",
          "rule" : {
            "process" : {
            }
          }
        },
        {
          "path" : "/Users/admin/builder/spi-builder-workspace/Sources/SpeziFHIRMockPatients/Resources/Beatris270_Bogan287_5b3645de-a2d0-d016-0839-bab3757c4c58.json",
          "rule" : {
            "process" : {
            }
          }
        },
        {
          "path" : "/Users/admin/builder/spi-builder-workspace/Sources/SpeziFHIRMockPatients/Resources/Beatris270_Bogan287_5b3645de-a2d0-d016-0839-bab3757c4c58.json.license",
          "rule" : {
            "process" : {
            }
          }
        },
        {
          "path" : "/Users/admin/builder/spi-builder-workspace/Sources/SpeziFHIRMockPatients/Resources/Edythe31_Morar593_9c3df38a-d3b7-2198-3898-51f9153d023d.json",
          "rule" : {
            "process" : {
            }
          }
        },
        {
          "path" : "/Users/admin/builder/spi-builder-workspace/Sources/SpeziFHIRMockPatients/Resources/Edythe31_Morar593_9c3df38a-d3b7-2198-3898-51f9153d023d.json.license",
          "rule" : {
            "process" : {
            }
          }
        },
        {
          "path" : "/Users/admin/builder/spi-builder-workspace/Sources/SpeziFHIRMockPatients/Resources/Gonzalo160_Duenas839_ed70a28f-30b2-acb7-658a-8b340dadd685.json",
          "rule" : {
            "process" : {
            }
          }
        },
        {
          "path" : "/Users/admin/builder/spi-builder-workspace/Sources/SpeziFHIRMockPatients/Resources/Gonzalo160_Duenas839_ed70a28f-30b2-acb7-658a-8b340dadd685.json.license",
          "rule" : {
            "process" : {
            }
          }
        },
        {
          "path" : "/Users/admin/builder/spi-builder-workspace/Sources/SpeziFHIRMockPatients/Resources/Jacklyn830_Veum823_e0e1f21a-22a7-d166-7bb1-63f6bbce1a32.json",
          "rule" : {
            "process" : {
            }
          }
        },
        {
          "path" : "/Users/admin/builder/spi-builder-workspace/Sources/SpeziFHIRMockPatients/Resources/Jacklyn830_Veum823_e0e1f21a-22a7-d166-7bb1-63f6bbce1a32.json.license",
          "rule" : {
            "process" : {
            }
          }
        },
        {
          "path" : "/Users/admin/builder/spi-builder-workspace/Sources/SpeziFHIRMockPatients/Resources/Jamison785_Denesik803_1e08cb3f-9e6a-b083-b6ee-0bb38f70ba50.json",
          "rule" : {
            "process" : {
            }
          }
        },
        {
          "path" : "/Users/admin/builder/spi-builder-workspace/Sources/SpeziFHIRMockPatients/Resources/Jamison785_Denesik803_1e08cb3f-9e6a-b083-b6ee-0bb38f70ba50.json.license",
          "rule" : {
            "process" : {
            }
          }
        },
        {
          "path" : "/Users/admin/builder/spi-builder-workspace/Sources/SpeziFHIRMockPatients/Resources/Maye976_Dickinson688_04f25f73-04b2-469c-3806-540417a0d61c.json",
          "rule" : {
            "process" : {
            }
          }
        },
        {
          "path" : "/Users/admin/builder/spi-builder-workspace/Sources/SpeziFHIRMockPatients/Resources/Maye976_Dickinson688_04f25f73-04b2-469c-3806-540417a0d61c.json.license",
          "rule" : {
            "process" : {
            }
          }
        },
        {
          "path" : "/Users/admin/builder/spi-builder-workspace/Sources/SpeziFHIRMockPatients/Resources/Milagros256_Hills818_79b1d90a-0eaf-be78-9bbf-91c638626012.json",
          "rule" : {
            "process" : {
            }
          }
        },
        {
          "path" : "/Users/admin/builder/spi-builder-workspace/Sources/SpeziFHIRMockPatients/Resources/Milagros256_Hills818_79b1d90a-0eaf-be78-9bbf-91c638626012.json.license",
          "rule" : {
            "process" : {
            }
          }
        },
        {
          "path" : "/Users/admin/builder/spi-builder-workspace/Sources/SpeziFHIRMockPatients/Resources/Milton509_Ortiz186_d66b5418-06cb-fc8a-8c13-85685b6ac939.json",
          "rule" : {
            "process" : {
            }
          }
        },
        {
          "path" : "/Users/admin/builder/spi-builder-workspace/Sources/SpeziFHIRMockPatients/Resources/Milton509_Ortiz186_d66b5418-06cb-fc8a-8c13-85685b6ac939.json.license",
          "rule" : {
            "process" : {
            }
          }
        },
        {
          "path" : "/Users/admin/builder/spi-builder-workspace/Sources/SpeziFHIRMockPatients/Resources/Napoleon578_Fay398_38f38890-b80f-6542-51d4-882c7b37b0bf.json",
          "rule" : {
            "process" : {
            }
          }
        },
        {
          "path" : "/Users/admin/builder/spi-builder-workspace/Sources/SpeziFHIRMockPatients/Resources/Napoleon578_Fay398_38f38890-b80f-6542-51d4-882c7b37b0bf.json.license",
          "rule" : {
            "process" : {
            }
          }
        }
      ],
      "sources" : [
        "FHIRBundle+MockPatients.swift",
        "FHIRBundle+Patient.swift",
        "FHIRBundleSelector.swift",
        "FHIRMockBundleSelector.swift",
        "FHIRStore+TestingSupport.swift",
        "FoundationBundle+LoadBundle.swift"
      ],
      "target_dependencies" : [
        "SpeziFHIR"
      ],
      "type" : "library"
    },
    {
      "c99name" : "SpeziFHIRHealthKit",
      "module_type" : "SwiftTarget",
      "name" : "SpeziFHIRHealthKit",
      "path" : "Sources/SpeziFHIRHealthKit",
      "product_dependencies" : [
        "HealthKitOnFHIR",
        "SpeziHealthKit"
      ],
      "product_memberships" : [
        "SpeziFHIRHealthKit"
      ],
      "sources" : [
        "FHIRResource+HealthKit.swift",
        "FHIRResource+LoadAttachments.swift",
        "FHIRStore+HealthKit.swift"
      ],
      "target_dependencies" : [
        "SpeziFHIR"
      ],
      "type" : "library"
    },
    {
      "c99name" : "SpeziFHIR",
      "module_type" : "SwiftTarget",
      "name" : "SpeziFHIR",
      "path" : "Sources/SpeziFHIR",
      "product_dependencies" : [
        "Spezi",
        "ModelsR4",
        "ModelsDSTU2",
        "HealthKitOnFHIR",
        "SpeziHealthKit"
      ],
      "product_memberships" : [
        "SpeziFHIR",
        "SpeziFHIRHealthKit",
        "SpeziFHIRMockPatients"
      ],
      "sources" : [
        "Extensions/ConditionOnsetXR4+Date.swift",
        "Extensions/DiagnosticReportEffectiveXR4+Date.swift",
        "Extensions/FHIR+Identifiable.swift",
        "Extensions/FHIRResource+Flattener.swift",
        "Extensions/ImmunizationOccurrenceXR4+Date.swift",
        "Extensions/MedicationAdministrationEffectiveXR4+Date.swift",
        "Extensions/PeriodR4+Date.swift",
        "Extensions/ProcedurePerformedXR4+Date.swift",
        "Extensions/SupplyDeliveryOccurrenceXR4+Date.swift",
        "FHIR.swift",
        "FHIRAttachment/Base64Decoding.swift",
        "FHIRAttachment/ContentExtractor.swift",
        "FHIRAttachment/FHIRAttachment+DSTU2.swift",
        "FHIRAttachment/FHIRAttachment+R4.swift",
        "FHIRAttachment/FHIRAttachment.swift",
        "FHIRAttachment/FHIRAttachmentService.swift",
        "FHIRAttachment/PDFDocumentProviding.swift",
        "FHIRResource/FHIRResource+Category.swift",
        "FHIRResource/FHIRResource+Copy.swift",
        "FHIRResource/FHIRResource+Search.swift",
        "FHIRResource/FHIRResource+StringifyAttachment.swift",
        "FHIRResource/FHIRResource.swift",
        "FHIRResource/FHIRResourceLockManager.swift",
        "FHIRResource/ResourceProxy+DisplayName.swift",
        "FHIRStore.swift"
      ],
      "type" : "library"
    }
  ],
  "tools_version" : "6.1"
}
{
  "workspace" : {
    "name" : "SpeziFHIR",
    "schemes" : [
      "SpeziFHIR",
      "SpeziFHIR-Package",
      "SpeziFHIRHealthKit",
      "SpeziFHIRMockPatients"
    ]
  }
}
2026-09-23 16:23:02.332 xcodebuild[2234:13336] [MT] IDERunDestination: Supported platforms for the buildables in the current scheme is empty.
Running build ...
env DEVELOPER_DIR=/Applications/Xcode-27.0.0-Release.Candidate.app xcrun xcodebuild -IDEClonedSourcePackagesDirPathOverride=$PWD/.dependencies -skipMacroValidation -skipPackagePluginValidation -derivedDataPath $PWD/.derivedData build -scheme SpeziFHIR-Package -destination generic/platform=watchOS
Command line invocation:
    /Applications/Xcode-27.0.0-Release.Candidate.app/Contents/Developer/usr/bin/xcodebuild -IDEClonedSourcePackagesDirPathOverride=/Users/admin/builder/spi-builder-workspace/.dependencies -skipMacroValidation -skipPackagePluginValidation -derivedDataPath /Users/admin/builder/spi-builder-workspace/.derivedData build -scheme SpeziFHIR-Package -destination generic/platform=watchOS
Resolve Package Graph
failed to retrieve search paths with pkg-config; maybe pkg-config is not installedcouldn't find pc file for zlib
Resolved source packages:
  Spezi: https://github.com/StanfordSpezi/Spezi.git @ 1.10.2
  swift-numerics: https://github.com/apple/swift-numerics.git @ 1.1.1
  FHIRModels: https://github.com/apple/FHIRModels.git @ 0.9.3
  SpeziHealthKit: https://github.com/StanfordSpezi/SpeziHealthKit.git @ 1.4.2
  swift-algorithms: https://github.com/apple/swift-algorithms.git @ 1.2.1
  SpeziFHIR: /Users/admin/builder/spi-builder-workspace
  swift-syntax: https://github.com/swiftlang/swift-syntax.git @ 603.0.2
  swift-atomics: https://github.com/apple/swift-atomics.git @ 1.3.1
  swift-collections: https://github.com/apple/swift-collections.git @ 1.7.0
  RuntimeAssertions: https://github.com/StanfordBDHG/XCTRuntimeAssertions.git @ 2.2.0
  SpeziStorage: https://github.com/StanfordSpezi/SpeziStorage.git @ 2.1.4
  HealthKitOnFHIR: https://github.com/StanfordBDHG/HealthKitOnFHIR.git @ 1.2.1
  swift-async-algorithms: https://github.com/apple/swift-async-algorithms.git @ 1.1.5
  SpeziFoundation: https://github.com/StanfordSpezi/SpeziFoundation.git @ 2.7.7
  ThreadLocal: https://github.com/StanfordBDHG/ThreadLocal.git @ 0.1.3
  zstd: https://github.com/StanfordBDHG/zstd.git @ 1.5.8-beta.1
  swift-log: https://github.com/apple/swift-log @ 1.15.1
ComputePackagePrebuildTargetDependencyGraph
Prepare packages
CreateBuildRequest
SendProjectDescription
CreateBuildOperation
ComputeTargetDependencyGraph
note: Building targets in dependency order
note: Target dependency graph (52 targets)
    Target 'SpeziFHIRMockPatients-product' in project 'SpeziFHIR'
        ➜ Explicit dependency on target 'SpeziFHIRMockPatients' in project 'SpeziFHIR'
        ➜ Explicit dependency on target 'SpeziFHIR_SpeziFHIRMockPatients' in project 'SpeziFHIR'
        ➜ Explicit dependency on target 'SpeziFHIR' in project 'SpeziFHIR'
        ➜ Explicit dependency on target 'Spezi-product' in project 'Spezi'
        ➜ Explicit dependency on target 'ModelsR4-product' in project 'FHIRModels'
        ➜ Explicit dependency on target 'ModelsDSTU2-product' in project 'FHIRModels'
        ➜ Explicit dependency on target 'HealthKitOnFHIR-product' in project 'HealthKitOnFHIR'
        ➜ Explicit dependency on target 'SpeziHealthKit-product' in project 'SpeziHealthKit'
    Target 'SpeziFHIRMockPatients' in project 'SpeziFHIR'
        ➜ Explicit dependency on target 'SpeziFHIR_SpeziFHIRMockPatients' in project 'SpeziFHIR'
        ➜ Explicit dependency on target 'SpeziFHIR' in project 'SpeziFHIR'
        ➜ Explicit dependency on target 'Spezi-product' in project 'Spezi'
        ➜ Explicit dependency on target 'ModelsR4-product' in project 'FHIRModels'
        ➜ Explicit dependency on target 'ModelsDSTU2-product' in project 'FHIRModels'
        ➜ Explicit dependency on target 'HealthKitOnFHIR-product' in project 'HealthKitOnFHIR'
        ➜ Explicit dependency on target 'SpeziHealthKit-product' in project 'SpeziHealthKit'
    Target 'SpeziFHIR_SpeziFHIRMockPatients' in project 'SpeziFHIR' (no dependencies)
    Target 'SpeziFHIRHealthKit-product' in project 'SpeziFHIR'
        ➜ Explicit dependency on target 'SpeziFHIRHealthKit' in project 'SpeziFHIR'
        ➜ Explicit dependency on target 'SpeziFHIR' in project 'SpeziFHIR'
        ➜ Explicit dependency on target 'Spezi-product' in project 'Spezi'
        ➜ Explicit dependency on target 'ModelsR4-product' in project 'FHIRModels'
        ➜ Explicit dependency on target 'ModelsDSTU2-product' in project 'FHIRModels'
        ➜ Explicit dependency on target 'HealthKitOnFHIR-product' in project 'HealthKitOnFHIR'
        ➜ Explicit dependency on target 'SpeziHealthKit-product' in project 'SpeziHealthKit'
    Target 'SpeziFHIRHealthKit' in project 'SpeziFHIR'
        ➜ Explicit dependency on target 'SpeziFHIR' in project 'SpeziFHIR'
        ➜ Explicit dependency on target 'Spezi-product' in project 'Spezi'
        ➜ Explicit dependency on target 'ModelsR4-product' in project 'FHIRModels'
        ➜ Explicit dependency on target 'ModelsDSTU2-product' in project 'FHIRModels'
        ➜ Explicit dependency on target 'HealthKitOnFHIR-product' in project 'HealthKitOnFHIR'
        ➜ Explicit dependency on target 'SpeziHealthKit-product' in project 'SpeziHealthKit'
    Target 'SpeziFHIR-product' in project 'SpeziFHIR'
        ➜ Explicit dependency on target 'SpeziFHIR' in project 'SpeziFHIR'
        ➜ Explicit dependency on target 'Spezi-product' in project 'Spezi'
        ➜ Explicit dependency on target 'ModelsR4-product' in project 'FHIRModels'
        ➜ Explicit dependency on target 'ModelsDSTU2-product' in project 'FHIRModels'
        ➜ Explicit dependency on target 'HealthKitOnFHIR-product' in project 'HealthKitOnFHIR'
        ➜ Explicit dependency on target 'SpeziHealthKit-product' in project 'SpeziHealthKit'
    Target 'SpeziFHIR' in project 'SpeziFHIR'
        ➜ Explicit dependency on target 'Spezi-product' in project 'Spezi'
        ➜ Explicit dependency on target 'ModelsR4-product' in project 'FHIRModels'
        ➜ Explicit dependency on target 'ModelsDSTU2-product' in project 'FHIRModels'
        ➜ Explicit dependency on target 'HealthKitOnFHIR-product' in project 'HealthKitOnFHIR'
        ➜ Explicit dependency on target 'SpeziHealthKit-product' in project 'SpeziHealthKit'
    Target 'SpeziHealthKit-product' in project 'SpeziHealthKit'
        ➜ Explicit dependency on target 'SpeziHealthKit' in project 'SpeziHealthKit'
        ➜ Explicit dependency on target 'SpeziHealthKit_SpeziHealthKit' in project 'SpeziHealthKit'
        ➜ Explicit dependency on target 'Spezi-product' in project 'Spezi'
        ➜ Explicit dependency on target 'SpeziFoundation-product' in project 'SpeziFoundation'
        ➜ Explicit dependency on target 'SpeziLocalStorage-product' in project 'SpeziStorage'
        ➜ Explicit dependency on target 'Algorithms-product' in project 'swift-algorithms'
        ➜ Explicit dependency on target 'AsyncAlgorithms-product' in project 'swift-async-algorithms'
    Target 'SpeziHealthKit' in project 'SpeziHealthKit'
        ➜ Explicit dependency on target 'SpeziHealthKit_SpeziHealthKit' in project 'SpeziHealthKit'
        ➜ Explicit dependency on target 'Spezi-product' in project 'Spezi'
        ➜ Explicit dependency on target 'SpeziFoundation-product' in project 'SpeziFoundation'
        ➜ Explicit dependency on target 'SpeziLocalStorage-product' in project 'SpeziStorage'
        ➜ Explicit dependency on target 'Algorithms-product' in project 'swift-algorithms'
        ➜ Explicit dependency on target 'AsyncAlgorithms-product' in project 'swift-async-algorithms'
    Target 'AsyncAlgorithms-product' in project 'swift-async-algorithms'
        ➜ Explicit dependency on target 'AsyncAlgorithms' in project 'swift-async-algorithms'
        ➜ Explicit dependency on target 'OrderedCollections-product' in project 'swift-collections'
        ➜ Explicit dependency on target 'DequeModule-product' in project 'swift-collections'
    Target 'AsyncAlgorithms' in project 'swift-async-algorithms'
        ➜ Explicit dependency on target 'OrderedCollections-product' in project 'swift-collections'
        ➜ Explicit dependency on target 'DequeModule-product' in project 'swift-collections'
    Target 'DequeModule-product' in project 'swift-collections'
        ➜ Explicit dependency on target 'DequeModule' in project 'swift-collections'
        ➜ Explicit dependency on target 'InternalCollectionsUtilities' in project 'swift-collections'
        ➜ Explicit dependency on target 'SpanPreview' in project 'swift-collections'
    Target 'DequeModule' in project 'swift-collections'
        ➜ Explicit dependency on target 'InternalCollectionsUtilities' in project 'swift-collections'
        ➜ Explicit dependency on target 'SpanPreview' in project 'swift-collections'
    Target 'SpanPreview' in project 'swift-collections'
        ➜ Explicit dependency on target 'InternalCollectionsUtilities' in project 'swift-collections'
    Target 'SpeziLocalStorage-product' in project 'SpeziStorage'
        ➜ Explicit dependency on target 'SpeziLocalStorage' in project 'SpeziStorage'
        ➜ Explicit dependency on target 'SpeziKeychainStorage' in project 'SpeziStorage'
        ➜ Explicit dependency on target 'Spezi-product' in project 'Spezi'
        ➜ Explicit dependency on target 'RuntimeAssertions-product' in project 'RuntimeAssertions'
        ➜ Explicit dependency on target 'SpeziFoundation-product' in project 'SpeziFoundation'
    Target 'SpeziLocalStorage' in project 'SpeziStorage'
        ➜ Explicit dependency on target 'SpeziKeychainStorage' in project 'SpeziStorage'
        ➜ Explicit dependency on target 'Spezi-product' in project 'Spezi'
        ➜ Explicit dependency on target 'RuntimeAssertions-product' in project 'RuntimeAssertions'
        ➜ Explicit dependency on target 'SpeziFoundation-product' in project 'SpeziFoundation'
    Target 'SpeziKeychainStorage' in project 'SpeziStorage'
        ➜ Explicit dependency on target 'Spezi-product' in project 'Spezi'
        ➜ Explicit dependency on target 'RuntimeAssertions-product' in project 'RuntimeAssertions'
    Target 'SpeziHealthKit_SpeziHealthKit' in project 'SpeziHealthKit' (no dependencies)
    Target 'HealthKitOnFHIR-product' in project 'HealthKitOnFHIR'
        ➜ Explicit dependency on target 'HealthKitOnFHIR' in project 'HealthKitOnFHIR'
        ➜ Explicit dependency on target 'HealthKitOnFHIR_HealthKitOnFHIR' in project 'HealthKitOnFHIR'
        ➜ Explicit dependency on target 'ModelsR4-product' in project 'FHIRModels'
    Target 'HealthKitOnFHIR' in project 'HealthKitOnFHIR'
        ➜ Explicit dependency on target 'HealthKitOnFHIR_HealthKitOnFHIR' in project 'HealthKitOnFHIR'
        ➜ Explicit dependency on target 'ModelsR4-product' in project 'FHIRModels'
    Target 'HealthKitOnFHIR_HealthKitOnFHIR' in project 'HealthKitOnFHIR' (no dependencies)
    Target 'ModelsDSTU2-product' in project 'FHIRModels'
        ➜ Explicit dependency on target 'ModelsDSTU2' in project 'FHIRModels'
        ➜ Explicit dependency on target 'FMCore' in project 'FHIRModels'
    Target 'ModelsDSTU2' in project 'FHIRModels'
        ➜ Explicit dependency on target 'FMCore' in project 'FHIRModels'
    Target 'ModelsR4-product' in project 'FHIRModels'
        ➜ Explicit dependency on target 'ModelsR4' in project 'FHIRModels'
        ➜ Explicit dependency on target 'FMCore' in project 'FHIRModels'
    Target 'ModelsR4' in project 'FHIRModels'
        ➜ Explicit dependency on target 'FMCore' in project 'FHIRModels'
    Target 'FMCore' in project 'FHIRModels' (no dependencies)
    Target 'Spezi-product' in project 'Spezi'
        ➜ Explicit dependency on target 'Spezi' in project 'Spezi'
        ➜ Explicit dependency on target 'SpeziFoundation-product' in project 'SpeziFoundation'
        ➜ Explicit dependency on target 'RuntimeAssertions-product' in project 'RuntimeAssertions'
        ➜ Explicit dependency on target 'OrderedCollections-product' in project 'swift-collections'
    Target 'Spezi' in project 'Spezi'
        ➜ Explicit dependency on target 'SpeziFoundation-product' in project 'SpeziFoundation'
        ➜ Explicit dependency on target 'RuntimeAssertions-product' in project 'RuntimeAssertions'
        ➜ Explicit dependency on target 'OrderedCollections-product' in project 'swift-collections'
    Target 'OrderedCollections-product' in project 'swift-collections'
        ➜ Explicit dependency on target 'OrderedCollections' in project 'swift-collections'
        ➜ Explicit dependency on target 'InternalCollectionsUtilities' in project 'swift-collections'
    Target 'OrderedCollections' in project 'swift-collections'
        ➜ Explicit dependency on target 'InternalCollectionsUtilities' in project 'swift-collections'
    Target 'InternalCollectionsUtilities' in project 'swift-collections' (no dependencies)
    Target 'SpeziFoundation-product' in project 'SpeziFoundation'
        ➜ Explicit dependency on target 'SpeziFoundation' in project 'SpeziFoundation'
        ➜ Explicit dependency on target 'SpeziFoundation_SpeziFoundation' in project 'SpeziFoundation'
        ➜ Explicit dependency on target 'SpeziFoundationObjC' in project 'SpeziFoundation'
        ➜ Explicit dependency on target 'libzstd-product' in project 'zstd'
        ➜ Explicit dependency on target 'Atomics-product' in project 'swift-atomics'
        ➜ Explicit dependency on target 'Algorithms-product' in project 'swift-algorithms'
        ➜ Explicit dependency on target 'RuntimeAssertions-product' in project 'RuntimeAssertions'
        ➜ Explicit dependency on target 'Logging-product' in project 'swift-log'
        ➜ Explicit dependency on target 'ThreadLocal-product' in project 'ThreadLocal'
    Target 'SpeziFoundation' in project 'SpeziFoundation'
        ➜ Explicit dependency on target 'SpeziFoundation_SpeziFoundation' in project 'SpeziFoundation'
        ➜ Explicit dependency on target 'SpeziFoundationObjC' in project 'SpeziFoundation'
        ➜ Explicit dependency on target 'libzstd-product' in project 'zstd'
        ➜ Explicit dependency on target 'Atomics-product' in project 'swift-atomics'
        ➜ Explicit dependency on target 'Algorithms-product' in project 'swift-algorithms'
        ➜ Explicit dependency on target 'RuntimeAssertions-product' in project 'RuntimeAssertions'
        ➜ Explicit dependency on target 'Logging-product' in project 'swift-log'
        ➜ Explicit dependency on target 'ThreadLocal-product' in project 'ThreadLocal'
    Target 'ThreadLocal-product' in project 'ThreadLocal'
        ➜ Explicit dependency on target 'ThreadLocal' in project 'ThreadLocal'
        ➜ Explicit dependency on target 'ThreadLocalMacros' in project 'ThreadLocal'
    Target 'ThreadLocal' in project 'ThreadLocal'
        ➜ Explicit dependency on target 'ThreadLocalMacros' in project 'ThreadLocal'
    Target 'ThreadLocalMacros' in project 'ThreadLocal' (no dependencies)
    Target 'Logging-product' in project 'swift-log'
        ➜ Explicit dependency on target 'Logging' in project 'swift-log'
    Target 'Logging' in project 'swift-log' (no dependencies)
    Target 'RuntimeAssertions-product' in project 'RuntimeAssertions'
        ➜ Explicit dependency on target 'RuntimeAssertions' in project 'RuntimeAssertions'
    Target 'RuntimeAssertions' in project 'RuntimeAssertions' (no dependencies)
    Target 'Algorithms-product' in project 'swift-algorithms'
        ➜ Explicit dependency on target 'Algorithms' in project 'swift-algorithms'
        ➜ Explicit dependency on target 'RealModule-product' in project 'swift-numerics'
    Target 'Algorithms' in project 'swift-algorithms'
        ➜ Explicit dependency on target 'RealModule-product' in project 'swift-numerics'
    Target 'RealModule-product' in project 'swift-numerics'
        ➜ Explicit dependency on target 'RealModule' in project 'swift-numerics'
        ➜ Explicit dependency on target '_NumericsShims' in project 'swift-numerics'
    Target 'RealModule' in project 'swift-numerics'
        ➜ Explicit dependency on target '_NumericsShims' in project 'swift-numerics'
    Target '_NumericsShims' in project 'swift-numerics' (no dependencies)
    Target 'Atomics-product' in project 'swift-atomics'
        ➜ Explicit dependency on target 'Atomics' in project 'swift-atomics'
        ➜ Explicit dependency on target '_AtomicsShims' in project 'swift-atomics'
    Target 'Atomics' in project 'swift-atomics'
        ➜ Explicit dependency on target '_AtomicsShims' in project 'swift-atomics'
    Target '_AtomicsShims' in project 'swift-atomics' (no dependencies)
    Target 'libzstd-product' in project 'zstd'
        ➜ Explicit dependency on target 'libzstd' in project 'zstd'
    Target 'libzstd' in project 'zstd' (no dependencies)
    Target 'SpeziFoundationObjC' in project 'SpeziFoundation' (no dependencies)
    Target 'SpeziFoundation_SpeziFoundation' in project 'SpeziFoundation' (no dependencies)
GatherProvisioningInputs
CreateBuildDescription
ClangStatCache /Applications/Xcode-27.0.0-Release.Candidate.app/Contents/Developer/Toolchains/XcodeDefault.xctoolchain/usr/bin/clang-stat-cache /Applications/Xcode-27.0.0-Release.Candidate.app/Contents/Developer/Platforms/MacOSX.platform/Developer/SDKs/MacOSX27.0.sdk /Users/admin/builder/spi-builder-workspace/.derivedData/SDKStatCaches.noindex/macosx27.0-26A425-e829b21a6f8c9b70876ba0858053c0446a22442a12e9d48fe1a705f55a1adfc4.sdkstatcache
    cd /Users/admin/builder/spi-builder-workspace/.swiftpm/xcode
    /Applications/Xcode-27.0.0-Release.Candidate.app/Contents/Developer/Toolchains/XcodeDefault.xctoolchain/usr/bin/clang-stat-cache /Applications/Xcode-27.0.0-Release.Candidate.app/Contents/Developer/Platforms/MacOSX.platform/Developer/SDKs/MacOSX27.0.sdk -o /Users/admin/builder/spi-builder-workspace/.derivedData/SDKStatCaches.noindex/macosx27.0-26A425-e829b21a6f8c9b70876ba0858053c0446a22442a12e9d48fe1a705f55a1adfc4.sdkstatcache
ClangStatCache /Applications/Xcode-27.0.0-Release.Candidate.app/Contents/Developer/Toolchains/XcodeDefault.xctoolchain/usr/bin/clang-stat-cache /Applications/Xcode-27.0.0-Release.Candidate.app/Contents/Developer/Platforms/WatchOS.platform/Developer/SDKs/WatchOS27.0.sdk /Users/admin/builder/spi-builder-workspace/.derivedData/SDKStatCaches.noindex/watchos27.0-24R360-e829b21a6f8c9b70876ba0858053c04477534ef55a1706bf4c1112bbb242f0a2.sdkstatcache
    cd /Users/admin/builder/spi-builder-workspace/.swiftpm/xcode
    /Applications/Xcode-27.0.0-Release.Candidate.app/Contents/Developer/Toolchains/XcodeDefault.xctoolchain/usr/bin/clang-stat-cache /Applications/Xcode-27.0.0-Release.Candidate.app/Contents/Developer/Platforms/WatchOS.platform/Developer/SDKs/WatchOS27.0.sdk -o /Users/admin/builder/spi-builder-workspace/.derivedData/SDKStatCaches.noindex/watchos27.0-24R360-e829b21a6f8c9b70876ba0858053c04477534ef55a1706bf4c1112bbb242f0a2.sdkstatcache
SwiftDriver ModelsDSTU2 normal arm64_32 com.apple.xcode.tools.swift.compiler (in target 'ModelsDSTU2' from project 'FHIRModels')
    cd /Users/admin/builder/spi-builder-workspace/.swiftpm/xcode
    builtin-SwiftDriver -- /Applications/Xcode-27.0.0-Release.Candidate.app/Contents/Developer/Toolchains/XcodeDefault.xctoolchain/usr/bin/swiftc -parse-as-library -module-name ModelsDSTU2 -Onone @/Users/admin/builder/spi-builder-workspace/.derivedData/Build/Intermediates.noindex/FHIRModels.build/Debug-watchos/ModelsDSTU2-t.build/Objects-normal/arm64_32/ModelsDSTU2.SwiftFileList -DSWIFT_PACKAGE -DDEBUG -DSWIFT_MODULE_RESOURCE_BUNDLE_UNAVAILABLE -DXcode -plugin-path /Applications/Xcode-27.0.0-Release.Candidate.app/Contents/Developer/Toolchains/XcodeDefault.xctoolchain/usr/lib/swift/host/plugins/testing -enable-experimental-feature DebugDescriptionMacro -sdk /Applications/Xcode-27.0.0-Release.Candidate.app/Contents/Developer/Platforms/WatchOS.platform/Developer/SDKs/WatchOS27.0.sdk -target arm64_32-apple-watchos9.0 -g -module-cache-path /Users/admin/builder/spi-builder-workspace/.derivedData/ModuleCache.noindex -Xfrontend -serialize-debugging-options -profile-coverage-mapping -profile-generate -enable-testing -suppress-warnings -index-store-path /Users/admin/builder/spi-builder-workspace/.derivedData/Index.noindex/DataStore -Xcc -D_LIBCPP_HARDENING_MODE\=_LIBCPP_HARDENING_MODE_DEBUG -swift-version 6 -I /Users/admin/builder/spi-builder-workspace/.derivedData/Build/Products/Debug-watchos -Isystem /Applications/Xcode-27.0.0-Release.Candidate.app/Contents/Developer/Platforms/WatchOS.platform/Developer/usr/lib -F /Users/admin/builder/spi-builder-workspace/.derivedData/Build/Products/Debug-watchos/PackageFrameworks -F /Users/admin/builder/spi-builder-workspace/.derivedData/Build/Products/Debug-watchos -F /Applications/Xcode-27.0.0-Release.Candidate.app/Contents/Developer/Platforms/WatchOS.platform/Developer/Library/Frameworks -F /Applications/Xcode-27.0.0-Release.Candidate.app/Contents/Developer/Platforms/WatchOS.platform/Developer/SDKs/WatchOS27.0.sdk/Developer/Library/Frameworks -c -j10 -enable-batch-mode -incremental -Xcc -ivfsstatcache -Xcc /Users/admin/builder/spi-builder-workspace/.derivedData/SDKStatCaches.noindex/watchos27.0-24R360-e829b21a6f8c9b70876ba0858053c04477534ef55a1706bf4c1112bbb242f0a2.sdkstatcache -output-file-map /Users/admin/builder/spi-builder-workspace/.derivedData/Build/Intermediates.noindex/FHIRModels.build/Debug-watchos/ModelsDSTU2-t.build/Objects-normal/arm64_32/ModelsDSTU2-OutputFileMap.json -save-temps -no-color-diagnostics -explicit-module-build -module-cache-path /Users/admin/builder/spi-builder-workspace/.derivedData/Build/Intermediates.noindex/SwiftExplicitPrecompiledModules -clang-scanner-module-cache-path /Users/admin/builder/spi-builder-workspace/.derivedData/ModuleCache.noindex -sdk-module-cache-path /Users/admin/builder/spi-builder-workspace/.derivedData/SDKExplicitPrecompiledModules -emit-dependencies -emit-module -emit-module-path /Users/admin/builder/spi-builder-workspace/.derivedData/Build/Intermediates.noindex/FHIRModels.build/Debug-watchos/ModelsDSTU2-t.build/Objects-normal/arm64_32/ModelsDSTU2.swiftmodule -serialize-diagnostics -dependency-scan-serialize-diagnostics-path /Users/admin/builder/spi-builder-workspace/.derivedData/Build/Intermediates.noindex/FHIRModels.build/Debug-watchos/ModelsDSTU2-t.build/Objects-normal/arm64_32/ModelsDSTU2-dependency-scan.dia -user-module-version 0.9.3 -validate-clang-modules-once -clang-build-session-file /Users/admin/builder/spi-builder-workspace/.derivedData/ModuleCache.noindex/Session.modulevalidation -Xcc -fmodules-prune-interval\=86400 -Xcc -fmodules-prune-after\=345600 -package-name fhirmodels -emit-const-values -const-gather-protocols-list /Users/admin/builder/spi-builder-workspace/.derivedData/Build/Intermediates.noindex/FHIRModels.build/Debug-watchos/ModelsDSTU2-t.build/Objects-normal/arm64_32/ModelsDSTU2_const_extract_protocols.json -Xcc -I/Users/admin/builder/spi-builder-workspace/.derivedData/Build/Products/Debug-watchos/include -Xcc -I/Users/admin/builder/spi-builder-workspace/.derivedData/Build/Intermediates.noindex/FHIRModels.build/Debug-watchos/ModelsDSTU2-t.build/DerivedSources-normal/arm64_32 -Xcc -I/Users/admin/builder/spi-builder-workspace/.derivedData/Build/Intermediates.noindex/FHIRModels.build/Debug-watchos/ModelsDSTU2-t.build/DerivedSources/arm64_32 -Xcc -I/Users/admin/builder/spi-builder-workspace/.derivedData/Build/Intermediates.noindex/FHIRModels.build/Debug-watchos/ModelsDSTU2-t.build/DerivedSources -Xcc -DSWIFT_PACKAGE -Xcc -DDEBUG\=1 -emit-objc-header -emit-objc-header-path /Users/admin/builder/spi-builder-workspace/.derivedData/Build/Intermediates.noindex/FHIRModels.build/Debug-watchos/ModelsDSTU2-t.build/Objects-normal/arm64_32/ModelsDSTU2-Swift.h -working-directory /Users/admin/builder/spi-builder-workspace/.swiftpm/xcode -experimental-emit-module-separately -disable-cmo
SwiftDriver ModelsDSTU2 normal arm64 com.apple.xcode.tools.swift.compiler (in target 'ModelsDSTU2' from project 'FHIRModels')
    cd /Users/admin/builder/spi-builder-workspace/.swiftpm/xcode
    builtin-SwiftDriver -- /Applications/Xcode-27.0.0-Release.Candidate.app/Contents/Developer/Toolchains/XcodeDefault.xctoolchain/usr/bin/swiftc -parse-as-library -module-name ModelsDSTU2 -Onone @/Users/admin/builder/spi-builder-workspace/.derivedData/Build/Intermediates.noindex/FHIRModels.build/Debug-watchos/ModelsDSTU2-t.build/Objects-normal/arm64/ModelsDSTU2.SwiftFileList -DSWIFT_PACKAGE -DDEBUG -DSWIFT_MODULE_RESOURCE_BUNDLE_UNAVAILABLE -DXcode -plugin-path /Applications/Xcode-27.0.0-Release.Candidate.app/Contents/Developer/Toolchains/XcodeDefault.xctoolchain/usr/lib/swift/host/plugins/testing -enable-experimental-feature DebugDescriptionMacro -sdk /Applications/Xcode-27.0.0-Release.Candidate.app/Contents/Developer/Platforms/WatchOS.platform/Developer/SDKs/WatchOS27.0.sdk -target arm64-apple-watchos9.0 -g -module-cache-path /Users/admin/builder/spi-builder-workspace/.derivedData/ModuleCache.noindex -Xfrontend -serialize-debugging-options -profile-coverage-mapping -profile-generate -enable-testing -suppress-warnings -index-store-path /Users/admin/builder/spi-builder-workspace/.derivedData/Index.noindex/DataStore -Xcc -D_LIBCPP_HARDENING_MODE\=_LIBCPP_HARDENING_MODE_DEBUG -swift-version 6 -I /Users/admin/builder/spi-builder-workspace/.derivedData/Build/Products/Debug-watchos -Isystem /Applications/Xcode-27.0.0-Release.Candidate.app/Contents/Developer/Platforms/WatchOS.platform/Developer/usr/lib -F /Users/admin/builder/spi-builder-workspace/.derivedData/Build/Products/Debug-watchos/PackageFrameworks -F /Users/admin/builder/spi-builder-workspace/.derivedData/Build/Products/Debug-watchos -F /Applications/Xcode-27.0.0-Release.Candidate.app/Contents/Developer/Platforms/WatchOS.platform/Developer/Library/Frameworks -F /Applications/Xcode-27.0.0-Release.Candidate.app/Contents/Developer/Platforms/WatchOS.platform/Developer/SDKs/WatchOS27.0.sdk/Developer/Library/Frameworks -c -j10 -enable-batch-mode -incremental -Xcc -ivfsstatcache -Xcc /Users/admin/builder/spi-builder-workspace/.derivedData/SDKStatCaches.noindex/watchos27.0-24R360-e829b21a6f8c9b70876ba0858053c04477534ef55a1706bf4c1112bbb242f0a2.sdkstatcache -output-file-map /Users/admin/builder/spi-builder-workspace/.derivedData/Build/Intermediates.noindex/FHIRModels.build/Debug-watchos/ModelsDSTU2-t.build/Objects-normal/arm64/ModelsDSTU2-OutputFileMap.json -save-temps -no-color-diagnostics -explicit-module-build -module-cache-path /Users/admin/builder/spi-builder-workspace/.derivedData/Build/Intermediates.noindex/SwiftExplicitPrecompiledModules -clang-scanner-module-cache-path /Users/admin/builder/spi-builder-workspace/.derivedData/ModuleCache.noindex -sdk-module-cache-path /Users/admin/builder/spi-builder-workspace/.derivedData/SDKExplicitPrecompiledModules -emit-dependencies -emit-module -emit-module-path /Users/admin/builder/spi-builder-workspace/.derivedData/Build/Intermediates.noindex/FHIRModels.build/Debug-watchos/ModelsDSTU2-t.build/Objects-normal/arm64/ModelsDSTU2.swiftmodule -serialize-diagnostics -dependency-scan-serialize-diagnostics-path /Users/admin/builder/spi-builder-workspace/.derivedData/Build/Intermediates.noindex/FHIRModels.build/Debug-watchos/ModelsDSTU2-t.build/Objects-normal/arm64/ModelsDSTU2-dependency-scan.dia -user-module-version 0.9.3 -validate-clang-modules-once -clang-build-session-file /Users/admin/builder/spi-builder-workspace/.derivedData/ModuleCache.noindex/Session.modulevalidation -Xcc -fmodules-prune-interval\=86400 -Xcc -fmodules-prune-after\=345600 -package-name fhirmodels -emit-const-values -const-gather-protocols-list /Users/admin/builder/spi-builder-workspace/.derivedData/Build/Intermediates.noindex/FHIRModels.build/Debug-watchos/ModelsDSTU2-t.build/Objects-normal/arm64/ModelsDSTU2_const_extract_protocols.json -Xcc -I/Users/admin/builder/spi-builder-workspace/.derivedData/Build/Products/Debug-watchos/include -Xcc -I/Users/admin/builder/spi-builder-workspace/.derivedData/Build/Intermediates.noindex/FHIRModels.build/Debug-watchos/ModelsDSTU2-t.build/DerivedSources-normal/arm64 -Xcc -I/Users/admin/builder/spi-builder-workspace/.derivedData/Build/Intermediates.noindex/FHIRModels.build/Debug-watchos/ModelsDSTU2-t.build/DerivedSources/arm64 -Xcc -I/Users/admin/builder/spi-builder-workspace/.derivedData/Build/Intermediates.noindex/FHIRModels.build/Debug-watchos/ModelsDSTU2-t.build/DerivedSources -Xcc -DSWIFT_PACKAGE -Xcc -DDEBUG\=1 -emit-objc-header -emit-objc-header-path /Users/admin/builder/spi-builder-workspace/.derivedData/Build/Intermediates.noindex/FHIRModels.build/Debug-watchos/ModelsDSTU2-t.build/Objects-normal/arm64/ModelsDSTU2-Swift.h -working-directory /Users/admin/builder/spi-builder-workspace/.swiftpm/xcode -experimental-emit-module-separately -disable-cmo
SwiftDriver HealthKitOnFHIR normal arm64_32 com.apple.xcode.tools.swift.compiler (in target 'HealthKitOnFHIR' from project 'HealthKitOnFHIR')
    cd /Users/admin/builder/spi-builder-workspace/.swiftpm/xcode
    builtin-SwiftDriver -- /Applications/Xcode-27.0.0-Release.Candidate.app/Contents/Developer/Toolchains/XcodeDefault.xctoolchain/usr/bin/swiftc -parse-as-library -module-name HealthKitOnFHIR -Onone @/Users/admin/builder/spi-builder-workspace/.derivedData/Build/Intermediates.noindex/HealthKitOnFHIR.build/Debug-watchos/HealthKitOnFHIR-t.build/Objects-normal/arm64_32/HealthKitOnFHIR.SwiftFileList -DSWIFT_PACKAGE -DDEBUG -DSWIFT_MODULE_RESOURCE_BUNDLE_AVAILABLE -DXcode -enable-upcoming-feature ExistentialAny -plugin-path /Applications/Xcode-27.0.0-Release.Candidate.app/Contents/Developer/Toolchains/XcodeDefault.xctoolchain/usr/lib/swift/host/plugins/testing -enable-experimental-feature DebugDescriptionMacro -sdk /Applications/Xcode-27.0.0-Release.Candidate.app/Contents/Developer/Platforms/WatchOS.platform/Developer/SDKs/WatchOS27.0.sdk -target arm64_32-apple-watchos10.0 -g -module-cache-path /Users/admin/builder/spi-builder-workspace/.derivedData/ModuleCache.noindex -Xfrontend -serialize-debugging-options -profile-coverage-mapping -profile-generate -enable-testing -suppress-warnings -index-store-path /Users/admin/builder/spi-builder-workspace/.derivedData/Index.noindex/DataStore -Xcc -D_LIBCPP_HARDENING_MODE\=_LIBCPP_HARDENING_MODE_DEBUG -swift-version 6 -I /Users/admin/builder/spi-builder-workspace/.derivedData/Build/Products/Debug-watchos -Isystem /Applications/Xcode-27.0.0-Release.Candidate.app/Contents/Developer/Platforms/WatchOS.platform/Developer/usr/lib -F /Users/admin/builder/spi-builder-workspace/.derivedData/Build/Products/Debug-watchos/PackageFrameworks -F /Users/admin/builder/spi-builder-workspace/.derivedData/Build/Products/Debug-watchos -F /Applications/Xcode-27.0.0-Release.Candidate.app/Contents/Developer/Platforms/WatchOS.platform/Developer/Library/Frameworks -F /Applications/Xcode-27.0.0-Release.Candidate.app/Contents/Developer/Platforms/WatchOS.platform/Developer/SDKs/WatchOS27.0.sdk/Developer/Library/Frameworks -emit-localized-strings -emit-localized-strings-path /Users/admin/builder/spi-builder-workspace/.derivedData/Build/Intermediates.noindex/HealthKitOnFHIR.build/Debug-watchos/HealthKitOnFHIR-t.build/Objects-normal/arm64_32 -c -j10 -enable-batch-mode -incremental -Xcc -ivfsstatcache -Xcc /Users/admin/builder/spi-builder-workspace/.derivedData/SDKStatCaches.noindex/watchos27.0-24R360-e829b21a6f8c9b70876ba0858053c04477534ef55a1706bf4c1112bbb242f0a2.sdkstatcache -output-file-map /Users/admin/builder/spi-builder-workspace/.derivedData/Build/Intermediates.noindex/HealthKitOnFHIR.build/Debug-watchos/HealthKitOnFHIR-t.build/Objects-normal/arm64_32/HealthKitOnFHIR-OutputFileMap.json -save-temps -no-color-diagnostics -explicit-module-build -module-cache-path /Users/admin/builder/spi-builder-workspace/.derivedData/Build/Intermediates.noindex/SwiftExplicitPrecompiledModules -clang-scanner-module-cache-path /Users/admin/builder/spi-builder-workspace/.derivedData/ModuleCache.noindex -sdk-module-cache-path /Users/admin/builder/spi-builder-workspace/.derivedData/SDKExplicitPrecompiledModules -emit-dependencies -emit-module -emit-module-path /Users/admin/builder/spi-builder-workspace/.derivedData/Build/Intermediates.noindex/HealthKitOnFHIR.build/Debug-watchos/HealthKitOnFHIR-t.build/Objects-normal/arm64_32/HealthKitOnFHIR.swiftmodule -serialize-diagnostics -dependency-scan-serialize-diagnostics-path /Users/admin/builder/spi-builder-workspace/.derivedData/Build/Intermediates.noindex/HealthKitOnFHIR.build/Debug-watchos/HealthKitOnFHIR-t.build/Objects-normal/arm64_32/HealthKitOnFHIR-dependency-scan.dia -user-module-version 1.2.1 -validate-clang-modules-once -clang-build-session-file /Users/admin/builder/spi-builder-workspace/.derivedData/ModuleCache.noindex/Session.modulevalidation -Xcc -fmodules-prune-interval\=86400 -Xcc -fmodules-prune-after\=345600 -package-name healthkitonfhir -emit-const-values -const-gather-protocols-list /Users/admin/builder/spi-builder-workspace/.derivedData/Build/Intermediates.noindex/HealthKitOnFHIR.build/Debug-watchos/HealthKitOnFHIR-t.build/Objects-normal/arm64_32/HealthKitOnFHIR_const_extract_protocols.json -Xcc -I/Users/admin/builder/spi-builder-workspace/.derivedData/Build/Products/Debug-watchos/include -Xcc -I/Users/admin/builder/spi-builder-workspace/.derivedData/Build/Intermediates.noindex/HealthKitOnFHIR.build/Debug-watchos/HealthKitOnFHIR-t.build/DerivedSources-normal/arm64_32 -Xcc -I/Users/admin/builder/spi-builder-workspace/.derivedData/Build/Intermediates.noindex/HealthKitOnFHIR.build/Debug-watchos/HealthKitOnFHIR-t.build/DerivedSources/arm64_32 -Xcc -I/Users/admin/builder/spi-builder-workspace/.derivedData/Build/Intermediates.noindex/HealthKitOnFHIR.build/Debug-watchos/HealthKitOnFHIR-t.build/DerivedSources -Xcc -DSWIFT_PACKAGE -Xcc -DDEBUG\=1 -emit-objc-header -emit-objc-header-path /Users/admin/builder/spi-builder-workspace/.derivedData/Build/Intermediates.noindex/HealthKitOnFHIR.build/Debug-watchos/HealthKitOnFHIR-t.build/Objects-normal/arm64_32/HealthKitOnFHIR-Swift.h -working-directory /Users/admin/builder/spi-builder-workspace/.swiftpm/xcode -experimental-emit-module-separately -disable-cmo
SwiftDriver HealthKitOnFHIR normal arm64 com.apple.xcode.tools.swift.compiler (in target 'HealthKitOnFHIR' from project 'HealthKitOnFHIR')
    cd /Users/admin/builder/spi-builder-workspace/.swiftpm/xcode
    builtin-SwiftDriver -- /Applications/Xcode-27.0.0-Release.Candidate.app/Contents/Developer/Toolchains/XcodeDefault.xctoolchain/usr/bin/swiftc -parse-as-library -module-name HealthKitOnFHIR -Onone @/Users/admin/builder/spi-builder-workspace/.derivedData/Build/Intermediates.noindex/HealthKitOnFHIR.build/Debug-watchos/HealthKitOnFHIR-t.build/Objects-normal/arm64/HealthKitOnFHIR.SwiftFileList -DSWIFT_PACKAGE -DDEBUG -DSWIFT_MODULE_RESOURCE_BUNDLE_AVAILABLE -DXcode -enable-upcoming-feature ExistentialAny -plugin-path /Applications/Xcode-27.0.0-Release.Candidate.app/Contents/Developer/Toolchains/XcodeDefault.xctoolchain/usr/lib/swift/host/plugins/testing -enable-experimental-feature DebugDescriptionMacro -sdk /Applications/Xcode-27.0.0-Release.Candidate.app/Contents/Developer/Platforms/WatchOS.platform/Developer/SDKs/WatchOS27.0.sdk -target arm64-apple-watchos10.0 -g -module-cache-path /Users/admin/builder/spi-builder-workspace/.derivedData/ModuleCache.noindex -Xfrontend -serialize-debugging-options -profile-coverage-mapping -profile-generate -enable-testing -suppress-warnings -index-store-path /Users/admin/builder/spi-builder-workspace/.derivedData/Index.noindex/DataStore -Xcc -D_LIBCPP_HARDENING_MODE\=_LIBCPP_HARDENING_MODE_DEBUG -swift-version 6 -I /Users/admin/builder/spi-builder-workspace/.derivedData/Build/Products/Debug-watchos -Isystem /Applications/Xcode-27.0.0-Release.Candidate.app/Contents/Developer/Platforms/WatchOS.platform/Developer/usr/lib -F /Users/admin/builder/spi-builder-workspace/.derivedData/Build/Products/Debug-watchos/PackageFrameworks -F /Users/admin/builder/spi-builder-workspace/.derivedData/Build/Products/Debug-watchos -F /Applications/Xcode-27.0.0-Release.Candidate.app/Contents/Developer/Platforms/WatchOS.platform/Developer/Library/Frameworks -F /Applications/Xcode-27.0.0-Release.Candidate.app/Contents/Developer/Platforms/WatchOS.platform/Developer/SDKs/WatchOS27.0.sdk/Developer/Library/Frameworks -emit-localized-strings -emit-localized-strings-path /Users/admin/builder/spi-builder-workspace/.derivedData/Build/Intermediates.noindex/HealthKitOnFHIR.build/Debug-watchos/HealthKitOnFHIR-t.build/Objects-normal/arm64 -c -j10 -enable-batch-mode -incremental -Xcc -ivfsstatcache -Xcc /Users/admin/builder/spi-builder-workspace/.derivedData/SDKStatCaches.noindex/watchos27.0-24R360-e829b21a6f8c9b70876ba0858053c04477534ef55a1706bf4c1112bbb242f0a2.sdkstatcache -output-file-map /Users/admin/builder/spi-builder-workspace/.derivedData/Build/Intermediates.noindex/HealthKitOnFHIR.build/Debug-watchos/HealthKitOnFHIR-t.build/Objects-normal/arm64/HealthKitOnFHIR-OutputFileMap.json -save-temps -no-color-diagnostics -explicit-module-build -module-cache-path /Users/admin/builder/spi-builder-workspace/.derivedData/Build/Intermediates.noindex/SwiftExplicitPrecompiledModules -clang-scanner-module-cache-path /Users/admin/builder/spi-builder-workspace/.derivedData/ModuleCache.noindex -sdk-module-cache-path /Users/admin/builder/spi-builder-workspace/.derivedData/SDKExplicitPrecompiledModules -emit-dependencies -emit-module -emit-module-path /Users/admin/builder/spi-builder-workspace/.derivedData/Build/Intermediates.noindex/HealthKitOnFHIR.build/Debug-watchos/HealthKitOnFHIR-t.build/Objects-normal/arm64/HealthKitOnFHIR.swiftmodule -serialize-diagnostics -dependency-scan-serialize-diagnostics-path /Users/admin/builder/spi-builder-workspace/.derivedData/Build/Intermediates.noindex/HealthKitOnFHIR.build/Debug-watchos/HealthKitOnFHIR-t.build/Objects-normal/arm64/HealthKitOnFHIR-dependency-scan.dia -user-module-version 1.2.1 -validate-clang-modules-once -clang-build-session-file /Users/admin/builder/spi-builder-workspace/.derivedData/ModuleCache.noindex/Session.modulevalidation -Xcc -fmodules-prune-interval\=86400 -Xcc -fmodules-prune-after\=345600 -package-name healthkitonfhir -emit-const-values -const-gather-protocols-list /Users/admin/builder/spi-builder-workspace/.derivedData/Build/Intermediates.noindex/HealthKitOnFHIR.build/Debug-watchos/HealthKitOnFHIR-t.build/Objects-normal/arm64/HealthKitOnFHIR_const_extract_protocols.json -Xcc -I/Users/admin/builder/spi-builder-workspace/.derivedData/Build/Products/Debug-watchos/include -Xcc -I/Users/admin/builder/spi-builder-workspace/.derivedData/Build/Intermediates.noindex/HealthKitOnFHIR.build/Debug-watchos/HealthKitOnFHIR-t.build/DerivedSources-normal/arm64 -Xcc -I/Users/admin/builder/spi-builder-workspace/.derivedData/Build/Intermediates.noindex/HealthKitOnFHIR.build/Debug-watchos/HealthKitOnFHIR-t.build/DerivedSources/arm64 -Xcc -I/Users/admin/builder/spi-builder-workspace/.derivedData/Build/Intermediates.noindex/HealthKitOnFHIR.build/Debug-watchos/HealthKitOnFHIR-t.build/DerivedSources -Xcc -DSWIFT_PACKAGE -Xcc -DDEBUG\=1 -emit-objc-header -emit-objc-header-path /Users/admin/builder/spi-builder-workspace/.derivedData/Build/Intermediates.noindex/HealthKitOnFHIR.build/Debug-watchos/HealthKitOnFHIR-t.build/Objects-normal/arm64/HealthKitOnFHIR-Swift.h -working-directory /Users/admin/builder/spi-builder-workspace/.swiftpm/xcode -experimental-emit-module-separately -disable-cmo
SwiftDriver AsyncAlgorithms normal arm64_32 com.apple.xcode.tools.swift.compiler (in target 'AsyncAlgorithms' from project 'swift-async-algorithms')
    cd /Users/admin/builder/spi-builder-workspace/.swiftpm/xcode
    builtin-SwiftDriver -- /Applications/Xcode-27.0.0-Release.Candidate.app/Contents/Developer/Toolchains/XcodeDefault.xctoolchain/usr/bin/swiftc -parse-as-library -module-name AsyncAlgorithms -Onone @/Users/admin/builder/spi-builder-workspace/.derivedData/Build/Intermediates.noindex/swift-async-algorithms.build/Debug-watchos/AsyncAlgorithms-t.build/Objects-normal/arm64_32/AsyncAlgorithms.SwiftFileList -DSWIFT_PACKAGE -DDEBUG -DSWIFT_MODULE_RESOURCE_BUNDLE_UNAVAILABLE -DXcode -enable-experimental-feature AvailabilityMacro\=AsyncAlgorithms\ 1.0:macOS\ 10.15,\ iOS\ 13.0,\ tvOS\ 13.0,\ watchOS\ 6.0 -enable-experimental-feature AvailabilityMacro\=AsyncAlgorithms\ 1.1:macOS\ 15.0,\ iOS\ 18.0,\ tvOS\ 18.0,\ watchOS\ 11.0,\ visionOS\ 2.0 -enable-experimental-feature AvailabilityMacro\=AsyncAlgorithms\ 1.2:macOS\ 15.0,\ iOS\ 18.0,\ tvOS\ 18.0,\ watchOS\ 11.0,\ visionOS\ 2.0 -enable-experimental-feature AvailabilityMacro\=AsyncAlgorithms\ 1.3:macOS\ 15.0,\ iOS\ 18.0,\ tvOS\ 18.0,\ watchOS\ 11.0,\ visionOS\ 2.0 -enable-experimental-feature StrictConcurrency\=complete -plugin-path /Applications/Xcode-27.0.0-Release.Candidate.app/Contents/Developer/Toolchains/XcodeDefault.xctoolchain/usr/lib/swift/host/plugins/testing -enable-experimental-feature DebugDescriptionMacro -sdk /Applications/Xcode-27.0.0-Release.Candidate.app/Contents/Developer/Platforms/WatchOS.platform/Developer/SDKs/WatchOS27.0.sdk -target arm64_32-apple-watchos9.0 -g -module-cache-path /Users/admin/builder/spi-builder-workspace/.derivedData/ModuleCache.noindex -Xfrontend -serialize-debugging-options -profile-coverage-mapping -profile-generate -enable-testing -suppress-warnings -index-store-path /Users/admin/builder/spi-builder-workspace/.derivedData/Index.noindex/DataStore -Xcc -D_LIBCPP_HARDENING_MODE\=_LIBCPP_HARDENING_MODE_DEBUG -swift-version 6 -I /Users/admin/builder/spi-builder-workspace/.derivedData/Build/Products/Debug-watchos -Isystem /Applications/Xcode-27.0.0-Release.Candidate.app/Contents/Developer/Platforms/WatchOS.platform/Developer/usr/lib -F /Users/admin/builder/spi-builder-workspace/.derivedData/Build/Products/Debug-watchos/PackageFrameworks -F /Users/admin/builder/spi-builder-workspace/.derivedData/Build/Products/Debug-watchos -F /Applications/Xcode-27.0.0-Release.Candidate.app/Contents/Developer/Platforms/WatchOS.platform/Developer/Library/Frameworks -F /Applications/Xcode-27.0.0-Release.Candidate.app/Contents/Developer/Platforms/WatchOS.platform/Developer/SDKs/WatchOS27.0.sdk/Developer/Library/Frameworks -c -j10 -enable-batch-mode -incremental -Xcc -ivfsstatcache -Xcc /Users/admin/builder/spi-builder-workspace/.derivedData/SDKStatCaches.noindex/watchos27.0-24R360-e829b21a6f8c9b70876ba0858053c04477534ef55a1706bf4c1112bbb242f0a2.sdkstatcache -output-file-map /Users/admin/builder/spi-builder-workspace/.derivedData/Build/Intermediates.noindex/swift-async-algorithms.build/Debug-watchos/AsyncAlgorithms-t.build/Objects-normal/arm64_32/AsyncAlgorithms-OutputFileMap.json -save-temps -no-color-diagnostics -explicit-module-build -module-cache-path /Users/admin/builder/spi-builder-workspace/.derivedData/Build/Intermediates.noindex/SwiftExplicitPrecompiledModules -clang-scanner-module-cache-path /Users/admin/builder/spi-builder-workspace/.derivedData/ModuleCache.noindex -sdk-module-cache-path /Users/admin/builder/spi-builder-workspace/.derivedData/SDKExplicitPrecompiledModules -emit-dependencies -emit-module -emit-module-path /Users/admin/builder/spi-builder-workspace/.derivedData/Build/Intermediates.noindex/swift-async-algorithms.build/Debug-watchos/AsyncAlgorithms-t.build/Objects-normal/arm64_32/AsyncAlgorithms.swiftmodule -serialize-diagnostics -dependency-scan-serialize-diagnostics-path /Users/admin/builder/spi-builder-workspace/.derivedData/Build/Intermediates.noindex/swift-async-algorithms.build/Debug-watchos/AsyncAlgorithms-t.build/Objects-normal/arm64_32/AsyncAlgorithms-dependency-scan.dia -user-module-version 1.1.5 -validate-clang-modules-once -clang-build-session-file /Users/admin/builder/spi-builder-workspace/.derivedData/ModuleCache.noindex/Session.modulevalidation -Xcc -fmodules-prune-interval\=86400 -Xcc -fmodules-prune-after\=345600 -package-name swift_async_algorithms -emit-const-values -const-gather-protocols-list /Users/admin/builder/spi-builder-workspace/.derivedData/Build/Intermediates.noindex/swift-async-algorithms.build/Debug-watchos/AsyncAlgorithms-t.build/Objects-normal/arm64_32/AsyncAlgorithms_const_extract_protocols.json -Xcc -I/Users/admin/builder/spi-builder-workspace/.derivedData/Build/Products/Debug-watchos/include -Xcc -I/Users/admin/builder/spi-builder-workspace/.derivedData/Build/Intermediates.noindex/swift-async-algorithms.build/Debug-watchos/AsyncAlgorithms-t.build/DerivedSources-normal/arm64_32 -Xcc -I/Users/admin/builder/spi-builder-workspace/.derivedData/Build/Intermediates.noindex/swift-async-algorithms.build/Debug-watchos/AsyncAlgorithms-t.build/DerivedSources/arm64_32 -Xcc -I/Users/admin/builder/spi-builder-workspace/.derivedData/Build/Intermediates.noindex/swift-async-algorithms.build/Debug-watchos/AsyncAlgorithms-t.build/DerivedSources -Xcc -DSWIFT_PACKAGE -Xcc -DDEBUG\=1 -emit-objc-header -emit-objc-header-path /Users/admin/builder/spi-builder-workspace/.derivedData/Build/Intermediates.noindex/swift-async-algorithms.build/Debug-watchos/AsyncAlgorithms-t.build/Objects-normal/arm64_32/AsyncAlgorithms-Swift.h -working-directory /Users/admin/builder/spi-builder-workspace/.swiftpm/xcode -experimental-emit-module-separately -disable-cmo
SwiftDriver AsyncAlgorithms normal arm64 com.apple.xcode.tools.swift.compiler (in target 'AsyncAlgorithms' from project 'swift-async-algorithms')
    cd /Users/admin/builder/spi-builder-workspace/.swiftpm/xcode
    builtin-SwiftDriver -- /Applications/Xcode-27.0.0-Release.Candidate.app/Contents/Developer/Toolchains/XcodeDefault.xctoolchain/usr/bin/swiftc -parse-as-library -module-name AsyncAlgorithms -Onone @/Users/admin/builder/spi-builder-workspace/.derivedData/Build/Intermediates.noindex/swift-async-algorithms.build/Debug-watchos/AsyncAlgorithms-t.build/Objects-normal/arm64/AsyncAlgorithms.SwiftFileList -DSWIFT_PACKAGE -DDEBUG -DSWIFT_MODULE_RESOURCE_BUNDLE_UNAVAILABLE -DXcode -enable-experimental-feature AvailabilityMacro\=AsyncAlgorithms\ 1.0:macOS\ 10.15,\ iOS\ 13.0,\ tvOS\ 13.0,\ watchOS\ 6.0 -enable-experimental-feature AvailabilityMacro\=AsyncAlgorithms\ 1.1:macOS\ 15.0,\ iOS\ 18.0,\ tvOS\ 18.0,\ watchOS\ 11.0,\ visionOS\ 2.0 -enable-experimental-feature AvailabilityMacro\=AsyncAlgorithms\ 1.2:macOS\ 15.0,\ iOS\ 18.0,\ tvOS\ 18.0,\ watchOS\ 11.0,\ visionOS\ 2.0 -enable-experimental-feature AvailabilityMacro\=AsyncAlgorithms\ 1.3:macOS\ 15.0,\ iOS\ 18.0,\ tvOS\ 18.0,\ watchOS\ 11.0,\ visionOS\ 2.0 -enable-experimental-feature StrictConcurrency\=complete -plugin-path /Applications/Xcode-27.0.0-Release.Candidate.app/Contents/Developer/Toolchains/XcodeDefault.xctoolchain/usr/lib/swift/host/plugins/testing -enable-experimental-feature DebugDescriptionMacro -sdk /Applications/Xcode-27.0.0-Release.Candidate.app/Contents/Developer/Platforms/WatchOS.platform/Developer/SDKs/WatchOS27.0.sdk -target arm64-apple-watchos9.0 -g -module-cache-path /Users/admin/builder/spi-builder-workspace/.derivedData/ModuleCache.noindex -Xfrontend -serialize-debugging-options -profile-coverage-mapping -profile-generate -enable-testing -suppress-warnings -index-store-path /Users/admin/builder/spi-builder-workspace/.derivedData/Index.noindex/DataStore -Xcc -D_LIBCPP_HARDENING_MODE\=_LIBCPP_HARDENING_MODE_DEBUG -swift-version 6 -I /Users/admin/builder/spi-builder-workspace/.derivedData/Build/Products/Debug-watchos -Isystem /Applications/Xcode-27.0.0-Release.Candidate.app/Contents/Developer/Platforms/WatchOS.platform/Developer/usr/lib -F /Users/admin/builder/spi-builder-workspace/.derivedData/Build/Products/Debug-watchos/PackageFrameworks -F /Users/admin/builder/spi-builder-workspace/.derivedData/Build/Products/Debug-watchos -F /Applications/Xcode-27.0.0-Release.Candidate.app/Contents/Developer/Platforms/WatchOS.platform/Developer/Library/Frameworks -F /Applications/Xcode-27.0.0-Release.Candidate.app/Contents/Developer/Platforms/WatchOS.platform/Developer/SDKs/WatchOS27.0.sdk/Developer/Library/Frameworks -c -j10 -enable-batch-mode -incremental -Xcc -ivfsstatcache -Xcc /Users/admin/builder/spi-builder-workspace/.derivedData/SDKStatCaches.noindex/watchos27.0-24R360-e829b21a6f8c9b70876ba0858053c04477534ef55a1706bf4c1112bbb242f0a2.sdkstatcache -output-file-map /Users/admin/builder/spi-builder-workspace/.derivedData/Build/Intermediates.noindex/swift-async-algorithms.build/Debug-watchos/AsyncAlgorithms-t.build/Objects-normal/arm64/AsyncAlgorithms-OutputFileMap.json -save-temps -no-color-diagnostics -explicit-module-build -module-cache-path /Users/admin/builder/spi-builder-workspace/.derivedData/Build/Intermediates.noindex/SwiftExplicitPrecompiledModules -clang-scanner-module-cache-path /Users/admin/builder/spi-builder-workspace/.derivedData/ModuleCache.noindex -sdk-module-cache-path /Users/admin/builder/spi-builder-workspace/.derivedData/SDKExplicitPrecompiledModules -emit-dependencies -emit-module -emit-module-path /Users/admin/builder/spi-builder-workspace/.derivedData/Build/Intermediates.noindex/swift-async-algorithms.build/Debug-watchos/AsyncAlgorithms-t.build/Objects-normal/arm64/AsyncAlgorithms.swiftmodule -serialize-diagnostics -dependency-scan-serialize-diagnostics-path /Users/admin/builder/spi-builder-workspace/.derivedData/Build/Intermediates.noindex/swift-async-algorithms.build/Debug-watchos/AsyncAlgorithms-t.build/Objects-normal/arm64/AsyncAlgorithms-dependency-scan.dia -user-module-version 1.1.5 -validate-clang-modules-once -clang-build-session-file /Users/admin/builder/spi-builder-workspace/.derivedData/ModuleCache.noindex/Session.modulevalidation -Xcc -fmodules-prune-interval\=86400 -Xcc -fmodules-prune-after\=345600 -package-name swift_async_algorithms -emit-const-values -const-gather-protocols-list /Users/admin/builder/spi-builder-workspace/.derivedData/Build/Intermediates.noindex/swift-async-algorithms.build/Debug-watchos/AsyncAlgorithms-t.build/Objects-normal/arm64/AsyncAlgorithms_const_extract_protocols.json -Xcc -I/Users/admin/builder/spi-builder-workspace/.derivedData/Build/Products/Debug-watchos/include -Xcc -I/Users/admin/builder/spi-builder-workspace/.derivedData/Build/Intermediates.noindex/swift-async-algorithms.build/Debug-watchos/AsyncAlgorithms-t.build/DerivedSources-normal/arm64 -Xcc -I/Users/admin/builder/spi-builder-workspace/.derivedData/Build/Intermediates.noindex/swift-async-algorithms.build/Debug-watchos/AsyncAlgorithms-t.build/DerivedSources/arm64 -Xcc -I/Users/admin/builder/spi-builder-workspace/.derivedData/Build/Intermediates.noindex/swift-async-algorithms.build/Debug-watchos/AsyncAlgorithms-t.build/DerivedSources -Xcc -DSWIFT_PACKAGE -Xcc -DDEBUG\=1 -emit-objc-header -emit-objc-header-path /Users/admin/builder/spi-builder-workspace/.derivedData/Build/Intermediates.noindex/swift-async-algorithms.build/Debug-watchos/AsyncAlgorithms-t.build/Objects-normal/arm64/AsyncAlgorithms-Swift.h -working-directory /Users/admin/builder/spi-builder-workspace/.swiftpm/xcode -experimental-emit-module-separately -disable-cmo
SwiftDriver SpeziFoundation normal arm64 com.apple.xcode.tools.swift.compiler (in target 'SpeziFoundation' from project 'SpeziFoundation')
    cd /Users/admin/builder/spi-builder-workspace/.swiftpm/xcode
    builtin-SwiftDriver -- /Applications/Xcode-27.0.0-Release.Candidate.app/Contents/Developer/Toolchains/XcodeDefault.xctoolchain/usr/bin/swiftc -parse-as-library -module-name SpeziFoundation -Onone @/Users/admin/builder/spi-builder-workspace/.derivedData/Build/Intermediates.noindex/SpeziFoundation.build/Debug-watchos/SpeziFoundation-t.build/Objects-normal/arm64/SpeziFoundation.SwiftFileList -DSWIFT_PACKAGE -DDEBUG -DSWIFT_MODULE_RESOURCE_BUNDLE_AVAILABLE -Xcc -fmodule-map-file\=/Users/admin/builder/spi-builder-workspace/.dependencies/checkouts/zstd/lib/module.modulemap -Xcc -fmodule-map-file\=/Users/admin/builder/spi-builder-workspace/.dependencies/checkouts/swift-atomics/Sources/_AtomicsShims/include/module.modulemap -Xcc -fmodule-map-file\=/Users/admin/builder/spi-builder-workspace/.dependencies/checkouts/swift-numerics/Sources/_NumericsShims/include/module.modulemap -Xcc -fmodule-map-file\=/Users/admin/builder/spi-builder-workspace/.derivedData/Build/Intermediates.noindex/GeneratedModuleMaps-watchos/SpeziFoundationObjC.modulemap -DXcode -enable-upcoming-feature ExistentialAny -enable-upcoming-feature InternalImportsByDefault -plugin-path /Applications/Xcode-27.0.0-Release.Candidate.app/Contents/Developer/Toolchains/XcodeDefault.xctoolchain/usr/lib/swift/host/plugins/testing -enable-experimental-feature DebugDescriptionMacro -sdk /Applications/Xcode-27.0.0-Release.Candidate.app/Contents/Developer/Platforms/WatchOS.platform/Developer/SDKs/WatchOS27.0.sdk -target arm64-apple-watchos10.0 -g -module-cache-path /Users/admin/builder/spi-builder-workspace/.derivedData/ModuleCache.noindex -Xfrontend -serialize-debugging-options -profile-coverage-mapping -profile-generate -enable-testing -suppress-warnings -index-store-path /Users/admin/builder/spi-builder-workspace/.derivedData/Index.noindex/DataStore -Xcc -D_LIBCPP_HARDENING_MODE\=_LIBCPP_HARDENING_MODE_DEBUG -swift-version 6 -I /Users/admin/builder/spi-builder-workspace/.derivedData/Build/Products/Debug-watchos -Isystem /Applications/Xcode-27.0.0-Release.Candidate.app/Contents/Developer/Platforms/WatchOS.platform/Developer/usr/lib -F /Users/admin/builder/spi-builder-workspace/.derivedData/Build/Products/Debug-watchos/PackageFrameworks -F /Users/admin/builder/spi-builder-workspace/.derivedData/Build/Products/Debug-watchos -F /Applications/Xcode-27.0.0-Release.Candidate.app/Contents/Developer/Platforms/WatchOS.platform/Developer/Library/Frameworks -F /Applications/Xcode-27.0.0-Release.Candidate.app/Contents/Developer/Platforms/WatchOS.platform/Developer/SDKs/WatchOS27.0.sdk/Developer/Library/Frameworks -Xfrontend -load-plugin-executable -Xfrontend /Users/admin/builder/spi-builder-workspace/.derivedData/Build/Products/Debug/ThreadLocalMacros\#ThreadLocalMacros -emit-localized-strings -emit-localized-strings-path /Users/admin/builder/spi-builder-workspace/.derivedData/Build/Intermediates.noindex/SpeziFoundation.build/Debug-watchos/SpeziFoundation-t.build/Objects-normal/arm64 -c -j10 -enable-batch-mode -incremental -Xcc -ivfsstatcache -Xcc /Users/admin/builder/spi-builder-workspace/.derivedData/SDKStatCaches.noindex/watchos27.0-24R360-e829b21a6f8c9b70876ba0858053c04477534ef55a1706bf4c1112bbb242f0a2.sdkstatcache -output-file-map /Users/admin/builder/spi-builder-workspace/.derivedData/Build/Intermediates.noindex/SpeziFoundation.build/Debug-watchos/SpeziFoundation-t.build/Objects-normal/arm64/SpeziFoundation-OutputFileMap.json -save-temps -no-color-diagnostics -explicit-module-build -module-cache-path /Users/admin/builder/spi-builder-workspace/.derivedData/Build/Intermediates.noindex/SwiftExplicitPrecompiledModules -clang-scanner-module-cache-path /Users/admin/builder/spi-builder-workspace/.derivedData/ModuleCache.noindex -sdk-module-cache-path /Users/admin/builder/spi-builder-workspace/.derivedData/SDKExplicitPrecompiledModules -emit-dependencies -emit-module -emit-module-path /Users/admin/builder/spi-builder-workspace/.derivedData/Build/Intermediates.noindex/SpeziFoundation.build/Debug-watchos/SpeziFoundation-t.build/Objects-normal/arm64/SpeziFoundation.swiftmodule -serialize-diagnostics -dependency-scan-serialize-diagnostics-path /Users/admin/builder/spi-builder-workspace/.derivedData/Build/Intermediates.noindex/SpeziFoundation.build/Debug-watchos/SpeziFoundation-t.build/Objects-normal/arm64/SpeziFoundation-dependency-scan.dia -user-module-version 2.7.7 -validate-clang-modules-once -clang-build-session-file /Users/admin/builder/spi-builder-workspace/.derivedData/ModuleCache.noindex/Session.modulevalidation -Xcc -fmodules-prune-interval\=86400 -Xcc -fmodules-prune-after\=345600 -package-name spezifoundation -emit-const-values -const-gather-protocols-list /Users/admin/builder/spi-builder-workspace/.derivedData/Build/Intermediates.noindex/SpeziFoundation.build/Debug-watchos/SpeziFoundation-t.build/Objects-normal/arm64/SpeziFoundation_const_extract_protocols.json -Xcc -I/Users/admin/builder/spi-builder-workspace/.dependencies/checkouts/zstd/lib -Xcc -I/Users/admin/builder/spi-builder-workspace/.dependencies/checkouts/swift-atomics/Sources/_AtomicsShims/include -Xcc -I/Users/admin/builder/spi-builder-workspace/.dependencies/checkouts/swift-numerics/Sources/_NumericsShims/include -Xcc -I/Users/admin/builder/spi-builder-workspace/.dependencies/checkouts/SpeziFoundation/Sources/SpeziFoundationObjC/include -Xcc -I/Users/admin/builder/spi-builder-workspace/.derivedData/Build/Products/Debug-watchos/include -Xcc -I/Users/admin/builder/spi-builder-workspace/.derivedData/Build/Intermediates.noindex/SpeziFoundation.build/Debug-watchos/SpeziFoundation-t.build/DerivedSources-normal/arm64 -Xcc -I/Users/admin/builder/spi-builder-workspace/.derivedData/Build/Intermediates.noindex/SpeziFoundation.build/Debug-watchos/SpeziFoundation-t.build/DerivedSources/arm64 -Xcc -I/Users/admin/builder/spi-builder-workspace/.derivedData/Build/Intermediates.noindex/SpeziFoundation.build/Debug-watchos/SpeziFoundation-t.build/DerivedSources -Xcc -DSWIFT_PACKAGE -Xcc -DDEBUG\=1 -emit-objc-header -emit-objc-header-path /Users/admin/builder/spi-builder-workspace/.derivedData/Build/Intermediates.noindex/SpeziFoundation.build/Debug-watchos/SpeziFoundation-t.build/Objects-normal/arm64/SpeziFoundation-Swift.h -working-directory /Users/admin/builder/spi-builder-workspace/.swiftpm/xcode -experimental-emit-module-separately -disable-cmo
SwiftDriver SpeziFoundation normal arm64_32 com.apple.xcode.tools.swift.compiler (in target 'SpeziFoundation' from project 'SpeziFoundation')
    cd /Users/admin/builder/spi-builder-workspace/.swiftpm/xcode
    builtin-SwiftDriver -- /Applications/Xcode-27.0.0-Release.Candidate.app/Contents/Developer/Toolchains/XcodeDefault.xctoolchain/usr/bin/swiftc -parse-as-library -module-name SpeziFoundation -Onone @/Users/admin/builder/spi-builder-workspace/.derivedData/Build/Intermediates.noindex/SpeziFoundation.build/Debug-watchos/SpeziFoundation-t.build/Objects-normal/arm64_32/SpeziFoundation.SwiftFileList -DSWIFT_PACKAGE -DDEBUG -DSWIFT_MODULE_RESOURCE_BUNDLE_AVAILABLE -Xcc -fmodule-map-file\=/Users/admin/builder/spi-builder-workspace/.dependencies/checkouts/zstd/lib/module.modulemap -Xcc -fmodule-map-file\=/Users/admin/builder/spi-builder-workspace/.dependencies/checkouts/swift-atomics/Sources/_AtomicsShims/include/module.modulemap -Xcc -fmodule-map-file\=/Users/admin/builder/spi-builder-workspace/.dependencies/checkouts/swift-numerics/Sources/_NumericsShims/include/module.modulemap -Xcc -fmodule-map-file\=/Users/admin/builder/spi-builder-workspace/.derivedData/Build/Intermediates.noindex/GeneratedModuleMaps-watchos/SpeziFoundationObjC.modulemap -DXcode -enable-upcoming-feature ExistentialAny -enable-upcoming-feature InternalImportsByDefault -plugin-path /Applications/Xcode-27.0.0-Release.Candidate.app/Contents/Developer/Toolchains/XcodeDefault.xctoolchain/usr/lib/swift/host/plugins/testing -enable-experimental-feature DebugDescriptionMacro -sdk /Applications/Xcode-27.0.0-Release.Candidate.app/Contents/Developer/Platforms/WatchOS.platform/Developer/SDKs/WatchOS27.0.sdk -target arm64_32-apple-watchos10.0 -g -module-cache-path /Users/admin/builder/spi-builder-workspace/.derivedData/ModuleCache.noindex -Xfrontend -serialize-debugging-options -profile-coverage-mapping -profile-generate -enable-testing -suppress-warnings -index-store-path /Users/admin/builder/spi-builder-workspace/.derivedData/Index.noindex/DataStore -Xcc -D_LIBCPP_HARDENING_MODE\=_LIBCPP_HARDENING_MODE_DEBUG -swift-version 6 -I /Users/admin/builder/spi-builder-workspace/.derivedData/Build/Products/Debug-watchos -Isystem /Applications/Xcode-27.0.0-Release.Candidate.app/Contents/Developer/Platforms/WatchOS.platform/Developer/usr/lib -F /Users/admin/builder/spi-builder-workspace/.derivedData/Build/Products/Debug-watchos/PackageFrameworks -F /Users/admin/builder/spi-builder-workspace/.derivedData/Build/Products/Debug-watchos -F /Applications/Xcode-27.0.0-Release.Candidate.app/Contents/Developer/Platforms/WatchOS.platform/Developer/Library/Frameworks -F /Applications/Xcode-27.0.0-Release.Candidate.app/Contents/Developer/Platforms/WatchOS.platform/Developer/SDKs/WatchOS27.0.sdk/Developer/Library/Frameworks -Xfrontend -load-plugin-executable -Xfrontend /Users/admin/builder/spi-builder-workspace/.derivedData/Build/Products/Debug/ThreadLocalMacros\#ThreadLocalMacros -emit-localized-strings -emit-localized-strings-path /Users/admin/builder/spi-builder-workspace/.derivedData/Build/Intermediates.noindex/SpeziFoundation.build/Debug-watchos/SpeziFoundation-t.build/Objects-normal/arm64_32 -c -j10 -enable-batch-mode -incremental -Xcc -ivfsstatcache -Xcc /Users/admin/builder/spi-builder-workspace/.derivedData/SDKStatCaches.noindex/watchos27.0-24R360-e829b21a6f8c9b70876ba0858053c04477534ef55a1706bf4c1112bbb242f0a2.sdkstatcache -output-file-map /Users/admin/builder/spi-builder-workspace/.derivedData/Build/Intermediates.noindex/SpeziFoundation.build/Debug-watchos/SpeziFoundation-t.build/Objects-normal/arm64_32/SpeziFoundation-OutputFileMap.json -save-temps -no-color-diagnostics -explicit-module-build -module-cache-path /Users/admin/builder/spi-builder-workspace/.derivedData/Build/Intermediates.noindex/SwiftExplicitPrecompiledModules -clang-scanner-module-cache-path /Users/admin/builder/spi-builder-workspace/.derivedData/ModuleCache.noindex -sdk-module-cache-path /Users/admin/builder/spi-builder-workspace/.derivedData/SDKExplicitPrecompiledModules -emit-dependencies -emit-module -emit-module-path /Users/admin/builder/spi-builder-workspace/.derivedData/Build/Intermediates.noindex/SpeziFoundation.build/Debug-watchos/SpeziFoundation-t.build/Objects-normal/arm64_32/SpeziFoundation.swiftmodule -serialize-diagnostics -dependency-scan-serialize-diagnostics-path /Users/admin/builder/spi-builder-workspace/.derivedData/Build/Intermediates.noindex/SpeziFoundation.build/Debug-watchos/SpeziFoundation-t.build/Objects-normal/arm64_32/SpeziFoundation-dependency-scan.dia -user-module-version 2.7.7 -validate-clang-modules-once -clang-build-session-file /Users/admin/builder/spi-builder-workspace/.derivedData/ModuleCache.noindex/Session.modulevalidation -Xcc -fmodules-prune-interval\=86400 -Xcc -fmodules-prune-after\=345600 -package-name spezifoundation -emit-const-values -const-gather-protocols-list /Users/admin/builder/spi-builder-workspace/.derivedData/Build/Intermediates.noindex/SpeziFoundation.build/Debug-watchos/SpeziFoundation-t.build/Objects-normal/arm64_32/SpeziFoundation_const_extract_protocols.json -Xcc -I/Users/admin/builder/spi-builder-workspace/.dependencies/checkouts/zstd/lib -Xcc -I/Users/admin/builder/spi-builder-workspace/.dependencies/checkouts/swift-atomics/Sources/_AtomicsShims/include -Xcc -I/Users/admin/builder/spi-builder-workspace/.dependencies/checkouts/swift-numerics/Sources/_NumericsShims/include -Xcc -I/Users/admin/builder/spi-builder-workspace/.dependencies/checkouts/SpeziFoundation/Sources/SpeziFoundationObjC/include -Xcc -I/Users/admin/builder/spi-builder-workspace/.derivedData/Build/Products/Debug-watchos/include -Xcc -I/Users/admin/builder/spi-builder-workspace/.derivedData/Build/Intermediates.noindex/SpeziFoundation.build/Debug-watchos/SpeziFoundation-t.build/DerivedSources-normal/arm64_32 -Xcc -I/Users/admin/builder/spi-builder-workspace/.derivedData/Build/Intermediates.noindex/SpeziFoundation.build/Debug-watchos/SpeziFoundation-t.build/DerivedSources/arm64_32 -Xcc -I/Users/admin/builder/spi-builder-workspace/.derivedData/Build/Intermediates.noindex/SpeziFoundation.build/Debug-watchos/SpeziFoundation-t.build/DerivedSources -Xcc -DSWIFT_PACKAGE -Xcc -DDEBUG\=1 -emit-objc-header -emit-objc-header-path /Users/admin/builder/spi-builder-workspace/.derivedData/Build/Intermediates.noindex/SpeziFoundation.build/Debug-watchos/SpeziFoundation-t.build/Objects-normal/arm64_32/SpeziFoundation-Swift.h -working-directory /Users/admin/builder/spi-builder-workspace/.swiftpm/xcode -experimental-emit-module-separately -disable-cmo
SwiftEmitModule normal arm64_32 Emitting\ module\ for\ HealthKitOnFHIR (in target 'HealthKitOnFHIR' from project 'HealthKitOnFHIR')
/Users/admin/builder/spi-builder-workspace/.dependencies/checkouts/HealthKitOnFHIR/Sources/HealthKitOnFHIR/FHIR Extensions/Observation+Dates.swift:19:13: error: cannot assign to property: 'self' is immutable
15 |     /// Sets the `Observation`'s effective date.
16 |     @inlinable
17 |     public func setEffective(startDate: Date, endDate: Date, timeZone: TimeZone) throws {
   |            `- note: mark method 'mutating' to make 'self' mutable
18 |         if startDate == endDate {
19 |             effective = .dateTime(FHIRPrimitive(try DateTime(date: startDate, timeZone: timeZone)))
   |             `- error: cannot assign to property: 'self' is immutable
20 |         } else {
21 |             effective = .period(Period(
/Users/admin/builder/spi-builder-workspace/.dependencies/checkouts/HealthKitOnFHIR/Sources/HealthKitOnFHIR/FHIR Extensions/Observation+Dates.swift:21:13: error: cannot assign to property: 'self' is immutable
15 |     /// Sets the `Observation`'s effective date.
16 |     @inlinable
17 |     public func setEffective(startDate: Date, endDate: Date, timeZone: TimeZone) throws {
   |            `- note: mark method 'mutating' to make 'self' mutable
18 |         if startDate == endDate {
19 |             effective = .dateTime(FHIRPrimitive(try DateTime(date: startDate, timeZone: timeZone)))
20 |         } else {
21 |             effective = .period(Period(
   |             `- error: cannot assign to property: 'self' is immutable
22 |                 end: FHIRPrimitive(try DateTime(date: endDate, timeZone: timeZone)),
23 |                 start: FHIRPrimitive(try DateTime(date: startDate, timeZone: timeZone))
/Users/admin/builder/spi-builder-workspace/.dependencies/checkouts/HealthKitOnFHIR/Sources/HealthKitOnFHIR/FHIR Extensions/Observation+Dates.swift:31:9: error: cannot assign to property: 'self' is immutable
28 |     /// Sets the `Observation`'s issued date.
29 |     @inlinable
30 |     public func setIssued(on date: Date) throws {
   |            `- note: mark method 'mutating' to make 'self' mutable
31 |         issued = FHIRPrimitive(try Instant(date: date))
   |         `- error: cannot assign to property: 'self' is immutable
32 |     }
33 | }
/Users/admin/builder/spi-builder-workspace/.dependencies/checkouts/HealthKitOnFHIR/Sources/HealthKitOnFHIR/FHIR Extensions/Resource+Collections.swift:73:1: error: extension of protocol 'Element' cannot declare inheritance relationship
 71 | }
 72 |
 73 | extension ModelsR4.Element: FHIRTypeWithExtensions {}
    | `- error: extension of protocol 'Element' cannot declare inheritance relationship
 74 | extension ModelsR4.DomainResource: FHIRTypeWithExtensions {}
 75 |
/Users/admin/builder/spi-builder-workspace/.dependencies/checkouts/HealthKitOnFHIR/Sources/HealthKitOnFHIR/FHIR Extensions/Resource+Collections.swift:74:1: error: extension of protocol 'DomainResource' cannot declare inheritance relationship
 72 |
 73 | extension ModelsR4.Element: FHIRTypeWithExtensions {}
 74 | extension ModelsR4.DomainResource: FHIRTypeWithExtensions {}
    | `- error: extension of protocol 'DomainResource' cannot declare inheritance relationship
 75 |
 76 |
/Users/admin/builder/spi-builder-workspace/.dependencies/checkouts/HealthKitOnFHIR/Sources/HealthKitOnFHIR/FHIR Extensions/Resource+Collections.swift:19:9: error: cannot find 'appendElement' in scope
 17 |     @inlinable
 18 |     public func appendIdentifier(_ identifier: Identifier) {
 19 |         appendElement(identifier, to: \.identifier)
    |         `- error: cannot find 'appendElement' in scope
 20 |     }
 21 |
/Users/admin/builder/spi-builder-workspace/.dependencies/checkouts/HealthKitOnFHIR/Sources/HealthKitOnFHIR/FHIR Extensions/Resource+Collections.swift:19:39: error: cannot infer key path type from context; consider explicitly specifying a root type
 17 |     @inlinable
 18 |     public func appendIdentifier(_ identifier: Identifier) {
 19 |         appendElement(identifier, to: \.identifier)
    |                                       `- error: cannot infer key path type from context; consider explicitly specifying a root type
 20 |     }
 21 |
/Users/admin/builder/spi-builder-workspace/.dependencies/checkouts/HealthKitOnFHIR/Sources/HealthKitOnFHIR/FHIR Extensions/Resource+Collections.swift:25:9: error: cannot find 'appendElements' in scope
 23 |     @inlinable
 24 |     public func appendIdentifiers(_ identifiers: some Collection<Identifier>) {
 25 |         appendElements(identifiers, to: \.identifier)
    |         `- error: cannot find 'appendElements' in scope
 26 |     }
 27 |
/Users/admin/builder/spi-builder-workspace/.dependencies/checkouts/HealthKitOnFHIR/Sources/HealthKitOnFHIR/FHIR Extensions/Resource+Collections.swift:25:41: error: cannot infer key path type from context; consider explicitly specifying a root type
 23 |     @inlinable
 24 |     public func appendIdentifiers(_ identifiers: some Collection<Identifier>) {
 25 |         appendElements(identifiers, to: \.identifier)
    |                                         `- error: cannot infer key path type from context; consider explicitly specifying a root type
 26 |     }
 27 |
/Users/admin/builder/spi-builder-workspace/.dependencies/checkouts/HealthKitOnFHIR/Sources/HealthKitOnFHIR/FHIR Extensions/Resource+Collections.swift:31:9: error: cannot find 'appendElement' in scope
 29 |     @inlinable
 30 |     public func appendCategory(_ category: CodeableConcept) {
 31 |         appendElement(category, to: \.category)
    |         `- error: cannot find 'appendElement' in scope
 32 |     }
 33 |
/Users/admin/builder/spi-builder-workspace/.dependencies/checkouts/HealthKitOnFHIR/Sources/HealthKitOnFHIR/FHIR Extensions/Resource+Collections.swift:31:37: error: cannot infer key path type from context; consider explicitly specifying a root type
 29 |     @inlinable
 30 |     public func appendCategory(_ category: CodeableConcept) {
 31 |         appendElement(category, to: \.category)
    |                                     `- error: cannot infer key path type from context; consider explicitly specifying a root type
 32 |     }
 33 |
/Users/admin/builder/spi-builder-workspace/.dependencies/checkouts/HealthKitOnFHIR/Sources/HealthKitOnFHIR/FHIR Extensions/Resource+Collections.swift:37:9: error: cannot find 'appendElements' in scope
 35 |     @inlinable
 36 |     public func appendCategories(_ categories: some Collection<CodeableConcept>) {
 37 |         appendElements(categories, to: \.category)
    |         `- error: cannot find 'appendElements' in scope
 38 |     }
 39 |
/Users/admin/builder/spi-builder-workspace/.dependencies/checkouts/HealthKitOnFHIR/Sources/HealthKitOnFHIR/FHIR Extensions/Resource+Collections.swift:37:40: error: cannot infer key path type from context; consider explicitly specifying a root type
 35 |     @inlinable
 36 |     public func appendCategories(_ categories: some Collection<CodeableConcept>) {
 37 |         appendElements(categories, to: \.category)
    |                                        `- error: cannot infer key path type from context; consider explicitly specifying a root type
 38 |     }
 39 |
/Users/admin/builder/spi-builder-workspace/.dependencies/checkouts/HealthKitOnFHIR/Sources/HealthKitOnFHIR/FHIR Extensions/Resource+Collections.swift:43:9: error: cannot find 'appendElement' in scope
 41 |     @inlinable
 42 |     public func appendCoding(_ coding: Coding) {
 43 |         appendElement(coding, to: \.code.coding)
    |         `- error: cannot find 'appendElement' in scope
 44 |     }
 45 |
/Users/admin/builder/spi-builder-workspace/.dependencies/checkouts/HealthKitOnFHIR/Sources/HealthKitOnFHIR/FHIR Extensions/Resource+Collections.swift:43:35: error: cannot infer key path type from context; consider explicitly specifying a root type
 41 |     @inlinable
 42 |     public func appendCoding(_ coding: Coding) {
 43 |         appendElement(coding, to: \.code.coding)
    |                                   `- error: cannot infer key path type from context; consider explicitly specifying a root type
 44 |     }
 45 |
/Users/admin/builder/spi-builder-workspace/.dependencies/checkouts/HealthKitOnFHIR/Sources/HealthKitOnFHIR/FHIR Extensions/Resource+Collections.swift:49:9: error: cannot find 'appendElements' in scope
 47 |     @inlinable
 48 |     public func appendCodings(_ codings: some Collection<Coding>) {
 49 |         appendElements(codings, to: \.code.coding)
    |         `- error: cannot find 'appendElements' in scope
 50 |     }
 51 |
/Users/admin/builder/spi-builder-workspace/.dependencies/checkouts/HealthKitOnFHIR/Sources/HealthKitOnFHIR/FHIR Extensions/Resource+Collections.swift:49:37: error: cannot infer key path type from context; consider explicitly specifying a root type
 47 |     @inlinable
 48 |     public func appendCodings(_ codings: some Collection<Coding>) {
 49 |         appendElements(codings, to: \.code.coding)
    |                                     `- error: cannot infer key path type from context; consider explicitly specifying a root type
 50 |     }
 51 |
/Users/admin/builder/spi-builder-workspace/.dependencies/checkouts/HealthKitOnFHIR/Sources/HealthKitOnFHIR/FHIR Extensions/Resource+Collections.swift:55:9: error: cannot find 'appendElement' in scope
 53 |     @inlinable
 54 |     public func appendComponent(_ component: ObservationComponent) {
 55 |         appendElement(component, to: \.component)
    |         `- error: cannot find 'appendElement' in scope
 56 |     }
 57 |
/Users/admin/builder/spi-builder-workspace/.dependencies/checkouts/HealthKitOnFHIR/Sources/HealthKitOnFHIR/FHIR Extensions/Resource+Collections.swift:55:38: error: cannot infer key path type from context; consider explicitly specifying a root type
 53 |     @inlinable
 54 |     public func appendComponent(_ component: ObservationComponent) {
 55 |         appendElement(component, to: \.component)
    |                                      `- error: cannot infer key path type from context; consider explicitly specifying a root type
 56 |     }
 57 |
/Users/admin/builder/spi-builder-workspace/.dependencies/checkouts/HealthKitOnFHIR/Sources/HealthKitOnFHIR/FHIR Extensions/Resource+Collections.swift:61:9: error: cannot find 'appendElements' in scope
 59 |     @inlinable
 60 |     public func appendComponents(_ components: some Collection<ObservationComponent>) {
 61 |         appendElements(components, to: \.component)
    |         `- error: cannot find 'appendElements' in scope
 62 |     }
 63 | }
/Users/admin/builder/spi-builder-workspace/.dependencies/checkouts/HealthKitOnFHIR/Sources/HealthKitOnFHIR/FHIR Extensions/Resource+Collections.swift:61:40: error: cannot infer key path type from context; consider explicitly specifying a root type
 59 |     @inlinable
 60 |     public func appendComponents(_ components: some Collection<ObservationComponent>) {
 61 |         appendElements(components, to: \.component)
    |                                        `- error: cannot infer key path type from context; consider explicitly specifying a root type
 62 |     }
 63 | }
/Users/admin/builder/spi-builder-workspace/.dependencies/checkouts/HealthKitOnFHIR/Sources/HealthKitOnFHIR/FHIR Extensions/Resource+Mutation.swift:19:20: error: no type named 'FHIRAbstractResource' in module 'ModelsR4'
17 | public protocol FHIRResourceMutationExtensions {}
18 |
19 | extension ModelsR4.FHIRAbstractResource: FHIRResourceMutationExtensions {}
   |                    `- error: no type named 'FHIRAbstractResource' in module 'ModelsR4'
20 | extension ModelsR4.Element: FHIRResourceMutationExtensions {}
21 |
/Users/admin/builder/spi-builder-workspace/.dependencies/checkouts/HealthKitOnFHIR/Sources/HealthKitOnFHIR/FHIR Extensions/Resource+Mutation.swift:20:1: error: extension of protocol 'Element' cannot declare inheritance relationship
18 |
19 | extension ModelsR4.FHIRAbstractResource: FHIRResourceMutationExtensions {}
20 | extension ModelsR4.Element: FHIRResourceMutationExtensions {}
   | `- error: extension of protocol 'Element' cannot declare inheritance relationship
21 |
22 |
Failed frontend command:
/Applications/Xcode-27.0.0-Release.Candidate.app/Contents/Developer/Toolchains/XcodeDefault.xctoolchain/usr/bin/swift-frontend -frontend -emit-module -experimental-skip-non-inlinable-function-bodies-without-types /Users/admin/builder/spi-builder-workspace/.derivedData/Build/Intermediates.noindex/HealthKitOnFHIR.build/Debug-watchos/HealthKitOnFHIR-t.build/DerivedSources/resource_bundle_accessor.swift /Users/admin/builder/spi-builder-workspace/.dependencies/checkouts/HealthKitOnFHIR/Sources/HealthKitOnFHIR/FHIR\ Extensions/FHIR\ Extension\ Builder/FHIRExtensionBuilder+AbsoluteTimeRange.swift /Users/admin/builder/spi-builder-workspace/.dependencies/checkouts/HealthKitOnFHIR/Sources/HealthKitOnFHIR/FHIR\ Extensions/FHIR\ Extension\ Builder/FHIRExtensionBuilder+Metadata.swift /Users/admin/builder/spi-builder-workspace/.dependencies/checkouts/HealthKitOnFHIR/Sources/HealthKitOnFHIR/FHIR\ Extensions/FHIR\ Extension\ Builder/FHIRExtensionBuilder+Source.swift /Users/admin/builder/spi-builder-workspace/.dependencies/checkouts/HealthKitOnFHIR/Sources/HealthKitOnFHIR/FHIR\ Extensions/FHIR\ Extension\ Builder/FHIRExtensionBuilder.swift /Users/admin/builder/spi-builder-workspace/.dependencies/checkouts/HealthKitOnFHIR/Sources/HealthKitOnFHIR/FHIR\ Extensions/FHIR+Utils.swift /Users/admin/builder/spi-builder-workspace/.dependencies/checkouts/HealthKitOnFHIR/Sources/HealthKitOnFHIR/FHIR\ Extensions/Observation+Dates.swift /Users/admin/builder/spi-builder-workspace/.dependencies/checkouts/HealthKitOnFHIR/Sources/HealthKitOnFHIR/FHIR\ Extensions/Observation+Value.swift /Users/admin/builder/spi-builder-workspace/.dependencies/checkouts/HealthKitOnFHIR/Sources/HealthKitOnFHIR/FHIR\ Extensions/Resource+Collections.swift /Users/admin/builder/spi-builder-workspace/.dependencies/checkouts/HealthKitOnFHIR/Sources/HealthKitOnFHIR/FHIR\ Extensions/Resource+Mutation.swift /Users/admin/builder/spi-builder-workspace/.dependencies/checkouts/HealthKitOnFHIR/Sources/HealthKitOnFHIR/Foundation\ Extensions/Bundle+JSON.swift /Users/admin/builder/spi-builder-workspace/.dependencies/checkouts/HealthKitOnFHIR/Sources/HealthKitOnFHIR/Foundation\ Extensions/Utils.swift /Users/admin/builder/spi-builder-workspace/.dependencies/checkouts/HealthKitOnFHIR/Sources/HealthKitOnFHIR/HKSampleMapping/HKCategorySampleMapping.swift /Users/admin/builder/spi-builder-workspace/.dependencies/checkouts/HealthKitOnFHIR/Sources/HealthKitOnFHIR/HKSampleMapping/HKCorrelationMapping.swift /Users/admin/builder/spi-builder-workspace/.dependencies/checkouts/HealthKitOnFHIR/Sources/HealthKitOnFHIR/HKSampleMapping/HKElectrocardiogramMapping.swift /Users/admin/builder/spi-builder-workspace/.dependencies/checkouts/HealthKitOnFHIR/Sources/HealthKitOnFHIR/HKSampleMapping/HKQuantitySampleMapping.swift /Users/admin/builder/spi-builder-workspace/.dependencies/checkouts/HealthKitOnFHIR/Sources/HealthKitOnFHIR/HKSampleMapping/HKSampleMapping.swift /Users/admin/builder/spi-builder-workspace/.dependencies/checkouts/HealthKitOnFHIR/Sources/HealthKitOnFHIR/HKSampleMapping/HKStateOfMindSampleMapping.swift /Users/admin/builder/spi-builder-workspace/.dependencies/checkouts/HealthKitOnFHIR/Sources/HealthKitOnFHIR/HKSampleMapping/HKWorkoutSampleMapping.swift /Users/admin/builder/spi-builder-workspace/.dependencies/checkouts/HealthKitOnFHIR/Sources/HealthKitOnFHIR/HKSampleMapping/MappedCode.swift /Users/admin/builder/spi-builder-workspace/.dependencies/checkouts/HealthKitOnFHIR/Sources/HealthKitOnFHIR/HKSampleMapping/MappedUnit.swift /Users/admin/builder/spi-builder-workspace/.dependencies/checkouts/HealthKitOnFHIR/Sources/HealthKitOnFHIR/HealthKit\ Extensions/FHIRObservationBuildable.swift /Users/admin/builder/spi-builder-workspace/.dependencies/checkouts/HealthKitOnFHIR/Sources/HealthKitOnFHIR/HealthKit\ Extensions/HKCategorySample+Observation.swift /Users/admin/builder/spi-builder-workspace/.dependencies/checkouts/HealthKitOnFHIR/Sources/HealthKitOnFHIR/HealthKit\ Extensions/HKCategoryValue+String.swift /Users/admin/builder/spi-builder-workspace/.dependencies/checkouts/HealthKitOnFHIR/Sources/HealthKitOnFHIR/HealthKit\ Extensions/HKClinicalRecord+ResourceProxy.swift /Users/admin/builder/spi-builder-workspace/.dependencies/checkouts/HealthKitOnFHIR/Sources/HealthKitOnFHIR/HealthKit\ Extensions/HKCorrelationType+Observation.swift /Users/admin/builder/spi-builder-workspace/.dependencies/checkouts/HealthKitOnFHIR/Sources/HealthKitOnFHIR/HealthKit\ Extensions/HKElectrocardiogram+Observation.swift /Users/admin/builder/spi-builder-workspace/.dependencies/checkouts/HealthKitOnFHIR/Sources/HealthKitOnFHIR/HealthKit\ Extensions/HKQuantitySample+Observation.swift /Users/admin/builder/spi-builder-workspace/.dependencies/checkouts/HealthKitOnFHIR/Sources/HealthKitOnFHIR/HealthKit\ Extensions/HKQuantityType+Coding.swift /Users/admin/builder/spi-builder-workspace/.dependencies/checkouts/HealthKitOnFHIR/Sources/HealthKitOnFHIR/HealthKit\ Extensions/HKSample+ResourceProxy.swift /Users/admin/builder/spi-builder-workspace/.dependencies/checkouts/HealthKitOnFHIR/Sources/HealthKitOnFHIR/HealthKit\ Extensions/HKSample+TimeZone.swift /Users/admin/builder/spi-builder-workspace/.dependencies/checkouts/HealthKitOnFHIR/Sources/HealthKitOnFHIR/HealthKit\ Extensions/HKSampleType+ResourceType.swift /Users/admin/builder/spi-builder-workspace/.dependencies/checkouts/HealthKitOnFHIR/Sources/HealthKitOnFHIR/HealthKit\ Extensions/HKStateOfMind+Observation.swift /Users/admin/builder/spi-builder-workspace/.dependencies/checkouts/HealthKitOnFHIR/Sources/HealthKitOnFHIR/HealthKit\ Extensions/HKWorkout+Observation.swift /Users/admin/builder/spi-builder-workspace/.dependencies/checkouts/HealthKitOnFHIR/Sources/HealthKitOnFHIR/HealthKit\ Extensions/HKWorkoutActivityType+String.swift /Users/admin/builder/spi-builder-workspace/.dependencies/checkouts/HealthKitOnFHIR/Sources/HealthKitOnFHIR/HealthKitOnFHIRError.swift -target arm64_32-apple-watchos10.0 -disable-cross-import-overlay-search -load-resolved-plugin /Applications/Xcode-27.0.0-Release.Candidate.app/Contents/Developer/Platforms/WatchOS.platform/Developer/usr/lib/swift/host/plugins/libFoundationMacros.dylib\#/Applications/Xcode-27.0.0-Release.Candidate.app/Contents/Developer/Platforms/WatchOS.platform/Developer/usr/bin/swift-plugin-server\#FoundationMacros -load-resolved-plugin /Applications/Xcode-27.0.0-Release.Candidate.app/Contents/Developer/Platforms/WatchOS.platform/Developer/usr/lib/swift/host/plugins/libObservationMacros.dylib\#/Applications/Xcode-27.0.0-Release.Candidate.app/Contents/Developer/Platforms/WatchOS.platform/Developer/usr/bin/swift-plugin-server\#ObservationMacros -load-resolved-plugin /Applications/Xcode-27.0.0-Release.Candidate.app/Contents/Developer/Platforms/WatchOS.platform/Developer/usr/lib/swift/host/plugins/libSwiftMacros.dylib\#/Applications/Xcode-27.0.0-Release.Candidate.app/Contents/Developer/Platforms/WatchOS.platform/Developer/usr/bin/swift-plugin-server\#SwiftMacros -disable-implicit-swift-modules -Xcc -fno-implicit-modules -Xcc -fno-implicit-module-maps -explicit-swift-module-map-file /Users/admin/builder/spi-builder-workspace/.derivedData/Build/Intermediates.noindex/HealthKitOnFHIR.build/Debug-watchos/HealthKitOnFHIR-t.build/Objects-normal/arm64_32/HealthKitOnFHIR-dependencies-1.json -enable-objc-interop -sdk /Applications/Xcode-27.0.0-Release.Candidate.app/Contents/Developer/Platforms/WatchOS.platform/Developer/SDKs/WatchOS27.0.sdk -I /Users/admin/builder/spi-builder-workspace/.derivedData/Build/Products/Debug-watchos -Isystem /Applications/Xcode-27.0.0-Release.Candidate.app/Contents/Developer/Platforms/WatchOS.platform/Developer/usr/lib -F /Users/admin/builder/spi-builder-workspace/.derivedData/Build/Products/Debug-watchos/PackageFrameworks -F /Users/admin/builder/spi-builder-workspace/.derivedData/Build/Products/Debug-watchos -F /Applications/Xcode-27.0.0-Release.Candidate.app/Contents/Developer/Platforms/WatchOS.platform/Developer/Library/Frameworks -F /Applications/Xcode-27.0.0-Release.Candidate.app/Contents/Developer/Platforms/WatchOS.platform/Developer/SDKs/WatchOS27.0.sdk/Developer/Library/Frameworks -module-cache-path /Users/admin/builder/spi-builder-workspace/.derivedData/Build/Intermediates.noindex/SwiftExplicitPrecompiledModules -no-color-diagnostics -Xcc -fno-color-diagnostics -enable-testing -g -debug-info-format\=dwarf -dwarf-version\=4 -suppress-warnings -profile-generate -profile-coverage-mapping -swift-version 6 -Onone -D SWIFT_PACKAGE -D DEBUG -D SWIFT_MODULE_RESOURCE_BUNDLE_AVAILABLE -D Xcode -serialize-debugging-options -enable-upcoming-feature ExistentialAny -enable-experimental-feature DebugDescriptionMacro -empty-abi-descriptor -user-module-version 1.2.1 -validate-clang-modules-once -clang-build-session-file /Users/admin/builder/spi-builder-workspace/.derivedData/ModuleCache.noindex/Session.modulevalidation -Xcc -working-directory -Xcc /Users/admin/builder/spi-builder-workspace/.swiftpm/xcode -enable-anonymous-context-mangled-names -file-compilation-dir /Users/admin/builder/spi-builder-workspace/.swiftpm/xcode -Xcc -D_LIBCPP_HARDENING_MODE\=_LIBCPP_HARDENING_MODE_DEBUG -Xcc -ivfsstatcache -Xcc /Users/admin/builder/spi-builder-workspace/.derivedData/SDKStatCaches.noindex/watchos27.0-24R360-e829b21a6f8c9b70876ba0858053c04477534ef55a1706bf4c1112bbb242f0a2.sdkstatcache -Xcc -fmodules-prune-interval\=86400 -Xcc -fmodules-prune-after\=345600 -Xcc -I/Users/admin/builder/spi-builder-workspace/.derivedData/Build/Products/Debug-watchos/include -Xcc -I/Users/admin/builder/spi-builder-workspace/.derivedData/Build/Intermediates.noindex/HealthKitOnFHIR.build/Debug-watchos/HealthKitOnFHIR-t.build/DerivedSources-normal/arm64_32 -Xcc -I/Users/admin/builder/spi-builder-workspace/.derivedData/Build/Intermediates.noindex/HealthKitOnFHIR.build/Debug-watchos/HealthKitOnFHIR-t.build/DerivedSources/arm64_32 -Xcc -I/Users/admin/builder/spi-builder-workspace/.derivedData/Build/Intermediates.noindex/HealthKitOnFHIR.build/Debug-watchos/HealthKitOnFHIR-t.build/DerivedSources -Xcc -DSWIFT_PACKAGE -Xcc -DDEBUG\=1 -no-auto-bridging-header-chaining -module-name HealthKitOnFHIR -package-name healthkitonfhir -const-gather-protocols-file /Users/admin/builder/spi-builder-workspace/.derivedData/Build/Intermediates.noindex/HealthKitOnFHIR.build/Debug-watchos/HealthKitOnFHIR-t.build/Objects-normal/arm64_32/HealthKitOnFHIR_const_extract_protocols.json -disable-clang-spi -clang-target arm64_32-apple-watchos27.0 -target-sdk-version 27.0 -target-sdk-name watchos27.0 -in-process-plugin-server-path /Applications/Xcode-27.0.0-Release.Candidate.app/Contents/Developer/Toolchains/XcodeDefault.xctoolchain/usr/lib/swift/host/libSwiftInProcPluginServer.dylib -emit-module-doc-path /Users/admin/builder/spi-builder-workspace/.derivedData/Build/Intermediates.noindex/HealthKitOnFHIR.build/Debug-watchos/HealthKitOnFHIR-t.build/Objects-normal/arm64_32/HealthKitOnFHIR.swiftdoc -emit-module-source-info-path /Users/admin/builder/spi-builder-workspace/.derivedData/Build/Intermediates.noindex/HealthKitOnFHIR.build/Debug-watchos/HealthKitOnFHIR-t.build/Objects-normal/arm64_32/HealthKitOnFHIR.swiftsourceinfo -emit-objc-header-path /Users/admin/builder/spi-builder-workspace/.derivedData/Build/Intermediates.noindex/HealthKitOnFHIR.build/Debug-watchos/HealthKitOnFHIR-t.build/Objects-normal/arm64_32/HealthKitOnFHIR-Swift.h -serialize-diagnostics-path /Users/admin/builder/spi-builder-workspace/.derivedData/Build/Intermediates.noindex/HealthKitOnFHIR.build/Debug-watchos/HealthKitOnFHIR-t.build/Objects-normal/arm64_32/HealthKitOnFHIR-primary-emit-module.dia -emit-dependencies-path /Users/admin/builder/spi-builder-workspace/.derivedData/Build/Intermediates.noindex/HealthKitOnFHIR.build/Debug-watchos/HealthKitOnFHIR-t.build/Objects-normal/arm64_32/HealthKitOnFHIR-primary-emit-module.d -parse-as-library -o /Users/admin/builder/spi-builder-workspace/.derivedData/Build/Intermediates.noindex/HealthKitOnFHIR.build/Debug-watchos/HealthKitOnFHIR-t.build/Objects-normal/arm64_32/HealthKitOnFHIR.swiftmodule -emit-abi-descriptor-path /Users/admin/builder/spi-builder-workspace/.derivedData/Build/Intermediates.noindex/HealthKitOnFHIR.build/Debug-watchos/HealthKitOnFHIR-t.build/Objects-normal/arm64_32/HealthKitOnFHIR.abi.json
SwiftCompile normal arm64_32 (in target 'HealthKitOnFHIR' from project 'HealthKitOnFHIR')
    cd /Users/admin/builder/spi-builder-workspace/.swiftpm/xcode

SwiftCompile normal arm64_32 Compiling\ resource_bundle_accessor.swift,\ FHIRExtensionBuilder+AbsoluteTimeRange.swift,\ FHIRExtensionBuilder+Metadata.swift,\ FHIRExtensionBuilder+Source.swift /Users/admin/builder/spi-builder-workspace/.derivedData/Build/Intermediates.noindex/HealthKitOnFHIR.build/Debug-watchos/HealthKitOnFHIR-t.build/DerivedSources/resource_bundle_accessor.swift /Users/admin/builder/spi-builder-workspace/.dependencies/checkouts/HealthKitOnFHIR/Sources/HealthKitOnFHIR/FHIR\ Extensions/FHIR\ Extension\ Builder/FHIRExtensionBuilder+AbsoluteTimeRange.swift /Users/admin/builder/spi-builder-workspace/.dependencies/checkouts/HealthKitOnFHIR/Sources/HealthKitOnFHIR/FHIR\ Extensions/FHIR\ Extension\ Builder/FHIRExtensionBuilder+Metadata.swift /Users/admin/builder/spi-builder-workspace/.dependencies/checkouts/HealthKitOnFHIR/Sources/HealthKitOnFHIR/FHIR\ Extensions/FHIR\ Extension\ Builder/FHIRExtensionBuilder+Source.swift (in target 'HealthKitOnFHIR' from project 'HealthKitOnFHIR')
/Users/admin/builder/spi-builder-workspace/.dependencies/checkouts/HealthKitOnFHIR/Sources/HealthKitOnFHIR/FHIR Extensions/FHIR Extension Builder/FHIRExtensionBuilder+AbsoluteTimeRange.swift:45:25: error: value of type 'Observation' has no member 'appendExtensions'
43 |                 )
44 |             ]
45 |             observation.appendExtensions(timeRangeExtensions, replaceAllExistingWithSameUrl: true)
   |                         `- error: value of type 'Observation' has no member 'appendExtensions'
46 |         }
47 |     }
/Users/admin/builder/spi-builder-workspace/.dependencies/checkouts/HealthKitOnFHIR/Sources/HealthKitOnFHIR/FHIR Extensions/FHIR Extension Builder/FHIRExtensionBuilder+AbsoluteTimeRange.swift:58:9: error: cannot find 'removeAllExtensions' in scope
56 |     /// - throws: If an error was encountered when converting the effective time range into the extension values. If the Observation's effecrive time uses an unsupported format (eg: `Timing`), ``HealthKitOnFHIRError/notSupported`` is thrown.
57 |     public func encodeAbsoluteTimeRangeIntoExtension() throws {
58 |         removeAllExtensions(withUrl: FHIRExtensionUrls.absoluteTimeRangeStart)
   |         `- error: cannot find 'removeAllExtensions' in scope
59 |         removeAllExtensions(withUrl: FHIRExtensionUrls.absoluteTimeRangeEnd)
60 |         let startDate, endDate: DateTime?
/Users/admin/builder/spi-builder-workspace/.dependencies/checkouts/HealthKitOnFHIR/Sources/HealthKitOnFHIR/FHIR Extensions/FHIR Extension Builder/FHIRExtensionBuilder+AbsoluteTimeRange.swift:59:9: error: cannot find 'removeAllExtensions' in scope
57 |     public func encodeAbsoluteTimeRangeIntoExtension() throws {
58 |         removeAllExtensions(withUrl: FHIRExtensionUrls.absoluteTimeRangeStart)
59 |         removeAllExtensions(withUrl: FHIRExtensionUrls.absoluteTimeRangeEnd)
   |         `- error: cannot find 'removeAllExtensions' in scope
60 |         let startDate, endDate: DateTime?
61 |         switch effective {
/Users/admin/builder/spi-builder-workspace/.dependencies/checkouts/HealthKitOnFHIR/Sources/HealthKitOnFHIR/FHIR Extensions/FHIR Extension Builder/FHIRExtensionBuilder+AbsoluteTimeRange.swift:77:13: error: cannot find 'appendExtension' in scope
75 |         }
76 |         if let startDate = try startDate?.asNSDate() {
77 |             appendExtension(
   |             `- error: cannot find 'appendExtension' in scope
78 |                 Extension(
79 |                     url: FHIRExtensionUrls.absoluteTimeRangeStart,
/Users/admin/builder/spi-builder-workspace/.dependencies/checkouts/HealthKitOnFHIR/Sources/HealthKitOnFHIR/FHIR Extensions/FHIR Extension Builder/FHIRExtensionBuilder+AbsoluteTimeRange.swift:86:13: error: cannot find 'appendExtension' in scope
84 |         }
85 |         if let endDate = try endDate?.asNSDate() {
86 |             appendExtension(
   |             `- error: cannot find 'appendExtension' in scope
87 |                 Extension(
88 |                     url: FHIRExtensionUrls.absoluteTimeRangeEnd,
/Users/admin/builder/spi-builder-workspace/.dependencies/checkouts/HealthKitOnFHIR/Sources/HealthKitOnFHIR/FHIR Extensions/FHIR Extension Builder/FHIRExtensionBuilder+Metadata.swift:29:29: error: value of type 'Observation' has no member 'removeAllExtensions'
 27 |         .init { (object: HKObject, observation) in // swiftlint:disable:this closure_body_length
 28 |             guard let metadata = object.metadata, !metadata.isEmpty else {
 29 |                 observation.removeAllExtensions(withUrl: FHIRExtensionUrls.metadata)
    |                             `- error: value of type 'Observation' has no member 'removeAllExtensions'
 30 |                 return
 31 |             }
/Users/admin/builder/spi-builder-workspace/.dependencies/checkouts/HealthKitOnFHIR/Sources/HealthKitOnFHIR/FHIR Extensions/FHIR Extension Builder/FHIRExtensionBuilder+Source.swift:45:28: error: value of type 'Extension' has no member 'appendExtension'
 43 |                 }
 44 |                 let url = FHIRExtensionUrls.sourceDevice.appending(component: name)
 45 |                 deviceInfo.appendExtension(
    |                            `- error: value of type 'Extension' has no member 'appendExtension'
 46 |                     Extension(url: url, value: .string(value.asFHIRStringPrimitive())),
 47 |                     replaceAllExistingWithSameUrl: true
/Users/admin/builder/spi-builder-workspace/.dependencies/checkouts/HealthKitOnFHIR/Sources/HealthKitOnFHIR/FHIR Extensions/FHIR Extension Builder/FHIRExtensionBuilder+Source.swift:81:28: error: value of type 'Extension' has no member 'appendExtension'
 79 |                 }
 80 |                 let url = fieldUrl(name)
 81 |                 deviceInfo.appendExtension(
    |                            `- error: value of type 'Extension' has no member 'appendExtension'
 82 |                     Extension(url: url, value: .string(value.asFHIRStringPrimitive())),
 83 |                     replaceAllExistingWithSameUrl: true
SwiftCompile normal arm64_32 /Users/admin/builder/spi-builder-workspace/.derivedData/Build/Intermediates.noindex/HealthKitOnFHIR.build/Debug-watchos/HealthKitOnFHIR-t.build/DerivedSources/resource_bundle_accessor.swift (in target 'HealthKitOnFHIR' from project 'HealthKitOnFHIR')
    cd /Users/admin/builder/spi-builder-workspace/.swiftpm/xcode
    builtin-SwiftPerFileCompile resource_bundle_accessor.swift
SwiftCompile normal arm64_32 /Users/admin/builder/spi-builder-workspace/.dependencies/checkouts/HealthKitOnFHIR/Sources/HealthKitOnFHIR/FHIR\ Extensions/FHIR\ Extension\ Builder/FHIRExtensionBuilder+AbsoluteTimeRange.swift (in target 'HealthKitOnFHIR' from project 'HealthKitOnFHIR')
    cd /Users/admin/builder/spi-builder-workspace/.swiftpm/xcode
    builtin-SwiftPerFileCompile FHIRExtensionBuilder+AbsoluteTimeRange.swift
SwiftCompile normal arm64_32 /Users/admin/builder/spi-builder-workspace/.dependencies/checkouts/HealthKitOnFHIR/Sources/HealthKitOnFHIR/FHIR\ Extensions/FHIR\ Extension\ Builder/FHIRExtensionBuilder+Metadata.swift (in target 'HealthKitOnFHIR' from project 'HealthKitOnFHIR')
    cd /Users/admin/builder/spi-builder-workspace/.swiftpm/xcode
    builtin-SwiftPerFileCompile FHIRExtensionBuilder+Metadata.swift
SwiftCompile normal arm64_32 /Users/admin/builder/spi-builder-workspace/.dependencies/checkouts/HealthKitOnFHIR/Sources/HealthKitOnFHIR/FHIR\ Extensions/FHIR\ Extension\ Builder/FHIRExtensionBuilder+Source.swift (in target 'HealthKitOnFHIR' from project 'HealthKitOnFHIR')
    cd /Users/admin/builder/spi-builder-workspace/.swiftpm/xcode
    builtin-SwiftPerFileCompile FHIRExtensionBuilder+Source.swift
SwiftCompile normal arm64_32 Compiling\ Resource+Collections.swift,\ Resource+Mutation.swift,\ Bundle+JSON.swift,\ Utils.swift /Users/admin/builder/spi-builder-workspace/.dependencies/checkouts/HealthKitOnFHIR/Sources/HealthKitOnFHIR/FHIR\ Extensions/Resource+Collections.swift /Users/admin/builder/spi-builder-workspace/.dependencies/checkouts/HealthKitOnFHIR/Sources/HealthKitOnFHIR/FHIR\ Extensions/Resource+Mutation.swift /Users/admin/builder/spi-builder-workspace/.dependencies/checkouts/HealthKitOnFHIR/Sources/HealthKitOnFHIR/Foundation\ Extensions/Bundle+JSON.swift /Users/admin/builder/spi-builder-workspace/.dependencies/checkouts/HealthKitOnFHIR/Sources/HealthKitOnFHIR/Foundation\ Extensions/Utils.swift (in target 'HealthKitOnFHIR' from project 'HealthKitOnFHIR')
/Users/admin/builder/spi-builder-workspace/.dependencies/checkouts/HealthKitOnFHIR/Sources/HealthKitOnFHIR/FHIR Extensions/Resource+Collections.swift:73:1: error: extension of protocol 'Element' cannot declare inheritance relationship
 71 | }
 72 |
 73 | extension ModelsR4.Element: FHIRTypeWithExtensions {}
    | `- error: extension of protocol 'Element' cannot declare inheritance relationship
 74 | extension ModelsR4.DomainResource: FHIRTypeWithExtensions {}
 75 |
/Users/admin/builder/spi-builder-workspace/.dependencies/checkouts/HealthKitOnFHIR/Sources/HealthKitOnFHIR/FHIR Extensions/Resource+Collections.swift:74:1: error: extension of protocol 'DomainResource' cannot declare inheritance relationship
 72 |
 73 | extension ModelsR4.Element: FHIRTypeWithExtensions {}
 74 | extension ModelsR4.DomainResource: FHIRTypeWithExtensions {}
    | `- error: extension of protocol 'DomainResource' cannot declare inheritance relationship
 75 |
 76 |
/Users/admin/builder/spi-builder-workspace/.dependencies/checkouts/HealthKitOnFHIR/Sources/HealthKitOnFHIR/FHIR Extensions/Resource+Collections.swift:19:9: error: cannot find 'appendElement' in scope
 17 |     @inlinable
 18 |     public func appendIdentifier(_ identifier: Identifier) {
 19 |         appendElement(identifier, to: \.identifier)
    |         `- error: cannot find 'appendElement' in scope
 20 |     }
 21 |
/Users/admin/builder/spi-builder-workspace/.dependencies/checkouts/HealthKitOnFHIR/Sources/HealthKitOnFHIR/FHIR Extensions/Resource+Collections.swift:19:39: error: cannot infer key path type from context; consider explicitly specifying a root type
 17 |     @inlinable
 18 |     public func appendIdentifier(_ identifier: Identifier) {
 19 |         appendElement(identifier, to: \.identifier)
    |                                       `- error: cannot infer key path type from context; consider explicitly specifying a root type
 20 |     }
 21 |
/Users/admin/builder/spi-builder-workspace/.dependencies/checkouts/HealthKitOnFHIR/Sources/HealthKitOnFHIR/FHIR Extensions/Resource+Collections.swift:25:9: error: cannot find 'appendElements' in scope
 23 |     @inlinable
 24 |     public func appendIdentifiers(_ identifiers: some Collection<Identifier>) {
 25 |         appendElements(identifiers, to: \.identifier)
    |         `- error: cannot find 'appendElements' in scope
 26 |     }
 27 |
/Users/admin/builder/spi-builder-workspace/.dependencies/checkouts/HealthKitOnFHIR/Sources/HealthKitOnFHIR/FHIR Extensions/Resource+Collections.swift:25:41: error: cannot infer key path type from context; consider explicitly specifying a root type
 23 |     @inlinable
 24 |     public func appendIdentifiers(_ identifiers: some Collection<Identifier>) {
 25 |         appendElements(identifiers, to: \.identifier)
    |                                         `- error: cannot infer key path type from context; consider explicitly specifying a root type
 26 |     }
 27 |
/Users/admin/builder/spi-builder-workspace/.dependencies/checkouts/HealthKitOnFHIR/Sources/HealthKitOnFHIR/FHIR Extensions/Resource+Collections.swift:31:9: error: cannot find 'appendElement' in scope
 29 |     @inlinable
 30 |     public func appendCategory(_ category: CodeableConcept) {
 31 |         appendElement(category, to: \.category)
    |         `- error: cannot find 'appendElement' in scope
 32 |     }
 33 |
/Users/admin/builder/spi-builder-workspace/.dependencies/checkouts/HealthKitOnFHIR/Sources/HealthKitOnFHIR/FHIR Extensions/Resource+Collections.swift:31:37: error: cannot infer key path type from context; consider explicitly specifying a root type
 29 |     @inlinable
 30 |     public func appendCategory(_ category: CodeableConcept) {
 31 |         appendElement(category, to: \.category)
    |                                     `- error: cannot infer key path type from context; consider explicitly specifying a root type
 32 |     }
 33 |
/Users/admin/builder/spi-builder-workspace/.dependencies/checkouts/HealthKitOnFHIR/Sources/HealthKitOnFHIR/FHIR Extensions/Resource+Collections.swift:37:9: error: cannot find 'appendElements' in scope
 35 |     @inlinable
 36 |     public func appendCategories(_ categories: some Collection<CodeableConcept>) {
 37 |         appendElements(categories, to: \.category)
    |         `- error: cannot find 'appendElements' in scope
 38 |     }
 39 |
/Users/admin/builder/spi-builder-workspace/.dependencies/checkouts/HealthKitOnFHIR/Sources/HealthKitOnFHIR/FHIR Extensions/Resource+Collections.swift:37:40: error: cannot infer key path type from context; consider explicitly specifying a root type
 35 |     @inlinable
 36 |     public func appendCategories(_ categories: some Collection<CodeableConcept>) {
 37 |         appendElements(categories, to: \.category)
    |                                        `- error: cannot infer key path type from context; consider explicitly specifying a root type
 38 |     }
 39 |
/Users/admin/builder/spi-builder-workspace/.dependencies/checkouts/HealthKitOnFHIR/Sources/HealthKitOnFHIR/FHIR Extensions/Resource+Collections.swift:43:9: error: cannot find 'appendElement' in scope
 41 |     @inlinable
 42 |     public func appendCoding(_ coding: Coding) {
 43 |         appendElement(coding, to: \.code.coding)
    |         `- error: cannot find 'appendElement' in scope
 44 |     }
 45 |
/Users/admin/builder/spi-builder-workspace/.dependencies/checkouts/HealthKitOnFHIR/Sources/HealthKitOnFHIR/FHIR Extensions/Resource+Collections.swift:43:35: error: cannot infer key path type from context; consider explicitly specifying a root type
 41 |     @inlinable
 42 |     public func appendCoding(_ coding: Coding) {
 43 |         appendElement(coding, to: \.code.coding)
    |                                   `- error: cannot infer key path type from context; consider explicitly specifying a root type
 44 |     }
 45 |
/Users/admin/builder/spi-builder-workspace/.dependencies/checkouts/HealthKitOnFHIR/Sources/HealthKitOnFHIR/FHIR Extensions/Resource+Collections.swift:49:9: error: cannot find 'appendElements' in scope
 47 |     @inlinable
 48 |     public func appendCodings(_ codings: some Collection<Coding>) {
 49 |         appendElements(codings, to: \.code.coding)
    |         `- error: cannot find 'appendElements' in scope
 50 |     }
 51 |
/Users/admin/builder/spi-builder-workspace/.dependencies/checkouts/HealthKitOnFHIR/Sources/HealthKitOnFHIR/FHIR Extensions/Resource+Collections.swift:49:37: error: cannot infer key path type from context; consider explicitly specifying a root type
 47 |     @inlinable
 48 |     public func appendCodings(_ codings: some Collection<Coding>) {
 49 |         appendElements(codings, to: \.code.coding)
    |                                     `- error: cannot infer key path type from context; consider explicitly specifying a root type
 50 |     }
 51 |
/Users/admin/builder/spi-builder-workspace/.dependencies/checkouts/HealthKitOnFHIR/Sources/HealthKitOnFHIR/FHIR Extensions/Resource+Collections.swift:55:9: error: cannot find 'appendElement' in scope
 53 |     @inlinable
 54 |     public func appendComponent(_ component: ObservationComponent) {
 55 |         appendElement(component, to: \.component)
    |         `- error: cannot find 'appendElement' in scope
 56 |     }
 57 |
/Users/admin/builder/spi-builder-workspace/.dependencies/checkouts/HealthKitOnFHIR/Sources/HealthKitOnFHIR/FHIR Extensions/Resource+Collections.swift:55:38: error: cannot infer key path type from context; consider explicitly specifying a root type
 53 |     @inlinable
 54 |     public func appendComponent(_ component: ObservationComponent) {
 55 |         appendElement(component, to: \.component)
    |                                      `- error: cannot infer key path type from context; consider explicitly specifying a root type
 56 |     }
 57 |
/Users/admin/builder/spi-builder-workspace/.dependencies/checkouts/HealthKitOnFHIR/Sources/HealthKitOnFHIR/FHIR Extensions/Resource+Collections.swift:61:9: error: cannot find 'appendElements' in scope
 59 |     @inlinable
 60 |     public func appendComponents(_ components: some Collection<ObservationComponent>) {
 61 |         appendElements(components, to: \.component)
    |         `- error: cannot find 'appendElements' in scope
 62 |     }
 63 | }
/Users/admin/builder/spi-builder-workspace/.dependencies/checkouts/HealthKitOnFHIR/Sources/HealthKitOnFHIR/FHIR Extensions/Resource+Collections.swift:61:40: error: cannot infer key path type from context; consider explicitly specifying a root type
 59 |     @inlinable
 60 |     public func appendComponents(_ components: some Collection<ObservationComponent>) {
 61 |         appendElements(components, to: \.component)
    |                                        `- error: cannot infer key path type from context; consider explicitly specifying a root type
 62 |     }
 63 | }
/Users/admin/builder/spi-builder-workspace/.dependencies/checkouts/HealthKitOnFHIR/Sources/HealthKitOnFHIR/FHIR Extensions/Resource+Mutation.swift:19:20: error: no type named 'FHIRAbstractResource' in module 'ModelsR4'
17 | public protocol FHIRResourceMutationExtensions {}
18 |
19 | extension ModelsR4.FHIRAbstractResource: FHIRResourceMutationExtensions {}
   |                    `- error: no type named 'FHIRAbstractResource' in module 'ModelsR4'
20 | extension ModelsR4.Element: FHIRResourceMutationExtensions {}
21 |
SwiftCompile normal arm64_32 /Users/admin/builder/spi-builder-workspace/.dependencies/checkouts/HealthKitOnFHIR/Sources/HealthKitOnFHIR/FHIR\ Extensions/Resource+Collections.swift (in target 'HealthKitOnFHIR' from project 'HealthKitOnFHIR')
    cd /Users/admin/builder/spi-builder-workspace/.swiftpm/xcode
    builtin-SwiftPerFileCompile Resource+Collections.swift
SwiftCompile normal arm64_32 /Users/admin/builder/spi-builder-workspace/.dependencies/checkouts/HealthKitOnFHIR/Sources/HealthKitOnFHIR/FHIR\ Extensions/Resource+Mutation.swift (in target 'HealthKitOnFHIR' from project 'HealthKitOnFHIR')
    cd /Users/admin/builder/spi-builder-workspace/.swiftpm/xcode
    builtin-SwiftPerFileCompile Resource+Mutation.swift
SwiftCompile normal arm64_32 /Users/admin/builder/spi-builder-workspace/.dependencies/checkouts/HealthKitOnFHIR/Sources/HealthKitOnFHIR/Foundation\ Extensions/Bundle+JSON.swift (in target 'HealthKitOnFHIR' from project 'HealthKitOnFHIR')
    cd /Users/admin/builder/spi-builder-workspace/.swiftpm/xcode
    builtin-SwiftPerFileCompile Bundle+JSON.swift
SwiftCompile normal arm64_32 /Users/admin/builder/spi-builder-workspace/.dependencies/checkouts/HealthKitOnFHIR/Sources/HealthKitOnFHIR/Foundation\ Extensions/Utils.swift (in target 'HealthKitOnFHIR' from project 'HealthKitOnFHIR')
    cd /Users/admin/builder/spi-builder-workspace/.swiftpm/xcode
    builtin-SwiftPerFileCompile Utils.swift
SwiftEmitModule normal arm64 Emitting\ module\ for\ HealthKitOnFHIR (in target 'HealthKitOnFHIR' from project 'HealthKitOnFHIR')
/Users/admin/builder/spi-builder-workspace/.dependencies/checkouts/HealthKitOnFHIR/Sources/HealthKitOnFHIR/FHIR Extensions/Observation+Dates.swift:19:13: error: cannot assign to property: 'self' is immutable
15 |     /// Sets the `Observation`'s effective date.
16 |     @inlinable
17 |     public func setEffective(startDate: Date, endDate: Date, timeZone: TimeZone) throws {
   |            `- note: mark method 'mutating' to make 'self' mutable
18 |         if startDate == endDate {
19 |             effective = .dateTime(FHIRPrimitive(try DateTime(date: startDate, timeZone: timeZone)))
   |             `- error: cannot assign to property: 'self' is immutable
20 |         } else {
21 |             effective = .period(Period(
/Users/admin/builder/spi-builder-workspace/.dependencies/checkouts/HealthKitOnFHIR/Sources/HealthKitOnFHIR/FHIR Extensions/Observation+Dates.swift:21:13: error: cannot assign to property: 'self' is immutable
15 |     /// Sets the `Observation`'s effective date.
16 |     @inlinable
17 |     public func setEffective(startDate: Date, endDate: Date, timeZone: TimeZone) throws {
   |            `- note: mark method 'mutating' to make 'self' mutable
18 |         if startDate == endDate {
19 |             effective = .dateTime(FHIRPrimitive(try DateTime(date: startDate, timeZone: timeZone)))
20 |         } else {
21 |             effective = .period(Period(
   |             `- error: cannot assign to property: 'self' is immutable
22 |                 end: FHIRPrimitive(try DateTime(date: endDate, timeZone: timeZone)),
23 |                 start: FHIRPrimitive(try DateTime(date: startDate, timeZone: timeZone))
/Users/admin/builder/spi-builder-workspace/.dependencies/checkouts/HealthKitOnFHIR/Sources/HealthKitOnFHIR/FHIR Extensions/Observation+Dates.swift:31:9: error: cannot assign to property: 'self' is immutable
28 |     /// Sets the `Observation`'s issued date.
29 |     @inlinable
30 |     public func setIssued(on date: Date) throws {
   |            `- note: mark method 'mutating' to make 'self' mutable
31 |         issued = FHIRPrimitive(try Instant(date: date))
   |         `- error: cannot assign to property: 'self' is immutable
32 |     }
33 | }
/Users/admin/builder/spi-builder-workspace/.dependencies/checkouts/HealthKitOnFHIR/Sources/HealthKitOnFHIR/FHIR Extensions/Resource+Collections.swift:73:1: error: extension of protocol 'Element' cannot declare inheritance relationship
 71 | }
 72 |
 73 | extension ModelsR4.Element: FHIRTypeWithExtensions {}
    | `- error: extension of protocol 'Element' cannot declare inheritance relationship
 74 | extension ModelsR4.DomainResource: FHIRTypeWithExtensions {}
 75 |
/Users/admin/builder/spi-builder-workspace/.dependencies/checkouts/HealthKitOnFHIR/Sources/HealthKitOnFHIR/FHIR Extensions/Resource+Collections.swift:74:1: error: extension of protocol 'DomainResource' cannot declare inheritance relationship
 72 |
 73 | extension ModelsR4.Element: FHIRTypeWithExtensions {}
 74 | extension ModelsR4.DomainResource: FHIRTypeWithExtensions {}
    | `- error: extension of protocol 'DomainResource' cannot declare inheritance relationship
 75 |
 76 |
/Users/admin/builder/spi-builder-workspace/.dependencies/checkouts/HealthKitOnFHIR/Sources/HealthKitOnFHIR/FHIR Extensions/Resource+Collections.swift:19:9: error: cannot find 'appendElement' in scope
 17 |     @inlinable
 18 |     public func appendIdentifier(_ identifier: Identifier) {
 19 |         appendElement(identifier, to: \.identifier)
    |         `- error: cannot find 'appendElement' in scope
 20 |     }
 21 |
/Users/admin/builder/spi-builder-workspace/.dependencies/checkouts/HealthKitOnFHIR/Sources/HealthKitOnFHIR/FHIR Extensions/Resource+Collections.swift:19:39: error: cannot infer key path type from context; consider explicitly specifying a root type
 17 |     @inlinable
 18 |     public func appendIdentifier(_ identifier: Identifier) {
 19 |         appendElement(identifier, to: \.identifier)
    |                                       `- error: cannot infer key path type from context; consider explicitly specifying a root type
 20 |     }
 21 |
/Users/admin/builder/spi-builder-workspace/.dependencies/checkouts/HealthKitOnFHIR/Sources/HealthKitOnFHIR/FHIR Extensions/Resource+Collections.swift:25:9: error: cannot find 'appendElements' in scope
 23 |     @inlinable
 24 |     public func appendIdentifiers(_ identifiers: some Collection<Identifier>) {
 25 |         appendElements(identifiers, to: \.identifier)
    |         `- error: cannot find 'appendElements' in scope
 26 |     }
 27 |
/Users/admin/builder/spi-builder-workspace/.dependencies/checkouts/HealthKitOnFHIR/Sources/HealthKitOnFHIR/FHIR Extensions/Resource+Collections.swift:25:41: error: cannot infer key path type from context; consider explicitly specifying a root type
 23 |     @inlinable
 24 |     public func appendIdentifiers(_ identifiers: some Collection<Identifier>) {
 25 |         appendElements(identifiers, to: \.identifier)
    |                                         `- error: cannot infer key path type from context; consider explicitly specifying a root type
 26 |     }
 27 |
/Users/admin/builder/spi-builder-workspace/.dependencies/checkouts/HealthKitOnFHIR/Sources/HealthKitOnFHIR/FHIR Extensions/Resource+Collections.swift:31:9: error: cannot find 'appendElement' in scope
 29 |     @inlinable
 30 |     public func appendCategory(_ category: CodeableConcept) {
 31 |         appendElement(category, to: \.category)
    |         `- error: cannot find 'appendElement' in scope
 32 |     }
 33 |
/Users/admin/builder/spi-builder-workspace/.dependencies/checkouts/HealthKitOnFHIR/Sources/HealthKitOnFHIR/FHIR Extensions/Resource+Collections.swift:31:37: error: cannot infer key path type from context; consider explicitly specifying a root type
 29 |     @inlinable
 30 |     public func appendCategory(_ category: CodeableConcept) {
 31 |         appendElement(category, to: \.category)
    |                                     `- error: cannot infer key path type from context; consider explicitly specifying a root type
 32 |     }
 33 |
/Users/admin/builder/spi-builder-workspace/.dependencies/checkouts/HealthKitOnFHIR/Sources/HealthKitOnFHIR/FHIR Extensions/Resource+Collections.swift:37:9: error: cannot find 'appendElements' in scope
 35 |     @inlinable
 36 |     public func appendCategories(_ categories: some Collection<CodeableConcept>) {
 37 |         appendElements(categories, to: \.category)
    |         `- error: cannot find 'appendElements' in scope
 38 |     }
 39 |
/Users/admin/builder/spi-builder-workspace/.dependencies/checkouts/HealthKitOnFHIR/Sources/HealthKitOnFHIR/FHIR Extensions/Resource+Collections.swift:37:40: error: cannot infer key path type from context; consider explicitly specifying a root type
 35 |     @inlinable
 36 |     public func appendCategories(_ categories: some Collection<CodeableConcept>) {
 37 |         appendElements(categories, to: \.category)
    |                                        `- error: cannot infer key path type from context; consider explicitly specifying a root type
 38 |     }
 39 |
/Users/admin/builder/spi-builder-workspace/.dependencies/checkouts/HealthKitOnFHIR/Sources/HealthKitOnFHIR/FHIR Extensions/Resource+Collections.swift:43:9: error: cannot find 'appendElement' in scope
 41 |     @inlinable
 42 |     public func appendCoding(_ coding: Coding) {
 43 |         appendElement(coding, to: \.code.coding)
    |         `- error: cannot find 'appendElement' in scope
 44 |     }
 45 |
/Users/admin/builder/spi-builder-workspace/.dependencies/checkouts/HealthKitOnFHIR/Sources/HealthKitOnFHIR/FHIR Extensions/Resource+Collections.swift:43:35: error: cannot infer key path type from context; consider explicitly specifying a root type
 41 |     @inlinable
 42 |     public func appendCoding(_ coding: Coding) {
 43 |         appendElement(coding, to: \.code.coding)
    |                                   `- error: cannot infer key path type from context; consider explicitly specifying a root type
 44 |     }
 45 |
/Users/admin/builder/spi-builder-workspace/.dependencies/checkouts/HealthKitOnFHIR/Sources/HealthKitOnFHIR/FHIR Extensions/Resource+Collections.swift:49:9: error: cannot find 'appendElements' in scope
 47 |     @inlinable
 48 |     public func appendCodings(_ codings: some Collection<Coding>) {
 49 |         appendElements(codings, to: \.code.coding)
    |         `- error: cannot find 'appendElements' in scope
 50 |     }
 51 |
/Users/admin/builder/spi-builder-workspace/.dependencies/checkouts/HealthKitOnFHIR/Sources/HealthKitOnFHIR/FHIR Extensions/Resource+Collections.swift:49:37: error: cannot infer key path type from context; consider explicitly specifying a root type
 47 |     @inlinable
 48 |     public func appendCodings(_ codings: some Collection<Coding>) {
 49 |         appendElements(codings, to: \.code.coding)
    |                                     `- error: cannot infer key path type from context; consider explicitly specifying a root type
 50 |     }
 51 |
/Users/admin/builder/spi-builder-workspace/.dependencies/checkouts/HealthKitOnFHIR/Sources/HealthKitOnFHIR/FHIR Extensions/Resource+Collections.swift:55:9: error: cannot find 'appendElement' in scope
 53 |     @inlinable
 54 |     public func appendComponent(_ component: ObservationComponent) {
 55 |         appendElement(component, to: \.component)
    |         `- error: cannot find 'appendElement' in scope
 56 |     }
 57 |
/Users/admin/builder/spi-builder-workspace/.dependencies/checkouts/HealthKitOnFHIR/Sources/HealthKitOnFHIR/FHIR Extensions/Resource+Collections.swift:55:38: error: cannot infer key path type from context; consider explicitly specifying a root type
 53 |     @inlinable
 54 |     public func appendComponent(_ component: ObservationComponent) {
 55 |         appendElement(component, to: \.component)
    |                                      `- error: cannot infer key path type from context; consider explicitly specifying a root type
 56 |     }
 57 |
/Users/admin/builder/spi-builder-workspace/.dependencies/checkouts/HealthKitOnFHIR/Sources/HealthKitOnFHIR/FHIR Extensions/Resource+Collections.swift:61:9: error: cannot find 'appendElements' in scope
 59 |     @inlinable
 60 |     public func appendComponents(_ components: some Collection<ObservationComponent>) {
 61 |         appendElements(components, to: \.component)
    |         `- error: cannot find 'appendElements' in scope
 62 |     }
 63 | }
/Users/admin/builder/spi-builder-workspace/.dependencies/checkouts/HealthKitOnFHIR/Sources/HealthKitOnFHIR/FHIR Extensions/Resource+Collections.swift:61:40: error: cannot infer key path type from context; consider explicitly specifying a root type
 59 |     @inlinable
 60 |     public func appendComponents(_ components: some Collection<ObservationComponent>) {
 61 |         appendElements(components, to: \.component)
    |                                        `- error: cannot infer key path type from context; consider explicitly specifying a root type
 62 |     }
 63 | }
/Users/admin/builder/spi-builder-workspace/.dependencies/checkouts/HealthKitOnFHIR/Sources/HealthKitOnFHIR/FHIR Extensions/Resource+Mutation.swift:19:20: error: no type named 'FHIRAbstractResource' in module 'ModelsR4'
17 | public protocol FHIRResourceMutationExtensions {}
18 |
19 | extension ModelsR4.FHIRAbstractResource: FHIRResourceMutationExtensions {}
   |                    `- error: no type named 'FHIRAbstractResource' in module 'ModelsR4'
20 | extension ModelsR4.Element: FHIRResourceMutationExtensions {}
21 |
/Users/admin/builder/spi-builder-workspace/.dependencies/checkouts/HealthKitOnFHIR/Sources/HealthKitOnFHIR/FHIR Extensions/Resource+Mutation.swift:20:1: error: extension of protocol 'Element' cannot declare inheritance relationship
18 |
19 | extension ModelsR4.FHIRAbstractResource: FHIRResourceMutationExtensions {}
20 | extension ModelsR4.Element: FHIRResourceMutationExtensions {}
   | `- error: extension of protocol 'Element' cannot declare inheritance relationship
21 |
22 |
Failed frontend command:
/Applications/Xcode-27.0.0-Release.Candidate.app/Contents/Developer/Toolchains/XcodeDefault.xctoolchain/usr/bin/swift-frontend -frontend -emit-module -experimental-skip-non-inlinable-function-bodies-without-types /Users/admin/builder/spi-builder-workspace/.derivedData/Build/Intermediates.noindex/HealthKitOnFHIR.build/Debug-watchos/HealthKitOnFHIR-t.build/DerivedSources/resource_bundle_accessor.swift /Users/admin/builder/spi-builder-workspace/.dependencies/checkouts/HealthKitOnFHIR/Sources/HealthKitOnFHIR/FHIR\ Extensions/FHIR\ Extension\ Builder/FHIRExtensionBuilder+AbsoluteTimeRange.swift /Users/admin/builder/spi-builder-workspace/.dependencies/checkouts/HealthKitOnFHIR/Sources/HealthKitOnFHIR/FHIR\ Extensions/FHIR\ Extension\ Builder/FHIRExtensionBuilder+Metadata.swift /Users/admin/builder/spi-builder-workspace/.dependencies/checkouts/HealthKitOnFHIR/Sources/HealthKitOnFHIR/FHIR\ Extensions/FHIR\ Extension\ Builder/FHIRExtensionBuilder+Source.swift /Users/admin/builder/spi-builder-workspace/.dependencies/checkouts/HealthKitOnFHIR/Sources/HealthKitOnFHIR/FHIR\ Extensions/FHIR\ Extension\ Builder/FHIRExtensionBuilder.swift /Users/admin/builder/spi-builder-workspace/.dependencies/checkouts/HealthKitOnFHIR/Sources/HealthKitOnFHIR/FHIR\ Extensions/FHIR+Utils.swift /Users/admin/builder/spi-builder-workspace/.dependencies/checkouts/HealthKitOnFHIR/Sources/HealthKitOnFHIR/FHIR\ Extensions/Observation+Dates.swift /Users/admin/builder/spi-builder-workspace/.dependencies/checkouts/HealthKitOnFHIR/Sources/HealthKitOnFHIR/FHIR\ Extensions/Observation+Value.swift /Users/admin/builder/spi-builder-workspace/.dependencies/checkouts/HealthKitOnFHIR/Sources/HealthKitOnFHIR/FHIR\ Extensions/Resource+Collections.swift /Users/admin/builder/spi-builder-workspace/.dependencies/checkouts/HealthKitOnFHIR/Sources/HealthKitOnFHIR/FHIR\ Extensions/Resource+Mutation.swift /Users/admin/builder/spi-builder-workspace/.dependencies/checkouts/HealthKitOnFHIR/Sources/HealthKitOnFHIR/Foundation\ Extensions/Bundle+JSON.swift /Users/admin/builder/spi-builder-workspace/.dependencies/checkouts/HealthKitOnFHIR/Sources/HealthKitOnFHIR/Foundation\ Extensions/Utils.swift /Users/admin/builder/spi-builder-workspace/.dependencies/checkouts/HealthKitOnFHIR/Sources/HealthKitOnFHIR/HKSampleMapping/HKCategorySampleMapping.swift /Users/admin/builder/spi-builder-workspace/.dependencies/checkouts/HealthKitOnFHIR/Sources/HealthKitOnFHIR/HKSampleMapping/HKCorrelationMapping.swift /Users/admin/builder/spi-builder-workspace/.dependencies/checkouts/HealthKitOnFHIR/Sources/HealthKitOnFHIR/HKSampleMapping/HKElectrocardiogramMapping.swift /Users/admin/builder/spi-builder-workspace/.dependencies/checkouts/HealthKitOnFHIR/Sources/HealthKitOnFHIR/HKSampleMapping/HKQuantitySampleMapping.swift /Users/admin/builder/spi-builder-workspace/.dependencies/checkouts/HealthKitOnFHIR/Sources/HealthKitOnFHIR/HKSampleMapping/HKSampleMapping.swift /Users/admin/builder/spi-builder-workspace/.dependencies/checkouts/HealthKitOnFHIR/Sources/HealthKitOnFHIR/HKSampleMapping/HKStateOfMindSampleMapping.swift /Users/admin/builder/spi-builder-workspace/.dependencies/checkouts/HealthKitOnFHIR/Sources/HealthKitOnFHIR/HKSampleMapping/HKWorkoutSampleMapping.swift /Users/admin/builder/spi-builder-workspace/.dependencies/checkouts/HealthKitOnFHIR/Sources/HealthKitOnFHIR/HKSampleMapping/MappedCode.swift /Users/admin/builder/spi-builder-workspace/.dependencies/checkouts/HealthKitOnFHIR/Sources/HealthKitOnFHIR/HKSampleMapping/MappedUnit.swift /Users/admin/builder/spi-builder-workspace/.dependencies/checkouts/HealthKitOnFHIR/Sources/HealthKitOnFHIR/HealthKit\ Extensions/FHIRObservationBuildable.swift /Users/admin/builder/spi-builder-workspace/.dependencies/checkouts/HealthKitOnFHIR/Sources/HealthKitOnFHIR/HealthKit\ Extensions/HKCategorySample+Observation.swift /Users/admin/builder/spi-builder-workspace/.dependencies/checkouts/HealthKitOnFHIR/Sources/HealthKitOnFHIR/HealthKit\ Extensions/HKCategoryValue+String.swift /Users/admin/builder/spi-builder-workspace/.dependencies/checkouts/HealthKitOnFHIR/Sources/HealthKitOnFHIR/HealthKit\ Extensions/HKClinicalRecord+ResourceProxy.swift /Users/admin/builder/spi-builder-workspace/.dependencies/checkouts/HealthKitOnFHIR/Sources/HealthKitOnFHIR/HealthKit\ Extensions/HKCorrelationType+Observation.swift /Users/admin/builder/spi-builder-workspace/.dependencies/checkouts/HealthKitOnFHIR/Sources/HealthKitOnFHIR/HealthKit\ Extensions/HKElectrocardiogram+Observation.swift /Users/admin/builder/spi-builder-workspace/.dependencies/checkouts/HealthKitOnFHIR/Sources/HealthKitOnFHIR/HealthKit\ Extensions/HKQuantitySample+Observation.swift /Users/admin/builder/spi-builder-workspace/.dependencies/checkouts/HealthKitOnFHIR/Sources/HealthKitOnFHIR/HealthKit\ Extensions/HKQuantityType+Coding.swift /Users/admin/builder/spi-builder-workspace/.dependencies/checkouts/HealthKitOnFHIR/Sources/HealthKitOnFHIR/HealthKit\ Extensions/HKSample+ResourceProxy.swift /Users/admin/builder/spi-builder-workspace/.dependencies/checkouts/HealthKitOnFHIR/Sources/HealthKitOnFHIR/HealthKit\ Extensions/HKSample+TimeZone.swift /Users/admin/builder/spi-builder-workspace/.dependencies/checkouts/HealthKitOnFHIR/Sources/HealthKitOnFHIR/HealthKit\ Extensions/HKSampleType+ResourceType.swift /Users/admin/builder/spi-builder-workspace/.dependencies/checkouts/HealthKitOnFHIR/Sources/HealthKitOnFHIR/HealthKit\ Extensions/HKStateOfMind+Observation.swift /Users/admin/builder/spi-builder-workspace/.dependencies/checkouts/HealthKitOnFHIR/Sources/HealthKitOnFHIR/HealthKit\ Extensions/HKWorkout+Observation.swift /Users/admin/builder/spi-builder-workspace/.dependencies/checkouts/HealthKitOnFHIR/Sources/HealthKitOnFHIR/HealthKit\ Extensions/HKWorkoutActivityType+String.swift /Users/admin/builder/spi-builder-workspace/.dependencies/checkouts/HealthKitOnFHIR/Sources/HealthKitOnFHIR/HealthKitOnFHIRError.swift -target arm64-apple-watchos10.0 -disable-cross-import-overlay-search -load-resolved-plugin /Applications/Xcode-27.0.0-Release.Candidate.app/Contents/Developer/Platforms/WatchOS.platform/Developer/usr/lib/swift/host/plugins/libFoundationMacros.dylib\#/Applications/Xcode-27.0.0-Release.Candidate.app/Contents/Developer/Platforms/WatchOS.platform/Developer/usr/bin/swift-plugin-server\#FoundationMacros -load-resolved-plugin /Applications/Xcode-27.0.0-Release.Candidate.app/Contents/Developer/Platforms/WatchOS.platform/Developer/usr/lib/swift/host/plugins/libObservationMacros.dylib\#/Applications/Xcode-27.0.0-Release.Candidate.app/Contents/Developer/Platforms/WatchOS.platform/Developer/usr/bin/swift-plugin-server\#ObservationMacros -load-resolved-plugin /Applications/Xcode-27.0.0-Release.Candidate.app/Contents/Developer/Platforms/WatchOS.platform/Developer/usr/lib/swift/host/plugins/libSwiftMacros.dylib\#/Applications/Xcode-27.0.0-Release.Candidate.app/Contents/Developer/Platforms/WatchOS.platform/Developer/usr/bin/swift-plugin-server\#SwiftMacros -disable-implicit-swift-modules -Xcc -fno-implicit-modules -Xcc -fno-implicit-module-maps -explicit-swift-module-map-file /Users/admin/builder/spi-builder-workspace/.derivedData/Build/Intermediates.noindex/HealthKitOnFHIR.build/Debug-watchos/HealthKitOnFHIR-t.build/Objects-normal/arm64/HealthKitOnFHIR-dependencies-2.json -Xllvm -aarch64-use-tbi -enable-objc-interop -stack-check -sdk /Applications/Xcode-27.0.0-Release.Candidate.app/Contents/Developer/Platforms/WatchOS.platform/Developer/SDKs/WatchOS27.0.sdk -I /Users/admin/builder/spi-builder-workspace/.derivedData/Build/Products/Debug-watchos -Isystem /Applications/Xcode-27.0.0-Release.Candidate.app/Contents/Developer/Platforms/WatchOS.platform/Developer/usr/lib -F /Users/admin/builder/spi-builder-workspace/.derivedData/Build/Products/Debug-watchos/PackageFrameworks -F /Users/admin/builder/spi-builder-workspace/.derivedData/Build/Products/Debug-watchos -F /Applications/Xcode-27.0.0-Release.Candidate.app/Contents/Developer/Platforms/WatchOS.platform/Developer/Library/Frameworks -F /Applications/Xcode-27.0.0-Release.Candidate.app/Contents/Developer/Platforms/WatchOS.platform/Developer/SDKs/WatchOS27.0.sdk/Developer/Library/Frameworks -module-cache-path /Users/admin/builder/spi-builder-workspace/.derivedData/Build/Intermediates.noindex/SwiftExplicitPrecompiledModules -no-color-diagnostics -Xcc -fno-color-diagnostics -enable-testing -g -debug-info-format\=dwarf -dwarf-version\=4 -suppress-warnings -profile-generate -profile-coverage-mapping -swift-version 6 -Onone -D SWIFT_PACKAGE -D DEBUG -D SWIFT_MODULE_RESOURCE_BUNDLE_AVAILABLE -D Xcode -serialize-debugging-options -enable-upcoming-feature ExistentialAny -enable-experimental-feature DebugDescriptionMacro -empty-abi-descriptor -user-module-version 1.2.1 -validate-clang-modules-once -clang-build-session-file /Users/admin/builder/spi-builder-workspace/.derivedData/ModuleCache.noindex/Session.modulevalidation -Xcc -working-directory -Xcc /Users/admin/builder/spi-builder-workspace/.swiftpm/xcode -enable-anonymous-context-mangled-names -file-compilation-dir /Users/admin/builder/spi-builder-workspace/.swiftpm/xcode -Xcc -D_LIBCPP_HARDENING_MODE\=_LIBCPP_HARDENING_MODE_DEBUG -Xcc -ivfsstatcache -Xcc /Users/admin/builder/spi-builder-workspace/.derivedData/SDKStatCaches.noindex/watchos27.0-24R360-e829b21a6f8c9b70876ba0858053c04477534ef55a1706bf4c1112bbb242f0a2.sdkstatcache -Xcc -fmodules-prune-interval\=86400 -Xcc -fmodules-prune-after\=345600 -Xcc -I/Users/admin/builder/spi-builder-workspace/.derivedData/Build/Products/Debug-watchos/include -Xcc -I/Users/admin/builder/spi-builder-workspace/.derivedData/Build/Intermediates.noindex/HealthKitOnFHIR.build/Debug-watchos/HealthKitOnFHIR-t.build/DerivedSources-normal/arm64 -Xcc -I/Users/admin/builder/spi-builder-workspace/.derivedData/Build/Intermediates.noindex/HealthKitOnFHIR.build/Debug-watchos/HealthKitOnFHIR-t.build/DerivedSources/arm64 -Xcc -I/Users/admin/builder/spi-builder-workspace/.derivedData/Build/Intermediates.noindex/HealthKitOnFHIR.build/Debug-watchos/HealthKitOnFHIR-t.build/DerivedSources -Xcc -DSWIFT_PACKAGE -Xcc -DDEBUG\=1 -no-auto-bridging-header-chaining -module-name HealthKitOnFHIR -package-name healthkitonfhir -const-gather-protocols-file /Users/admin/builder/spi-builder-workspace/.derivedData/Build/Intermediates.noindex/HealthKitOnFHIR.build/Debug-watchos/HealthKitOnFHIR-t.build/Objects-normal/arm64/HealthKitOnFHIR_const_extract_protocols.json -disable-clang-spi -clang-target arm64-apple-watchos27.0 -target-sdk-version 27.0 -target-sdk-name watchos27.0 -in-process-plugin-server-path /Applications/Xcode-27.0.0-Release.Candidate.app/Contents/Developer/Toolchains/XcodeDefault.xctoolchain/usr/lib/swift/host/libSwiftInProcPluginServer.dylib -emit-module-doc-path /Users/admin/builder/spi-builder-workspace/.derivedData/Build/Intermediates.noindex/HealthKitOnFHIR.build/Debug-watchos/HealthKitOnFHIR-t.build/Objects-normal/arm64/HealthKitOnFHIR.swiftdoc -emit-module-source-info-path /Users/admin/builder/spi-builder-workspace/.derivedData/Build/Intermediates.noindex/HealthKitOnFHIR.build/Debug-watchos/HealthKitOnFHIR-t.build/Objects-normal/arm64/HealthKitOnFHIR.swiftsourceinfo -emit-objc-header-path /Users/admin/builder/spi-builder-workspace/.derivedData/Build/Intermediates.noindex/HealthKitOnFHIR.build/Debug-watchos/HealthKitOnFHIR-t.build/Objects-normal/arm64/HealthKitOnFHIR-Swift.h -serialize-diagnostics-path /Users/admin/builder/spi-builder-workspace/.derivedData/Build/Intermediates.noindex/HealthKitOnFHIR.build/Debug-watchos/HealthKitOnFHIR-t.build/Objects-normal/arm64/HealthKitOnFHIR-primary-emit-module.dia -emit-dependencies-path /Users/admin/builder/spi-builder-workspace/.derivedData/Build/Intermediates.noindex/HealthKitOnFHIR.build/Debug-watchos/HealthKitOnFHIR-t.build/Objects-normal/arm64/HealthKitOnFHIR-primary-emit-module.d -parse-as-library -o /Users/admin/builder/spi-builder-workspace/.derivedData/Build/Intermediates.noindex/HealthKitOnFHIR.build/Debug-watchos/HealthKitOnFHIR-t.build/Objects-normal/arm64/HealthKitOnFHIR.swiftmodule -emit-abi-descriptor-path /Users/admin/builder/spi-builder-workspace/.derivedData/Build/Intermediates.noindex/HealthKitOnFHIR.build/Debug-watchos/HealthKitOnFHIR-t.build/Objects-normal/arm64/HealthKitOnFHIR.abi.json
SwiftCompile normal arm64 (in target 'HealthKitOnFHIR' from project 'HealthKitOnFHIR')
    cd /Users/admin/builder/spi-builder-workspace/.swiftpm/xcode

SwiftCompile normal arm64 Compiling\ HKWorkout+Observation.swift,\ HKWorkoutActivityType+String.swift,\ HealthKitOnFHIRError.swift /Users/admin/builder/spi-builder-workspace/.dependencies/checkouts/HealthKitOnFHIR/Sources/HealthKitOnFHIR/HealthKit\ Extensions/HKWorkout+Observation.swift /Users/admin/builder/spi-builder-workspace/.dependencies/checkouts/HealthKitOnFHIR/Sources/HealthKitOnFHIR/HealthKit\ Extensions/HKWorkoutActivityType+String.swift /Users/admin/builder/spi-builder-workspace/.dependencies/checkouts/HealthKitOnFHIR/Sources/HealthKitOnFHIR/HealthKitOnFHIRError.swift (in target 'HealthKitOnFHIR' from project 'HealthKitOnFHIR')
SwiftCompile normal arm64 /Users/admin/builder/spi-builder-workspace/.dependencies/checkouts/HealthKitOnFHIR/Sources/HealthKitOnFHIR/HealthKit\ Extensions/HKWorkout+Observation.swift (in target 'HealthKitOnFHIR' from project 'HealthKitOnFHIR')
    cd /Users/admin/builder/spi-builder-workspace/.swiftpm/xcode
    builtin-SwiftPerFileCompile HKWorkout+Observation.swift
SwiftCompile normal arm64 /Users/admin/builder/spi-builder-workspace/.dependencies/checkouts/HealthKitOnFHIR/Sources/HealthKitOnFHIR/HealthKit\ Extensions/HKWorkoutActivityType+String.swift (in target 'HealthKitOnFHIR' from project 'HealthKitOnFHIR')
    cd /Users/admin/builder/spi-builder-workspace/.swiftpm/xcode
    builtin-SwiftPerFileCompile HKWorkoutActivityType+String.swift
SwiftCompile normal arm64 /Users/admin/builder/spi-builder-workspace/.dependencies/checkouts/HealthKitOnFHIR/Sources/HealthKitOnFHIR/HealthKitOnFHIRError.swift (in target 'HealthKitOnFHIR' from project 'HealthKitOnFHIR')
    cd /Users/admin/builder/spi-builder-workspace/.swiftpm/xcode
    builtin-SwiftPerFileCompile HealthKitOnFHIRError.swift
SwiftEmitModule normal arm64 Emitting\ module\ for\ AsyncAlgorithms (in target 'AsyncAlgorithms' from project 'swift-async-algorithms')
SwiftCompile normal arm64 (in target 'AsyncAlgorithms' from project 'swift-async-algorithms')
    cd /Users/admin/builder/spi-builder-workspace/.swiftpm/xcode

PruneExplicitPrecompiledModules /Users/admin/builder/spi-builder-workspace/.derivedData/SDKExplicitPrecompiledModules
PruneExplicitPrecompiledModules /Users/admin/builder/spi-builder-workspace/.derivedData/Build/Intermediates.noindex/SwiftExplicitPrecompiledModules
PruneExplicitPrecompiledModules /Users/admin/builder/spi-builder-workspace/.derivedData/Build/Intermediates.noindex/ExplicitPrecompiledModules
2026-09-23 16:23:05.294 xcodebuild[2243:13381] [MT] IDERunDestination: Supported platforms for the buildables in the current scheme is empty.
** BUILD FAILED **
The following build commands failed:
	SwiftEmitModule normal arm64_32 Emitting\ module\ for\ HealthKitOnFHIR (in target 'HealthKitOnFHIR' from project 'HealthKitOnFHIR')
	SwiftCompile normal arm64_32 (in target 'HealthKitOnFHIR' from project 'HealthKitOnFHIR')
	SwiftEmitModule normal arm64 Emitting\ module\ for\ HealthKitOnFHIR (in target 'HealthKitOnFHIR' from project 'HealthKitOnFHIR')
	SwiftCompile normal arm64 (in target 'HealthKitOnFHIR' from project 'HealthKitOnFHIR')
	Building workspace SpeziFHIR with scheme SpeziFHIR-Package
(5 failures)
BUILD FAILURE 6.4 watchOS