Build Information
Failed to build GoogleCloudSpeechV2, reference main (42636d), with Swift 6.2 for Android on 11 Oct 2026 09:34:17 UTC.
Build Command
bash -c docker run --pull=always --rm -v "checkouts-54344845-0":/host -w "$PWD" -e JAVA_HOME="/root/.sdkman/candidates/java/current" -e SPI_BUILD="1" -e SPI_PROCESSING="1" registry.gitlab.com/saguaro1/spi-images:android-6.2-latest swift build --swift-sdk aarch64-unknown-linux-android28 2>&1Build Log
========================================
RunAll
========================================
Builder version: 5.1.1
Interrupt handler set up.
========================================
Checkout
========================================
Clone URL: https://github.com/googleapis/swift-google-cloud-speech-v2.git
Reference: main
Initialized empty Git repository in /host/spi-builder-workspace/.git/
hint: Using 'master' as the name for the initial branch. This default branch name
hint: is subject to change. To configure the initial branch name to use in all
hint: of your new repositories, which will suppress this warning, call:
hint:
hint: git config --global init.defaultBranch <name>
hint:
hint: Names commonly chosen instead of 'master' are 'main', 'trunk' and
hint: 'development'. The just-created branch can be renamed via this command:
hint:
hint: git branch -m <name>
From https://github.com/googleapis/swift-google-cloud-speech-v2
* branch main -> FETCH_HEAD
* [new branch] main -> origin/main
HEAD is now at 42636db chore: release circa 2026-10-07 (#1382)
Cloned https://github.com/googleapis/swift-google-cloud-speech-v2.git
Revision (git rev-parse @):
42636db28219116bade42182af5992848e9f866c
SPI manifest file found: $PWD/.spi.yml
SUCCESS checkout https://github.com/googleapis/swift-google-cloud-speech-v2.git at main
========================================
Build
========================================
Selected platform: android
Swift version: 6.2
Building package at path: $PWD
https://github.com/googleapis/swift-google-cloud-speech-v2.git
Running build ...
bash -c docker run --pull=always --rm -v "checkouts-54344845-0":/host -w "$PWD" -e JAVA_HOME="/root/.sdkman/candidates/java/current" -e SPI_BUILD="1" -e SPI_PROCESSING="1" registry.gitlab.com/saguaro1/spi-images:android-6.2-latest swift build --swift-sdk aarch64-unknown-linux-android28 2>&1
android-6.2-latest: Pulling from saguaro1/spi-images
Digest: sha256:a839c9ce201f1dacc8eb056626ec7ab0a1c6d53d7b77c83feda395f4507c51be
Status: Image is up to date for registry.gitlab.com/saguaro1/spi-images:android-6.2-latest
Fetching https://github.com/googleapis/swift-google-wkt
Fetching https://github.com/apple/swift-log
Fetching https://github.com/googleapis/swift-google-gax
Fetching https://github.com/googleapis/swift-google-longrunning
Fetching https://github.com/googleapis/swift-google-rpc
Fetching https://github.com/googleapis/swift-google-cloud-location
[1/422] Fetching swift-google-rpc
[52/974] Fetching swift-google-rpc, swift-google-cloud-location
[643/1593] Fetching swift-google-rpc, swift-google-cloud-location, swift-google-longrunning
[713/2616] Fetching swift-google-rpc, swift-google-cloud-location, swift-google-longrunning, swift-google-wkt
[1055/4364] Fetching swift-google-rpc, swift-google-cloud-location, swift-google-longrunning, swift-google-wkt, swift-google-gax
[2020/12621] Fetching swift-google-rpc, swift-google-cloud-location, swift-google-longrunning, swift-google-wkt, swift-google-gax, swift-log
Fetched https://github.com/googleapis/swift-google-cloud-location from cache (0.49s)
[1485/12069] Fetching swift-google-rpc, swift-google-longrunning, swift-google-wkt, swift-google-gax, swift-log
Fetching https://github.com/googleapis/swift-google-auth
Fetched https://github.com/googleapis/swift-google-longrunning from cache (0.52s)
[2983/11450] Fetching swift-google-rpc, swift-google-wkt, swift-google-gax, swift-log
Fetched https://github.com/googleapis/swift-google-rpc from cache (0.53s)
[3680/11028] Fetching swift-google-wkt, swift-google-gax, swift-log
Fetched https://github.com/googleapis/swift-google-wkt from cache (0.63s)
Fetched https://github.com/googleapis/swift-google-gax from cache (0.63s)
Fetched https://github.com/apple/swift-log from cache (0.64s)
[1/1023] Fetching swift-google-auth
Fetched https://github.com/googleapis/swift-google-auth from cache (0.39s)
Computing version for https://github.com/googleapis/swift-google-wkt
Computed https://github.com/googleapis/swift-google-wkt at 0.5.0 (1.04s)
Fetching https://github.com/swift-extras/swift-extras-base64
[1/954] Fetching swift-extras-base64
Fetched https://github.com/swift-extras/swift-extras-base64 from cache (0.34s)
Computing version for https://github.com/googleapis/swift-google-rpc
Computed https://github.com/googleapis/swift-google-rpc at 0.5.0 (0.50s)
Computing version for https://github.com/googleapis/swift-google-longrunning
Computed https://github.com/googleapis/swift-google-longrunning at 0.5.0 (0.15s)
Computing version for https://github.com/googleapis/swift-google-gax
Computed https://github.com/googleapis/swift-google-gax at 0.5.0 (0.16s)
Fetching https://github.com/apple/swift-nio
[1/86374] Fetching swift-nio
Fetching https://github.com/swift-server/async-http-client.git
Fetched https://github.com/apple/swift-nio from cache (3.89s)
[1/16464] Fetching async-http-client
Fetched https://github.com/swift-server/async-http-client.git from cache (0.94s)
Computing version for https://github.com/googleapis/swift-google-cloud-location
Computed https://github.com/googleapis/swift-google-cloud-location at 0.5.0 (4.95s)
Computing version for https://github.com/googleapis/swift-google-auth
Computed https://github.com/googleapis/swift-google-auth at 0.5.0 (0.15s)
Fetching https://github.com/vapor/jwt-kit.git
Fetching https://github.com/apple/swift-system.git
[1/7241] Fetching swift-system
[291/17495] Fetching swift-system, jwt-kit
Fetched https://github.com/apple/swift-system.git from cache (0.69s)
[4410/10254] Fetching jwt-kit
Fetched https://github.com/vapor/jwt-kit.git from cache (0.87s)
Computing version for https://github.com/swift-extras/swift-extras-base64
Computed https://github.com/swift-extras/swift-extras-base64 at 1.2.0 (1.02s)
Computing version for https://github.com/swift-server/async-http-client.git
Computed https://github.com/swift-server/async-http-client.git at 1.36.2 (0.18s)
Fetching https://github.com/apple/swift-nio-http2.git
Fetching https://github.com/apple/swift-service-context.git
Fetching https://github.com/apple/swift-algorithms.git
Fetching https://github.com/apple/swift-nio-ssl.git
Fetching https://github.com/apple/swift-atomics.git
Fetching https://github.com/apple/swift-configuration.git
[1/3928] Fetching swift-configuration
[2/5428] Fetching swift-configuration, swift-service-context
[17/7317] Fetching swift-configuration, swift-service-context, swift-atomics
[4209/24188] Fetching swift-configuration, swift-service-context, swift-atomics, swift-nio-ssl
[6637/30352] Fetching swift-configuration, swift-service-context, swift-atomics, swift-nio-ssl, swift-algorithms
Fetched https://github.com/apple/swift-configuration.git from cache (0.45s)
[5528/26424] Fetching swift-service-context, swift-atomics, swift-nio-ssl, swift-algorithms
Fetching https://github.com/apple/swift-nio-extras.git
Fetched https://github.com/apple/swift-algorithms.git from cache (0.53s)
Fetching https://github.com/apple/swift-nio-transport-services.git
[5077/20260] Fetching swift-service-context, swift-atomics, swift-nio-ssl
[11320/32554] Fetching swift-service-context, swift-atomics, swift-nio-ssl, swift-nio-http2
[22843/35421] Fetching swift-service-context, swift-atomics, swift-nio-ssl, swift-nio-http2, swift-nio-transport-services
[22872/42124] Fetching swift-service-context, swift-atomics, swift-nio-ssl, swift-nio-http2, swift-nio-transport-services, swift-nio-extras
Fetched https://github.com/apple/swift-nio-transport-services.git from cache (0.43s)
[31703/39257] Fetching swift-service-context, swift-atomics, swift-nio-ssl, swift-nio-http2, swift-nio-extras
Fetching https://github.com/apple/swift-distributed-tracing.git
Fetched https://github.com/apple/swift-nio-extras.git from cache (0.61s)
Fetched https://github.com/apple/swift-atomics.git from cache (1.19s)
Fetched https://github.com/apple/swift-nio-ssl.git from cache (1.20s)
Fetched https://github.com/apple/swift-service-context.git from cache (1.27s)
Fetched https://github.com/apple/swift-nio-http2.git from cache (1.28s)
[1/6551] Fetching swift-distributed-tracing
Fetched https://github.com/apple/swift-distributed-tracing.git from cache (0.53s)
Computing version for https://github.com/apple/swift-service-context.git
Computed https://github.com/apple/swift-service-context.git at 1.3.0 (1.65s)
Computing version for https://github.com/apple/swift-algorithms.git
Computed https://github.com/apple/swift-algorithms.git at 1.2.1 (1.30s)
Fetching https://github.com/apple/swift-numerics.git
[1/6733] Fetching swift-numerics
Fetched https://github.com/apple/swift-numerics.git from cache (0.51s)
Computing version for https://github.com/apple/swift-log
Computed https://github.com/apple/swift-log at 1.16.1 (0.68s)
Computing version for https://github.com/apple/swift-distributed-tracing.git
Computed https://github.com/apple/swift-distributed-tracing.git at 1.5.0 (0.16s)
Computing version for https://github.com/apple/swift-atomics.git
Computed https://github.com/apple/swift-atomics.git at 1.3.1 (0.15s)
Computing version for https://github.com/apple/swift-numerics.git
Computed https://github.com/apple/swift-numerics.git at 1.1.1 (0.14s)
Computing version for https://github.com/apple/swift-nio
Computed https://github.com/apple/swift-nio at 2.104.0 (0.35s)
Fetching https://github.com/apple/swift-collections.git
[1/28703] Fetching swift-collections
Fetched https://github.com/apple/swift-collections.git from cache (1.17s)
Computing version for https://github.com/apple/swift-configuration.git
Computed https://github.com/apple/swift-configuration.git at 1.2.2 (1.98s)
Fetching https://github.com/swift-server/swift-service-lifecycle
[1/2867] Fetching swift-service-lifecycle
Fetched https://github.com/swift-server/swift-service-lifecycle from cache (0.50s)
Computing version for https://github.com/apple/swift-nio-transport-services.git
Computed https://github.com/apple/swift-nio-transport-services.git at 1.28.0 (0.67s)
Computing version for https://github.com/swift-server/swift-service-lifecycle
Computed https://github.com/swift-server/swift-service-lifecycle at 2.12.1 (0.16s)
Fetching https://github.com/apple/swift-async-algorithms.git
[1/6820] Fetching swift-async-algorithms
Fetched https://github.com/apple/swift-async-algorithms.git from cache (0.61s)
Computing version for https://github.com/apple/swift-async-algorithms.git
Computed https://github.com/apple/swift-async-algorithms.git at 1.1.7 (0.82s)
Computing version for https://github.com/apple/swift-collections.git
Computed https://github.com/apple/swift-collections.git at 1.7.2 (0.25s)
Computing version for https://github.com/apple/swift-nio-http2.git
Computed https://github.com/apple/swift-nio-http2.git at 1.46.0 (0.16s)
Computing version for https://github.com/vapor/jwt-kit.git
Computed https://github.com/vapor/jwt-kit.git at 5.7.1 (0.14s)
Fetching https://github.com/apple/swift-certificates.git
Fetching https://github.com/apple/swift-crypto.git
[1/18629] Fetching swift-crypto
[374/26238] Fetching swift-crypto, swift-certificates
Fetched https://github.com/apple/swift-certificates.git from cache (1.16s)
Fetched https://github.com/apple/swift-crypto.git from cache (1.17s)
Computing version for https://github.com/apple/swift-crypto.git
Computed https://github.com/apple/swift-crypto.git at 4.5.2 (1.78s)
Fetching https://github.com/apple/swift-asn1.git
[1/2009] Fetching swift-asn1
Fetched https://github.com/apple/swift-asn1.git from cache (0.39s)
Computing version for https://github.com/apple/swift-asn1.git
Computed https://github.com/apple/swift-asn1.git at 1.7.3 (0.58s)
Computing version for https://github.com/apple/swift-certificates.git
Computed https://github.com/apple/swift-certificates.git at 1.21.0 (0.22s)
Computing version for https://github.com/apple/swift-nio-ssl.git
Computed https://github.com/apple/swift-nio-ssl.git at 2.37.5 (0.19s)
Computing version for https://github.com/apple/swift-system.git
Computed https://github.com/apple/swift-system.git at 1.8.1 (0.19s)
Computing version for https://github.com/apple/swift-nio-extras.git
Computed https://github.com/apple/swift-nio-extras.git at 1.35.1 (0.28s)
Fetching https://github.com/apple/swift-http-types.git
Fetching https://github.com/apple/swift-http-structured-headers.git
[1/1939] Fetching swift-http-types
[2/3192] Fetching swift-http-types, swift-http-structured-headers
Fetched https://github.com/apple/swift-http-structured-headers.git from cache (0.38s)
Fetched https://github.com/apple/swift-http-types.git from cache (0.39s)
Computing version for https://github.com/apple/swift-http-structured-headers.git
Computed https://github.com/apple/swift-http-structured-headers.git at 1.7.0 (0.55s)
Computing version for https://github.com/apple/swift-http-types.git
Computed https://github.com/apple/swift-http-types.git at 1.8.0 (0.17s)
Creating working copy for https://github.com/googleapis/swift-google-rpc
Working copy of https://github.com/googleapis/swift-google-rpc resolved at 0.5.0
Creating working copy for https://github.com/apple/swift-asn1.git
Working copy of https://github.com/apple/swift-asn1.git resolved at 1.7.3
Creating working copy for https://github.com/apple/swift-algorithms.git
Working copy of https://github.com/apple/swift-algorithms.git resolved at 1.2.1
Creating working copy for https://github.com/apple/swift-log
Working copy of https://github.com/apple/swift-log resolved at 1.16.1
Creating working copy for https://github.com/apple/swift-nio-transport-services.git
Working copy of https://github.com/apple/swift-nio-transport-services.git resolved at 1.28.0
Creating working copy for https://github.com/apple/swift-atomics.git
Working copy of https://github.com/apple/swift-atomics.git resolved at 1.3.1
Creating working copy for https://github.com/googleapis/swift-google-longrunning
Working copy of https://github.com/googleapis/swift-google-longrunning resolved at 0.5.0
Creating working copy for https://github.com/vapor/jwt-kit.git
Working copy of https://github.com/vapor/jwt-kit.git resolved at 5.7.1
Creating working copy for https://github.com/swift-extras/swift-extras-base64
Working copy of https://github.com/swift-extras/swift-extras-base64 resolved at 1.2.0
Creating working copy for https://github.com/swift-server/async-http-client.git
Working copy of https://github.com/swift-server/async-http-client.git resolved at 1.36.2
Creating working copy for https://github.com/apple/swift-nio-ssl.git
Working copy of https://github.com/apple/swift-nio-ssl.git resolved at 2.37.5
Creating working copy for https://github.com/apple/swift-crypto.git
Working copy of https://github.com/apple/swift-crypto.git resolved at 4.5.2
Creating working copy for https://github.com/apple/swift-async-algorithms.git
Working copy of https://github.com/apple/swift-async-algorithms.git resolved at 1.1.7
Creating working copy for https://github.com/apple/swift-collections.git
Working copy of https://github.com/apple/swift-collections.git resolved at 1.7.2
Creating working copy for https://github.com/googleapis/swift-google-wkt
Working copy of https://github.com/googleapis/swift-google-wkt resolved at 0.5.0
Creating working copy for https://github.com/swift-server/swift-service-lifecycle
Working copy of https://github.com/swift-server/swift-service-lifecycle resolved at 2.12.1
Creating working copy for https://github.com/apple/swift-configuration.git
Working copy of https://github.com/apple/swift-configuration.git resolved at 1.2.2
Creating working copy for https://github.com/apple/swift-http-types.git
Working copy of https://github.com/apple/swift-http-types.git resolved at 1.8.0
Creating working copy for https://github.com/apple/swift-nio-extras.git
Working copy of https://github.com/apple/swift-nio-extras.git resolved at 1.35.1
Creating working copy for https://github.com/apple/swift-system.git
Working copy of https://github.com/apple/swift-system.git resolved at 1.8.1
Creating working copy for https://github.com/googleapis/swift-google-cloud-location
Working copy of https://github.com/googleapis/swift-google-cloud-location resolved at 0.5.0
Creating working copy for https://github.com/apple/swift-distributed-tracing.git
Working copy of https://github.com/apple/swift-distributed-tracing.git resolved at 1.5.0
Creating working copy for https://github.com/apple/swift-certificates.git
Working copy of https://github.com/apple/swift-certificates.git resolved at 1.21.0
Creating working copy for https://github.com/googleapis/swift-google-gax
Working copy of https://github.com/googleapis/swift-google-gax resolved at 0.5.0
Creating working copy for https://github.com/apple/swift-nio
Working copy of https://github.com/apple/swift-nio resolved at 2.104.0
Creating working copy for https://github.com/apple/swift-nio-http2.git
Working copy of https://github.com/apple/swift-nio-http2.git resolved at 1.46.0
Creating working copy for https://github.com/apple/swift-http-structured-headers.git
Working copy of https://github.com/apple/swift-http-structured-headers.git resolved at 1.7.0
Creating working copy for https://github.com/googleapis/swift-google-auth
Working copy of https://github.com/googleapis/swift-google-auth resolved at 0.5.0
Creating working copy for https://github.com/apple/swift-numerics.git
Working copy of https://github.com/apple/swift-numerics.git resolved at 1.1.1
Creating working copy for https://github.com/apple/swift-service-context.git
Working copy of https://github.com/apple/swift-service-context.git resolved at 1.3.0
Building for debugging...
[0/1002] Write sources
[36/1002] Write swift-version--11D90AFD9DD3AB2.txt
[37/1002] Compiling _NumericsShims _NumericsShims.c
[38/1002] Compiling CNIOLLHTTP c_nio_http.c
[38/1002] Write sources
[43/1013] Compiling _AtomicsShims.c
[44/1017] Compiling s3_lib.cc
[45/1017] Compiling s3_both.cc
[46/1017] Compiling handshake_client.cc
[46/1017] Write sources
[77/1019] Compiling CXKCPShims shims.c
[78/1021] Compiling ssl_cert.cc
[79/1040] Compiling tls13_server.cc
[80/1041] Compiling handshake_server.cc
[82/1080] Emitting module _CertificateInternals
[83/1080] Compiling InternalCollectionsUtilities UInt+first and last set bit.swift
[84/1080] Compiling InternalCollectionsUtilities UInt+reversed.swift
[85/1080] Compiling InternalCollectionsUtilities Descriptions.swift
[86/1080] Compiling InternalCollectionsUtilities FixedWidthInteger+roundUpToPowerOfTwo.swift
[87/1080] Compiling InternalCollectionsUtilities Integer rank.swift
[88/1082] Emitting module InternalCollectionsUtilities
[89/1082] Compiling InternalCollectionsUtilities BorrowingIteratorProtocol+Equality.swift
[90/1082] Compiling InternalCollectionsUtilities BorrowingIteratorProtocol+Extras.swift
[91/1082] Compiling InternalCollectionsUtilities Debugging.swift
[93/1085] Compiling RealModule Float80+Real.swift
[100/1086] Compiling InternalCollectionsUtilities UnsafeMutablePointer+Extras.swift
[101/1086] Compiling InternalCollectionsUtilities UnsafeMutableRawBufferPointer+Extras.swift
[102/1086] Compiling InternalCollectionsUtilities UnsafePointer+Extras.swift
[103/1086] Compiling RealModule Float16+Real.swift
[104/1086] Compiling RealModule RealFunctions.swift
[105/1086] Compiling RealModule Real.swift
[108/1087] Compiling Logging LoggingSystem.swift
[109/1087] Compiling RealModule RelaxedArithmetic.swift
[112/1087] Compiling InternalCollectionsUtilities TemporaryAllocation.swift
[113/1087] Compiling InternalCollectionsUtilities _UnsafeBitSet+Index.swift
[114/1087] Compiling ServiceContextModule ServiceContextKey.swift
[115/1087] Compiling InternalCollectionsUtilities _UnsafeBitSet+_Word.swift
[116/1087] Compiling InternalCollectionsUtilities _UnsafeBitSet.swift
[117/1087] Compiling InternalCollectionsUtilities UnsafeBufferPointer+Extras.swift
[118/1087] Compiling InternalCollectionsUtilities UnsafeMutableBufferPointer+Extras.swift
[119/1087] Compiling InternalCollectionsUtilities Strideable+LimitHelpers.swift
[120/1087] Compiling InternalCollectionsUtilities String+Padding.swift
[123/1087] Compiling InternalCollectionsUtilities UnsafeRawBufferPointer+Extras.swift
[124/1087] Compiling InternalCollectionsUtilities _SortedCollection.swift
[125/1087] Compiling InternalCollectionsUtilities _UniqueCollection.swift
[126/1087] Emitting module RealModule
[129/1087] Compiling Logging Logger+Attributes.swift
[130/1088] Compiling ServiceContextModule ServiceContext.swift
[131/1088] Emitting module ServiceContextModule
[134/1089] Emitting module _NIOBase64
[135/1089] Compiling _NIOBase64 Base64.swift
[136/1090] Compiling _CertificateInternals _TinyArray.swift
[137/1090] Compiling InternalCollectionsUtilities Iterable+CopyContents.swift
[138/1090] Compiling InternalCollectionsUtilities Iterable+Equality.swift
[139/1090] Compiling InternalCollectionsUtilities LifetimeOverride.swift
[140/1090] Compiling InternalCollectionsUtilities MutableRef.swift
[141/1090] Compiling SwiftASN1 DER.swift
[142/1090] Compiling SwiftASN1 Errors.swift
[143/1090] Compiling InternalCollectionsUtilities RandomAccessCollection+Offsets.swift
[144/1090] Compiling InternalCollectionsUtilities Span+Extras.swift
[145/1092] Compiling _NIODataStructures Heap.swift
[146/1092] Compiling _NIODataStructures PriorityQueue.swift
[147/1092] Compiling _NIODataStructures _TinyArray.swift
[149/1092] Emitting module _NIODataStructures
[155/1093] Compiling Logging Logger.swift
[156/1093] Compiling Logging Logger+With.swift
[156/1098] Wrapping AST for RealModule for debugging
[158/1101] Wrapping AST for _NIOBase64 for debugging
[159/1104] Wrapping AST for ServiceContextModule for debugging
[160/1108] Wrapping AST for _CertificateInternals for debugging
[161/1108] Wrapping AST for InternalCollectionsUtilities for debugging
[162/1108] Wrapping AST for _NIODataStructures for debugging
[164/1108] Emitting module SpanPreview
[165/1108] Compiling SpanPreview MutableSpan+InputSpanHelpers.swift
[166/1108] Compiling SpanPreview InputSpan.swift
[166/1108] Compiling SimpleFIPS202.c
[168/1108] Compiling SpanPreview OutputSpan+InputSpanHelpers.swift
[169/1108] Compiling Instrumentation Instrument.swift
[169/1109] Compiling KeccakSponge.c
[171/1109] Compiling Instrumentation NoOpInstrument.swift
[173/1109] Compiling Instrumentation MultiplexInstrument.swift
[174/1109] Emitting module Instrumentation
[174/1109] Compiling KeccakHash.c
[176/1109] Compiling ExtrasBase64 Base64+Span.swift
[176/1109] Compiling CNIOWindows shim.c
[177/1109] Compiling CSystem shims.c
[178/1109] Compiling CNIOWindows WSAStartup.c
[180/1109] Compiling Instrumentation InstrumentationSystem.swift
[180/1109] Wrapping AST for SpanPreview for debugging
[181/1109] Compiling CNIOWASI CNIOWASI.c
[182/1109] Compiling CNIOPosix event_loop_id.c
[183/1114] Compiling CNIOOpenBSD shim.c
[185/1188] Compiling SystemPackage FileFlags.swift
[186/1188] Compiling SystemPackage FileMode.swift
[186/1188] Compiling CNIOLinux shim.c
[187/1188] Compiling CNIOLinux liburing_shims.c
[189/1188] Compiling SystemPackage RawIORequest.swift
[190/1188] Compiling SystemPackage RawBuffer.swift
[191/1188] Compiling SystemPackage Syscalls.swift
[192/1188] Compiling SystemPackage WindowsSyscallAdapters.swift
[193/1188] Compiling SystemPackage MachPort.swift
[194/1188] Compiling SystemPackage PlatformString.swift
[195/1188] Emitting module SwiftASN1
[195/1193] Compiling KeccakP-1600-opt64.c
[196/1193] Compiling CNIOLLHTTP c_nio_llhttp.c
[198/1193] Compiling DequeModule UniqueDeque+Initializers.swift
[199/1193] Compiling DequeModule UniqueDeque+Insertions.swift
[200/1193] Compiling DequeModule UniqueDeque+Iterable.swift
[201/1193] Compiling DequeModule UniqueDeque+Prepend.swift
[202/1193] Compiling DequeModule UniqueDeque+Removals.swift
[202/1193] Compiling CNIOLLHTTP c_nio_api.c
[203/1193] Compiling CNIOFreeBSD shim.c
[204/1193] Compiling CNIOExtrasZlib zutil.c
[205/1193] Compiling CNIOExtrasZlib inftrees.c
[206/1193] Compiling CNIOExtrasZlib trees.c
[207/1193] Compiling CNIOExtrasZlib inflate.c
[209/1193] Compiling SystemPackage FilePathComponents.swift
[210/1193] Compiling SystemPackage FilePathParsing.swift
[211/1193] Compiling SystemPackage FilePathString.swift
[212/1193] Compiling SystemPackage FilePathSyntax.swift
[213/1193] Compiling SystemPackage Errno.swift
[214/1193] Compiling SystemPackage ErrnoWindows.swift
[215/1193] Compiling SystemPackage Exports.swift
[216/1193] Compiling SystemPackage Mocking.swift
[217/1193] Compiling SystemPackage IOCompletion.swift
[218/1193] Compiling SystemPackage IORequest.swift
[219/1193] Compiling SystemPackage IORing+Util.swift
[220/1193] Compiling SystemPackage IORing.swift
[221/1193] Compiling SystemPackage FileType.swift
[222/1193] Compiling SystemPackage Identifiers.swift
[223/1193] Compiling SystemPackage Stat.swift
[224/1193] Compiling SystemPackage Backcompat.swift
[225/1193] Compiling SystemPackage CInterop.swift
[226/1193] Compiling SystemPackage Constants.swift
[226/1193] Compiling CNIOExtrasZlib inffast.c
[227/1193] Compiling CNIOExtrasZlib deflate.c
[228/1193] Compiling CNIOExtrasZlib crc32.c
[229/1193] Compiling CNIODarwin shim.c
[230/1193] Compiling CNIOExtrasZlib adler32.c
[231/1193] Compiling fiat_p256_adx_sqr.S
[232/1193] Compiling fiat_p256_adx_mul.S
[233/1193] Compiling fiat_curve25519_adx_square.S
[234/1193] Compiling CNIOBoringSSLShims shims.c
[235/1193] Compiling fiat_curve25519_adx_mul.S
[237/1193] Compiling ExtrasBase64 Base32+Span.swift
[238/1193] Compiling ExtrasBase64 Base32.swift
[239/1193] Compiling SystemPackage FileDescriptor.swift
[240/1193] Compiling SystemPackage FileHelpers.swift
[241/1193] Compiling SystemPackage FileOperations.swift
[242/1193] Compiling SystemPackage FilePath.swift
[245/1193] Compiling SystemPackage FilePathTemp.swift
[246/1193] Compiling SystemPackage FilePathTempPosix.swift
[247/1193] Compiling SystemPackage FilePathTempWindows.swift
[248/1193] Compiling SystemPackage FilePathWindows.swift
[249/1193] Compiling SystemPackage FilePermissions.swift
[250/1193] Compiling SystemPackage FilePathComponentView.swift
[262/1199] Compiling Instrumentation Locks.swift
[296/1208] Emitting module SystemPackage
[296/1208] Wrapping AST for SwiftASN1 for debugging
[302/1208] Emitting module Logging
[303/1208] Compiling Logging MetadataProvider.swift
[303/1209] Wrapping AST for Instrumentation for debugging
[306/1209] Compiling Tracing NoOpTracer.swift
[307/1210] Compiling Tracing TracingTime.swift
[308/1210] Emitting module Tracing
[309/1210] Compiling Tracing InstrumentationSystem+Tracing.swift
[309/1210] Wrapping AST for Logging for debugging
[311/1210] Compiling Tracing WithTracer.swift
[311/1210] Compiling tls_record.cc
[312/1210] Compiling tls_method.cc
[314/1210] Compiling Tracing TracerProtocol.swift
[315/1210] Compiling Tracing Tracer.swift
[316/1210] Compiling Tracing TracerProtocol+Legacy.swift
[317/1210] Compiling Tracing SpanProtocol.swift
[318/1211] Wrapping AST for Tracing for debugging
[320/1211] Emitting module DequeModule
[321/1211] Compiling SystemPackage SystemString.swift
[322/1211] Compiling SystemPackage Util+StringArray.swift
[323/1211] Compiling SystemPackage Util.swift
[324/1211] Compiling SystemPackage UtilConsumers.swift
[325/1211] Compiling SystemPackage WinSDK+Overlay.swift
[326/1212] Compiling tls13_client.cc
[327/1212] Compiling t1_enc.cc
[328/1212] Wrapping AST for SystemPackage for debugging
[329/1212] Compiling tls13_enc.cc
[330/1212] Compiling tls13_both.cc
[332/1212] Compiling DequeModule UniqueDeque+Replacements.swift
[333/1212] Compiling DequeModule UniqueDeque.swift
[334/1212] Compiling DequeModule _DequeSlot.swift
[335/1212] Compiling DequeModule _UnsafeDequeHandle.swift
[336/1212] Compiling DequeModule _UnsafeDequeSegments.swift
[337/1213] Compiling ssl_x509.cc
[338/1256] Compiling ssl_stat.cc
[339/1256] Wrapping AST for DequeModule for debugging
[340/1256] Compiling ssl_versions.cc
[341/1256] Compiling ssl_transcript.cc
[342/1256] Compiling ssl_privkey.cc
[343/1256] Compiling ssl_session.cc
[345/1256] Emitting module Configuration
[345/1261] Compiling ssl_lib.cc
[346/1261] Compiling ssl_key_share.cc
[348/1261] Emitting module ExtrasBase64
[349/1261] Compiling ExtrasBase64 Base64.swift
[350/1262] Compiling ssl_credential.cc
[351/1289] Compiling ssl_buffer.cc
[352/1293] Compiling ssl_file.cc
[353/1293] Wrapping AST for ExtrasBase64 for debugging
[354/1293] Compiling ssl_cipher.cc
[355/1293] Compiling ssl_asn1.cc
[356/1293] Compiling ssl_aead_ctx.cc
[358/1293] Compiling GoogleWKT WKTBoolValue.swift
[359/1293] Compiling GoogleWKT WKTBytesValue.swift
[360/1293] Compiling GoogleWKT WKTDoubleValue.swift
[361/1293] Compiling GoogleWKT WKTDuration.swift
[362/1293] Compiling GoogleWKT WKTEmpty.swift
[363/1293] Compiling GoogleWKT WKTFieldMask.swift
[364/1293] Compiling GoogleWKT WKTField.swift
[365/1293] Compiling GoogleWKT WKTMethod.swift
[366/1293] Compiling GoogleWKT WKTMixin.swift
[367/1293] Compiling GoogleWKT WKTOption.swift
[368/1293] Compiling GoogleWKT WKTValue.swift
[369/1293] Compiling GoogleWKT WKTApi.swift
[370/1293] Compiling Configuration CombineLatestManyStorage.swift
[371/1293] Compiling Configuration AsyncSequences.swift
[372/1293] Compiling Configuration FoundationExtensions.swift
[373/1293] Compiling Configuration Span.swift
[374/1293] Compiling Configuration ConfigBytesFromStringDecoder.swift
[375/1293] Compiling Configuration JSONSnapshot.swift
[376/1293] Compiling Configuration PropertyListSnapshot.swift
[377/1293] Compiling Configuration ReloadingFileProvider.swift
[378/1293] Compiling Configuration ReloadingFileProviderMetrics.swift
[379/1293] Compiling Configuration YAMLSnapshot.swift
[380/1293] Compiling Configuration InMemoryProvider.swift
[381/1293] Compiling Configuration EnvironmentKeyEncoder.swift
[382/1293] Compiling Configuration EnvironmentVariablesProvider.swift
[383/1293] Compiling Configuration CommonProviderFileSystem.swift
[384/1293] Compiling Configuration DirectoryFilesProvider.swift
[385/1293] Compiling Configuration FileProvider.swift
[386/1293] Compiling Configuration FileProviderSnapshot.swift
[387/1293] Compiling GoogleWKT WKTEnum.swift
[388/1293] Compiling GoogleWKT WKTEnumValue.swift
[389/1293] Compiling GoogleWKT WKTStringValue.swift
[390/1293] Compiling GoogleWKT WKTTimestamp.swift
[391/1293] Compiling GoogleWKT WKTUInt32Value.swift
[392/1293] Compiling GoogleWKT WKTUInt64Value.swift
[393/1293] Compiling GoogleWKT WKTFloatValue.swift
[394/1293] Compiling GoogleWKT WKTInt32Value.swift
[395/1293] Compiling GoogleWKT WKTInt64Value.swift
[396/1293] Compiling GoogleWKT WKTRecursive.swift
[397/1293] Compiling GoogleWKT AnyPackable.swift
[398/1293] Compiling GoogleWKT DecodeToDefault.swift
[398/1293] Compiling s3_pkt.cc
[398/1293] Compiling handshake.cc
[400/1293] Compiling handoff.cc
[413/1297] Compiling dtls_record.cc
[423/1297] Compiling GoogleWKT DiscoveryBase64.swift
[424/1297] Compiling GoogleWKT ProtoJSONDecoder.swift
[425/1297] Compiling GoogleWKT ProtoJSONEncoder.swift
[426/1297] Compiling GoogleWKT UnknownFields.swift
[427/1297] Compiling GoogleWKT WKTAny.swift
[428/1297] Compiling GoogleWKT WKTAnyError.swift
[429/1298] Compiling encrypted_client_hello.cc
[431/1298] Emitting module GoogleWKT
[441/1298] Wrapping AST for Configuration for debugging
[442/1298] Compiling extensions.cc
[444/1298] Compiling GoogleWKT WKTSourceContext.swift
[445/1298] Compiling GoogleWKT WKTSyntax.swift
[446/1298] Compiling GoogleWKT WKTType.swift
[447/1298] Compiling GoogleWKT PackageVersion.swift
[448/1299] Compiling md5-x86_64-linux.S
[449/1299] Compiling d1_srtp.cc
[450/1299] Compiling md5-x86_64-apple.S
[451/1299] Compiling md5-586-linux.S
[452/1299] Compiling md5-586-apple.S
[453/1299] Compiling d1_pkt.cc
[454/1299] Wrapping AST for GoogleWKT for debugging
[455/1313] Compiling chacha20_poly1305_x86_64-linux.S
[456/1314] Compiling chacha20_poly1305_x86_64-apple.S
[457/1314] Compiling chacha20_poly1305_armv8-win.S
[458/1314] Compiling chacha20_poly1305_armv8-apple.S
[459/1314] Compiling chacha20_poly1305_armv8-linux.S
[460/1314] Compiling dtls_method.cc
[461/1314] Compiling chacha-x86_64-linux.S
[462/1314] Compiling chacha-x86_64-apple.S
[463/1314] Compiling chacha-x86-linux.S
[464/1314] Compiling chacha-x86-apple.S
[465/1314] Compiling chacha-armv8-win.S
[466/1314] Compiling chacha-armv8-apple.S
[467/1314] Compiling chacha-armv8-linux.S
[468/1314] Compiling chacha-armv4-linux.S
[469/1314] Compiling aes128gcmsiv-x86_64-linux.S
[470/1314] Compiling aes128gcmsiv-x86_64-apple.S
[471/1314] Compiling x86_64-mont5-linux.S
[472/1314] Compiling err_data.cc
[473/1314] Compiling x86_64-mont-apple.S
[474/1314] Compiling x86_64-mont5-apple.S
[475/1314] Compiling x86_64-mont-linux.S
[476/1314] Compiling x86-mont-linux.S
[477/1314] Compiling vpaes-x86_64-apple.S
[478/1314] Compiling x86-mont-apple.S
[479/1314] Compiling vpaes-x86_64-linux.S
[480/1314] Compiling vpaes-x86-linux.S
[481/1314] Compiling vpaes-x86-apple.S
[483/1314] Compiling GoogleRpc DebugInfo.swift
[484/1314] Compiling GoogleRpc ErrorInfo.swift
[485/1314] Compiling GoogleRpc Help.swift
[486/1314] Compiling GoogleRpc HttpHeader.swift
[487/1316] Compiling GoogleRpc RequestInfo.swift
[488/1316] Compiling GoogleRpc ResourceInfo.swift
[489/1316] Compiling GoogleRpc BadRequest.swift
[490/1316] Compiling GoogleRpc Code.swift
[491/1316] Emitting module GoogleRpc
[491/1316] Compiling vpaes-armv8-win.S
[492/1316] Compiling vpaes-armv8-linux.S
[493/1316] Compiling vpaes-armv8-apple.S
[494/1316] Compiling vpaes-armv7-linux.S
[495/1316] Compiling sha512-x86_64-linux.S
[496/1316] Compiling sha512-x86_64-apple.S
[497/1316] Compiling sha512-armv8-win.S
[498/1316] Compiling sha512-armv8-apple.S
[499/1316] Compiling sha512-armv8-linux.S
[500/1316] Compiling d1_lib.cc
[501/1316] Compiling sha512-armv4-linux.S
[502/1316] Compiling sha512-586-linux.S
[503/1316] Compiling sha512-586-apple.S
[504/1316] Compiling sha256-x86_64-linux.S
[505/1316] Compiling sha256-x86_64-apple.S
[506/1316] Compiling sha256-armv8-win.S
[507/1316] Compiling sha256-armv4-linux.S
[509/1316] Compiling GoogleRpc LocalizedMessage.swift
[510/1316] Compiling GoogleRpc PackageVersion.swift
[511/1316] Compiling GoogleRpc PreconditionFailure.swift
[512/1316] Compiling GoogleRpc QuotaFailure.swift
[513/1316] Compiling GoogleRpc HttpRequest.swift
[514/1316] Compiling GoogleRpc HttpResponse.swift
[514/1316] Compiling sha256-armv8-apple.S
[515/1316] Compiling sha256-armv8-linux.S
[516/1316] Compiling sha256-586-apple.S
[517/1316] Compiling sha1-x86_64-linux.S
[518/1316] Compiling sha256-586-linux.S
[519/1316] Compiling bio_ssl.cc
[520/1316] Compiling sha1-x86_64-apple.S
[521/1316] Compiling sha1-armv8-win.S
[522/1316] Compiling sha1-armv8-apple.S
[523/1316] Compiling sha1-armv4-large-linux.S
[524/1316] Compiling sha1-armv8-linux.S
[525/1316] Compiling sha1-586-apple.S
[525/1316] Compiling sha1-586-linux.S
[527/1316] Compiling rsaz-avx2-linux.S
[528/1316] Compiling rdrand-x86_64-linux.S
[529/1316] Compiling rsaz-avx2-apple.S
[530/1316] Compiling p256_beeu-x86_64-asm-linux.S
[531/1316] Compiling rdrand-x86_64-apple.S
[532/1316] Compiling p256_beeu-x86_64-asm-apple.S
[533/1316] Compiling p256_beeu-armv8-asm-win.S
[534/1316] Compiling p256_beeu-armv8-asm-linux.S
[535/1316] Compiling p256_beeu-armv8-asm-apple.S
[536/1316] Compiling p256-x86_64-asm-linux.S
[537/1316] Compiling p256-x86_64-asm-apple.S
[538/1316] Compiling p256-armv8-asm-win.S
[539/1316] Compiling p256-armv8-asm-apple.S
[540/1316] Compiling ghashv8-armv8-win.S
[542/1316] Compiling GoogleRpc RetryInfo.swift
[543/1316] Compiling GoogleRpc Status.swift
[543/1316] Compiling p256-armv8-asm-linux.S
[544/1317] Compiling ghashv8-armv8-linux.S
[545/1317] Compiling ghashv8-armv8-apple.S
[546/1317] Compiling ghashv8-armv7-linux.S
[547/1317] Compiling d1_both.cc
[548/1317] Compiling ghash-x86-linux.S
[549/1317] Compiling ghash-x86_64-linux.S
[549/1317] Compiling ghash-x86_64-apple.S
[552/1317] Compiling ghash-x86-apple.S
[553/1317] Compiling ghash-ssse3-x86_64-linux.S
[554/1317] Compiling ghash-ssse3-x86_64-apple.S
[555/1317] Compiling ghash-ssse3-x86-linux.S
[556/1317] Compiling ghash-ssse3-x86-apple.S
[557/1317] Compiling ghash-neon-armv8-linux.S
[558/1317] Compiling ghash-neon-armv8-win.S
[559/1317] Compiling ghash-neon-armv8-apple.S
[560/1317] Compiling ghash-armv4-linux.S
[561/1317] Compiling co-586-linux.S
[562/1317] Compiling bsaes-armv7-linux.S
[563/1317] Wrapping AST for GoogleRpc for debugging
[564/1317] Compiling co-586-apple.S
[565/1317] Compiling bn-armv8-win.S
[566/1317] Compiling bn-armv8-linux.S
[567/1317] Compiling bn-armv8-apple.S
[568/1317] Compiling bn-586-linux.S
[569/1317] Compiling bn-586-apple.S
[570/1317] Compiling armv8-mont-win.S
[571/1317] Compiling armv8-mont-apple.S
[572/1317] Compiling aesv8-gcm-armv8-win.S
[573/1317] Compiling armv4-mont-linux.S
[574/1317] Compiling armv8-mont-linux.S
[575/1317] Compiling aesv8-gcm-armv8-apple.S
[576/1317] Compiling aesv8-gcm-armv8-linux.S
[577/1317] Compiling aesv8-armv8-win.S
[578/1317] Compiling aesv8-armv8-linux.S
[579/1317] Compiling aesv8-armv7-linux.S
[580/1317] Compiling aesni-x86_64-apple.S
[581/1317] Compiling aesni-x86_64-linux.S
[582/1317] Compiling aesv8-armv8-apple.S
[583/1317] Compiling aesni-x86-apple.S
[584/1317] Compiling aesni-x86-linux.S
[585/1317] Compiling aesni-gcm-x86_64-linux.S
[586/1317] Compiling aes-gcm-avx2-x86_64-apple.S
[587/1317] Compiling aes-gcm-avx2-x86_64-linux.S
[588/1317] Compiling aes-gcm-avx10-x86_64-linux.S
[588/1317] Compiling aesni-gcm-x86_64-apple.S
[590/1317] Compiling aes-gcm-avx10-x86_64-apple.S
[591/1317] Compiling x_sig.cc
[592/1317] Compiling x_val.cc
[593/1317] Compiling x_x509a.cc
[594/1317] Compiling x_pubkey.cc
[595/1317] Compiling x_name.cc
[596/1317] Compiling x_spki.cc
[597/1317] Compiling x_req.cc
[597/1317] Compiling x_x509.cc
[599/1317] Compiling x_attrib.cc
[599/1317] Compiling x509spki.cc
[599/1317] Compiling x_exten.cc
[602/1317] Compiling x_crl.cc
[603/1317] Compiling x_algor.cc
[604/1317] Compiling x509rset.cc
[605/1317] Compiling x509name.cc
[606/1317] Compiling x_all.cc
[607/1317] Compiling x509_txt.cc
[608/1317] Compiling x509cset.cc
[609/1317] Compiling x509_vpm.cc
[609/1317] Compiling x509_trs.cc
[611/1317] Compiling x509_v3.cc
[612/1317] Compiling x509_set.cc
[613/1317] Compiling x509_vfy.cc
[614/1317] Compiling x509_req.cc
[615/1317] Compiling x509_obj.cc
[616/1317] Compiling x509_def.cc
[617/1317] Compiling x509_d2.cc
[618/1317] Compiling x509_ext.cc
[619/1317] Compiling x509.cc
[620/1317] Compiling x509_lu.cc
[621/1317] Compiling x509_att.cc
[622/1317] Compiling x509_cmp.cc
[623/1317] Compiling v3_skey.cc
[624/1317] Compiling v3_purp.cc
[625/1317] Compiling v3_prn.cc
[625/1317] Compiling v3_ocsp.cc
[627/1317] Compiling v3_pmaps.cc
[627/1317] Compiling v3_utl.cc
[627/1317] Compiling v3_pcons.cc
[630/1317] Compiling v3_ncons.cc
[631/1317] Compiling v3_int.cc
[632/1317] Compiling v3_ia5.cc
[633/1317] Compiling v3_lib.cc
[634/1317] Compiling v3_info.cc
[635/1317] Compiling v3_enum.cc
[636/1317] Compiling v3_genn.cc
[637/1317] Compiling v3_extku.cc
[638/1317] Compiling v3_crld.cc
[639/1317] Compiling v3_bitst.cc
[640/1317] Compiling v3_bcons.cc
[641/1317] Compiling v3_cpols.cc
[642/1317] Compiling v3_conf.cc
[643/1317] Compiling v3_akeya.cc
[644/1317] Compiling v3_akey.cc
[645/1317] Compiling v3_alt.cc
[646/1317] Compiling t_x509a.cc
[647/1317] Compiling i2d_pr.cc
[648/1317] Compiling t_crl.cc
[649/1317] Compiling t_x509.cc
[650/1317] Compiling t_req.cc
[651/1317] Compiling rsa_pss.cc
[652/1317] Compiling name_print.cc
[653/1317] Compiling policy.cc
[654/1317] Compiling by_file.cc
[655/1317] Compiling by_dir.cc
[656/1317] Compiling a_digest.cc
[656/1317] Compiling algorithm.cc
[658/1317] Compiling asn1_gen.cc
[658/1317] Compiling a_verify.cc
[660/1317] Compiling a_sign.cc
[661/1317] Compiling voprf.cc
[662/1317] Compiling trust_token.cc
[663/1317] Compiling thread.cc
[664/1317] Compiling thread_none.cc
[664/1317] Compiling thread_win.cc
[664/1317] Compiling thread_pthread.cc
[667/1317] Compiling stack.cc
[668/1317] Compiling pmbtoken.cc
[669/1317] Compiling slhdsa.cc
[670/1317] Compiling spake2plus.cc
[671/1317] Compiling sha512.cc
[671/1317] Compiling sha256.cc
[673/1317] Compiling siphash.cc
[674/1317] Compiling sha1.cc
[675/1317] Compiling rsa_print.cc
[676/1317] Compiling rsa_extra.cc
[677/1317] Compiling rsa_crypt.cc
[678/1317] Compiling rc4.cc
[679/1317] Compiling windows.cc
[680/1317] Compiling refcount.cc
[681/1317] Compiling urandom.cc
[682/1317] Compiling trusty.cc
[683/1317] Compiling rand.cc
[683/1317] Compiling rsa_asn1.cc
[685/1317] Compiling passive.cc
[686/1317] Compiling poly1305_arm_asm.S
[687/1317] Compiling ios.cc
[688/1317] Compiling getentropy.cc
[689/1317] Compiling deterministic.cc
[690/1317] Compiling forkunsafe.cc
[691/1317] Compiling fork_detect.cc
[692/1317] Compiling poly1305_vec.cc
[693/1317] Compiling pool.cc
[694/1317] Compiling poly1305_arm.cc
[695/1317] Compiling poly1305.cc
[696/1317] Compiling pkcs7.cc
[697/1317] Compiling p5_pbev2.cc
[698/1317] Compiling pkcs8.cc
[698/1317] Compiling pkcs7_x509.cc
[700/1317] Compiling pkcs8_x509.cc
[701/1317] Compiling pem_xaux.cc
[702/1317] Compiling pem_x509.cc
[703/1317] Compiling pem_pkey.cc
[704/1317] Compiling pem_pk8.cc
[705/1317] Compiling pem_oth.cc
[706/1317] Compiling pem_info.cc
[707/1317] Compiling mlkem.cc
[708/1317] Compiling pem_all.cc
[709/1317] Compiling pem_lib.cc
[710/1317] Compiling obj_xref.cc
[711/1317] Compiling obj.cc
[712/1317] Compiling poly_rq_mul.S
[713/1317] Compiling mldsa.cc
[714/1317] Compiling fips_shared_support.cc
[715/1317] Compiling md5.cc
[716/1317] Compiling md4.cc
[717/1317] Compiling mem.cc
[718/1317] Compiling lhash.cc
[719/1317] Compiling kyber.cc
[720/1317] Compiling ex_data.cc
[721/1317] Compiling hrss.cc
[722/1317] Compiling sign.cc
[723/1317] Compiling scrypt.cc
[724/1317] Compiling hpke.cc
[725/1317] Compiling print.cc
[726/1317] Compiling pbkdf.cc
[727/1317] Compiling p_x25519.cc
[728/1317] Compiling p_x25519_asn1.cc
[729/1317] Compiling p_rsa_asn1.cc
[730/1317] Compiling p_rsa.cc
[731/1317] Compiling p_hkdf.cc
[732/1317] Compiling p_ed25519.cc
[733/1317] Compiling p_ed25519_asn1.cc
[734/1317] Compiling p_ec_asn1.cc
[735/1317] Compiling p_ec.cc
[736/1317] Compiling p_dh.cc
[737/1317] Compiling p_dh_asn1.cc
[738/1317] Compiling evp_ctx.cc
[739/1317] Compiling p_dsa_asn1.cc
[740/1317] Compiling evp_asn1.cc
[741/1317] Compiling err.cc
[742/1317] Compiling evp.cc
[743/1317] Compiling engine.cc
[744/1317] Compiling ecdh.cc
[745/1317] Compiling hash_to_curve.cc
[746/1317] Compiling ecdsa_asn1.cc
[747/1317] Compiling ec_derive.cc
[748/1317] Compiling dsa.cc
[749/1317] Compiling dsa_asn1.cc
[750/1317] Compiling ec_asn1.cc
[751/1317] Compiling params.cc
[752/1317] Compiling digest_extra.cc
[753/1317] Compiling x25519-asm-arm.S
[754/1317] Compiling bcm.cc
[755/1317] Compiling des.cc
[756/1317] Compiling dh_asn1.cc
[757/1317] Compiling curve25519_64_adx.cc
[758/1317] Compiling cpu_intel.cc
[759/1317] Compiling crypto.cc
[760/1317] Compiling spake25519.cc
[761/1317] Compiling cpu_arm_linux.cc
[762/1317] Compiling cpu_arm_freebsd.cc
[763/1317] Compiling curve25519.cc
[764/1317] Compiling cpu_aarch64_win.cc
[765/1317] Compiling cpu_aarch64_sysreg.cc
[766/1317] Compiling cpu_aarch64_openbsd.cc
[767/1317] Compiling cpu_aarch64_linux.cc
[768/1317] Compiling cpu_aarch64_fuchsia.cc
[769/1317] Compiling cpu_aarch64_apple.cc
[770/1317] Compiling conf.cc
[771/1317] Compiling tls_cbc.cc
[772/1317] Compiling get_cipher.cc
[773/1317] Compiling e_rc4.cc
[774/1317] Compiling e_tls.cc
[775/1317] Compiling e_rc2.cc
[776/1317] Compiling e_null.cc
[777/1317] Compiling e_des.cc
[778/1317] Compiling e_chacha20poly1305.cc
[779/1317] Compiling e_aesgcmsiv.cc
[780/1317] Compiling e_aesctrhmac.cc
[781/1317] Compiling derive_key.cc
[782/1317] Compiling chacha.cc
[783/1317] Compiling unicode.cc
[784/1317] Compiling buf.cc
[785/1317] Compiling cbb.cc
[786/1317] Compiling ber.cc
[787/1317] Compiling cbs.cc
[788/1317] Compiling asn1_compat.cc
[789/1317] Compiling convert.cc
[790/1317] Compiling bn_asn1.cc
[791/1317] Compiling blake2.cc
[792/1317] Compiling socket_helper.cc
[793/1317] Compiling socket.cc
[794/1317] Compiling printf.cc
[795/1317] Compiling pair.cc
[796/1317] Compiling hexdump.cc
[797/1317] Compiling file.cc
[797/1317] Compiling fd.cc
[798/1317] Compiling errno.cc
[800/1317] Compiling connect.cc
[801/1317] Compiling bio_mem.cc
[802/1317] Compiling base64.cc
[803/1317] Compiling bio.cc
[804/1317] Compiling tasn_utl.cc
[805/1317] Compiling tasn_fre.cc
[806/1317] Compiling tasn_typ.cc
[807/1317] Compiling tasn_enc.cc
[808/1317] Compiling posix_time.cc
[808/1317] Compiling f_string.cc
[810/1317] Compiling tasn_new.cc
[811/1317] Compiling tasn_dec.cc
[812/1317] Compiling f_int.cc
[813/1317] Compiling asn_pack.cc
[814/1317] Compiling asn1_par.cc
[815/1317] Compiling asn1_lib.cc
[816/1317] Compiling a_utctm.cc
[817/1317] Compiling a_type.cc
[818/1317] Compiling a_time.cc
[819/1317] Compiling a_octet.cc
[820/1317] Compiling a_strnid.cc
[821/1317] Compiling a_strex.cc
[822/1317] Compiling a_object.cc
[823/1317] Compiling a_i2d_fp.cc
[824/1317] Compiling a_dup.cc
[825/1317] Compiling a_mbstr.cc
[826/1317] Compiling a_d2i_fp.cc
[827/1317] Compiling CGoogleGaxCRC32C CGoogleGaxCRC32C.c
[828/1317] Compiling a_int.cc
[829/1317] Compiling a_gentm.cc
[830/1317] Compiling fiat_p256_adx_sqr.S
[831/1317] Compiling fiat_p256_adx_mul.S
[832/1317] Compiling fiat_curve25519_adx_square.S
[833/1317] Compiling fiat_curve25519_adx_mul.S
[834/1317] Compiling md5-x86_64-linux.S
[835/1317] Compiling md5-x86_64-apple.S
[836/1317] Compiling a_bitstr.cc
[837/1317] Compiling md5-586-linux.S
[838/1317] Compiling md5-586-apple.S
[839/1317] Compiling chacha20_poly1305_x86_64-apple.S
[840/1317] Compiling chacha20_poly1305_x86_64-linux.S
[841/1317] Compiling chacha20_poly1305_armv8-win.S
[842/1317] Compiling chacha20_poly1305_armv8-apple.S
[843/1317] Compiling chacha-x86_64-linux.S
[844/1317] Compiling chacha20_poly1305_armv8-linux.S
[845/1317] Compiling CCryptoBoringSSLShims shims.c
[846/1317] Compiling a_bool.cc
[847/1317] Compiling chacha-x86-linux.S
[847/1317] Compiling chacha-x86_64-apple.S
[849/1317] Compiling chacha-x86-apple.S
[850/1317] Compiling chacha-armv8-win.S
[851/1317] Compiling chacha-armv8-apple.S
[852/1317] Compiling chacha-armv4-linux.S
[853/1317] Compiling chacha-armv8-linux.S
[854/1317] Compiling aes128gcmsiv-x86_64-apple.S
[854/1317] Compiling aes128gcmsiv-x86_64-linux.S
[856/1317] Compiling x86_64-mont5-linux.S
[857/1317] Compiling x86_64-mont5-apple.S
[858/1317] Compiling x86_64-mont-linux.S
[859/1317] Compiling x86-mont-linux.S
[860/1317] Compiling x86_64-mont-apple.S
[861/1317] Compiling x86-mont-apple.S
[862/1317] Compiling vpaes-x86_64-linux.S
[863/1317] Compiling vpaes-x86_64-apple.S
[864/1317] Compiling vpaes-x86-linux.S
[865/1317] Compiling vpaes-x86-apple.S
[866/1317] Compiling vpaes-armv8-win.S
[867/1317] Compiling vpaes-armv8-apple.S
[868/1317] Compiling vpaes-armv7-linux.S
[869/1317] Compiling vpaes-armv8-linux.S
[870/1317] Compiling sha512-x86_64-linux.S
[871/1317] Compiling sha512-x86_64-apple.S
[872/1317] Compiling sha512-armv8-win.S
[873/1317] Compiling sha512-armv4-linux.S
[874/1317] Compiling sha512-armv8-apple.S
[875/1317] Compiling sha512-armv8-linux.S
[876/1317] Compiling sha512-586-linux.S
[877/1317] Compiling err_data.cc
[878/1317] Compiling sha512-586-apple.S
[879/1317] Compiling sha256-x86_64-linux.S
[880/1317] Compiling sha256-x86_64-apple.S
[881/1317] Compiling sha256-armv8-win.S
[882/1317] Compiling sha256-armv8-apple.S
[883/1317] Compiling sha256-armv4-linux.S
[884/1317] Compiling sha256-armv8-linux.S
[885/1317] Compiling sha256-586-apple.S
[886/1317] Compiling sha256-586-linux.S
[887/1317] Compiling sha1-x86_64-linux.S
[888/1317] Compiling sha1-x86_64-apple.S
[889/1317] Compiling sha1-armv8-win.S
[890/1317] Compiling sha1-armv8-apple.S
[891/1317] Compiling sha1-586-linux.S
[892/1317] Compiling sha1-armv4-large-linux.S
[893/1317] Compiling sha1-armv8-linux.S
[894/1317] Compiling sha1-586-apple.S
[895/1317] Compiling rsaz-avx2-linux.S
[896/1317] Compiling rsaz-avx2-apple.S
[897/1317] Compiling rdrand-x86_64-apple.S
[898/1317] Compiling p256_beeu-x86_64-asm-linux.S
[899/1317] Compiling p256_beeu-x86_64-asm-apple.S
[900/1317] Compiling rdrand-x86_64-linux.S
[901/1317] Compiling p256_beeu-armv8-asm-win.S
[902/1317] Compiling p256_beeu-armv8-asm-linux.S
[903/1317] Compiling p256_beeu-armv8-asm-apple.S
[904/1317] Compiling p256-x86_64-asm-linux.S
[905/1317] Compiling p256-x86_64-asm-apple.S
[906/1317] Compiling p256-armv8-asm-win.S
[907/1317] Compiling p256-armv8-asm-linux.S
[908/1317] Compiling ghashv8-armv8-win.S
[909/1317] Compiling p256-armv8-asm-apple.S
[910/1317] Compiling ghashv8-armv8-linux.S
[911/1317] Compiling ghashv8-armv8-apple.S
[912/1317] Compiling ghashv8-armv7-linux.S
[913/1317] Compiling ghash-ssse3-x86_64-linux.S
[914/1317] Compiling ghash-x86-apple.S
[915/1317] Compiling ghash-x86_64-apple.S
[916/1317] Compiling ghash-x86_64-linux.S
[917/1317] Compiling ghash-x86-linux.S
[917/1317] Compiling ghash-ssse3-x86_64-apple.S
[919/1317] Compiling ghash-ssse3-x86-linux.S
[920/1317] Compiling ghash-ssse3-x86-apple.S
[921/1317] Compiling ghash-armv4-linux.S
[922/1317] Compiling ghash-neon-armv8-linux.S
[923/1317] Compiling ghash-neon-armv8-win.S
[924/1317] Compiling ghash-neon-armv8-apple.S
[925/1317] Compiling co-586-linux.S
[926/1317] Compiling bn-armv8-win.S
[927/1317] Compiling bsaes-armv7-linux.S
[927/1317] Compiling co-586-apple.S
[929/1317] Compiling bn-armv8-linux.S
[930/1317] Compiling bn-armv8-apple.S
[931/1317] Compiling bn-586-linux.S
[932/1317] Compiling bn-586-apple.S
[933/1317] Compiling armv8-mont-win.S
[934/1317] Compiling armv8-mont-apple.S
[935/1317] Compiling aesv8-gcm-armv8-win.S
[936/1317] Compiling armv8-mont-linux.S
[937/1317] Compiling armv4-mont-linux.S
[938/1317] Compiling aesv8-gcm-armv8-apple.S
[939/1317] Compiling aesv8-gcm-armv8-linux.S
[940/1317] Compiling aesv8-armv8-win.S
[941/1317] Compiling aesv8-armv8-apple.S
[942/1317] Compiling aesv8-armv8-linux.S
[943/1317] Compiling aesv8-armv7-linux.S
[944/1317] Compiling aesni-x86_64-apple.S
[945/1317] Compiling aesni-x86_64-linux.S
[946/1317] Compiling aesni-x86-apple.S
[947/1317] Compiling aesni-x86-linux.S
[948/1317] Compiling aesni-gcm-x86_64-linux.S
[949/1317] Compiling aesni-gcm-x86_64-apple.S
[950/1317] Compiling aes-gcm-avx512-x86_64-linux.S
[951/1317] Compiling aes-gcm-avx2-x86_64-apple.S
[951/1317] Compiling aes-gcm-avx2-x86_64-linux.S
[953/1317] Compiling aes-gcm-avx512-x86_64-apple.S
[954/1317] Compiling xwing.cc
[955/1317] Compiling x_x509a.cc
[956/1317] Compiling x_req.cc
[957/1317] Compiling x_sig.cc
[958/1317] Compiling x_spki.cc
[959/1317] Compiling x_x509.cc
[960/1317] Compiling c-nioatomics.c
[961/1317] Compiling x_pubkey.cc
[962/1317] Compiling x_name.cc
[963/1317] Compiling x_exten.cc
[964/1317] Compiling x_attrib.cc
[965/1317] Compiling c-atomics.c
[966/1317] Compiling x_crl.cc
[967/1324] Compiling x_all.cc
[969/1324] Compiling NIOConcurrencyHelpers NIOLockedValueBox.swift
[970/1324] Compiling NIOConcurrencyHelpers NIOLock.swift
[970/1324] Compiling x_algor.cc
[972/1324] Compiling NIOConcurrencyHelpers lock.swift
[972/1324] Compiling x509spki.cc
[974/1324] Compiling NIOConcurrencyHelpers NIOAtomic.swift
[975/1324] Emitting module NIOConcurrencyHelpers
[976/1324] Compiling NIOConcurrencyHelpers atomics.swift
[977/1324] Compiling NIOConcurrencyHelpers NIOThreadPoolWorkAvailable.swift
[978/1325] Compiling x509rset.cc
[979/1325] Compiling x509cset.cc
[980/1325] Wrapping AST for NIOConcurrencyHelpers for debugging
[981/1325] Compiling x509name.cc
[982/1325] Compiling x509_vpm.cc
[983/1325] Compiling x509_vfy.cc
[984/1325] Compiling x509_v3.cc
[985/1325] Compiling x509_txt.cc
[986/1325] Compiling x509_trs.cc
[987/1325] Compiling x509_set.cc
[988/1325] Compiling x509_req.cc
[989/1325] Compiling x509_obj.cc
[990/1325] Compiling x509_lu.cc
[991/1325] Compiling x509_ext.cc
[992/1325] Compiling x509_def.cc
[993/1325] Compiling x509_d2.cc
[994/1325] Compiling x509.cc
[995/1325] Compiling x509_cmp.cc
[996/1325] Compiling x509_att.cc
[997/1325] Compiling v3_utl.cc
[998/1325] Compiling v3_skey.cc
[999/1325] Compiling v3_purp.cc
[1000/1325] Compiling v3_prn.cc
[1001/1325] Compiling v3_pmaps.cc
[1002/1325] Compiling v3_pcons.cc
[1003/1325] Compiling v3_ocsp.cc
[1004/1325] Compiling v3_ncons.cc
[1005/1325] Compiling v3_lib.cc
[1006/1325] Compiling v3_int.cc
[1007/1325] Compiling v3_info.cc
[1008/1325] Compiling v3_ia5.cc
[1009/1325] Compiling v3_genn.cc
[1010/1325] Compiling v3_enum.cc
[1011/1325] Compiling v3_extku.cc
[1012/1325] Compiling v3_crld.cc
[1013/1325] Compiling v3_cpols.cc
[1014/1325] Compiling v3_conf.cc
[1015/1325] Compiling v3_bitst.cc
[1016/1325] Compiling v3_bcons.cc
[1017/1325] Compiling v3_alt.cc
[1018/1325] Compiling v3_akeya.cc
[1019/1325] Compiling v3_akey.cc
[1020/1325] Compiling t_x509a.cc
[1021/1325] Compiling t_x509.cc
[1022/1325] Compiling t_crl.cc
[1023/1325] Compiling t_req.cc
[1024/1325] Compiling i2d_pr.cc
[1025/1325] Compiling rsa_pss.cc
[1026/1325] Compiling policy.cc
[1027/1325] Compiling name_print.cc
[1028/1325] Compiling by_file.cc
[1029/1325] Compiling by_dir.cc
[1030/1325] Compiling algorithm.cc
[1031/1325] Compiling asn1_gen.cc
[1032/1325] Compiling a_verify.cc
[1033/1325] Compiling a_sign.cc
[1034/1325] Compiling a_digest.cc
[1035/1325] Compiling thread_win.cc
[1036/1325] Compiling voprf.cc
[1037/1325] Compiling thread_pthread.cc
[1038/1325] Compiling trust_token.cc
[1039/1325] Compiling thread_none.cc
[1040/1325] Compiling thread.cc
[1041/1325] Compiling pmbtoken.cc
[1042/1325] Compiling stack.cc
[1043/1325] Compiling siphash.cc
[1044/1325] Compiling sha512.cc
[1045/1325] Compiling slhdsa.cc
[1046/1325] Compiling sha256.cc
[1047/1325] Compiling spake2plus.cc
[1048/1325] Compiling sha1.cc
[1049/1325] Compiling rsa_print.cc
[1050/1325] Compiling rsa_extra.cc
[1051/1325] Compiling rsa_crypt.cc
[1052/1325] Compiling refcount.cc
[1053/1325] Compiling rc4.cc
[1054/1325] Compiling windows.cc
[1055/1325] Compiling trusty.cc
[1056/1325] Compiling urandom.cc
[1057/1325] Compiling rand.cc
[1058/1325] Compiling rsa_asn1.cc
[1058/1325] Compiling passive.cc
[1060/1325] Compiling poly1305_arm_asm.S
[1061/1325] Compiling ios.cc
[1062/1325] Compiling getentropy.cc
[1063/1325] Compiling forkunsafe.cc
[1064/1325] Compiling deterministic.cc
[1065/1325] Compiling fork_detect.cc
[1066/1325] Compiling poly1305_vec.cc
[1067/1325] Compiling poly1305_arm.cc
[1068/1325] Compiling pool.cc
[1069/1325] Compiling poly1305.cc
[1070/1325] Compiling pkcs8.cc
[1071/1325] Compiling pkcs8_x509.cc
[1072/1325] Compiling p5_pbev2.cc
[1073/1325] Compiling pkcs7_x509.cc
[1074/1325] Compiling pkcs7.cc
[1075/1325] Compiling pem_xaux.cc
[1076/1325] Compiling pem_x509.cc
[1077/1325] Compiling pem_pkey.cc
[1078/1325] Compiling mlkem.cc
[1079/1325] Compiling pem_pk8.cc
[1080/1325] Compiling pem_oth.cc
[1081/1325] Compiling pem_lib.cc
[1082/1325] Compiling obj_xref.cc
[1083/1325] Compiling pem_info.cc
[1084/1325] Compiling pem_all.cc
[1085/1325] Compiling obj.cc
[1086/1325] Compiling poly_rq_mul.S
[1087/1325] Compiling mldsa.cc
[1088/1325] Compiling mem.cc
[1089/1325] Compiling fips_shared_support.cc
[1090/1325] Compiling lhash.cc
[1091/1325] Compiling md5.cc
[1092/1325] Compiling md4.cc
[1093/1325] Compiling fuzzer_mode.cc
[1094/1325] Compiling kyber.cc
[1095/1325] Compiling hrss.cc
[1096/1325] Compiling ex_data.cc
[1097/1325] Compiling hpke.cc
[1098/1325] Compiling scrypt.cc
[1099/1325] Compiling pbkdf.cc
[1100/1325] Compiling print.cc
[1101/1325] Compiling sign.cc
[1102/1325] Compiling p_x25519_asn1.cc
[1103/1325] Compiling p_x25519.cc
[1104/1325] Compiling p_rsa_asn1.cc
[1105/1325] Compiling p_ed25519_asn1.cc
[1106/1325] Compiling p_hkdf.cc
[1107/1325] Compiling p_ed25519.cc
[1108/1325] Compiling p_rsa.cc
[1109/1325] Compiling p_ec_asn1.cc
[1110/1325] Compiling p_ec.cc
[1111/1325] Compiling p_dsa_asn1.cc
[1112/1325] Compiling p_dh_asn1.cc
[1113/1325] Compiling p_dh.cc
[1114/1325] Compiling evp_ctx.cc
[1115/1325] Compiling err.cc
[1116/1325] Compiling evp_asn1.cc
[1117/1325] Compiling ecdsa_p1363.cc
[1118/1325] Compiling engine.cc
[1119/1325] Compiling evp.cc
[1120/1325] Compiling ecdh.cc
[1121/1325] Compiling ec_derive.cc
[1122/1325] Compiling ecdsa_asn1.cc
[1123/1325] Compiling hash_to_curve.cc
[1124/1325] Compiling dsa.cc
[1125/1325] Compiling ec_asn1.cc
[1126/1325] Compiling dsa_asn1.cc
[1127/1325] Compiling digest_extra.cc
[1128/1325] Compiling x25519-asm-arm.S
[1129/1325] Compiling curve25519_64_adx.cc
[1130/1325] Compiling params.cc
[1131/1325] Compiling des.cc
[1132/1325] Compiling dh_asn1.cc
[1133/1325] Compiling spake25519.cc
[1134/1325] Compiling curve25519.cc
[1135/1325] Compiling crypto.cc
[1136/1325] Compiling cpu_intel.cc
[1137/1325] Compiling cpu_arm_freebsd.cc
[1137/1325] Compiling cpu_arm_linux.cc
[1137/1325] Compiling cpu_aarch64_sysreg.cc
[1140/1325] Compiling cpu_aarch64_win.cc
[1141/1325] Compiling cpu_aarch64_openbsd.cc
[1142/1325] Compiling cpu_aarch64_linux.cc
[1143/1325] Compiling cpu_aarch64_fuchsia.cc
[1144/1325] Compiling conf.cc
[1145/1325] Compiling cpu_aarch64_apple.cc
[1146/1325] Compiling tls_cbc.cc
[1147/1325] Compiling get_cipher.cc
[1148/1325] Compiling e_tls.cc
[1149/1325] Compiling e_rc4.cc
[1150/1325] Compiling cms.cc
[1151/1325] Compiling e_rc2.cc
[1152/1325] Compiling e_null.cc
[1153/1325] Compiling e_des.cc
[1154/1325] Compiling e_chacha20poly1305.cc
[1155/1325] Compiling derive_key.cc
[1156/1325] Compiling e_aesgcmsiv.cc
[1156/1325] Compiling e_aeseax.cc
[1158/1325] Compiling e_aesctrhmac.cc
[1159/1325] Compiling chacha.cc
[1160/1325] Compiling unicode.cc
[1161/1325] Compiling sqrt.cc
[1162/1325] Compiling buf.cc
[1163/1325] Compiling cbb.cc
[1164/1325] Compiling cbs.cc
[1165/1325] Compiling asn1_compat.cc
[1165/1325] Compiling ber.cc
[1167/1325] Compiling exponentiation.cc
[1168/1325] Compiling div.cc
[1169/1325] Compiling bn_asn1.cc
[1170/1325] Compiling blake2.cc
[1171/1325] Compiling printf.cc
[1172/1325] Compiling pair.cc
[1173/1325] Compiling convert.cc
[1174/1325] Compiling hexdump.cc
[1175/1325] Compiling file.cc
[1176/1325] Compiling fd.cc
[1177/1325] Compiling errno.cc
[1178/1325] Compiling bio_mem.cc
[1179/1325] Compiling base64.cc
[1180/1325] Compiling bio.cc
[1181/1325] Compiling tasn_typ.cc
[1182/1325] Compiling tasn_fre.cc
[1183/1325] Compiling tasn_utl.cc
[1184/1325] Compiling tasn_enc.cc
[1185/1325] Compiling posix_time.cc
[1186/1325] Compiling tasn_new.cc
[1187/1325] Compiling tasn_dec.cc
[1188/1325] Compiling f_string.cc
[1189/1325] Compiling f_int.cc
[1190/1325] Compiling asn_pack.cc
[1191/1325] Compiling asn1_par.cc
[1192/1325] Compiling a_utctm.cc
[1193/1325] Compiling bcm.cc
[1194/1325] Compiling asn1_lib.cc
[1195/1325] Compiling a_octet.cc
[1196/1325] Compiling a_type.cc
[1197/1325] Compiling a_time.cc
[1198/1325] Compiling a_strnid.cc
[1199/1325] Compiling a_strex.cc
[1200/1325] Compiling a_i2d_fp.cc
[1201/1325] Compiling a_dup.cc
[1202/1325] Compiling a_mbstr.cc
[1203/1325] Compiling a_object.cc
[1204/1325] Write sources
[1205/1325] Compiling CAsyncHTTPClient CAsyncHTTPClient.c
[1206/1325] Write sources
[1208/1325] Compiling a_int.cc
[1209/1325] Compiling a_d2i_fp.cc
[1210/1368] Compiling a_gentm.cc
[1212/1368] Compiling Algorithms FirstNonNil.swift
[1213/1368] Compiling Algorithms FlattenCollection.swift
[1213/1370] Compiling a_bool.cc
[1215/1370] Compiling Algorithms Partition.swift
[1216/1370] Compiling Algorithms Permutations.swift
[1216/1370] Compiling aes.cc
[1218/1370] Compiling Atomics IntegerOperations.swift
[1219/1370] Compiling Atomics Unmanaged extensions.swift
[1220/1370] Compiling Algorithms AdjacentPairs.swift
[1221/1370] Compiling Algorithms Chain.swift
[1222/1370] Compiling Algorithms Keyed.swift
[1223/1370] Compiling Algorithms MinMax.swift
[1224/1370] Compiling Algorithms Chunked.swift
[1225/1370] Compiling Algorithms Combinations.swift
[1226/1370] Compiling Algorithms Joined.swift
[1226/1370] Compiling a_bitstr.cc
[1228/1378] Compiling Algorithms Split.swift
[1229/1378] Compiling Algorithms Stride.swift
[1230/1378] Compiling Algorithms Suffix.swift
[1232/1378] Compiling Algorithms Reductions.swift
[1233/1378] Compiling Algorithms Rotate.swift
[1240/1381] Compiling Algorithms Compacted.swift
[1241/1381] Compiling Algorithms Cycle.swift
[1242/1381] Compiling Algorithms EitherSequence.swift
[1245/1381] Compiling Algorithms Grouped.swift
[1246/1381] Compiling Algorithms Indexed.swift
[1247/1381] Compiling Algorithms Intersperse.swift
[1252/1381] Compiling Algorithms Trim.swift
[1253/1381] Compiling Algorithms Unique.swift
[1254/1381] Compiling Algorithms Windows.swift
[1255/1381] Emitting module Atomics
[1262/1382] Wrapping AST for Atomics for debugging
[1264/1416] Compiling CryptoBoringWrapper RandomBytes.swift
[1265/1423] Compiling CryptoBoringWrapper CryptoKitErrors_boring.swift
[1266/1431] Compiling CryptoBoringWrapper FiniteFieldArithmeticContext.swift
[1267/1446] Compiling CryptoBoringWrapper BoringSSLAEAD.swift
[1268/1446] Emitting module CryptoBoringWrapper
[1269/1446] Emitting module Algorithms
[1270/1447] Compiling CryptoBoringWrapper ArbitraryPrecisionInteger.swift
[1272/1447] Compiling CryptoBoringWrapper EllipticCurve.swift
[1273/1447] Compiling CryptoBoringWrapper EllipticCurvePoint.swift
[1274/1448] Wrapping AST for Algorithms for debugging
[1275/1448] Wrapping AST for CryptoBoringWrapper for debugging
[1277/1532] Compiling Crypto MLKEM.swift
[1278/1532] Compiling Crypto XWing.swift
[1279/1532] Compiling Crypto ECDH_boring.swift
[1280/1532] Compiling Crypto DH.swift
[1281/1532] Compiling Crypto ECDH.swift
[1282/1532] Compiling Crypto ANSIx963.swift
[1283/1532] Compiling Crypto HKDF.swift
[1284/1532] Compiling Crypto AESWrap.swift
[1285/1532] Compiling Crypto AESWrap_boring.swift
[1286/1532] Compiling Crypto ASN1Boolean.swift
[1287/1532] Compiling Crypto ASN1Identifier.swift
[1288/1532] Compiling Crypto ASN1Integer.swift
[1289/1532] Compiling Crypto Insecure_HashFunctions.swift
[1290/1532] Compiling Crypto MLKEM_boring.swift
[1291/1532] Compiling Crypto MLKEM_wrapper.swift
[1292/1532] Compiling Crypto XWing_boring.swift
[1293/1532] Compiling Crypto KEM-Errors.swift
[1294/1532] Compiling Crypto KEM.swift
[1295/1540] Compiling Crypto HPKE-KEM-Curve25519.swift
[1296/1540] Compiling Crypto HPKE-NIST-EC-KEMs.swift
[1297/1540] Compiling Crypto HPKE-KEM.swift
[1298/1540] Compiling Crypto HPKE-Errors.swift
[1299/1540] Compiling Crypto HPKE.swift
[1300/1540] Compiling Crypto HPKE-Context.swift
[1301/1540] Compiling Crypto HPKE-KeySchedule.swift
[1302/1540] Compiling Crypto HPKE-Modes.swift
[1303/1540] Compiling Crypto Insecure.swift
[1304/1540] Emitting module Crypto
[1305/1540] Compiling Crypto CryptoKitErrors.swift
[1306/1540] Compiling Crypto Digest_boring.swift
[1307/1540] Compiling Crypto Digest.swift
[1308/1540] Compiling Crypto Digests.swift
[1309/1540] Compiling Crypto HashFunctions.swift
[1310/1540] Compiling Crypto HashFunctions_SHA2.swift
[1311/1540] Compiling Crypto HashFunctions_SHA3.swift
[1312/1540] Compiling Crypto Digest_xkcp.swift
[1313/1540] Compiling Crypto HPKE-AEAD.swift
[1314/1540] Compiling Crypto HPKE-Ciphersuite.swift
[1315/1540] Compiling Crypto HPKE-KDF.swift
[1316/1540] Compiling Crypto HPKE-KexKeyDerivation.swift
[1317/1540] Compiling Crypto ASN1Null.swift
[1318/1540] Compiling Crypto ASN1OctetString.swift
[1319/1540] Compiling Crypto ASN1Strings.swift
[1320/1540] Compiling Crypto ArraySliceBigint.swift
[1321/1540] Compiling Crypto GeneralizedTime.swift
[1322/1540] Compiling Crypto ObjectIdentifier.swift
[1323/1540] Compiling Crypto ECDSASignature.swift
[1324/1540] Compiling Crypto PEMDocument.swift
[1325/1540] Compiling Crypto PKCS8PrivateKey.swift
[1326/1540] Compiling Crypto SEC1PrivateKey.swift
[1327/1540] Compiling Crypto SubjectPublicKeyInfo.swift
[1328/1540] Compiling Crypto CryptoError_boring.swift
[1335/1551] Compiling Crypto HPKE-LabeledExtract.swift
[1336/1551] Compiling Crypto HPKE-Utils.swift
[1337/1551] Compiling Crypto DHKEM.swift
[1341/1551] Compiling NIOCore SingleStepByteToMessageDecoder.swift
[1342/1551] Compiling NIOCore SocketAddresses.swift
[1343/1551] Compiling NIOCore SocketOptionProvider.swift
[1344/1551] Compiling NIOCore SystemCallHelpers.swift
[1345/1551] Compiling NIOCore TimeAmount+Duration.swift
[1346/1551] Compiling NIOCore TypeAssistedChannelHandler.swift
[1347/1551] Compiling NIOCore UniversalBootstrapSupport.swift
[1348/1551] Compiling NIOCore Utilities.swift
[1349/1551] Compiling Crypto HMAC.swift
[1350/1551] Compiling Crypto MACFunctions.swift
[1351/1551] Compiling Crypto MessageAuthenticationCode.swift
[1352/1551] Compiling Crypto AES.swift
[1353/1551] Compiling Crypto ECDSASignature_boring.swift
[1354/1551] Compiling Crypto ECDSA_boring.swift
[1355/1551] Compiling Crypto EdDSA_boring.swift
[1356/1551] Compiling Crypto MLDSA_boring.swift
[1357/1551] Compiling Crypto MLDSA_wrapper.swift
[1358/1551] Compiling Crypto ECDSA.swift
[1359/1551] Compiling Crypto Ed25519.swift
[1360/1551] Compiling Crypto MLDSA.swift
[1361/1551] Compiling Crypto AES-GCM.swift
[1362/1551] Compiling Crypto AES-GCM_boring.swift
[1363/1551] Compiling Crypto ChaChaPoly_boring.swift
[1364/1551] Compiling Crypto ChaChaPoly.swift
[1365/1551] Compiling Crypto Cipher.swift
[1366/1551] Compiling Crypto Nonces.swift
[1367/1551] Compiling Crypto ASN1.swift
[1368/1551] Compiling Crypto ASN1Any.swift
[1369/1551] Compiling Crypto ASN1BitString.swift
[1397/1551] Compiling Crypto Signature.swift
[1398/1551] Compiling Crypto CryptoKitErrors_boring.swift
[1399/1551] Compiling Crypto Optional+withUnsafeBytes_boring.swift
[1400/1551] Compiling Crypto RNG_boring.swift
[1401/1551] Compiling Crypto SafeCompare_boring.swift
[1402/1551] Compiling Crypto Zeroization_boring.swift
[1403/1551] Compiling Crypto _CryptoModuleAnchor.swift
[1404/1551] Compiling Crypto PrettyBytes.swift
[1405/1551] Compiling Crypto SafeCompare.swift
[1406/1551] Compiling Crypto SecureBytes.swift
[1407/1551] Compiling Crypto Zeroization.swift
[1416/1552] Wrapping AST for Crypto for debugging
[1418/1614] Emitting module CryptoExtras
[1419/1622] Compiling CryptoExtras ARCServer.swift
[1420/1622] Compiling CryptoExtras ChaCha20CTR_boring.swift
[1421/1622] Compiling CryptoExtras ChaCha20CTR.swift
[1422/1622] Compiling CryptoExtras BoringSSLSHA512256Context.swift
[1423/1622] Compiling CryptoExtras BoringSSLSHA512256HashFunction.swift
[1424/1622] Compiling CryptoExtras SHA512256.swift
[1425/1622] Compiling CryptoExtras SHA512256Digest.swift
[1426/1622] Compiling CryptoExtras Curve25519+PEM.swift
[1427/1622] Compiling CryptoExtras ObjectIdentifier.swift
[1428/1622] Compiling CryptoExtras PBKDF2.swift
[1429/1622] Compiling CryptoExtras Scrypt_boring.swift
[1430/1622] Compiling CryptoExtras Scrypt.swift
[1431/1622] Compiling CryptoExtras OPRF.swift
[1432/1622] Compiling CryptoExtras OPRFClient.swift
[1433/1622] Compiling CryptoExtras OPRFServer.swift
[1434/1622] Compiling CryptoExtras VOPRF+API.swift
[1435/1622] Compiling CryptoExtras VOPRFClient.swift
[1436/1622] Compiling CryptoExtras VOPRFServer.swift
[1437/1622] Compiling CryptoExtras ThreadOps.swift
[1438/1622] Compiling CryptoExtras ThreadPosix.swift
[1439/1622] Compiling CryptoExtras ThreadSpecific.swift
[1440/1622] Compiling CryptoExtras ThreadWindows.swift
[1441/1622] Compiling CryptoExtras DLEQ.swift
[1442/1622] Compiling CryptoExtras Prover.swift
[1443/1622] Compiling CryptoExtras Verifier.swift
[1444/1622] Compiling CryptoExtras ZKPToolbox.swift
[1445/1622] Compiling CryptoExtras AES_CBC.swift
[1446/1622] Compiling CryptoExtras AES_CFB.swift
[1447/1622] Compiling CryptoExtras AES_CTR.swift
[1448/1622] Compiling CryptoExtras AES_GCM_SIV.swift
[1449/1622] Compiling CryptoExtras Block Function.swift
[1450/1622] Compiling CryptoExtras AES_CBC_boring.swift
[1451/1622] Compiling CryptoExtras AES_CFB_boring.swift
[1452/1622] Compiling CryptoExtras AES_CTR_boring.swift
[1453/1622] Compiling CryptoExtras AES_GCM_SIV_boring.swift
[1454/1622] Compiling CryptoExtras BoringSSLPassphraseCallbackManager.swift
[1455/1622] Compiling CryptoExtras RSA+BlindSigning.swift
[1456/1622] Compiling CryptoExtras RSA.swift
[1457/1622] Compiling CryptoExtras RSA_boring.swift
[1458/1622] Compiling CryptoExtras Reexport.swift
[1459/1622] Compiling CryptoExtras Zeroization_boring.swift
[1460/1622] Compiling CryptoExtras BoringSSLHelpers.swift
[1461/1622] Compiling CryptoExtras CryptoKitErrors_boring.swift
[1462/1622] Compiling CryptoExtras PKCS8DERRepresentation.swift
[1463/1622] Compiling CryptoExtras PKCS8PrivateKey.swift
[1464/1622] Compiling CryptoExtras RFC8410AlgorithmIdentifier.swift
[1465/1622] Compiling CryptoExtras ECToolbox_boring.swift
[1466/1622] Compiling CryptoExtras ECToolbox.swift
[1467/1622] Compiling CryptoExtras HashToField.swift
[1468/1622] Compiling CryptoExtras KDF.swift
[1469/1622] Compiling CryptoExtras PBKDF2_boring.swift
[1470/1622] Compiling CryptoExtras PBKDF2_commoncrypto.swift
[1471/1622] Compiling CryptoExtras Data+Extensions.swift
[1472/1622] Compiling CryptoExtras DigestType.swift
[1473/1622] Compiling CryptoExtras Error.swift
[1474/1622] Compiling CryptoExtras I2OSP.swift
[1475/1622] Compiling CryptoExtras IntegerEncoding.swift
[1476/1622] Compiling CryptoExtras PEMDocument.swift
[1477/1622] Compiling CryptoExtras PrettyBytes.swift
[1478/1622] Compiling CryptoExtras SubjectPublicKeyInfo.swift
[1479/1622] Compiling CryptoExtras CMAC.swift
[1480/1622] Compiling CryptoExtras ARC+API.swift
[1481/1622] Compiling CryptoExtras ARC.swift
[1482/1622] Compiling CryptoExtras ARCCredential.swift
[1483/1622] Compiling CryptoExtras ARCEncoding.swift
[1484/1622] Compiling CryptoExtras ARCPrecredential.swift
[1485/1622] Compiling CryptoExtras ARCPresentation.swift
[1486/1622] Compiling CryptoExtras ARCRequest.swift
[1487/1622] Compiling CryptoExtras ARCResponse.swift
[1488/1623] Wrapping AST for CryptoExtras for debugging
[1490/1625] Compiling _CryptoExtras Exports.swift
[1491/1625] Emitting module _CryptoExtras
[1492/1626] Wrapping AST for _CryptoExtras for debugging
[1494/1721] Emitting module NIOCore
[1495/1721] Compiling X509 CertificateSerialNumber.swift
[1496/1721] Compiling X509 CertificateVersion.swift
[1497/1721] Compiling X509 CMSAttribute.swift
[1498/1721] Compiling X509 CMSContentInfo.swift
[1499/1721] Compiling X509 CMSEncapsulatedContentInfo.swift
[1500/1721] Compiling X509 OCSPExtensionID.swift
[1501/1721] Compiling X509 OCSPNonce.swift
[1502/1721] Compiling X509 OCSPPolicy.swift
[1503/1721] Compiling X509 OCSPRequest.swift
[1504/1721] Compiling X509 CSRAttribute.swift
[1505/1721] Compiling X509 CSRAttributes.swift
[1506/1721] Compiling X509 CSRVersion.swift
[1507/1721] Compiling X509 CertificateSigningRequest.swift
[1508/1721] Compiling X509 CertificationRequestInfo.swift
[1509/1721] Compiling X509 ExtensionRequest.swift
[1510/1721] Compiling X509 Certificate.swift
[1511/1721] Compiling X509 CertificatePrivateKey.swift
[1512/1721] Compiling X509 CertificatePublicKey.swift
[1513/1721] Compiling X509 VersionPolicy.swift
[1514/1721] Compiling X509 ServerIdentityPolicy.swift
[1515/1721] Compiling X509 TrustRootLoading.swift
[1516/1721] Compiling X509 UnverifiedChain.swift
[1517/1721] Compiling X509 CMSIssuerAndSerialNumber.swift
[1518/1721] Compiling X509 CMSOperations.swift
[1519/1721] Compiling X509 CMSSignature.swift
[1520/1721] Compiling X509 CMSSignedData.swift
[1521/1721] Compiling X509 CMSSignerIdentifier.swift
[1522/1722] Wrapping AST for NIOCore for debugging
[1524/1779] Compiling NIOFoundationEssentialsCompat Codable+ByteBuffer.swift
[1525/1779] Emitting module NIOEmbedded
[1526/1779] Compiling NIOFoundationEssentialsCompat ByteBuffer-foundation.swift
[1527/1779] Emitting module NIOFoundationEssentialsCompat
[1529/1780] Compiling NIOEmbedded AsyncTestingChannel.swift
[1529/1780] Wrapping AST for NIOFoundationEssentialsCompat for debugging
[1531/1780] Compiling NIOPosix HappyEyeballs.swift
[1532/1780] Compiling NIOPosix IO.swift
[1533/1780] Compiling NIOPosix IntegerBitPacking.swift
[1534/1780] Compiling NIOPosix IntegerTypes.swift
[1535/1780] Compiling NIOPosix Linux.swift
[1536/1780] Compiling NIOPosix LinuxCPUSet.swift
[1537/1780] Compiling NIOPosix LinuxUring.swift
[1538/1787] Compiling NIOEmbedded Embedded.swift
[1539/1787] Compiling NIOEmbedded AsyncTestingEventLoop.swift
[1540/1788] Wrapping AST for NIOEmbedded for debugging
[1542/1788] Compiling NIOPosix VsockChannelEvents.swift
[1543/1788] Compiling NIOPosix Windows.swift
[1544/1788] Compiling X509 LocalityName.swift
[1545/1788] Compiling X509 OrganizationName.swift
[1546/1788] Compiling X509 OrganizationalUnitName.swift
[1547/1788] Compiling X509 StateOrProvinceName.swift
[1548/1788] Compiling X509 StreetAddress.swift
[1549/1788] Compiling X509 Error.swift
[1550/1788] Compiling X509 AuthorityInformationAccess.swift
[1551/1788] Compiling X509 AuthorityKeyIdentifier.swift
[1552/1788] Compiling X509 BasicConstraints.swift
[1553/1788] Compiling X509 ExtendedKeyUsage.swift
[1554/1788] Compiling X509 ExtensionIdentifiers.swift
[1555/1788] Compiling X509 KeyUsage.swift
[1556/1800] Compiling NIOPosix Thread.swift
[1557/1800] Compiling NIOPosix ThreadPosix.swift
[1558/1800] Compiling NIOPosix ThreadWindows.swift
[1559/1800] Compiling NIOPosix Utilities.swift
[1560/1800] Compiling NIOPosix VsockAddress.swift
[1563/1801] Compiling NIOPosix BaseStreamSocketChannel.swift
[1564/1801] Compiling NIOPosix Bootstrap.swift
[1565/1801] Compiling NIOPosix ControlMessage.swift
[1566/1801] Compiling NIOPosix DatagramVectorReadManager.swift
[1567/1801] Compiling NIOPosix Errors+Any.swift
[1568/1801] Compiling NIOPosix FileDescriptor.swift
[1569/1801] Compiling NIOPosix GetaddrinfoResolver.swift
[1570/1801] Compiling NIOPosix BSDSocketAPICommon.swift
[1571/1801] Compiling NIOPosix BSDSocketAPIPosix.swift
[1572/1801] Compiling NIOPosix BSDSocketAPIWindows.swift
[1573/1801] Compiling NIOPosix BaseSocket.swift
[1574/1801] Compiling NIOPosix BaseSocketChannel+AccessibleTransport.swift
[1575/1801] Compiling NIOPosix BaseSocketChannel+SocketOptionProvider.swift
[1576/1801] Compiling NIOPosix BaseSocketChannel.swift
[1577/1801] Compiling NIOPosix PendingWritesManager.swift
[1578/1801] Compiling NIOPosix Selectable.swift
[1579/1801] Compiling NIOPosix SelectableChannel.swift
[1580/1801] Compiling NIOPosix SelectableEventLoop.swift
[1581/1801] Compiling NIOPosix SelectorEpoll.swift
[1582/1801] Compiling NIOPosix SelectorGeneric.swift
[1583/1801] Compiling NIOPosix SelectorKqueue.swift
[1584/1801] Compiling NIOPosix SelectorUring.swift
[1585/1801] Compiling NIOPosix PipeChannel.swift
[1586/1801] Compiling NIOPosix PipePair.swift
[1587/1801] Compiling NIOPosix Pool.swift
[1588/1801] Compiling NIOPosix PosixSingletons+ConcurrencyTakeOver.swift
[1589/1801] Compiling NIOPosix PosixSingletons.swift
[1597/1801] Compiling NIOPosix MultiThreadedEventLoopGroup.swift
[1598/1801] Compiling NIOPosix NIOPosixSendableMetatype.swift
[1599/1801] Compiling NIOPosix NIORandomizedDNSResolver.swift
[1600/1801] Compiling NIOPosix NIOThreadPool.swift
[1601/1801] Compiling NIOPosix NonBlockingFileIO.swift
[1602/1801] Compiling NIOPosix PendingDatagramWritesManager.swift
[1610/1801] Emitting module NIOPosix
[1611/1801] Compiling X509 NameConstraints.swift
[1612/1801] Compiling X509 SubjectAlternativeName.swift
[1613/1801] Compiling X509 SubjectKeyIdentifier.swift
[1614/1801] Compiling X509 Extension.swift
[1615/1801] Compiling X509 Extensions.swift
[1616/1801] Compiling X509 ExtensionsBuilder.swift
[1617/1801] Compiling X509 GeneralName.swift
[1618/1801] Compiling X509 Lock.swift
[1619/1801] Compiling X509 LockedValueBox.swift
[1620/1801] Compiling X509 BasicOCSPResponse.swift
[1621/1801] Compiling X509 DirectoryString.swift
[1622/1801] Compiling X509 OCSPCertID.swift
[1623/1801] Compiling X509 OCSPCertStatus.swift
[1624/1801] Compiling NIOPosix RawSocketBootstrap.swift
[1625/1801] Compiling NIOPosix Resolver.swift
[1626/1801] Compiling NIOPosix SelectorWSAPoll.swift
[1627/1801] Compiling NIOPosix ServerSocket.swift
[1628/1801] Compiling NIOPosix Socket.swift
[1629/1801] Compiling NIOPosix SocketChannel.swift
[1630/1801] Compiling NIOPosix SocketProtocols.swift
[1631/1801] Compiling NIOPosix StructuredConcurrencyHelpers.swift
[1632/1801] Compiling NIOPosix System.swift
[1638/1801] Compiling X509 PKCS8PrivateKey.swift
[1639/1801] Compiling X509 PromiseAndFuture.swift
[1640/1801] Compiling X509 RDNAttribute.swift
[1641/1801] Compiling X509 RandomNumberGenerator+bytes.swift
[1642/1801] Compiling X509 RelativeDistinguishedName.swift
[1643/1801] Compiling X509 SEC1PrivateKey.swift
[1644/1801] Compiling X509 SecKeyWrapper.swift
[1645/1801] Compiling X509 Signature.swift
[1646/1801] Compiling X509 SignatureAlgorithm.swift
[1647/1801] Compiling X509 AllOfPolicies.swift
[1648/1801] Compiling X509 AnyPolicy.swift
[1649/1801] Compiling X509 CertificateStore.swift
[1650/1801] Compiling X509 CustomCertificateStore.swift
[1686/1802] Wrapping AST for NIOPosix for debugging
[1688/1804] Emitting module NIO
[1689/1804] Compiling NIO Exports.swift
[1690/1808] Wrapping AST for NIO for debugging
[1692/1844] Compiling NIOSOCKS ClientStateMachine.swift
[1693/1844] Compiling NIOSOCKS SelectedAuthenticationMethod.swift
[1694/1845] Emitting module NIOSOCKS
[1695/1845] Emitting module NIOFoundationCompat
[1696/1845] Compiling NIOFoundationCompat WaitSpinningRunLoop.swift
[1697/1845] Compiling NIOFoundationCompat JSONSerialization+ByteBuffer.swift
[1698/1845] Compiling NIOFoundationCompat Exports.swift
[1699/1845] Compiling NIOTLS NIOTypedApplicationProtocolNegotiationHandler.swift
[1700/1846] Compiling NIOSOCKS SOCKSResponse.swift
[1702/1846] Compiling NIOSOCKS SOCKSClientHandler.swift
[1703/1846] Compiling NIOSOCKS SOCKSServerHandshakeHandler.swift
[1704/1846] Compiling NIOSOCKS ServerStateMachine.swift
[1704/1846] Wrapping AST for NIOFoundationCompat for debugging
[1706/1846] Compiling NIOTLS ApplicationProtocolNegotiationHandler.swift
[1707/1846] Emitting module NIOTLS
[1708/1846] Compiling NIOTLS SNIHandler.swift
[1709/1846] Compiling NIOTLS TLSEvents.swift
[1710/1846] Compiling NIOTLS ProtocolNegotiationHandlerStateMachine.swift
[1712/1847] Emitting module X509
[1713/1847] Compiling NIOSOCKS AuthenticationMethod.swift
[1714/1847] Compiling NIOSOCKS ClientGreeting.swift
[1715/1847] Compiling NIOSOCKS Errors.swift
[1716/1847] Compiling NIOSOCKS Helpers.swift
[1717/1847] Compiling NIOSOCKS Messages.swift
[1718/1847] Compiling NIOSOCKS SOCKSRequest.swift
[1718/1848] Wrapping AST for NIOTLS for debugging
[1721/1878] Compiling NIOSSL SSLCertificateExtensions.swift
[1722/1878] Compiling NIOSSL SSLCertificateName.swift
[1723/1880] Compiling NIOSSL IdentityVerification.swift
[1724/1880] Compiling NIOSSL SSLCertificate.swift
[1724/1880] Wrapping AST for NIOSOCKS for debugging
[1726/1880] Compiling NIOSSL SSLCallbacks.swift
[1727/1880] Compiling NIOSSL SSLContext.swift
[1728/1880] Compiling NIOSSL NIOSSLServerHandler.swift
[1729/1880] Compiling NIOSSL ObjectIdentifier.swift
[1730/1880] Compiling NIOSSL PosixPort.swift
[1731/1880] Compiling NIOSSL AndroidCABundle.swift
[1732/1880] Compiling NIOSSL ByteBufferBIO.swift
[1733/1880] Compiling NIOSSL CustomPrivateKey.swift
[1734/1880] Compiling NIOSSL FreeBSDCABundle.swift
[1735/1880] Compiling NIOHTTP1 NIOTypedHTTPServerUpgradeHandler.swift
[1736/1880] Compiling NIOHTTP1 NIOTypedHTTPServerUpgraderStateMachine.swift
[1737/1880] Compiling NIOSSL SSLErrors.swift
[1738/1880] Compiling NIOSSL SSLInit.swift
[1739/1880] Compiling NIOSSL SSLPKCS12Bundle.swift
[1740/1880] Emitting module NIOHTTP1
[1741/1881] Emitting module NIOSSL
[1743/1885] Compiling X509 ValidatedCertificateChain.swift
[1744/1885] Compiling X509 VerificationDiagnostic.swift
[1745/1885] Compiling X509 Verifier.swift
[1746/1885] Compiling X509 VerifierPolicy.swift
[1747/1885] Compiling X509 AlgorithmIdentifier.swift
[1748/1885] Compiling X509 ECDSASignature.swift
[1749/1885] Compiling X509 RSAPKCS1PublicKey.swift
[1750/1885] Compiling X509 SubjectPublicKeyInfo.swift
[1751/1885] Compiling X509 TBSCertificate.swift
[1752/1885] Compiling X509 Time.swift
[1753/1885] Compiling X509 TimeCalculations.swift
[1754/1885] Compiling X509 Validity.swift
[1755/1885] Compiling X509 X509SendableMetatype.swift
[1755/1885] Wrapping AST for NIOHTTP1 for debugging
[1757/1903] Wrapping AST for X509 for debugging
[1759/1922] Compiling NIOHPACK IndexedHeaderTable.swift
[1760/1971] Compiling NIOHTTPCompression HTTPDecompression.swift
[1761/1971] Compiling JWTKit JWTKeyCollection+ECDSA.swift
[1762/1971] Compiling JWTKit P256+CurveType.swift
[1763/1971] Compiling JWTKit P384+CurveType.swift
[1764/1971] Compiling JWTKit P521+CurveType.swift
[1765/1971] Compiling JWTKit EdDSA.swift
[1766/1971] Compiling JWTKit EdDSACurve.swift
[1767/1971] Compiling JWTKit EdDSAError.swift
[1768/1971] Compiling JWTKit EdDSASigner.swift
[1769/1971] Compiling NIOHTTPCompression HTTPDecompressor.swift
[1770/1971] Compiling NIOHPACK IntegerCoding.swift
[1771/1971] Compiling NIOHTTPCompression HTTPCompression.swift
[1772/1971] Emitting module NIOHTTPCompression
[1773/1971] Compiling NIOHPACK HuffmanTables.swift
[1774/1971] Compiling NIOHTTPCompression HTTPRequestCompressor.swift
[1775/1971] Compiling NIOHTTPCompression HTTPResponseCompressor.swift
[1776/1972] Compiling NIOHPACK StaticHeaderTable.swift
[1777/1972] Emitting module NIOHPACK
[1779/1972] Compiling JWTKit AudienceClaim.swift
[1780/1972] Compiling JWTKit BoolClaim.swift
[1781/1972] Compiling NIOHPACK HuffmanCoding.swift
[1781/1972] Wrapping AST for NIOHTTPCompression for debugging
[1785/1972] Compiling JWTKit ExpirationClaim.swift
[1786/1972] Compiling JWTKit GoogleHostedDomainClaim.swift
[1787/1972] Compiling JWTKit ECDSAError.swift
[1788/1972] Compiling JWTKit ECDSAKeyTypes.swift
[1789/1972] Compiling JWTKit ECDSASigner.swift
[1790/1972] Compiling JWTKit ECDSASigningAlgorithm.swift
[1791/1972] Compiling JWTKit IDClaim.swift
[1792/1972] Compiling JWTKit IssuedAtClaim.swift
[1793/1972] Compiling JWTKit IssuerClaim.swift
[1794/1972] Compiling JWTKit JWTClaim.swift
[1795/1972] Compiling JWTKit TenantIDClaim.swift
[1796/1972] Compiling JWTKit ECDSA.swift
[1797/1972] Compiling JWTKit ECDSACurve.swift
[1798/1972] Compiling JWTKit ECDSACurveType.swift
[1799/1972] Compiling JWTKit JWTMultiValueClaim.swift
[1800/1972] Compiling JWTKit JWTUnixEpochClaim.swift
[1801/1972] Compiling JWTKit LocaleClaim.swift
[1802/1972] Compiling JWTKit NotBeforeClaim.swift
[1803/1972] Compiling JWTKit SubjectClaim.swift
[1809/1973] Compiling JWTKit JWTSerializer.swift
[1810/1973] Compiling JWTKit JWTSigner.swift
[1811/1973] Compiling JWTKit JWTKeyCollection+MLDSA.swift
[1812/1973] Compiling JWTKit MLDSA.swift
[1813/1973] Compiling JWTKit MLDSA65+MLDSAKey.swift
[1814/1973] Compiling JWTKit MLDSA87+MLDSAKey.swift
[1815/1973] Compiling JWTKit MLDSAError.swift
[1816/1973] Compiling JWTKit MLDSAKey.swift
[1817/1973] Compiling JWTKit MLDSASigner.swift
[1818/1973] Compiling JWTKit MLDSAType.swift
[1819/1973] Compiling JWTKit JWTKeyCollection+UnsecuredNone.swift
[1820/1973] Compiling JWTKit UnsecuredNoneSigner.swift
[1821/1973] Compiling JWTKit JWTKeyCollection+RSA.swift
[1822/1973] Compiling JWTKit RSA.swift
[1823/1973] Compiling JWTKit RSAError.swift
[1824/1973] Compiling JWTKit RSASigner.swift
[1825/1973] Compiling JWTKit Base64URL.swift
[1826/1973] Compiling JWTKit CryptoSigner.swift
[1846/1982] Wrapping AST for NIOHPACK for debugging
[1848/2001] Emitting module JWTKit
[1849/2012] Compiling JWTKit JWTKeyCollection+EdDSA.swift
[1850/2012] Compiling JWTKit JWTAlgorithm.swift
[1851/2012] Compiling JWTKit JWTError.swift
[1852/2012] Compiling JWTKit JWTHeader+CommonFields.swift
[1854/2046] Compiling NIOHTTP2 ConcurrentStreamBuffer.swift
[1855/2046] Compiling NIOHTTP2 ControlFrameBuffer.swift
[1856/2046] Compiling NIOHTTP2 OutboundFlowControlBuffer.swift
[1857/2046] Compiling NIOHTTP2 OutboundFrameBuffer.swift
[1858/2046] Compiling NIOHTTP2 GlitchesMonitor.swift
[1859/2046] Compiling NIOHTTP2 HPACKHeaders+Validation.swift
[1860/2046] Compiling NIOHTTP2 HTTP2ChannelHandler+InboundStreamMultiplexer.swift
[1861/2046] Compiling NIOHTTP2 ConnectionStateMachine.swift
[1862/2046] Compiling NIOHTTP2 ConnectionStreamsState.swift
[1863/2046] Compiling NIOHTTP2 MayReceiveFrames.swift
[1863/2046] Wrapping AST for NIOSSL for debugging
[1865/2046] Compiling NIOHTTP2 ReceivingDataState.swift
[1866/2046] Compiling NIOHTTP2 ReceivingGoAwayState.swift
[1867/2046] Compiling NIOHTTP2 ReceivingHeadersState.swift
[1868/2046] Compiling NIOHTTP2 ReceivingPushPromiseState.swift
[1869/2046] Compiling NIOHTTP2 ReceivingRstStreamState.swift
[1870/2046] Compiling NIOHTTP2 ReceivingWindowUpdateState.swift
[1871/2046] Compiling NIOHTTP2 HTTP2StreamMultiplexer.swift
[1872/2046] Compiling NIOHTTP2 HTTP2ToHTTP1Codec.swift
[1873/2046] Compiling NIOHTTP2 HTTP2UserEvents.swift
[1874/2046] Compiling NIOHTTP2 InboundEventBuffer.swift
[1875/2046] Compiling NIOHTTP2 InboundWindowManager.swift
[1876/2046] Compiling NIOHTTP2 MultiplexerAbstractChannel.swift
[1877/2046] Compiling NIOHTTP2 NIOHTTP2FrameDelegate.swift
[1878/2046] Compiling NIOHTTP2 NIOHTTP2ServerConnectionManagementHandler+StateMachine.swift
[1879/2046] Compiling NIOHTTP2 HTTP2ChannelHandler+InlineStreamMultiplexer.swift
[1880/2046] Compiling NIOHTTP2 HTTP2ChannelHandler.swift
[1881/2046] Compiling NIOHTTP2 HTTP2CommonInboundStreamMultiplexer.swift
[1882/2046] Compiling NIOHTTP2 HTTP2ConnectionStateChange.swift
[1883/2046] Compiling JWTKit CustomizedJSONCoders.swift
[1884/2046] Compiling JWTKit Utilities.swift
[1885/2046] Compiling JWTKit AppleIdentityToken.swift
[1886/2046] Compiling JWTKit FirebaseAuthIdentityToken.swift
[1887/2046] Compiling JWTKit GoogleIdentityToken.swift
[1888/2046] Compiling JWTKit MicrosoftIdentityToken.swift
[1889/2046] Compiling JWTKit EmptyPolicy.swift
[1890/2046] Compiling JWTKit ValidationTimePayload.swift
[1891/2046] Compiling JWTKit X5CVerifier.swift
[1893/2047] Emitting module NIOHTTP2
[1893/2055] Wrapping AST for JWTKit for debugging
[1903/2055] Compiling NIOHTTP2 HasFlowControlWindows.swift
[1904/2055] Compiling NIOHTTP2 HasLocalSettings.swift
[1905/2055] Compiling NIOHTTP2 HasRemoteSettings.swift
[1906/2055] Compiling NIOHTTP2 LocallyQuiescingState.swift
[1907/2055] Compiling NIOHTTP2 QuiescingState.swift
[1908/2055] Compiling NIOHTTP2 RemotelyQuiescingState.swift
[1909/2055] Compiling NIOHTTP2 SendAndReceiveGoawayState.swift
[1910/2055] Compiling NIOHTTP2 StateMachineResult.swift
[1911/2055] Compiling NIOHTTP2 ContentLengthVerifier.swift
[1912/2055] Compiling NIOHTTP2 NIOHTTP2ServerConnectionManagementHandler.swift
[1913/2055] Compiling NIOHTTP2 StreamChannelFlowController.swift
[1914/2055] Compiling NIOHTTP2 StreamChannelList.swift
[1915/2055] Compiling NIOHTTP2 StreamMap.swift
[1916/2055] Compiling NIOHTTP2 StreamStateMachine.swift
[1917/2055] Compiling NIOHTTP2 Timer.swift
[1918/2055] Compiling NIOHTTP2 UnsafeTransfer.swift
[1919/2055] Compiling NIOHTTP2 WatermarkedFlowController.swift
[1920/2055] Compiling NIOHTTP2 HTTP2FrameParser.swift
[1921/2055] Compiling NIOHTTP2 HTTP2PingData.swift
[1922/2055] Compiling NIOHTTP2 HTTP2PipelineHelpers.swift
[1923/2055] Compiling NIOHTTP2 HTTP2Settings.swift
[1924/2055] Compiling NIOHTTP2 HTTP2Stream.swift
[1925/2055] Compiling NIOHTTP2 HTTP2StreamChannel+OutboundStreamMultiplexer.swift
[1926/2055] Compiling NIOHTTP2 HTTP2StreamChannel.swift
[1927/2055] Compiling NIOHTTP2 HTTP2StreamDelegate.swift
[1928/2055] Compiling NIOHTTP2 HTTP2StreamID.swift
[1929/2055] Compiling NIOHTTP2 DOSHeuristics.swift
[1930/2055] Compiling NIOHTTP2 Error+Any.swift
[1942/2055] Compiling NIOHTTP2 HTTP2Error.swift
[1943/2055] Compiling NIOHTTP2 HTTP2ErrorCode.swift
[1944/2055] Compiling NIOHTTP2 HTTP2FlowControlWindow.swift
[1945/2055] Compiling NIOHTTP2 HTTP2Frame.swift
[1946/2055] Compiling NIOHTTP2 HTTP2FrameEncoder.swift
[1956/2055] Compiling NIOHTTP2 MaySendFrames.swift
[1957/2055] Compiling NIOHTTP2 SendingDataState.swift
[1958/2055] Compiling NIOHTTP2 SendingGoawayState.swift
[1959/2055] Compiling NIOHTTP2 SendingHeadersState.swift
[1960/2055] Compiling NIOHTTP2 SendingPushPromiseState.swift
[1961/2055] Compiling NIOHTTP2 SendingRstStreamState.swift
[1962/2055] Compiling NIOHTTP2 SendingWindowUpdateState.swift
[1963/2055] Compiling NIOHTTP2 HTTP2SettingsState.swift
[1964/2055] Compiling NIOHTTP2 HasExtendedConnectSettings.swift
[1965/2056] Wrapping AST for NIOHTTP2 for debugging
[1967/2120] Compiling AsyncHTTPClient AnyAsyncSequence.swift
[1968/2120] Compiling AsyncHTTPClient AnyAsyncSequenceProucerDelete.swift
[1969/2120] Compiling AsyncHTTPClient AsyncLazySequence.swift
[1970/2120] Compiling AsyncHTTPClient HTTPClient+execute.swift
[1971/2120] Compiling AsyncHTTPClient HTTPClient+shutdown.swift
[1972/2120] Compiling AsyncHTTPClient HTTPClient+tracing.swift
[1973/2120] Compiling AsyncHTTPClient HTTPClientRequest+Prepared.swift
[1974/2120] Compiling AsyncHTTPClient HTTPClientRequest+auth.swift
[1975/2120] Compiling AsyncHTTPClient HTTPClientRequest.swift
[1976/2120] Emitting module AsyncHTTPClient
[1977/2128] Compiling AsyncHTTPClient HTTPClientResponse.swift
[1978/2128] Compiling AsyncHTTPClient SingleIteratorPrecondition.swift
[1979/2128] Compiling AsyncHTTPClient Transaction+StateMachine.swift
[1980/2128] Compiling AsyncHTTPClient Transaction.swift
[1981/2128] Compiling AsyncHTTPClient Base64.swift
[1982/2128] Compiling AsyncHTTPClient BasicAuth.swift
[1983/2128] Compiling AsyncHTTPClient BestEffortHashableTLSConfiguration.swift
[1984/2128] Compiling AsyncHTTPClient Configuration+BrowserLike.swift
[1985/2128] Compiling AsyncHTTPClient ConnectionPool.swift
[1986/2128] Compiling AsyncHTTPClient RequestValidation.swift
[1987/2128] Compiling AsyncHTTPClient SSLContextCache.swift
[1988/2128] Compiling AsyncHTTPClient Scheme.swift
[1989/2128] Compiling AsyncHTTPClient Singleton.swift
[1990/2128] Compiling AsyncHTTPClient StringConvertibleInstances.swift
[1991/2128] Compiling AsyncHTTPClient StructuredConcurrencyHelpers.swift
[1992/2128] Compiling AsyncHTTPClient TracingSupport.swift
[1993/2128] Compiling AsyncHTTPClient Utils.swift
[1994/2128] Compiling AsyncHTTPClient HTTPConnectionEvent.swift
[1995/2128] Compiling AsyncHTTPClient HTTPConnectionPool+Factory.swift
[1996/2128] Compiling AsyncHTTPClient HTTPConnectionPool+Manager.swift
[1997/2128] Compiling AsyncHTTPClient HTTPConnectionPool.swift
[1998/2128] Compiling AsyncHTTPClient HTTPExecutableRequest.swift
[1999/2128] Compiling AsyncHTTPClient HTTPRequestStateMachine+Demand.swift
[2000/2128] Compiling AsyncHTTPClient HTTPRequestStateMachine.swift
[2001/2128] Compiling AsyncHTTPClient RequestBodyLength.swift
[2002/2128] Compiling AsyncHTTPClient RequestFramingMetadata.swift
[2003/2128] Compiling AsyncHTTPClient RequestOptions.swift
[2004/2128] Compiling AsyncHTTPClient HTTPConnectionPool+Backoff.swift
[2005/2128] Compiling AsyncHTTPClient HTTPConnectionPool+HTTP1Connections.swift
[2006/2128] Compiling AsyncHTTPClient HTTPConnectionPool+HTTP1StateMachine.swift
[2007/2128] Compiling AsyncHTTPClient HTTPConnectionPool+HTTP2Connections.swift
[2008/2128] Compiling AsyncHTTPClient HTTPConnectionPool+HTTP2StateMachine.swift
[2009/2128] Compiling AsyncHTTPClient HTTPConnectionPool+RequestQueue.swift
[2010/2128] Compiling AsyncHTTPClient HTTPConnectionPool+StateMachine.swift
[2011/2128] Compiling AsyncHTTPClient ConnectionTarget.swift
[2012/2128] Compiling AsyncHTTPClient LRUCache.swift
[2013/2128] Compiling AsyncHTTPClient NIOLoopBound+Execute.swift
[2014/2128] Compiling AsyncHTTPClient NWErrorHandler.swift
[2015/2128] Compiling AsyncHTTPClient NWWaitingHandler.swift
[2016/2128] Compiling AsyncHTTPClient TLSConfiguration.swift
[2017/2128] Compiling AsyncHTTPClient RedirectState.swift
[2018/2128] Compiling AsyncHTTPClient RequestBag+StateMachine.swift
[2019/2128] Compiling AsyncHTTPClient RequestBag+Tracing.swift
[2020/2128] Compiling AsyncHTTPClient RequestBag.swift
[2021/2128] Compiling AsyncHTTPClient HTTP1ProxyConnectHandler.swift
[2022/2128] Compiling AsyncHTTPClient SOCKSEventsHandler.swift
[2023/2128] Compiling AsyncHTTPClient TLSEventsHandler.swift
[2024/2128] Compiling AsyncHTTPClient HTTP1ClientChannelHandler.swift
[2025/2128] Compiling AsyncHTTPClient HTTP1Connection.swift
[2026/2128] Compiling AsyncHTTPClient HTTP1ConnectionStateMachine.swift
[2027/2128] Compiling AsyncHTTPClient HTTP2ClientRequestHandler.swift
[2028/2128] Compiling AsyncHTTPClient HTTP2Connection.swift
[2029/2128] Compiling AsyncHTTPClient HTTP2IdleHandler.swift
[2030/2128] Compiling AsyncHTTPClient DeconstructedURL.swift
[2031/2128] Compiling AsyncHTTPClient FileDownloadDelegate.swift
[2032/2128] Compiling AsyncHTTPClient FoundationExtensions.swift
[2033/2128] Compiling AsyncHTTPClient HTTPClient+HTTPCookie.swift
[2034/2128] Compiling AsyncHTTPClient HTTPClient+Proxy.swift
[2035/2128] Compiling AsyncHTTPClient HTTPClient+StructuredConcurrency.swift
[2036/2128] Compiling AsyncHTTPClient HTTPClient.swift
[2037/2128] Compiling AsyncHTTPClient HTTPClientConfiguration+SwiftConfiguration.swift
[2038/2128] Compiling AsyncHTTPClient HTTPHandler.swift
[2039/2129] Wrapping AST for AsyncHTTPClient for debugging
[2041/2152] Emitting module GoogleAuth
[2042/2155] Compiling GoogleAuth ADC.swift
[2043/2155] Compiling GoogleAuth ADCPath.swift
[2044/2155] Compiling GoogleAuth ADCResolver.swift
[2045/2155] Compiling GoogleAuth AuthHeaders.swift
[2046/2155] Compiling GoogleAuth CredentialParserRegistry.swift
[2047/2155] Compiling GoogleAuth Credentials.swift
[2048/2155] Compiling GoogleAuth CredentialsError.swift
[2049/2155] Compiling GoogleAuth AnonymousCredentials.swift
[2050/2155] Compiling GoogleAuth ApiKeyCredentials.swift
[2051/2155] Compiling GoogleAuth ExternalAccountCredentials.swift
[2052/2155] Compiling GoogleAuth SubjectTokenProvider.swift
[2053/2155] Compiling GoogleAuth MDSAccessTokenProvider.swift
[2054/2155] Compiling GoogleAuth MDSCredentials.swift
[2055/2155] Compiling GoogleAuth ServiceAccountCredentials.swift
[2056/2155] Compiling GoogleAuth ServiceAccountData.swift
[2057/2155] Compiling GoogleAuth ServiceAccountTokenProvider.swift
[2058/2155] Compiling GoogleAuth AuthHTTPClient.swift
[2059/2155] Compiling GoogleAuth AuthHTTPError.swift
[2060/2155] Compiling GoogleAuth RetryEngine.swift
[2061/2155] Compiling GoogleAuth UserAccountData.swift
[2062/2155] Compiling GoogleAuth UserAccountTokenProvider.swift
[2063/2155] Compiling GoogleAuth UserCredentials.swift
[2064/2155] Compiling GoogleAuth STSHandler.swift
[2065/2155] Compiling GoogleAuth TokenCache.swift
[2066/2155] Compiling GoogleAuth PackageVersion.swift
[2067/2156] Wrapping AST for GoogleAuth for debugging
[2069/2214] Compiling GoogleGax AIP194+PollingErrorPolicy.swift
[2070/2214] Compiling GoogleGax AIP194+RetryPolicy.swift
[2071/2214] Compiling GoogleGax AIP194.swift
[2072/2214] Compiling GoogleGax AdaptiveThrottler.swift
[2073/2214] Compiling GoogleGax AlwaysPoll.swift
[2074/2214] Compiling GoogleGax AlwaysRetry.swift
[2075/2214] Compiling GoogleGax ApiClientHeader.swift
[2076/2214] Compiling GoogleGax BackoffPolicy.swift
[2077/2214] Compiling GoogleGax BasePollingErrorPolicy.swift
[2078/2222] Emitting module GoogleGax
[2079/2222] Compiling GoogleGax ContinueOnIO.swift
[2080/2222] Compiling GoogleGax CredentialsProtocol.swift
[2081/2222] Compiling GoogleGax ErrorWrapper.swift
[2082/2222] Compiling GoogleGax ExponentialBackoff+BackoffPolicy.swift
[2083/2222] Compiling GoogleGax ExponentialBackoff+PollingBackoffPolicy.swift
[2084/2222] Compiling GoogleGax ExponentialBackoff.swift
[2085/2222] Compiling GoogleGax HTTPClient.swift
[2086/2222] Compiling GoogleGax HTTPClientHolder.swift
[2087/2222] Compiling GoogleGax BaseRetryPolicy.swift
[2088/2222] Compiling GoogleGax BindingError.swift
[2089/2222] Compiling GoogleGax CRC32C.swift
[2090/2222] Compiling GoogleGax CircuitBreaker.swift
[2091/2222] Compiling GoogleGax ClientError.swift
[2092/2222] Compiling GoogleGax ClientOptions.swift
[2093/2222] Compiling GoogleGax ContinueOnIO+PollingErrorPolicy.swift
[2094/2222] Compiling GoogleGax ContinueOnIO+RetryPolicy.swift
[2095/2222] Compiling GoogleGax LimitedAttemptCount+PollingErrorPolicy.swift
[2096/2222] Compiling GoogleGax LimitedAttemptCount+RetryPolicy.swift
[2097/2222] Compiling GoogleGax LimitedAttemptCount.swift
[2098/2222] Compiling GoogleGax LimitedElapsedTime+PollingErrorPolicy.swift
[2099/2222] Compiling GoogleGax LimitedElapsedTime+RetryPolicy.swift
[2100/2222] Compiling GoogleGax LimitedElapsedTime.swift
[2101/2222] Compiling GoogleGax LongRunningOperations.swift
[2102/2222] Compiling GoogleGax NeverRetry.swift
[2103/2222] Compiling GoogleGax HTTPClientProtocol.swift
[2104/2222] Compiling GoogleGax HTTPClientRequest.swift
[2105/2222] Compiling GoogleGax HTTPClientResponse.swift
[2106/2222] Compiling GoogleGax HTTPHeaders.swift
[2107/2222] Compiling GoogleGax HTTPResponseBody.swift
[2108/2222] Compiling GoogleGax HeaderNames.swift
[2109/2222] Compiling GoogleGax Host.swift
[2110/2222] Compiling GoogleGax InProgressResult.swift
[2111/2222] Compiling GoogleGax RequestOptions.swift
[2112/2222] Compiling GoogleGax RetryLoop.swift
[2113/2222] Compiling GoogleGax RetryPolicy.swift
[2114/2222] Compiling GoogleGax RetryResult.swift
[2115/2222] Compiling GoogleGax RetryState.swift
[2116/2222] Compiling GoogleGax RetryThrottler.swift
[2117/2222] Compiling GoogleGax RetryThrottlerError.swift
[2118/2222] Compiling GoogleGax RoutingMatcher.swift
[2119/2222] Compiling GoogleGax Pagination.swift
/host/spi-builder-workspace/.build/checkouts/swift-google-gax/Sources/GoogleGax/Pagination.swift:44:22: error: cannot convert '@Sendable (String) async throws -> (response: ResponseType, items: [Item], nextToken: String)' to 'nonisolated(nonsending) @Sendable (String) async throws -> (response: ResponseType, items: [Item], nextToken: String)' because crossing of an isolation boundary requires parameter and result types to conform to 'Sendable' protocol
42 | ) where ResponseType: _PaginatedResponse<Item> {
43 | self.initialPageToken = initialPageToken ?? ""
44 | self.fetchPage = { token in
| |- error: cannot convert '@Sendable (String) async throws -> (response: ResponseType, items: [Item], nextToken: String)' to 'nonisolated(nonsending) @Sendable (String) async throws -> (response: ResponseType, items: [Item], nextToken: String)' because crossing of an isolation boundary requires parameter and result types to conform to 'Sendable' protocol
| `- note: type 'Item' does not conform to 'Sendable' protocol
45 | let response = try await listRpc(token)
46 | return (response, response._getPaginatedItems(), response._nextPageToken())
[2120/2222] Compiling GoogleGax PollingBackoffPolicy.swift
/host/spi-builder-workspace/.build/checkouts/swift-google-gax/Sources/GoogleGax/Pagination.swift:44:22: error: cannot convert '@Sendable (String) async throws -> (response: ResponseType, items: [Item], nextToken: String)' to 'nonisolated(nonsending) @Sendable (String) async throws -> (response: ResponseType, items: [Item], nextToken: String)' because crossing of an isolation boundary requires parameter and result types to conform to 'Sendable' protocol
42 | ) where ResponseType: _PaginatedResponse<Item> {
43 | self.initialPageToken = initialPageToken ?? ""
44 | self.fetchPage = { token in
| |- error: cannot convert '@Sendable (String) async throws -> (response: ResponseType, items: [Item], nextToken: String)' to 'nonisolated(nonsending) @Sendable (String) async throws -> (response: ResponseType, items: [Item], nextToken: String)' because crossing of an isolation boundary requires parameter and result types to conform to 'Sendable' protocol
| `- note: type 'Item' does not conform to 'Sendable' protocol
45 | let response = try await listRpc(token)
46 | return (response, response._getPaginatedItems(), response._nextPageToken())
[2121/2222] Compiling GoogleGax PollingErrorPolicy.swift
/host/spi-builder-workspace/.build/checkouts/swift-google-gax/Sources/GoogleGax/Pagination.swift:44:22: error: cannot convert '@Sendable (String) async throws -> (response: ResponseType, items: [Item], nextToken: String)' to 'nonisolated(nonsending) @Sendable (String) async throws -> (response: ResponseType, items: [Item], nextToken: String)' because crossing of an isolation boundary requires parameter and result types to conform to 'Sendable' protocol
42 | ) where ResponseType: _PaginatedResponse<Item> {
43 | self.initialPageToken = initialPageToken ?? ""
44 | self.fetchPage = { token in
| |- error: cannot convert '@Sendable (String) async throws -> (response: ResponseType, items: [Item], nextToken: String)' to 'nonisolated(nonsending) @Sendable (String) async throws -> (response: ResponseType, items: [Item], nextToken: String)' because crossing of an isolation boundary requires parameter and result types to conform to 'Sendable' protocol
| `- note: type 'Item' does not conform to 'Sendable' protocol
45 | let response = try await listRpc(token)
46 | return (response, response._getPaginatedItems(), response._nextPageToken())
[2122/2222] Compiling GoogleGax PollingResult.swift
/host/spi-builder-workspace/.build/checkouts/swift-google-gax/Sources/GoogleGax/Pagination.swift:44:22: error: cannot convert '@Sendable (String) async throws -> (response: ResponseType, items: [Item], nextToken: String)' to 'nonisolated(nonsending) @Sendable (String) async throws -> (response: ResponseType, items: [Item], nextToken: String)' because crossing of an isolation boundary requires parameter and result types to conform to 'Sendable' protocol
42 | ) where ResponseType: _PaginatedResponse<Item> {
43 | self.initialPageToken = initialPageToken ?? ""
44 | self.fetchPage = { token in
| |- error: cannot convert '@Sendable (String) async throws -> (response: ResponseType, items: [Item], nextToken: String)' to 'nonisolated(nonsending) @Sendable (String) async throws -> (response: ResponseType, items: [Item], nextToken: String)' because crossing of an isolation boundary requires parameter and result types to conform to 'Sendable' protocol
| `- note: type 'Item' does not conform to 'Sendable' protocol
45 | let response = try await listRpc(token)
46 | return (response, response._getPaginatedItems(), response._nextPageToken())
[2123/2222] Compiling GoogleGax PollingState.swift
/host/spi-builder-workspace/.build/checkouts/swift-google-gax/Sources/GoogleGax/Pagination.swift:44:22: error: cannot convert '@Sendable (String) async throws -> (response: ResponseType, items: [Item], nextToken: String)' to 'nonisolated(nonsending) @Sendable (String) async throws -> (response: ResponseType, items: [Item], nextToken: String)' because crossing of an isolation boundary requires parameter and result types to conform to 'Sendable' protocol
42 | ) where ResponseType: _PaginatedResponse<Item> {
43 | self.initialPageToken = initialPageToken ?? ""
44 | self.fetchPage = { token in
| |- error: cannot convert '@Sendable (String) async throws -> (response: ResponseType, items: [Item], nextToken: String)' to 'nonisolated(nonsending) @Sendable (String) async throws -> (response: ResponseType, items: [Item], nextToken: String)' because crossing of an isolation boundary requires parameter and result types to conform to 'Sendable' protocol
| `- note: type 'Item' does not conform to 'Sendable' protocol
45 | let response = try await listRpc(token)
46 | return (response, response._getPaginatedItems(), response._nextPageToken())
[2124/2222] Compiling GoogleGax ProtobufConversionError.swift
/host/spi-builder-workspace/.build/checkouts/swift-google-gax/Sources/GoogleGax/Pagination.swift:44:22: error: cannot convert '@Sendable (String) async throws -> (response: ResponseType, items: [Item], nextToken: String)' to 'nonisolated(nonsending) @Sendable (String) async throws -> (response: ResponseType, items: [Item], nextToken: String)' because crossing of an isolation boundary requires parameter and result types to conform to 'Sendable' protocol
42 | ) where ResponseType: _PaginatedResponse<Item> {
43 | self.initialPageToken = initialPageToken ?? ""
44 | self.fetchPage = { token in
| |- error: cannot convert '@Sendable (String) async throws -> (response: ResponseType, items: [Item], nextToken: String)' to 'nonisolated(nonsending) @Sendable (String) async throws -> (response: ResponseType, items: [Item], nextToken: String)' because crossing of an isolation boundary requires parameter and result types to conform to 'Sendable' protocol
| `- note: type 'Item' does not conform to 'Sendable' protocol
45 | let response = try await listRpc(token)
46 | return (response, response._getPaginatedItems(), response._nextPageToken())
[2125/2222] Compiling GoogleGax QueryParameter.swift
/host/spi-builder-workspace/.build/checkouts/swift-google-gax/Sources/GoogleGax/Pagination.swift:44:22: error: cannot convert '@Sendable (String) async throws -> (response: ResponseType, items: [Item], nextToken: String)' to 'nonisolated(nonsending) @Sendable (String) async throws -> (response: ResponseType, items: [Item], nextToken: String)' because crossing of an isolation boundary requires parameter and result types to conform to 'Sendable' protocol
42 | ) where ResponseType: _PaginatedResponse<Item> {
43 | self.initialPageToken = initialPageToken ?? ""
44 | self.fetchPage = { token in
| |- error: cannot convert '@Sendable (String) async throws -> (response: ResponseType, items: [Item], nextToken: String)' to 'nonisolated(nonsending) @Sendable (String) async throws -> (response: ResponseType, items: [Item], nextToken: String)' because crossing of an isolation boundary requires parameter and result types to conform to 'Sendable' protocol
| `- note: type 'Item' does not conform to 'Sendable' protocol
45 | let response = try await listRpc(token)
46 | return (response, response._getPaginatedItems(), response._nextPageToken())
[2126/2222] Compiling GoogleGax RequestError.swift
/host/spi-builder-workspace/.build/checkouts/swift-google-gax/Sources/GoogleGax/Pagination.swift:44:22: error: cannot convert '@Sendable (String) async throws -> (response: ResponseType, items: [Item], nextToken: String)' to 'nonisolated(nonsending) @Sendable (String) async throws -> (response: ResponseType, items: [Item], nextToken: String)' because crossing of an isolation boundary requires parameter and result types to conform to 'Sendable' protocol
42 | ) where ResponseType: _PaginatedResponse<Item> {
43 | self.initialPageToken = initialPageToken ?? ""
44 | self.fetchPage = { token in
| |- error: cannot convert '@Sendable (String) async throws -> (response: ResponseType, items: [Item], nextToken: String)' to 'nonisolated(nonsending) @Sendable (String) async throws -> (response: ResponseType, items: [Item], nextToken: String)' because crossing of an isolation boundary requires parameter and result types to conform to 'Sendable' protocol
| `- note: type 'Item' does not conform to 'Sendable' protocol
45 | let response = try await listRpc(token)
46 | return (response, response._getPaginatedItems(), response._nextPageToken())
[2127/2222] Compiling GoogleGax ServiceError.swift
[2128/2222] Compiling GoogleGax StatusDetail.swift
[2129/2222] Compiling GoogleGax StrictIdempotency.swift
[2130/2222] Compiling GoogleGax ThrottleResult.swift
[2131/2222] Compiling GoogleGax TooManyRequests+PollingErrorPolicy.swift
[2132/2222] Compiling GoogleGax TooManyRequests+RetryPolicy.swift
[2133/2222] Compiling GoogleGax TooManyRequests.swift
[2134/2222] Compiling GoogleGax PackageVersion.swift
BUILD FAILURE 6.2 android