Build Information
Failed to build PipeKitDemo, reference main (f66174), with Swift 6.4 for tvOS using Xcode 27.0 on 27 Sep 2026 09:31:11 UTC.
Build Command
No build command. This typically means the build failed at an early stage where we determine the build command.Build Log
========================================
RunAll
========================================
Builder version: 5.1.0
Interrupt handler set up.
========================================
Checkout
========================================
Clone URL: https://github.com/PipeKitSDK/PipeKitDemo-ios.git
Reference: main
Initialized empty Git repository in /Users/admin/builder/spi-builder-workspace/.git/
From https://github.com/PipeKitSDK/PipeKitDemo-ios
* branch main -> FETCH_HEAD
* [new branch] main -> origin/main
HEAD is now at f661744 Demo: state the MQTT transport explicitly
Cloned https://github.com/PipeKitSDK/PipeKitDemo-ios.git
Revision (git rev-parse @):
f661744a0e5d815c223ab19f7eb9710bb1bd4ecb
SUCCESS checkout https://github.com/PipeKitSDK/PipeKitDemo-ios.git at main
========================================
Build
========================================
Selected platform: tvOS
Swift version: 6.4
Building package at path: $PWD
https://github.com/PipeKitSDK/PipeKitDemo-ios.git
Command line invocation:
/Applications/Xcode-27.0.0-Release.Candidate.app/Contents/Developer/usr/bin/xcodebuild -IDEClonedSourcePackagesDirPathOverride=/Users/admin/builder/spi-builder-workspace/.dependencies -resolvePackageDependencies
Resolve Package Graph
the package at '/Users/admin/builder/PipeKitSDK' cannot be accessed (/Users/admin/builder/PipeKitSDK doesn't exist in file system)
2026-09-27 05:31:09.007 xcodebuild[528:3017] Writing error result bundle to /var/folders/xq/y_g06wb113726d38xsyx71_h0000gn/T/ResultBundle_2026-27-09_05-31-0009.xcresult
xcodebuild: error: Could not resolve package dependencies:
the package at '/Users/admin/builder/PipeKitSDK' cannot be accessed (/Users/admin/builder/PipeKitSDK doesn't exist in file system)
Command line invocation:
/Applications/Xcode-27.0.0-Release.Candidate.app/Contents/Developer/usr/bin/xcodebuild -IDEClonedSourcePackagesDirPathOverride=/Users/admin/builder/spi-builder-workspace/.dependencies -resolvePackageDependencies
Resolve Package Graph
the package at '/Users/admin/builder/PipeKitSDK' cannot be accessed (/Users/admin/builder/PipeKitSDK doesn't exist in file system)
2026-09-27 05:31:10.880 xcodebuild[578:3455] Writing error result bundle to /var/folders/xq/y_g06wb113726d38xsyx71_h0000gn/T/ResultBundle_2026-27-09_05-31-0010.xcresult
xcodebuild: error: Could not resolve package dependencies:
the package at '/Users/admin/builder/PipeKitSDK' cannot be accessed (/Users/admin/builder/PipeKitSDK doesn't exist in file system)
BUILD FAILURE 6.4 tvOS