Build Information
Failed to build WWCollectionViewLayout, reference main (79ca67), with Swift 6.4 for watchOS using Xcode 27.0 on 20 Sep 2026 23:56:06 UTC.
Build Command
env DEVELOPER_DIR=/Applications/Xcode-27.0.0-Release.Candidate.app xcrun xcodebuild -IDEClonedSourcePackagesDirPathOverride=$PWD/.dependencies -skipMacroValidation -skipPackagePluginValidation -derivedDataPath $PWD/.derivedData build -scheme WWCollectionViewLayout -destination generic/platform=watchOSBuild Log
60 |
61 | guard let layoutAttributesArray = super.layoutAttributesForElements(in: rect),
/Applications/Xcode-27.0.0-Release.Candidate.app/Contents/Developer/Platforms/WatchOS.platform/Developer/SDKs/WatchOS27.0.sdk/System/Library/Frameworks/UIKit.framework/Headers/UICollectionViewLayout.h:43:12: note: 'UICollectionViewLayoutAttributes' has been explicitly marked unavailable here
41 |
42 | UIKIT_EXTERN API_AVAILABLE(ios(6.0)) API_UNAVAILABLE(watchos) NS_SWIFT_UI_ACTOR
43 | @interface UICollectionViewLayoutAttributes : NSObject <NSCopying, UIDynamicItem>
| `- note: 'UICollectionViewLayoutAttributes' has been explicitly marked unavailable here
44 |
45 | @property (nonatomic) CGRect frame;
/Users/admin/builder/spi-builder-workspace/Sources/WWCollectionViewLayout/Layout/GalleryCollectionViewLayout.swift:88:46: error: 'UICollectionView' is unavailable in watchOS
86 | /// - velocity: CGPoint
87 | /// - Returns: CGPoint
88 | func targetContentOffset(collectionView: UICollectionView?, for proposedContentOffset: CGPoint, with velocity: CGPoint) -> CGPoint {
| `- error: 'UICollectionView' is unavailable in watchOS
89 |
90 | guard let collectionView = collectionView,
/Applications/Xcode-27.0.0-Release.Candidate.app/Contents/Developer/Platforms/WatchOS.platform/Developer/SDKs/WatchOS27.0.sdk/System/Library/Frameworks/UIKit.framework/Headers/UICollectionView.h:362:12: note: 'UICollectionView' has been explicitly marked unavailable here
360 |
361 | UIKIT_EXTERN API_AVAILABLE(ios(6.0)) API_UNAVAILABLE(watchos) NS_SWIFT_UI_ACTOR
362 | @interface UICollectionView : UIScrollView <UIDataSourceTranslating>
| `- note: 'UICollectionView' has been explicitly marked unavailable here
363 |
364 | - (instancetype)initWithFrame:(CGRect)frame collectionViewLayout:(UICollectionViewLayout *)layout NS_DESIGNATED_INITIALIZER;
/Users/admin/builder/spi-builder-workspace/Sources/WWCollectionViewLayout/Layout/GalleryCollectionViewLayout.swift:113:43: error: 'UICollectionView' is unavailable in watchOS
111 | /// - itemSize: CGSize
112 | /// - Returns: UIEdgeInsets
113 | func sectionInset(for collectionView: UICollectionView, itemSize: CGSize) -> UIEdgeInsets {
| `- error: 'UICollectionView' is unavailable in watchOS
114 |
115 | let left = (collectionView.bounds.width - itemSize.width) * 0.5
/Applications/Xcode-27.0.0-Release.Candidate.app/Contents/Developer/Platforms/WatchOS.platform/Developer/SDKs/WatchOS27.0.sdk/System/Library/Frameworks/UIKit.framework/Headers/UICollectionView.h:362:12: note: 'UICollectionView' has been explicitly marked unavailable here
360 |
361 | UIKIT_EXTERN API_AVAILABLE(ios(6.0)) API_UNAVAILABLE(watchos) NS_SWIFT_UI_ACTOR
362 | @interface UICollectionView : UIScrollView <UIDataSourceTranslating>
| `- note: 'UICollectionView' has been explicitly marked unavailable here
363 |
364 | - (instancetype)initWithFrame:(CGRect)frame collectionViewLayout:(UICollectionViewLayout *)layout NS_DESIGNATED_INITIALIZER;
/Users/admin/builder/spi-builder-workspace/Sources/WWCollectionViewLayout/Layout/GalleryCollectionViewLayout.swift:127:49: error: 'UICollectionView' is unavailable in watchOS
125 | /// - itemSize: CGSize
126 | /// - Returns: CGFloat
127 | func minimumLineSpacing(for collectionView: UICollectionView, itemSize: CGSize) -> CGFloat {
| `- error: 'UICollectionView' is unavailable in watchOS
128 | let lineSpacing = collectionView.bounds.width * 0.5 - itemSize.width
129 | return lineSpacing
/Applications/Xcode-27.0.0-Release.Candidate.app/Contents/Developer/Platforms/WatchOS.platform/Developer/SDKs/WatchOS27.0.sdk/System/Library/Frameworks/UIKit.framework/Headers/UICollectionView.h:362:12: note: 'UICollectionView' has been explicitly marked unavailable here
360 |
361 | UIKIT_EXTERN API_AVAILABLE(ios(6.0)) API_UNAVAILABLE(watchos) NS_SWIFT_UI_ACTOR
362 | @interface UICollectionView : UIScrollView <UIDataSourceTranslating>
| `- note: 'UICollectionView' has been explicitly marked unavailable here
363 |
364 | - (instancetype)initWithFrame:(CGRect)frame collectionViewLayout:(UICollectionViewLayout *)layout NS_DESIGNATED_INITIALIZER;
/Users/admin/builder/spi-builder-workspace/Sources/WWCollectionViewLayout/Layout/LeftAlignedCollectionViewFlowLayout.swift:13:75: error: 'UICollectionViewLayoutAttributes' is unavailable in watchOS
11 | open class LeftAlignedCollectionViewFlowLayout: UICollectionViewFlowLayout {
12 |
13 | public override func layoutAttributesForElements(in rect: CGRect) -> [UICollectionViewLayoutAttributes]? {
| `- error: 'UICollectionViewLayoutAttributes' is unavailable in watchOS
14 | return leftLayoutAttributesForElements(in: rect)
15 | }
/Applications/Xcode-27.0.0-Release.Candidate.app/Contents/Developer/Platforms/WatchOS.platform/Developer/SDKs/WatchOS27.0.sdk/System/Library/Frameworks/UIKit.framework/Headers/UICollectionViewLayout.h:43:12: note: 'UICollectionViewLayoutAttributes' has been explicitly marked unavailable here
41 |
42 | UIKIT_EXTERN API_AVAILABLE(ios(6.0)) API_UNAVAILABLE(watchos) NS_SWIFT_UI_ACTOR
43 | @interface UICollectionViewLayoutAttributes : NSObject <NSCopying, UIDynamicItem>
| `- note: 'UICollectionViewLayoutAttributes' has been explicitly marked unavailable here
44 |
45 | @property (nonatomic) CGRect frame;
/Users/admin/builder/spi-builder-workspace/Sources/WWCollectionViewLayout/Layout/LeftAlignedCollectionViewFlowLayout.swift:11:49: error: 'UICollectionViewFlowLayout' is unavailable in watchOS
9 |
10 | // MARK: - LeftAlignedCollectionViewFlowLayout
11 | open class LeftAlignedCollectionViewFlowLayout: UICollectionViewFlowLayout {
| `- error: 'UICollectionViewFlowLayout' is unavailable in watchOS
12 |
13 | public override func layoutAttributesForElements(in rect: CGRect) -> [UICollectionViewLayoutAttributes]? {
/Applications/Xcode-27.0.0-Release.Candidate.app/Contents/Developer/Platforms/WatchOS.platform/Developer/SDKs/WatchOS27.0.sdk/System/Library/Frameworks/UIKit.framework/Headers/UICollectionViewFlowLayout.h:46:12: note: 'UICollectionViewFlowLayout' has been explicitly marked unavailable here
44 |
45 | UIKIT_EXTERN API_AVAILABLE(ios(6.0)) API_UNAVAILABLE(watchos) NS_SWIFT_UI_ACTOR
46 | @interface UICollectionViewFlowLayout : UICollectionViewLayout
| `- note: 'UICollectionViewFlowLayout' has been explicitly marked unavailable here
47 |
48 | @property (nonatomic) CGFloat minimumLineSpacing;
/Users/admin/builder/spi-builder-workspace/Sources/WWCollectionViewLayout/Layout/LeftAlignedCollectionViewFlowLayout.swift:24:63: error: 'UICollectionViewLayoutAttributes' is unavailable in watchOS
22 | /// - Parameter rect: CGRect
23 | /// - Returns: [UICollectionViewLayoutAttributes]?
24 | func leftLayoutAttributesForElements(in rect: CGRect) -> [UICollectionViewLayoutAttributes]? {
| `- error: 'UICollectionViewLayoutAttributes' is unavailable in watchOS
25 |
26 | let attributes = super.layoutAttributesForElements(in: rect)
/Applications/Xcode-27.0.0-Release.Candidate.app/Contents/Developer/Platforms/WatchOS.platform/Developer/SDKs/WatchOS27.0.sdk/System/Library/Frameworks/UIKit.framework/Headers/UICollectionViewLayout.h:43:12: note: 'UICollectionViewLayoutAttributes' has been explicitly marked unavailable here
41 |
42 | UIKIT_EXTERN API_AVAILABLE(ios(6.0)) API_UNAVAILABLE(watchos) NS_SWIFT_UI_ACTOR
43 | @interface UICollectionViewLayoutAttributes : NSObject <NSCopying, UIDynamicItem>
| `- note: 'UICollectionViewLayoutAttributes' has been explicitly marked unavailable here
44 |
45 | @property (nonatomic) CGRect frame;
/Users/admin/builder/spi-builder-workspace/Sources/WWCollectionViewLayout/Layout/StackCollectionViewLayout.swift:28:75: error: 'UICollectionViewLayoutAttributes' is unavailable in watchOS
26 | }
27 |
28 | public override func layoutAttributesForElements(in rect: CGRect) -> [UICollectionViewLayoutAttributes]? {
| `- error: 'UICollectionViewLayoutAttributes' is unavailable in watchOS
29 | return layoutAttributesForElements(self, in: rect)
30 | }
/Applications/Xcode-27.0.0-Release.Candidate.app/Contents/Developer/Platforms/WatchOS.platform/Developer/SDKs/WatchOS27.0.sdk/System/Library/Frameworks/UIKit.framework/Headers/UICollectionViewLayout.h:43:12: note: 'UICollectionViewLayoutAttributes' has been explicitly marked unavailable here
41 |
42 | UIKIT_EXTERN API_AVAILABLE(ios(6.0)) API_UNAVAILABLE(watchos) NS_SWIFT_UI_ACTOR
43 | @interface UICollectionViewLayoutAttributes : NSObject <NSCopying, UIDynamicItem>
| `- note: 'UICollectionViewLayoutAttributes' has been explicitly marked unavailable here
44 |
45 | @property (nonatomic) CGRect frame;
/Users/admin/builder/spi-builder-workspace/Sources/WWCollectionViewLayout/Layout/StackCollectionViewLayout.swift:32:78: error: 'UICollectionViewLayoutAttributes' is unavailable in watchOS
30 | }
31 |
32 | public override func layoutAttributesForItem(at indexPath: IndexPath) -> UICollectionViewLayoutAttributes? {
| `- error: 'UICollectionViewLayoutAttributes' is unavailable in watchOS
33 | return layoutAttributesForItem(self, itemSize: itemSize, at: indexPath)
34 | }
/Applications/Xcode-27.0.0-Release.Candidate.app/Contents/Developer/Platforms/WatchOS.platform/Developer/SDKs/WatchOS27.0.sdk/System/Library/Frameworks/UIKit.framework/Headers/UICollectionViewLayout.h:43:12: note: 'UICollectionViewLayoutAttributes' has been explicitly marked unavailable here
41 |
42 | UIKIT_EXTERN API_AVAILABLE(ios(6.0)) API_UNAVAILABLE(watchos) NS_SWIFT_UI_ACTOR
43 | @interface UICollectionViewLayoutAttributes : NSObject <NSCopying, UIDynamicItem>
| `- note: 'UICollectionViewLayoutAttributes' has been explicitly marked unavailable here
44 |
45 | @property (nonatomic) CGRect frame;
/Users/admin/builder/spi-builder-workspace/Sources/WWCollectionViewLayout/Layout/StackCollectionViewLayout.swift:11:39: error: 'UICollectionViewLayout' is unavailable in watchOS
9 |
10 | // MARK: - StackCollectionViewLayout
11 | open class StackCollectionViewLayout: UICollectionViewLayout {
| `- error: 'UICollectionViewLayout' is unavailable in watchOS
12 |
13 | public var itemSize = CGSize(width: 150, height: 150) // item大小
/Applications/Xcode-27.0.0-Release.Candidate.app/Contents/Developer/Platforms/WatchOS.platform/Developer/SDKs/WatchOS27.0.sdk/System/Library/Frameworks/UIKit.framework/Headers/UICollectionViewLayout.h:89:12: note: 'UICollectionViewLayout' has been explicitly marked unavailable here
87 |
88 | UIKIT_EXTERN API_AVAILABLE(ios(6.0)) API_UNAVAILABLE(watchos) NS_SWIFT_UI_ACTOR
89 | @interface UICollectionViewLayout : NSObject <NSCoding>
| `- note: 'UICollectionViewLayout' has been explicitly marked unavailable here
90 |
91 | - (instancetype)init NS_DESIGNATED_INITIALIZER;
/Users/admin/builder/spi-builder-workspace/Sources/WWCollectionViewLayout/Layout/StackCollectionViewLayout.swift:52:96: error: 'UICollectionViewLayoutAttributes' is unavailable in watchOS
50 | /// - rect: CGRect
51 | /// - Returns: [UICollectionViewLayoutAttributes]?
52 | func layoutAttributesForElements(_ layout: StackCollectionViewLayout, in rect: CGRect) -> [UICollectionViewLayoutAttributes]? {
| `- error: 'UICollectionViewLayoutAttributes' is unavailable in watchOS
53 |
54 | guard let collectionView = collectionView else { return nil }
/Applications/Xcode-27.0.0-Release.Candidate.app/Contents/Developer/Platforms/WatchOS.platform/Developer/SDKs/WatchOS27.0.sdk/System/Library/Frameworks/UIKit.framework/Headers/UICollectionViewLayout.h:43:12: note: 'UICollectionViewLayoutAttributes' has been explicitly marked unavailable here
41 |
42 | UIKIT_EXTERN API_AVAILABLE(ios(6.0)) API_UNAVAILABLE(watchos) NS_SWIFT_UI_ACTOR
43 | @interface UICollectionViewLayoutAttributes : NSObject <NSCopying, UIDynamicItem>
| `- note: 'UICollectionViewLayoutAttributes' has been explicitly marked unavailable here
44 |
45 | @property (nonatomic) CGRect frame;
/Users/admin/builder/spi-builder-workspace/Sources/WWCollectionViewLayout/Layout/StackCollectionViewLayout.swift:69:117: error: 'UICollectionViewLayoutAttributes' is unavailable in watchOS
67 | /// - indexPath: IndexPath
68 | /// - Returns: UICollectionViewLayoutAttributes?
69 | func layoutAttributesForItem(_ layout: StackCollectionViewLayout, itemSize: CGSize, at indexPath: IndexPath) -> UICollectionViewLayoutAttributes? {
| `- error: 'UICollectionViewLayoutAttributes' is unavailable in watchOS
70 |
71 | guard let collectionView = layout.collectionView else { return nil }
/Applications/Xcode-27.0.0-Release.Candidate.app/Contents/Developer/Platforms/WatchOS.platform/Developer/SDKs/WatchOS27.0.sdk/System/Library/Frameworks/UIKit.framework/Headers/UICollectionViewLayout.h:43:12: note: 'UICollectionViewLayoutAttributes' has been explicitly marked unavailable here
41 |
42 | UIKIT_EXTERN API_AVAILABLE(ios(6.0)) API_UNAVAILABLE(watchos) NS_SWIFT_UI_ACTOR
43 | @interface UICollectionViewLayoutAttributes : NSObject <NSCopying, UIDynamicItem>
| `- note: 'UICollectionViewLayoutAttributes' has been explicitly marked unavailable here
44 |
45 | @property (nonatomic) CGRect frame;
/Users/admin/builder/spi-builder-workspace/Sources/WWCollectionViewLayout/Layout/StackCollectionViewLayout.swift:86:37: error: 'UICollectionView' is unavailable in watchOS
84 | /// - Parameter collectionView: UICollectionView
85 | /// - Returns: CGPoint?
86 | func center(for collectionView: UICollectionView) -> CGPoint {
| `- error: 'UICollectionView' is unavailable in watchOS
87 | let center = CGPoint(x: collectionView.bounds.width * 0.5, y: collectionView.bounds.height * 0.5)
88 | return center
/Applications/Xcode-27.0.0-Release.Candidate.app/Contents/Developer/Platforms/WatchOS.platform/Developer/SDKs/WatchOS27.0.sdk/System/Library/Frameworks/UIKit.framework/Headers/UICollectionView.h:362:12: note: 'UICollectionView' has been explicitly marked unavailable here
360 |
361 | UIKIT_EXTERN API_AVAILABLE(ios(6.0)) API_UNAVAILABLE(watchos) NS_SWIFT_UI_ACTOR
362 | @interface UICollectionView : UIScrollView <UIDataSourceTranslating>
| `- note: 'UICollectionView' has been explicitly marked unavailable here
363 |
364 | - (instancetype)initWithFrame:(CGRect)frame collectionViewLayout:(UICollectionViewLayout *)layout NS_DESIGNATED_INITIALIZER;
/Users/admin/builder/spi-builder-workspace/Sources/WWCollectionViewLayout/Layout/StackCollectionViewLayout.swift:96:37: error: 'UICollectionView' is unavailable in watchOS
94 | /// - indexPath: IndexPath
95 | /// - Returns: Int
96 | func zIndex(for collectionView: UICollectionView, at indexPath: IndexPath) -> Int {
| `- error: 'UICollectionView' is unavailable in watchOS
97 | let zIndex = collectionView.numberOfItems(inSection: indexPath.section) - indexPath.item
98 | return zIndex
/Applications/Xcode-27.0.0-Release.Candidate.app/Contents/Developer/Platforms/WatchOS.platform/Developer/SDKs/WatchOS27.0.sdk/System/Library/Frameworks/UIKit.framework/Headers/UICollectionView.h:362:12: note: 'UICollectionView' has been explicitly marked unavailable here
360 |
361 | UIKIT_EXTERN API_AVAILABLE(ios(6.0)) API_UNAVAILABLE(watchos) NS_SWIFT_UI_ACTOR
362 | @interface UICollectionView : UIScrollView <UIDataSourceTranslating>
| `- note: 'UICollectionView' has been explicitly marked unavailable here
363 |
364 | - (instancetype)initWithFrame:(CGRect)frame collectionViewLayout:(UICollectionViewLayout *)layout NS_DESIGNATED_INITIALIZER;
/Users/admin/builder/spi-builder-workspace/Sources/WWCollectionViewLayout/Utility/Extension.swift:21:11: error: 'UICollectionView' is unavailable in watchOS
19 |
20 | // MARK: - UICollectionView (function)
21 | extension UICollectionView {
| `- error: 'UICollectionView' is unavailable in watchOS
22 |
23 | /// 可視範圍
/Applications/Xcode-27.0.0-Release.Candidate.app/Contents/Developer/Platforms/WatchOS.platform/Developer/SDKs/WatchOS27.0.sdk/System/Library/Frameworks/UIKit.framework/Headers/UICollectionView.h:362:12: note: 'UICollectionView' has been explicitly marked unavailable here
360 |
361 | UIKIT_EXTERN API_AVAILABLE(ios(6.0)) API_UNAVAILABLE(watchos) NS_SWIFT_UI_ACTOR
362 | @interface UICollectionView : UIScrollView <UIDataSourceTranslating>
| `- note: 'UICollectionView' has been explicitly marked unavailable here
363 |
364 | - (instancetype)initWithFrame:(CGRect)frame collectionViewLayout:(UICollectionViewLayout *)layout NS_DESIGNATED_INITIALIZER;
/Users/admin/builder/spi-builder-workspace/Sources/WWCollectionViewLayout/WWCollectionViewLayout.swift:19:40: error: 'UICollectionViewFlowLayout' is unavailable in watchOS
17 | /// [建立layout - 一般效果](https://medium.com/彼得潘的-swift-ios-app-開發問題解答集/用-flow-layout-的-collection-view-實現水平滑動的分頁畫面-328a24c9b6b5)
18 | /// - Returns: UICollectionViewFlowLayout
19 | public static func layout() -> UICollectionViewFlowLayout { return UICollectionViewFlowLayout() }
| `- error: 'UICollectionViewFlowLayout' is unavailable in watchOS
20 |
21 | private init() {}
/Applications/Xcode-27.0.0-Release.Candidate.app/Contents/Developer/Platforms/WatchOS.platform/Developer/SDKs/WatchOS27.0.sdk/System/Library/Frameworks/UIKit.framework/Headers/UICollectionViewFlowLayout.h:46:12: note: 'UICollectionViewFlowLayout' has been explicitly marked unavailable here
44 |
45 | UIKIT_EXTERN API_AVAILABLE(ios(6.0)) API_UNAVAILABLE(watchos) NS_SWIFT_UI_ACTOR
46 | @interface UICollectionViewFlowLayout : UICollectionViewLayout
| `- note: 'UICollectionViewFlowLayout' has been explicitly marked unavailable here
47 |
48 | @property (nonatomic) CGFloat minimumLineSpacing;
Failed frontend command:
/Applications/Xcode-27.0.0-Release.Candidate.app/Contents/Developer/Toolchains/XcodeDefault.xctoolchain/usr/bin/swift-frontend -frontend -emit-module -experimental-skip-non-inlinable-function-bodies-without-types /Users/admin/builder/spi-builder-workspace/Sources/WWCollectionViewLayout/Layout/GalleryCollectionViewLayout.swift /Users/admin/builder/spi-builder-workspace/Sources/WWCollectionViewLayout/Layout/LeftAlignedCollectionViewFlowLayout.swift /Users/admin/builder/spi-builder-workspace/Sources/WWCollectionViewLayout/Layout/StackCollectionViewLayout.swift /Users/admin/builder/spi-builder-workspace/Sources/WWCollectionViewLayout/Utility/Extension.swift /Users/admin/builder/spi-builder-workspace/Sources/WWCollectionViewLayout/WWCollectionViewLayout.swift -target arm64-apple-watchos9.0 -disable-cross-import-overlay-search -load-resolved-plugin /Applications/Xcode-27.0.0-Release.Candidate.app/Contents/Developer/Platforms/WatchOS.platform/Developer/usr/lib/swift/host/plugins/libFoundationMacros.dylib\#/Applications/Xcode-27.0.0-Release.Candidate.app/Contents/Developer/Platforms/WatchOS.platform/Developer/usr/bin/swift-plugin-server\#FoundationMacros -load-resolved-plugin /Applications/Xcode-27.0.0-Release.Candidate.app/Contents/Developer/Platforms/WatchOS.platform/Developer/usr/lib/swift/host/plugins/libObservationMacros.dylib\#/Applications/Xcode-27.0.0-Release.Candidate.app/Contents/Developer/Platforms/WatchOS.platform/Developer/usr/bin/swift-plugin-server\#ObservationMacros -load-resolved-plugin /Applications/Xcode-27.0.0-Release.Candidate.app/Contents/Developer/Platforms/WatchOS.platform/Developer/usr/lib/swift/host/plugins/libSwiftMacros.dylib\#/Applications/Xcode-27.0.0-Release.Candidate.app/Contents/Developer/Platforms/WatchOS.platform/Developer/usr/bin/swift-plugin-server\#SwiftMacros -load-resolved-plugin /Applications/Xcode-27.0.0-Release.Candidate.app/Contents/Developer/Platforms/WatchOS.platform/Developer/usr/lib/swift/host/plugins/libSwiftUIMacros.dylib\#/Applications/Xcode-27.0.0-Release.Candidate.app/Contents/Developer/Platforms/WatchOS.platform/Developer/usr/bin/swift-plugin-server\#SwiftUIMacros -disable-implicit-swift-modules -Xcc -fno-implicit-modules -Xcc -fno-implicit-module-maps -explicit-swift-module-map-file /Users/admin/builder/spi-builder-workspace/.derivedData/Build/Intermediates.noindex/WWCollectionViewLayout.build/Debug-watchos/WWCollectionViewLayout-t.build/Objects-normal/arm64/WWCollectionViewLayout-dependencies-2.json -Xllvm -aarch64-use-tbi -enable-objc-interop -stack-check -sdk /Applications/Xcode-27.0.0-Release.Candidate.app/Contents/Developer/Platforms/WatchOS.platform/Developer/SDKs/WatchOS27.0.sdk -I /Users/admin/builder/spi-builder-workspace/.derivedData/Build/Products/Debug-watchos -Isystem /Applications/Xcode-27.0.0-Release.Candidate.app/Contents/Developer/Platforms/WatchOS.platform/Developer/usr/lib -F /Users/admin/builder/spi-builder-workspace/.derivedData/Build/Products/Debug-watchos -F /Applications/Xcode-27.0.0-Release.Candidate.app/Contents/Developer/Platforms/WatchOS.platform/Developer/Library/Frameworks -F /Applications/Xcode-27.0.0-Release.Candidate.app/Contents/Developer/Platforms/WatchOS.platform/Developer/SDKs/WatchOS27.0.sdk/Developer/Library/Frameworks -module-cache-path /Users/admin/builder/spi-builder-workspace/.derivedData/Build/Intermediates.noindex/SwiftExplicitPrecompiledModules -no-color-diagnostics -Xcc -fno-color-diagnostics -enable-testing -g -debug-info-format\=dwarf -dwarf-version\=4 -swift-version 5 -Onone -D SWIFT_PACKAGE -D DEBUG -D SWIFT_MODULE_RESOURCE_BUNDLE_UNAVAILABLE -D Xcode -serialize-debugging-options -enable-experimental-feature DebugDescriptionMacro -empty-abi-descriptor -validate-clang-modules-once -clang-build-session-file /Users/admin/builder/spi-builder-workspace/.derivedData/ModuleCache.noindex/Session.modulevalidation -Xcc -working-directory -Xcc /Users/admin/builder/spi-builder-workspace/.swiftpm/xcode -enable-anonymous-context-mangled-names -file-compilation-dir /Users/admin/builder/spi-builder-workspace/.swiftpm/xcode -Xcc -D_LIBCPP_HARDENING_MODE\=_LIBCPP_HARDENING_MODE_DEBUG -Xcc -ivfsstatcache -Xcc /Users/admin/builder/spi-builder-workspace/.derivedData/SDKStatCaches.noindex/watchos27.0-24R360-e829b21a6f8c9b70876ba0858053c04477534ef55a1706bf4c1112bbb242f0a2.sdkstatcache -Xcc -fmodules-prune-interval\=86400 -Xcc -fmodules-prune-after\=345600 -Xcc -I/Users/admin/builder/spi-builder-workspace/.derivedData/Build/Products/Debug-watchos/include -Xcc -I/Users/admin/builder/spi-builder-workspace/.derivedData/Build/Intermediates.noindex/WWCollectionViewLayout.build/Debug-watchos/WWCollectionViewLayout-t.build/DerivedSources-normal/arm64 -Xcc -I/Users/admin/builder/spi-builder-workspace/.derivedData/Build/Intermediates.noindex/WWCollectionViewLayout.build/Debug-watchos/WWCollectionViewLayout-t.build/DerivedSources/arm64 -Xcc -I/Users/admin/builder/spi-builder-workspace/.derivedData/Build/Intermediates.noindex/WWCollectionViewLayout.build/Debug-watchos/WWCollectionViewLayout-t.build/DerivedSources -Xcc -DSWIFT_PACKAGE -Xcc -DDEBUG\=1 -no-auto-bridging-header-chaining -module-name WWCollectionViewLayout -const-gather-protocols-file /Users/admin/builder/spi-builder-workspace/.derivedData/Build/Intermediates.noindex/WWCollectionViewLayout.build/Debug-watchos/WWCollectionViewLayout-t.build/Objects-normal/arm64/WWCollectionViewLayout_const_extract_protocols.json -disable-clang-spi -clang-target arm64-apple-watchos27.0 -target-sdk-version 27.0 -target-sdk-name watchos27.0 -in-process-plugin-server-path /Applications/Xcode-27.0.0-Release.Candidate.app/Contents/Developer/Toolchains/XcodeDefault.xctoolchain/usr/lib/swift/host/libSwiftInProcPluginServer.dylib -emit-module-doc-path /Users/admin/builder/spi-builder-workspace/.derivedData/Build/Intermediates.noindex/WWCollectionViewLayout.build/Debug-watchos/WWCollectionViewLayout-t.build/Objects-normal/arm64/WWCollectionViewLayout.swiftdoc -emit-module-source-info-path /Users/admin/builder/spi-builder-workspace/.derivedData/Build/Intermediates.noindex/WWCollectionViewLayout.build/Debug-watchos/WWCollectionViewLayout-t.build/Objects-normal/arm64/WWCollectionViewLayout.swiftsourceinfo -emit-objc-header-path /Users/admin/builder/spi-builder-workspace/.derivedData/Build/Intermediates.noindex/WWCollectionViewLayout.build/Debug-watchos/WWCollectionViewLayout-t.build/Objects-normal/arm64/WWCollectionViewLayout-Swift.h -serialize-diagnostics-path /Users/admin/builder/spi-builder-workspace/.derivedData/Build/Intermediates.noindex/WWCollectionViewLayout.build/Debug-watchos/WWCollectionViewLayout-t.build/Objects-normal/arm64/WWCollectionViewLayout-primary-emit-module.dia -emit-dependencies-path /Users/admin/builder/spi-builder-workspace/.derivedData/Build/Intermediates.noindex/WWCollectionViewLayout.build/Debug-watchos/WWCollectionViewLayout-t.build/Objects-normal/arm64/WWCollectionViewLayout-primary-emit-module.d -parse-as-library -o /Users/admin/builder/spi-builder-workspace/.derivedData/Build/Intermediates.noindex/WWCollectionViewLayout.build/Debug-watchos/WWCollectionViewLayout-t.build/Objects-normal/arm64/WWCollectionViewLayout.swiftmodule -emit-abi-descriptor-path /Users/admin/builder/spi-builder-workspace/.derivedData/Build/Intermediates.noindex/WWCollectionViewLayout.build/Debug-watchos/WWCollectionViewLayout-t.build/Objects-normal/arm64/WWCollectionViewLayout.abi.json
SwiftCompile normal arm64 (in target 'WWCollectionViewLayout' from project 'WWCollectionViewLayout')
cd /Users/admin/builder/spi-builder-workspace/.swiftpm/xcode
SwiftCompile normal arm64 Compiling\ Extension.swift /Users/admin/builder/spi-builder-workspace/Sources/WWCollectionViewLayout/Utility/Extension.swift (in target 'WWCollectionViewLayout' from project 'WWCollectionViewLayout')
SwiftCompile normal arm64 /Users/admin/builder/spi-builder-workspace/Sources/WWCollectionViewLayout/Utility/Extension.swift (in target 'WWCollectionViewLayout' from project 'WWCollectionViewLayout')
cd /Users/admin/builder/spi-builder-workspace/.swiftpm/xcode
builtin-SwiftPerFileCompile Extension.swift
SwiftCompile normal arm64 Compiling\ WWCollectionViewLayout.swift /Users/admin/builder/spi-builder-workspace/Sources/WWCollectionViewLayout/WWCollectionViewLayout.swift (in target 'WWCollectionViewLayout' from project 'WWCollectionViewLayout')
/Users/admin/builder/spi-builder-workspace/Sources/WWCollectionViewLayout/WWCollectionViewLayout.swift:19:40: error: 'UICollectionViewFlowLayout' is unavailable in watchOS
17 | /// [建立layout - 一般效果](https://medium.com/彼得潘的-swift-ios-app-開發問題解答集/用-flow-layout-的-collection-view-實現水平滑動的分頁畫面-328a24c9b6b5)
18 | /// - Returns: UICollectionViewFlowLayout
19 | public static func layout() -> UICollectionViewFlowLayout { return UICollectionViewFlowLayout() }
| `- error: 'UICollectionViewFlowLayout' is unavailable in watchOS
20 |
21 | private init() {}
/Applications/Xcode-27.0.0-Release.Candidate.app/Contents/Developer/Platforms/WatchOS.platform/Developer/SDKs/WatchOS27.0.sdk/System/Library/Frameworks/UIKit.framework/Headers/UICollectionViewFlowLayout.h:46:12: note: 'UICollectionViewFlowLayout' has been explicitly marked unavailable here
44 |
45 | UIKIT_EXTERN API_AVAILABLE(ios(6.0)) API_UNAVAILABLE(watchos) NS_SWIFT_UI_ACTOR
46 | @interface UICollectionViewFlowLayout : UICollectionViewLayout
| `- note: 'UICollectionViewFlowLayout' has been explicitly marked unavailable here
47 |
48 | @property (nonatomic) CGFloat minimumLineSpacing;
SwiftCompile normal arm64 /Users/admin/builder/spi-builder-workspace/Sources/WWCollectionViewLayout/WWCollectionViewLayout.swift (in target 'WWCollectionViewLayout' from project 'WWCollectionViewLayout')
cd /Users/admin/builder/spi-builder-workspace/.swiftpm/xcode
builtin-SwiftPerFileCompile WWCollectionViewLayout.swift
SwiftCompile normal arm64 Compiling\ GalleryCollectionViewLayout.swift /Users/admin/builder/spi-builder-workspace/Sources/WWCollectionViewLayout/Layout/GalleryCollectionViewLayout.swift (in target 'WWCollectionViewLayout' from project 'WWCollectionViewLayout')
/Users/admin/builder/spi-builder-workspace/Sources/WWCollectionViewLayout/Layout/GalleryCollectionViewLayout.swift:24:75: error: 'UICollectionViewLayoutAttributes' is unavailable in watchOS
22 | }
23 |
24 | public override func layoutAttributesForElements(in rect: CGRect) -> [UICollectionViewLayoutAttributes]? {
| `- error: 'UICollectionViewLayoutAttributes' is unavailable in watchOS
25 | return layoutAttributesForElements(collectionView: collectionView, in: rect, scale: scale)
26 | }
/Applications/Xcode-27.0.0-Release.Candidate.app/Contents/Developer/Platforms/WatchOS.platform/Developer/SDKs/WatchOS27.0.sdk/System/Library/Frameworks/UIKit.framework/Headers/UICollectionViewLayout.h:43:12: note: 'UICollectionViewLayoutAttributes' has been explicitly marked unavailable here
41 |
42 | UIKIT_EXTERN API_AVAILABLE(ios(6.0)) API_UNAVAILABLE(watchos) NS_SWIFT_UI_ACTOR
43 | @interface UICollectionViewLayoutAttributes : NSObject <NSCopying, UIDynamicItem>
| `- note: 'UICollectionViewLayoutAttributes' has been explicitly marked unavailable here
44 |
45 | @property (nonatomic) CGRect frame;
/Users/admin/builder/spi-builder-workspace/Sources/WWCollectionViewLayout/Layout/GalleryCollectionViewLayout.swift:11:41: error: 'UICollectionViewFlowLayout' is unavailable in watchOS
9 |
10 | // MARK: - GalleryCollectionViewLayout
11 | open class GalleryCollectionViewLayout: UICollectionViewFlowLayout {
| `- error: 'UICollectionViewFlowLayout' is unavailable in watchOS
12 |
13 | public var scale: CGFloat = 1.0 // 縮放比例
/Applications/Xcode-27.0.0-Release.Candidate.app/Contents/Developer/Platforms/WatchOS.platform/Developer/SDKs/WatchOS27.0.sdk/System/Library/Frameworks/UIKit.framework/Headers/UICollectionViewFlowLayout.h:46:12: note: 'UICollectionViewFlowLayout' has been explicitly marked unavailable here
44 |
45 | UIKIT_EXTERN API_AVAILABLE(ios(6.0)) API_UNAVAILABLE(watchos) NS_SWIFT_UI_ACTOR
46 | @interface UICollectionViewFlowLayout : UICollectionViewLayout
| `- note: 'UICollectionViewFlowLayout' has been explicitly marked unavailable here
47 |
48 | @property (nonatomic) CGFloat minimumLineSpacing;
/Users/admin/builder/spi-builder-workspace/Sources/WWCollectionViewLayout/Layout/GalleryCollectionViewLayout.swift:59:54: error: 'UICollectionView' is unavailable in watchOS
57 | /// - scale: CGFloat
58 | /// - Returns: [UICollectionViewLayoutAttributes]?
59 | func layoutAttributesForElements(collectionView: UICollectionView?, in rect: CGRect, scale: CGFloat) -> [UICollectionViewLayoutAttributes]? {
| `- error: 'UICollectionView' is unavailable in watchOS
60 |
61 | guard let layoutAttributesArray = super.layoutAttributesForElements(in: rect),
/Applications/Xcode-27.0.0-Release.Candidate.app/Contents/Developer/Platforms/WatchOS.platform/Developer/SDKs/WatchOS27.0.sdk/System/Library/Frameworks/UIKit.framework/Headers/UICollectionView.h:362:12: note: 'UICollectionView' has been explicitly marked unavailable here
360 |
361 | UIKIT_EXTERN API_AVAILABLE(ios(6.0)) API_UNAVAILABLE(watchos) NS_SWIFT_UI_ACTOR
362 | @interface UICollectionView : UIScrollView <UIDataSourceTranslating>
| `- note: 'UICollectionView' has been explicitly marked unavailable here
363 |
364 | - (instancetype)initWithFrame:(CGRect)frame collectionViewLayout:(UICollectionViewLayout *)layout NS_DESIGNATED_INITIALIZER;
/Users/admin/builder/spi-builder-workspace/Sources/WWCollectionViewLayout/Layout/GalleryCollectionViewLayout.swift:59:110: error: 'UICollectionViewLayoutAttributes' is unavailable in watchOS
57 | /// - scale: CGFloat
58 | /// - Returns: [UICollectionViewLayoutAttributes]?
59 | func layoutAttributesForElements(collectionView: UICollectionView?, in rect: CGRect, scale: CGFloat) -> [UICollectionViewLayoutAttributes]? {
| `- error: 'UICollectionViewLayoutAttributes' is unavailable in watchOS
60 |
61 | guard let layoutAttributesArray = super.layoutAttributesForElements(in: rect),
/Applications/Xcode-27.0.0-Release.Candidate.app/Contents/Developer/Platforms/WatchOS.platform/Developer/SDKs/WatchOS27.0.sdk/System/Library/Frameworks/UIKit.framework/Headers/UICollectionViewLayout.h:43:12: note: 'UICollectionViewLayoutAttributes' has been explicitly marked unavailable here
41 |
42 | UIKIT_EXTERN API_AVAILABLE(ios(6.0)) API_UNAVAILABLE(watchos) NS_SWIFT_UI_ACTOR
43 | @interface UICollectionViewLayoutAttributes : NSObject <NSCopying, UIDynamicItem>
| `- note: 'UICollectionViewLayoutAttributes' has been explicitly marked unavailable here
44 |
45 | @property (nonatomic) CGRect frame;
/Users/admin/builder/spi-builder-workspace/Sources/WWCollectionViewLayout/Layout/GalleryCollectionViewLayout.swift:88:46: error: 'UICollectionView' is unavailable in watchOS
86 | /// - velocity: CGPoint
87 | /// - Returns: CGPoint
88 | func targetContentOffset(collectionView: UICollectionView?, for proposedContentOffset: CGPoint, with velocity: CGPoint) -> CGPoint {
| `- error: 'UICollectionView' is unavailable in watchOS
89 |
90 | guard let collectionView = collectionView,
/Applications/Xcode-27.0.0-Release.Candidate.app/Contents/Developer/Platforms/WatchOS.platform/Developer/SDKs/WatchOS27.0.sdk/System/Library/Frameworks/UIKit.framework/Headers/UICollectionView.h:362:12: note: 'UICollectionView' has been explicitly marked unavailable here
360 |
361 | UIKIT_EXTERN API_AVAILABLE(ios(6.0)) API_UNAVAILABLE(watchos) NS_SWIFT_UI_ACTOR
362 | @interface UICollectionView : UIScrollView <UIDataSourceTranslating>
| `- note: 'UICollectionView' has been explicitly marked unavailable here
363 |
364 | - (instancetype)initWithFrame:(CGRect)frame collectionViewLayout:(UICollectionViewLayout *)layout NS_DESIGNATED_INITIALIZER;
/Users/admin/builder/spi-builder-workspace/Sources/WWCollectionViewLayout/Layout/GalleryCollectionViewLayout.swift:113:43: error: 'UICollectionView' is unavailable in watchOS
111 | /// - itemSize: CGSize
112 | /// - Returns: UIEdgeInsets
113 | func sectionInset(for collectionView: UICollectionView, itemSize: CGSize) -> UIEdgeInsets {
| `- error: 'UICollectionView' is unavailable in watchOS
114 |
115 | let left = (collectionView.bounds.width - itemSize.width) * 0.5
/Applications/Xcode-27.0.0-Release.Candidate.app/Contents/Developer/Platforms/WatchOS.platform/Developer/SDKs/WatchOS27.0.sdk/System/Library/Frameworks/UIKit.framework/Headers/UICollectionView.h:362:12: note: 'UICollectionView' has been explicitly marked unavailable here
360 |
361 | UIKIT_EXTERN API_AVAILABLE(ios(6.0)) API_UNAVAILABLE(watchos) NS_SWIFT_UI_ACTOR
362 | @interface UICollectionView : UIScrollView <UIDataSourceTranslating>
| `- note: 'UICollectionView' has been explicitly marked unavailable here
363 |
364 | - (instancetype)initWithFrame:(CGRect)frame collectionViewLayout:(UICollectionViewLayout *)layout NS_DESIGNATED_INITIALIZER;
SwiftCompile normal arm64 /Users/admin/builder/spi-builder-workspace/Sources/WWCollectionViewLayout/Layout/GalleryCollectionViewLayout.swift (in target 'WWCollectionViewLayout' from project 'WWCollectionViewLayout')
cd /Users/admin/builder/spi-builder-workspace/.swiftpm/xcode
builtin-SwiftPerFileCompile GalleryCollectionViewLayout.swift
SwiftCompile normal arm64 Compiling\ StackCollectionViewLayout.swift /Users/admin/builder/spi-builder-workspace/Sources/WWCollectionViewLayout/Layout/StackCollectionViewLayout.swift (in target 'WWCollectionViewLayout' from project 'WWCollectionViewLayout')
SwiftCompile normal arm64 /Users/admin/builder/spi-builder-workspace/Sources/WWCollectionViewLayout/Layout/StackCollectionViewLayout.swift (in target 'WWCollectionViewLayout' from project 'WWCollectionViewLayout')
cd /Users/admin/builder/spi-builder-workspace/.swiftpm/xcode
builtin-SwiftPerFileCompile StackCollectionViewLayout.swift
/Users/admin/builder/spi-builder-workspace/Sources/WWCollectionViewLayout/Layout/StackCollectionViewLayout.swift:28:75: error: 'UICollectionViewLayoutAttributes' is unavailable in watchOS
26 | }
27 |
28 | public override func layoutAttributesForElements(in rect: CGRect) -> [UICollectionViewLayoutAttributes]? {
| `- error: 'UICollectionViewLayoutAttributes' is unavailable in watchOS
29 | return layoutAttributesForElements(self, in: rect)
30 | }
/Applications/Xcode-27.0.0-Release.Candidate.app/Contents/Developer/Platforms/WatchOS.platform/Developer/SDKs/WatchOS27.0.sdk/System/Library/Frameworks/UIKit.framework/Headers/UICollectionViewLayout.h:43:12: note: 'UICollectionViewLayoutAttributes' has been explicitly marked unavailable here
41 |
42 | UIKIT_EXTERN API_AVAILABLE(ios(6.0)) API_UNAVAILABLE(watchos) NS_SWIFT_UI_ACTOR
43 | @interface UICollectionViewLayoutAttributes : NSObject <NSCopying, UIDynamicItem>
| `- note: 'UICollectionViewLayoutAttributes' has been explicitly marked unavailable here
44 |
45 | @property (nonatomic) CGRect frame;
/Users/admin/builder/spi-builder-workspace/Sources/WWCollectionViewLayout/Layout/StackCollectionViewLayout.swift:32:78: error: 'UICollectionViewLayoutAttributes' is unavailable in watchOS
30 | }
31 |
32 | public override func layoutAttributesForItem(at indexPath: IndexPath) -> UICollectionViewLayoutAttributes? {
| `- error: 'UICollectionViewLayoutAttributes' is unavailable in watchOS
33 | return layoutAttributesForItem(self, itemSize: itemSize, at: indexPath)
34 | }
/Applications/Xcode-27.0.0-Release.Candidate.app/Contents/Developer/Platforms/WatchOS.platform/Developer/SDKs/WatchOS27.0.sdk/System/Library/Frameworks/UIKit.framework/Headers/UICollectionViewLayout.h:43:12: note: 'UICollectionViewLayoutAttributes' has been explicitly marked unavailable here
41 |
42 | UIKIT_EXTERN API_AVAILABLE(ios(6.0)) API_UNAVAILABLE(watchos) NS_SWIFT_UI_ACTOR
43 | @interface UICollectionViewLayoutAttributes : NSObject <NSCopying, UIDynamicItem>
| `- note: 'UICollectionViewLayoutAttributes' has been explicitly marked unavailable here
44 |
45 | @property (nonatomic) CGRect frame;
/Users/admin/builder/spi-builder-workspace/Sources/WWCollectionViewLayout/Layout/StackCollectionViewLayout.swift:11:39: error: 'UICollectionViewLayout' is unavailable in watchOS
9 |
10 | // MARK: - StackCollectionViewLayout
11 | open class StackCollectionViewLayout: UICollectionViewLayout {
| `- error: 'UICollectionViewLayout' is unavailable in watchOS
12 |
13 | public var itemSize = CGSize(width: 150, height: 150) // item大小
/Applications/Xcode-27.0.0-Release.Candidate.app/Contents/Developer/Platforms/WatchOS.platform/Developer/SDKs/WatchOS27.0.sdk/System/Library/Frameworks/UIKit.framework/Headers/UICollectionViewLayout.h:89:12: note: 'UICollectionViewLayout' has been explicitly marked unavailable here
87 |
88 | UIKIT_EXTERN API_AVAILABLE(ios(6.0)) API_UNAVAILABLE(watchos) NS_SWIFT_UI_ACTOR
89 | @interface UICollectionViewLayout : NSObject <NSCoding>
| `- note: 'UICollectionViewLayout' has been explicitly marked unavailable here
90 |
91 | - (instancetype)init NS_DESIGNATED_INITIALIZER;
/Users/admin/builder/spi-builder-workspace/Sources/WWCollectionViewLayout/Layout/StackCollectionViewLayout.swift:52:96: error: 'UICollectionViewLayoutAttributes' is unavailable in watchOS
50 | /// - rect: CGRect
51 | /// - Returns: [UICollectionViewLayoutAttributes]?
52 | func layoutAttributesForElements(_ layout: StackCollectionViewLayout, in rect: CGRect) -> [UICollectionViewLayoutAttributes]? {
| `- error: 'UICollectionViewLayoutAttributes' is unavailable in watchOS
53 |
54 | guard let collectionView = collectionView else { return nil }
/Applications/Xcode-27.0.0-Release.Candidate.app/Contents/Developer/Platforms/WatchOS.platform/Developer/SDKs/WatchOS27.0.sdk/System/Library/Frameworks/UIKit.framework/Headers/UICollectionViewLayout.h:43:12: note: 'UICollectionViewLayoutAttributes' has been explicitly marked unavailable here
41 |
42 | UIKIT_EXTERN API_AVAILABLE(ios(6.0)) API_UNAVAILABLE(watchos) NS_SWIFT_UI_ACTOR
43 | @interface UICollectionViewLayoutAttributes : NSObject <NSCopying, UIDynamicItem>
| `- note: 'UICollectionViewLayoutAttributes' has been explicitly marked unavailable here
44 |
45 | @property (nonatomic) CGRect frame;
/Users/admin/builder/spi-builder-workspace/Sources/WWCollectionViewLayout/Layout/StackCollectionViewLayout.swift:69:117: error: 'UICollectionViewLayoutAttributes' is unavailable in watchOS
67 | /// - indexPath: IndexPath
68 | /// - Returns: UICollectionViewLayoutAttributes?
69 | func layoutAttributesForItem(_ layout: StackCollectionViewLayout, itemSize: CGSize, at indexPath: IndexPath) -> UICollectionViewLayoutAttributes? {
| `- error: 'UICollectionViewLayoutAttributes' is unavailable in watchOS
70 |
71 | guard let collectionView = layout.collectionView else { return nil }
/Applications/Xcode-27.0.0-Release.Candidate.app/Contents/Developer/Platforms/WatchOS.platform/Developer/SDKs/WatchOS27.0.sdk/System/Library/Frameworks/UIKit.framework/Headers/UICollectionViewLayout.h:43:12: note: 'UICollectionViewLayoutAttributes' has been explicitly marked unavailable here
41 |
42 | UIKIT_EXTERN API_AVAILABLE(ios(6.0)) API_UNAVAILABLE(watchos) NS_SWIFT_UI_ACTOR
43 | @interface UICollectionViewLayoutAttributes : NSObject <NSCopying, UIDynamicItem>
| `- note: 'UICollectionViewLayoutAttributes' has been explicitly marked unavailable here
44 |
45 | @property (nonatomic) CGRect frame;
/Users/admin/builder/spi-builder-workspace/Sources/WWCollectionViewLayout/Layout/StackCollectionViewLayout.swift:86:37: error: 'UICollectionView' is unavailable in watchOS
84 | /// - Parameter collectionView: UICollectionView
85 | /// - Returns: CGPoint?
86 | func center(for collectionView: UICollectionView) -> CGPoint {
| `- error: 'UICollectionView' is unavailable in watchOS
87 | let center = CGPoint(x: collectionView.bounds.width * 0.5, y: collectionView.bounds.height * 0.5)
88 | return center
/Applications/Xcode-27.0.0-Release.Candidate.app/Contents/Developer/Platforms/WatchOS.platform/Developer/SDKs/WatchOS27.0.sdk/System/Library/Frameworks/UIKit.framework/Headers/UICollectionView.h:362:12: note: 'UICollectionView' has been explicitly marked unavailable here
360 |
361 | UIKIT_EXTERN API_AVAILABLE(ios(6.0)) API_UNAVAILABLE(watchos) NS_SWIFT_UI_ACTOR
362 | @interface UICollectionView : UIScrollView <UIDataSourceTranslating>
| `- note: 'UICollectionView' has been explicitly marked unavailable here
363 |
364 | - (instancetype)initWithFrame:(CGRect)frame collectionViewLayout:(UICollectionViewLayout *)layout NS_DESIGNATED_INITIALIZER;
/Users/admin/builder/spi-builder-workspace/Sources/WWCollectionViewLayout/Layout/StackCollectionViewLayout.swift:96:37: error: 'UICollectionView' is unavailable in watchOS
94 | /// - indexPath: IndexPath
95 | /// - Returns: Int
96 | func zIndex(for collectionView: UICollectionView, at indexPath: IndexPath) -> Int {
| `- error: 'UICollectionView' is unavailable in watchOS
97 | let zIndex = collectionView.numberOfItems(inSection: indexPath.section) - indexPath.item
98 | return zIndex
/Applications/Xcode-27.0.0-Release.Candidate.app/Contents/Developer/Platforms/WatchOS.platform/Developer/SDKs/WatchOS27.0.sdk/System/Library/Frameworks/UIKit.framework/Headers/UICollectionView.h:362:12: note: 'UICollectionView' has been explicitly marked unavailable here
360 |
361 | UIKIT_EXTERN API_AVAILABLE(ios(6.0)) API_UNAVAILABLE(watchos) NS_SWIFT_UI_ACTOR
362 | @interface UICollectionView : UIScrollView <UIDataSourceTranslating>
| `- note: 'UICollectionView' has been explicitly marked unavailable here
363 |
364 | - (instancetype)initWithFrame:(CGRect)frame collectionViewLayout:(UICollectionViewLayout *)layout NS_DESIGNATED_INITIALIZER;
SwiftEmitModule normal arm64_32 Emitting\ module\ for\ WWCollectionViewLayout (in target 'WWCollectionViewLayout' from project 'WWCollectionViewLayout')
/Users/admin/builder/spi-builder-workspace/Sources/WWCollectionViewLayout/Layout/GalleryCollectionViewLayout.swift:24:75: error: 'UICollectionViewLayoutAttributes' is unavailable in watchOS
22 | }
23 |
24 | public override func layoutAttributesForElements(in rect: CGRect) -> [UICollectionViewLayoutAttributes]? {
| `- error: 'UICollectionViewLayoutAttributes' is unavailable in watchOS
25 | return layoutAttributesForElements(collectionView: collectionView, in: rect, scale: scale)
26 | }
/Applications/Xcode-27.0.0-Release.Candidate.app/Contents/Developer/Platforms/WatchOS.platform/Developer/SDKs/WatchOS27.0.sdk/System/Library/Frameworks/UIKit.framework/Headers/UICollectionViewLayout.h:43:12: note: 'UICollectionViewLayoutAttributes' has been explicitly marked unavailable here
41 |
42 | UIKIT_EXTERN API_AVAILABLE(ios(6.0)) API_UNAVAILABLE(watchos) NS_SWIFT_UI_ACTOR
43 | @interface UICollectionViewLayoutAttributes : NSObject <NSCopying, UIDynamicItem>
| `- note: 'UICollectionViewLayoutAttributes' has been explicitly marked unavailable here
44 |
45 | @property (nonatomic) CGRect frame;
/Users/admin/builder/spi-builder-workspace/Sources/WWCollectionViewLayout/Layout/GalleryCollectionViewLayout.swift:11:41: error: 'UICollectionViewFlowLayout' is unavailable in watchOS
9 |
10 | // MARK: - GalleryCollectionViewLayout
11 | open class GalleryCollectionViewLayout: UICollectionViewFlowLayout {
| `- error: 'UICollectionViewFlowLayout' is unavailable in watchOS
12 |
13 | public var scale: CGFloat = 1.0 // 縮放比例
/Applications/Xcode-27.0.0-Release.Candidate.app/Contents/Developer/Platforms/WatchOS.platform/Developer/SDKs/WatchOS27.0.sdk/System/Library/Frameworks/UIKit.framework/Headers/UICollectionViewFlowLayout.h:46:12: note: 'UICollectionViewFlowLayout' has been explicitly marked unavailable here
44 |
45 | UIKIT_EXTERN API_AVAILABLE(ios(6.0)) API_UNAVAILABLE(watchos) NS_SWIFT_UI_ACTOR
46 | @interface UICollectionViewFlowLayout : UICollectionViewLayout
| `- note: 'UICollectionViewFlowLayout' has been explicitly marked unavailable here
47 |
48 | @property (nonatomic) CGFloat minimumLineSpacing;
/Users/admin/builder/spi-builder-workspace/Sources/WWCollectionViewLayout/Layout/GalleryCollectionViewLayout.swift:59:54: error: 'UICollectionView' is unavailable in watchOS
57 | /// - scale: CGFloat
58 | /// - Returns: [UICollectionViewLayoutAttributes]?
59 | func layoutAttributesForElements(collectionView: UICollectionView?, in rect: CGRect, scale: CGFloat) -> [UICollectionViewLayoutAttributes]? {
| `- error: 'UICollectionView' is unavailable in watchOS
60 |
61 | guard let layoutAttributesArray = super.layoutAttributesForElements(in: rect),
/Applications/Xcode-27.0.0-Release.Candidate.app/Contents/Developer/Platforms/WatchOS.platform/Developer/SDKs/WatchOS27.0.sdk/System/Library/Frameworks/UIKit.framework/Headers/UICollectionView.h:362:12: note: 'UICollectionView' has been explicitly marked unavailable here
360 |
361 | UIKIT_EXTERN API_AVAILABLE(ios(6.0)) API_UNAVAILABLE(watchos) NS_SWIFT_UI_ACTOR
362 | @interface UICollectionView : UIScrollView <UIDataSourceTranslating>
| `- note: 'UICollectionView' has been explicitly marked unavailable here
363 |
364 | - (instancetype)initWithFrame:(CGRect)frame collectionViewLayout:(UICollectionViewLayout *)layout NS_DESIGNATED_INITIALIZER;
/Users/admin/builder/spi-builder-workspace/Sources/WWCollectionViewLayout/Layout/GalleryCollectionViewLayout.swift:59:110: error: 'UICollectionViewLayoutAttributes' is unavailable in watchOS
57 | /// - scale: CGFloat
58 | /// - Returns: [UICollectionViewLayoutAttributes]?
59 | func layoutAttributesForElements(collectionView: UICollectionView?, in rect: CGRect, scale: CGFloat) -> [UICollectionViewLayoutAttributes]? {
| `- error: 'UICollectionViewLayoutAttributes' is unavailable in watchOS
60 |
61 | guard let layoutAttributesArray = super.layoutAttributesForElements(in: rect),
/Applications/Xcode-27.0.0-Release.Candidate.app/Contents/Developer/Platforms/WatchOS.platform/Developer/SDKs/WatchOS27.0.sdk/System/Library/Frameworks/UIKit.framework/Headers/UICollectionViewLayout.h:43:12: note: 'UICollectionViewLayoutAttributes' has been explicitly marked unavailable here
41 |
42 | UIKIT_EXTERN API_AVAILABLE(ios(6.0)) API_UNAVAILABLE(watchos) NS_SWIFT_UI_ACTOR
43 | @interface UICollectionViewLayoutAttributes : NSObject <NSCopying, UIDynamicItem>
| `- note: 'UICollectionViewLayoutAttributes' has been explicitly marked unavailable here
44 |
45 | @property (nonatomic) CGRect frame;
/Users/admin/builder/spi-builder-workspace/Sources/WWCollectionViewLayout/Layout/GalleryCollectionViewLayout.swift:88:46: error: 'UICollectionView' is unavailable in watchOS
86 | /// - velocity: CGPoint
87 | /// - Returns: CGPoint
88 | func targetContentOffset(collectionView: UICollectionView?, for proposedContentOffset: CGPoint, with velocity: CGPoint) -> CGPoint {
| `- error: 'UICollectionView' is unavailable in watchOS
89 |
90 | guard let collectionView = collectionView,
/Applications/Xcode-27.0.0-Release.Candidate.app/Contents/Developer/Platforms/WatchOS.platform/Developer/SDKs/WatchOS27.0.sdk/System/Library/Frameworks/UIKit.framework/Headers/UICollectionView.h:362:12: note: 'UICollectionView' has been explicitly marked unavailable here
360 |
361 | UIKIT_EXTERN API_AVAILABLE(ios(6.0)) API_UNAVAILABLE(watchos) NS_SWIFT_UI_ACTOR
362 | @interface UICollectionView : UIScrollView <UIDataSourceTranslating>
| `- note: 'UICollectionView' has been explicitly marked unavailable here
363 |
364 | - (instancetype)initWithFrame:(CGRect)frame collectionViewLayout:(UICollectionViewLayout *)layout NS_DESIGNATED_INITIALIZER;
/Users/admin/builder/spi-builder-workspace/Sources/WWCollectionViewLayout/Layout/GalleryCollectionViewLayout.swift:113:43: error: 'UICollectionView' is unavailable in watchOS
111 | /// - itemSize: CGSize
112 | /// - Returns: UIEdgeInsets
113 | func sectionInset(for collectionView: UICollectionView, itemSize: CGSize) -> UIEdgeInsets {
| `- error: 'UICollectionView' is unavailable in watchOS
114 |
115 | let left = (collectionView.bounds.width - itemSize.width) * 0.5
/Applications/Xcode-27.0.0-Release.Candidate.app/Contents/Developer/Platforms/WatchOS.platform/Developer/SDKs/WatchOS27.0.sdk/System/Library/Frameworks/UIKit.framework/Headers/UICollectionView.h:362:12: note: 'UICollectionView' has been explicitly marked unavailable here
360 |
361 | UIKIT_EXTERN API_AVAILABLE(ios(6.0)) API_UNAVAILABLE(watchos) NS_SWIFT_UI_ACTOR
362 | @interface UICollectionView : UIScrollView <UIDataSourceTranslating>
| `- note: 'UICollectionView' has been explicitly marked unavailable here
363 |
364 | - (instancetype)initWithFrame:(CGRect)frame collectionViewLayout:(UICollectionViewLayout *)layout NS_DESIGNATED_INITIALIZER;
/Users/admin/builder/spi-builder-workspace/Sources/WWCollectionViewLayout/Layout/GalleryCollectionViewLayout.swift:127:49: error: 'UICollectionView' is unavailable in watchOS
125 | /// - itemSize: CGSize
126 | /// - Returns: CGFloat
127 | func minimumLineSpacing(for collectionView: UICollectionView, itemSize: CGSize) -> CGFloat {
| `- error: 'UICollectionView' is unavailable in watchOS
128 | let lineSpacing = collectionView.bounds.width * 0.5 - itemSize.width
129 | return lineSpacing
/Applications/Xcode-27.0.0-Release.Candidate.app/Contents/Developer/Platforms/WatchOS.platform/Developer/SDKs/WatchOS27.0.sdk/System/Library/Frameworks/UIKit.framework/Headers/UICollectionView.h:362:12: note: 'UICollectionView' has been explicitly marked unavailable here
360 |
361 | UIKIT_EXTERN API_AVAILABLE(ios(6.0)) API_UNAVAILABLE(watchos) NS_SWIFT_UI_ACTOR
362 | @interface UICollectionView : UIScrollView <UIDataSourceTranslating>
| `- note: 'UICollectionView' has been explicitly marked unavailable here
363 |
364 | - (instancetype)initWithFrame:(CGRect)frame collectionViewLayout:(UICollectionViewLayout *)layout NS_DESIGNATED_INITIALIZER;
/Users/admin/builder/spi-builder-workspace/Sources/WWCollectionViewLayout/Layout/LeftAlignedCollectionViewFlowLayout.swift:13:75: error: 'UICollectionViewLayoutAttributes' is unavailable in watchOS
11 | open class LeftAlignedCollectionViewFlowLayout: UICollectionViewFlowLayout {
12 |
13 | public override func layoutAttributesForElements(in rect: CGRect) -> [UICollectionViewLayoutAttributes]? {
| `- error: 'UICollectionViewLayoutAttributes' is unavailable in watchOS
14 | return leftLayoutAttributesForElements(in: rect)
15 | }
/Applications/Xcode-27.0.0-Release.Candidate.app/Contents/Developer/Platforms/WatchOS.platform/Developer/SDKs/WatchOS27.0.sdk/System/Library/Frameworks/UIKit.framework/Headers/UICollectionViewLayout.h:43:12: note: 'UICollectionViewLayoutAttributes' has been explicitly marked unavailable here
41 |
42 | UIKIT_EXTERN API_AVAILABLE(ios(6.0)) API_UNAVAILABLE(watchos) NS_SWIFT_UI_ACTOR
43 | @interface UICollectionViewLayoutAttributes : NSObject <NSCopying, UIDynamicItem>
| `- note: 'UICollectionViewLayoutAttributes' has been explicitly marked unavailable here
44 |
45 | @property (nonatomic) CGRect frame;
/Users/admin/builder/spi-builder-workspace/Sources/WWCollectionViewLayout/Layout/LeftAlignedCollectionViewFlowLayout.swift:11:49: error: 'UICollectionViewFlowLayout' is unavailable in watchOS
9 |
10 | // MARK: - LeftAlignedCollectionViewFlowLayout
11 | open class LeftAlignedCollectionViewFlowLayout: UICollectionViewFlowLayout {
| `- error: 'UICollectionViewFlowLayout' is unavailable in watchOS
12 |
13 | public override func layoutAttributesForElements(in rect: CGRect) -> [UICollectionViewLayoutAttributes]? {
/Applications/Xcode-27.0.0-Release.Candidate.app/Contents/Developer/Platforms/WatchOS.platform/Developer/SDKs/WatchOS27.0.sdk/System/Library/Frameworks/UIKit.framework/Headers/UICollectionViewFlowLayout.h:46:12: note: 'UICollectionViewFlowLayout' has been explicitly marked unavailable here
44 |
45 | UIKIT_EXTERN API_AVAILABLE(ios(6.0)) API_UNAVAILABLE(watchos) NS_SWIFT_UI_ACTOR
46 | @interface UICollectionViewFlowLayout : UICollectionViewLayout
| `- note: 'UICollectionViewFlowLayout' has been explicitly marked unavailable here
47 |
48 | @property (nonatomic) CGFloat minimumLineSpacing;
/Users/admin/builder/spi-builder-workspace/Sources/WWCollectionViewLayout/Layout/LeftAlignedCollectionViewFlowLayout.swift:24:63: error: 'UICollectionViewLayoutAttributes' is unavailable in watchOS
22 | /// - Parameter rect: CGRect
23 | /// - Returns: [UICollectionViewLayoutAttributes]?
24 | func leftLayoutAttributesForElements(in rect: CGRect) -> [UICollectionViewLayoutAttributes]? {
| `- error: 'UICollectionViewLayoutAttributes' is unavailable in watchOS
25 |
26 | let attributes = super.layoutAttributesForElements(in: rect)
/Applications/Xcode-27.0.0-Release.Candidate.app/Contents/Developer/Platforms/WatchOS.platform/Developer/SDKs/WatchOS27.0.sdk/System/Library/Frameworks/UIKit.framework/Headers/UICollectionViewLayout.h:43:12: note: 'UICollectionViewLayoutAttributes' has been explicitly marked unavailable here
41 |
42 | UIKIT_EXTERN API_AVAILABLE(ios(6.0)) API_UNAVAILABLE(watchos) NS_SWIFT_UI_ACTOR
43 | @interface UICollectionViewLayoutAttributes : NSObject <NSCopying, UIDynamicItem>
| `- note: 'UICollectionViewLayoutAttributes' has been explicitly marked unavailable here
44 |
45 | @property (nonatomic) CGRect frame;
/Users/admin/builder/spi-builder-workspace/Sources/WWCollectionViewLayout/Layout/StackCollectionViewLayout.swift:28:75: error: 'UICollectionViewLayoutAttributes' is unavailable in watchOS
26 | }
27 |
28 | public override func layoutAttributesForElements(in rect: CGRect) -> [UICollectionViewLayoutAttributes]? {
| `- error: 'UICollectionViewLayoutAttributes' is unavailable in watchOS
29 | return layoutAttributesForElements(self, in: rect)
30 | }
/Applications/Xcode-27.0.0-Release.Candidate.app/Contents/Developer/Platforms/WatchOS.platform/Developer/SDKs/WatchOS27.0.sdk/System/Library/Frameworks/UIKit.framework/Headers/UICollectionViewLayout.h:43:12: note: 'UICollectionViewLayoutAttributes' has been explicitly marked unavailable here
41 |
42 | UIKIT_EXTERN API_AVAILABLE(ios(6.0)) API_UNAVAILABLE(watchos) NS_SWIFT_UI_ACTOR
43 | @interface UICollectionViewLayoutAttributes : NSObject <NSCopying, UIDynamicItem>
| `- note: 'UICollectionViewLayoutAttributes' has been explicitly marked unavailable here
44 |
45 | @property (nonatomic) CGRect frame;
/Users/admin/builder/spi-builder-workspace/Sources/WWCollectionViewLayout/Layout/StackCollectionViewLayout.swift:32:78: error: 'UICollectionViewLayoutAttributes' is unavailable in watchOS
30 | }
31 |
32 | public override func layoutAttributesForItem(at indexPath: IndexPath) -> UICollectionViewLayoutAttributes? {
| `- error: 'UICollectionViewLayoutAttributes' is unavailable in watchOS
33 | return layoutAttributesForItem(self, itemSize: itemSize, at: indexPath)
34 | }
/Applications/Xcode-27.0.0-Release.Candidate.app/Contents/Developer/Platforms/WatchOS.platform/Developer/SDKs/WatchOS27.0.sdk/System/Library/Frameworks/UIKit.framework/Headers/UICollectionViewLayout.h:43:12: note: 'UICollectionViewLayoutAttributes' has been explicitly marked unavailable here
41 |
42 | UIKIT_EXTERN API_AVAILABLE(ios(6.0)) API_UNAVAILABLE(watchos) NS_SWIFT_UI_ACTOR
43 | @interface UICollectionViewLayoutAttributes : NSObject <NSCopying, UIDynamicItem>
| `- note: 'UICollectionViewLayoutAttributes' has been explicitly marked unavailable here
44 |
45 | @property (nonatomic) CGRect frame;
/Users/admin/builder/spi-builder-workspace/Sources/WWCollectionViewLayout/Layout/StackCollectionViewLayout.swift:11:39: error: 'UICollectionViewLayout' is unavailable in watchOS
9 |
10 | // MARK: - StackCollectionViewLayout
11 | open class StackCollectionViewLayout: UICollectionViewLayout {
| `- error: 'UICollectionViewLayout' is unavailable in watchOS
12 |
13 | public var itemSize = CGSize(width: 150, height: 150) // item大小
/Applications/Xcode-27.0.0-Release.Candidate.app/Contents/Developer/Platforms/WatchOS.platform/Developer/SDKs/WatchOS27.0.sdk/System/Library/Frameworks/UIKit.framework/Headers/UICollectionViewLayout.h:89:12: note: 'UICollectionViewLayout' has been explicitly marked unavailable here
87 |
88 | UIKIT_EXTERN API_AVAILABLE(ios(6.0)) API_UNAVAILABLE(watchos) NS_SWIFT_UI_ACTOR
89 | @interface UICollectionViewLayout : NSObject <NSCoding>
| `- note: 'UICollectionViewLayout' has been explicitly marked unavailable here
90 |
91 | - (instancetype)init NS_DESIGNATED_INITIALIZER;
/Users/admin/builder/spi-builder-workspace/Sources/WWCollectionViewLayout/Layout/StackCollectionViewLayout.swift:52:96: error: 'UICollectionViewLayoutAttributes' is unavailable in watchOS
50 | /// - rect: CGRect
51 | /// - Returns: [UICollectionViewLayoutAttributes]?
52 | func layoutAttributesForElements(_ layout: StackCollectionViewLayout, in rect: CGRect) -> [UICollectionViewLayoutAttributes]? {
| `- error: 'UICollectionViewLayoutAttributes' is unavailable in watchOS
53 |
54 | guard let collectionView = collectionView else { return nil }
/Applications/Xcode-27.0.0-Release.Candidate.app/Contents/Developer/Platforms/WatchOS.platform/Developer/SDKs/WatchOS27.0.sdk/System/Library/Frameworks/UIKit.framework/Headers/UICollectionViewLayout.h:43:12: note: 'UICollectionViewLayoutAttributes' has been explicitly marked unavailable here
41 |
42 | UIKIT_EXTERN API_AVAILABLE(ios(6.0)) API_UNAVAILABLE(watchos) NS_SWIFT_UI_ACTOR
43 | @interface UICollectionViewLayoutAttributes : NSObject <NSCopying, UIDynamicItem>
| `- note: 'UICollectionViewLayoutAttributes' has been explicitly marked unavailable here
44 |
45 | @property (nonatomic) CGRect frame;
/Users/admin/builder/spi-builder-workspace/Sources/WWCollectionViewLayout/Layout/StackCollectionViewLayout.swift:69:117: error: 'UICollectionViewLayoutAttributes' is unavailable in watchOS
67 | /// - indexPath: IndexPath
68 | /// - Returns: UICollectionViewLayoutAttributes?
69 | func layoutAttributesForItem(_ layout: StackCollectionViewLayout, itemSize: CGSize, at indexPath: IndexPath) -> UICollectionViewLayoutAttributes? {
| `- error: 'UICollectionViewLayoutAttributes' is unavailable in watchOS
70 |
71 | guard let collectionView = layout.collectionView else { return nil }
/Applications/Xcode-27.0.0-Release.Candidate.app/Contents/Developer/Platforms/WatchOS.platform/Developer/SDKs/WatchOS27.0.sdk/System/Library/Frameworks/UIKit.framework/Headers/UICollectionViewLayout.h:43:12: note: 'UICollectionViewLayoutAttributes' has been explicitly marked unavailable here
41 |
42 | UIKIT_EXTERN API_AVAILABLE(ios(6.0)) API_UNAVAILABLE(watchos) NS_SWIFT_UI_ACTOR
43 | @interface UICollectionViewLayoutAttributes : NSObject <NSCopying, UIDynamicItem>
| `- note: 'UICollectionViewLayoutAttributes' has been explicitly marked unavailable here
44 |
45 | @property (nonatomic) CGRect frame;
/Users/admin/builder/spi-builder-workspace/Sources/WWCollectionViewLayout/Layout/StackCollectionViewLayout.swift:86:37: error: 'UICollectionView' is unavailable in watchOS
84 | /// - Parameter collectionView: UICollectionView
85 | /// - Returns: CGPoint?
86 | func center(for collectionView: UICollectionView) -> CGPoint {
| `- error: 'UICollectionView' is unavailable in watchOS
87 | let center = CGPoint(x: collectionView.bounds.width * 0.5, y: collectionView.bounds.height * 0.5)
88 | return center
/Applications/Xcode-27.0.0-Release.Candidate.app/Contents/Developer/Platforms/WatchOS.platform/Developer/SDKs/WatchOS27.0.sdk/System/Library/Frameworks/UIKit.framework/Headers/UICollectionView.h:362:12: note: 'UICollectionView' has been explicitly marked unavailable here
360 |
361 | UIKIT_EXTERN API_AVAILABLE(ios(6.0)) API_UNAVAILABLE(watchos) NS_SWIFT_UI_ACTOR
362 | @interface UICollectionView : UIScrollView <UIDataSourceTranslating>
| `- note: 'UICollectionView' has been explicitly marked unavailable here
363 |
364 | - (instancetype)initWithFrame:(CGRect)frame collectionViewLayout:(UICollectionViewLayout *)layout NS_DESIGNATED_INITIALIZER;
SwiftCompile normal arm64_32 (in target 'WWCollectionViewLayout' from project 'WWCollectionViewLayout')
cd /Users/admin/builder/spi-builder-workspace/.swiftpm/xcode
SwiftCompile normal arm64_32 Compiling\ GalleryCollectionViewLayout.swift /Users/admin/builder/spi-builder-workspace/Sources/WWCollectionViewLayout/Layout/GalleryCollectionViewLayout.swift (in target 'WWCollectionViewLayout' from project 'WWCollectionViewLayout')
/Users/admin/builder/spi-builder-workspace/Sources/WWCollectionViewLayout/Layout/GalleryCollectionViewLayout.swift:24:75: error: 'UICollectionViewLayoutAttributes' is unavailable in watchOS
22 | }
23 |
24 | public override func layoutAttributesForElements(in rect: CGRect) -> [UICollectionViewLayoutAttributes]? {
| `- error: 'UICollectionViewLayoutAttributes' is unavailable in watchOS
25 | return layoutAttributesForElements(collectionView: collectionView, in: rect, scale: scale)
26 | }
/Applications/Xcode-27.0.0-Release.Candidate.app/Contents/Developer/Platforms/WatchOS.platform/Developer/SDKs/WatchOS27.0.sdk/System/Library/Frameworks/UIKit.framework/Headers/UICollectionViewLayout.h:43:12: note: 'UICollectionViewLayoutAttributes' has been explicitly marked unavailable here
41 |
42 | UIKIT_EXTERN API_AVAILABLE(ios(6.0)) API_UNAVAILABLE(watchos) NS_SWIFT_UI_ACTOR
43 | @interface UICollectionViewLayoutAttributes : NSObject <NSCopying, UIDynamicItem>
| `- note: 'UICollectionViewLayoutAttributes' has been explicitly marked unavailable here
44 |
45 | @property (nonatomic) CGRect frame;
/Users/admin/builder/spi-builder-workspace/Sources/WWCollectionViewLayout/Layout/GalleryCollectionViewLayout.swift:11:41: error: 'UICollectionViewFlowLayout' is unavailable in watchOS
9 |
10 | // MARK: - GalleryCollectionViewLayout
11 | open class GalleryCollectionViewLayout: UICollectionViewFlowLayout {
| `- error: 'UICollectionViewFlowLayout' is unavailable in watchOS
12 |
13 | public var scale: CGFloat = 1.0 // 縮放比例
/Applications/Xcode-27.0.0-Release.Candidate.app/Contents/Developer/Platforms/WatchOS.platform/Developer/SDKs/WatchOS27.0.sdk/System/Library/Frameworks/UIKit.framework/Headers/UICollectionViewFlowLayout.h:46:12: note: 'UICollectionViewFlowLayout' has been explicitly marked unavailable here
44 |
45 | UIKIT_EXTERN API_AVAILABLE(ios(6.0)) API_UNAVAILABLE(watchos) NS_SWIFT_UI_ACTOR
46 | @interface UICollectionViewFlowLayout : UICollectionViewLayout
| `- note: 'UICollectionViewFlowLayout' has been explicitly marked unavailable here
47 |
48 | @property (nonatomic) CGFloat minimumLineSpacing;
/Users/admin/builder/spi-builder-workspace/Sources/WWCollectionViewLayout/Layout/GalleryCollectionViewLayout.swift:59:54: error: 'UICollectionView' is unavailable in watchOS
57 | /// - scale: CGFloat
58 | /// - Returns: [UICollectionViewLayoutAttributes]?
59 | func layoutAttributesForElements(collectionView: UICollectionView?, in rect: CGRect, scale: CGFloat) -> [UICollectionViewLayoutAttributes]? {
| `- error: 'UICollectionView' is unavailable in watchOS
60 |
61 | guard let layoutAttributesArray = super.layoutAttributesForElements(in: rect),
/Applications/Xcode-27.0.0-Release.Candidate.app/Contents/Developer/Platforms/WatchOS.platform/Developer/SDKs/WatchOS27.0.sdk/System/Library/Frameworks/UIKit.framework/Headers/UICollectionView.h:362:12: note: 'UICollectionView' has been explicitly marked unavailable here
360 |
361 | UIKIT_EXTERN API_AVAILABLE(ios(6.0)) API_UNAVAILABLE(watchos) NS_SWIFT_UI_ACTOR
362 | @interface UICollectionView : UIScrollView <UIDataSourceTranslating>
| `- note: 'UICollectionView' has been explicitly marked unavailable here
363 |
364 | - (instancetype)initWithFrame:(CGRect)frame collectionViewLayout:(UICollectionViewLayout *)layout NS_DESIGNATED_INITIALIZER;
/Users/admin/builder/spi-builder-workspace/Sources/WWCollectionViewLayout/Layout/GalleryCollectionViewLayout.swift:59:110: error: 'UICollectionViewLayoutAttributes' is unavailable in watchOS
57 | /// - scale: CGFloat
58 | /// - Returns: [UICollectionViewLayoutAttributes]?
59 | func layoutAttributesForElements(collectionView: UICollectionView?, in rect: CGRect, scale: CGFloat) -> [UICollectionViewLayoutAttributes]? {
| `- error: 'UICollectionViewLayoutAttributes' is unavailable in watchOS
60 |
61 | guard let layoutAttributesArray = super.layoutAttributesForElements(in: rect),
/Applications/Xcode-27.0.0-Release.Candidate.app/Contents/Developer/Platforms/WatchOS.platform/Developer/SDKs/WatchOS27.0.sdk/System/Library/Frameworks/UIKit.framework/Headers/UICollectionViewLayout.h:43:12: note: 'UICollectionViewLayoutAttributes' has been explicitly marked unavailable here
41 |
42 | UIKIT_EXTERN API_AVAILABLE(ios(6.0)) API_UNAVAILABLE(watchos) NS_SWIFT_UI_ACTOR
43 | @interface UICollectionViewLayoutAttributes : NSObject <NSCopying, UIDynamicItem>
| `- note: 'UICollectionViewLayoutAttributes' has been explicitly marked unavailable here
44 |
45 | @property (nonatomic) CGRect frame;
/Users/admin/builder/spi-builder-workspace/Sources/WWCollectionViewLayout/Layout/GalleryCollectionViewLayout.swift:88:46: error: 'UICollectionView' is unavailable in watchOS
86 | /// - velocity: CGPoint
87 | /// - Returns: CGPoint
88 | func targetContentOffset(collectionView: UICollectionView?, for proposedContentOffset: CGPoint, with velocity: CGPoint) -> CGPoint {
| `- error: 'UICollectionView' is unavailable in watchOS
89 |
90 | guard let collectionView = collectionView,
/Applications/Xcode-27.0.0-Release.Candidate.app/Contents/Developer/Platforms/WatchOS.platform/Developer/SDKs/WatchOS27.0.sdk/System/Library/Frameworks/UIKit.framework/Headers/UICollectionView.h:362:12: note: 'UICollectionView' has been explicitly marked unavailable here
360 |
361 | UIKIT_EXTERN API_AVAILABLE(ios(6.0)) API_UNAVAILABLE(watchos) NS_SWIFT_UI_ACTOR
362 | @interface UICollectionView : UIScrollView <UIDataSourceTranslating>
| `- note: 'UICollectionView' has been explicitly marked unavailable here
363 |
364 | - (instancetype)initWithFrame:(CGRect)frame collectionViewLayout:(UICollectionViewLayout *)layout NS_DESIGNATED_INITIALIZER;
/Users/admin/builder/spi-builder-workspace/Sources/WWCollectionViewLayout/Layout/GalleryCollectionViewLayout.swift:113:43: error: 'UICollectionView' is unavailable in watchOS
111 | /// - itemSize: CGSize
112 | /// - Returns: UIEdgeInsets
113 | func sectionInset(for collectionView: UICollectionView, itemSize: CGSize) -> UIEdgeInsets {
| `- error: 'UICollectionView' is unavailable in watchOS
114 |
115 | let left = (collectionView.bounds.width - itemSize.width) * 0.5
/Applications/Xcode-27.0.0-Release.Candidate.app/Contents/Developer/Platforms/WatchOS.platform/Developer/SDKs/WatchOS27.0.sdk/System/Library/Frameworks/UIKit.framework/Headers/UICollectionView.h:362:12: note: 'UICollectionView' has been explicitly marked unavailable here
360 |
361 | UIKIT_EXTERN API_AVAILABLE(ios(6.0)) API_UNAVAILABLE(watchos) NS_SWIFT_UI_ACTOR
362 | @interface UICollectionView : UIScrollView <UIDataSourceTranslating>
| `- note: 'UICollectionView' has been explicitly marked unavailable here
363 |
364 | - (instancetype)initWithFrame:(CGRect)frame collectionViewLayout:(UICollectionViewLayout *)layout NS_DESIGNATED_INITIALIZER;
SwiftCompile normal arm64_32 /Users/admin/builder/spi-builder-workspace/Sources/WWCollectionViewLayout/Layout/GalleryCollectionViewLayout.swift (in target 'WWCollectionViewLayout' from project 'WWCollectionViewLayout')
cd /Users/admin/builder/spi-builder-workspace/.swiftpm/xcode
builtin-SwiftPerFileCompile GalleryCollectionViewLayout.swift
SwiftCompile normal arm64_32 Compiling\ Extension.swift /Users/admin/builder/spi-builder-workspace/Sources/WWCollectionViewLayout/Utility/Extension.swift (in target 'WWCollectionViewLayout' from project 'WWCollectionViewLayout')
SwiftCompile normal arm64_32 /Users/admin/builder/spi-builder-workspace/Sources/WWCollectionViewLayout/Utility/Extension.swift (in target 'WWCollectionViewLayout' from project 'WWCollectionViewLayout')
cd /Users/admin/builder/spi-builder-workspace/.swiftpm/xcode
builtin-SwiftPerFileCompile Extension.swift
SwiftCompile normal arm64_32 Compiling\ LeftAlignedCollectionViewFlowLayout.swift /Users/admin/builder/spi-builder-workspace/Sources/WWCollectionViewLayout/Layout/LeftAlignedCollectionViewFlowLayout.swift (in target 'WWCollectionViewLayout' from project 'WWCollectionViewLayout')
/Users/admin/builder/spi-builder-workspace/Sources/WWCollectionViewLayout/Layout/LeftAlignedCollectionViewFlowLayout.swift:13:75: error: 'UICollectionViewLayoutAttributes' is unavailable in watchOS
11 | open class LeftAlignedCollectionViewFlowLayout: UICollectionViewFlowLayout {
12 |
13 | public override func layoutAttributesForElements(in rect: CGRect) -> [UICollectionViewLayoutAttributes]? {
| `- error: 'UICollectionViewLayoutAttributes' is unavailable in watchOS
14 | return leftLayoutAttributesForElements(in: rect)
15 | }
/Applications/Xcode-27.0.0-Release.Candidate.app/Contents/Developer/Platforms/WatchOS.platform/Developer/SDKs/WatchOS27.0.sdk/System/Library/Frameworks/UIKit.framework/Headers/UICollectionViewLayout.h:43:12: note: 'UICollectionViewLayoutAttributes' has been explicitly marked unavailable here
41 |
42 | UIKIT_EXTERN API_AVAILABLE(ios(6.0)) API_UNAVAILABLE(watchos) NS_SWIFT_UI_ACTOR
43 | @interface UICollectionViewLayoutAttributes : NSObject <NSCopying, UIDynamicItem>
| `- note: 'UICollectionViewLayoutAttributes' has been explicitly marked unavailable here
44 |
45 | @property (nonatomic) CGRect frame;
/Users/admin/builder/spi-builder-workspace/Sources/WWCollectionViewLayout/Layout/LeftAlignedCollectionViewFlowLayout.swift:11:49: error: 'UICollectionViewFlowLayout' is unavailable in watchOS
9 |
10 | // MARK: - LeftAlignedCollectionViewFlowLayout
11 | open class LeftAlignedCollectionViewFlowLayout: UICollectionViewFlowLayout {
| `- error: 'UICollectionViewFlowLayout' is unavailable in watchOS
12 |
13 | public override func layoutAttributesForElements(in rect: CGRect) -> [UICollectionViewLayoutAttributes]? {
/Applications/Xcode-27.0.0-Release.Candidate.app/Contents/Developer/Platforms/WatchOS.platform/Developer/SDKs/WatchOS27.0.sdk/System/Library/Frameworks/UIKit.framework/Headers/UICollectionViewFlowLayout.h:46:12: note: 'UICollectionViewFlowLayout' has been explicitly marked unavailable here
44 |
45 | UIKIT_EXTERN API_AVAILABLE(ios(6.0)) API_UNAVAILABLE(watchos) NS_SWIFT_UI_ACTOR
46 | @interface UICollectionViewFlowLayout : UICollectionViewLayout
| `- note: 'UICollectionViewFlowLayout' has been explicitly marked unavailable here
47 |
48 | @property (nonatomic) CGFloat minimumLineSpacing;
SwiftCompile normal arm64_32 /Users/admin/builder/spi-builder-workspace/Sources/WWCollectionViewLayout/Layout/LeftAlignedCollectionViewFlowLayout.swift (in target 'WWCollectionViewLayout' from project 'WWCollectionViewLayout')
cd /Users/admin/builder/spi-builder-workspace/.swiftpm/xcode
builtin-SwiftPerFileCompile LeftAlignedCollectionViewFlowLayout.swift
SwiftCompile normal arm64_32 Compiling\ WWCollectionViewLayout.swift /Users/admin/builder/spi-builder-workspace/Sources/WWCollectionViewLayout/WWCollectionViewLayout.swift (in target 'WWCollectionViewLayout' from project 'WWCollectionViewLayout')
SwiftCompile normal arm64_32 /Users/admin/builder/spi-builder-workspace/Sources/WWCollectionViewLayout/WWCollectionViewLayout.swift (in target 'WWCollectionViewLayout' from project 'WWCollectionViewLayout')
cd /Users/admin/builder/spi-builder-workspace/.swiftpm/xcode
builtin-SwiftPerFileCompile WWCollectionViewLayout.swift
PruneExplicitPrecompiledModules /Users/admin/builder/spi-builder-workspace/.derivedData/SDKExplicitPrecompiledModules
PruneExplicitPrecompiledModules /Users/admin/builder/spi-builder-workspace/.derivedData/Build/Intermediates.noindex/ExplicitPrecompiledModules
PruneExplicitPrecompiledModules /Users/admin/builder/spi-builder-workspace/.derivedData/Build/Intermediates.noindex/SwiftExplicitPrecompiledModules
2026-09-20 19:55:55.779 xcodebuild[624:3943] [MT] IDERunDestination: Supported platforms for the buildables in the current scheme is empty.
** BUILD FAILED **
The following build commands failed:
SwiftEmitModule normal arm64 Emitting\ module\ for\ WWCollectionViewLayout (in target 'WWCollectionViewLayout' from project 'WWCollectionViewLayout')
SwiftCompile normal arm64 (in target 'WWCollectionViewLayout' from project 'WWCollectionViewLayout')
Building workspace WWCollectionViewLayout with scheme WWCollectionViewLayout
(3 failures)
Command line invocation:
/Applications/Xcode-27.0.0-Release.Candidate.app/Contents/Developer/usr/bin/xcodebuild -IDEClonedSourcePackagesDirPathOverride=/Users/admin/builder/spi-builder-workspace/.dependencies -resolvePackageDependencies
Resolve Package Graph
Invalid Resource 'Privacy': File not found.
Resolved source packages:
WWCollectionViewLayout: /Users/admin/builder/spi-builder-workspace
resolved source packages: WWCollectionViewLayout
2026-09-20 19:56:02.363 xcodebuild[779:4630] [MT] IDERunDestination: Supported platforms for the buildables in the current scheme is empty.
{
"dependencies" : [
],
"manifest_display_name" : "WWCollectionViewLayout",
"name" : "WWCollectionViewLayout",
"path" : "/Users/admin/builder/spi-builder-workspace",
"platforms" : [
{
"name" : "ios",
"version" : "14.0"
}
],
"products" : [
{
"name" : "WWCollectionViewLayout",
"targets" : [
"WWCollectionViewLayout"
],
"type" : {
"library" : [
"automatic"
]
}
}
],
"swift_languages_versions" : [
"5"
],
"targets" : [
{
"c99name" : "WWCollectionViewLayout",
"module_type" : "SwiftTarget",
"name" : "WWCollectionViewLayout",
"path" : "Sources/WWCollectionViewLayout",
"product_memberships" : [
"WWCollectionViewLayout"
],
"sources" : [
"Layout/GalleryCollectionViewLayout.swift",
"Layout/LeftAlignedCollectionViewFlowLayout.swift",
"Layout/StackCollectionViewLayout.swift",
"Utility/Extension.swift",
"WWCollectionViewLayout.swift"
],
"type" : "library"
}
],
"tools_version" : "5.6"
}
warning: 'spi-builder-workspace': Invalid Resource 'Privacy': File not found.
{
"workspace" : {
"name" : "WWCollectionViewLayout",
"schemes" : [
"WWCollectionViewLayout"
]
}
}
2026-09-20 19:56:03.672 xcodebuild[787:4698] [MT] IDERunDestination: Supported platforms for the buildables in the current scheme is empty.
Running build ...
env DEVELOPER_DIR=/Applications/Xcode-27.0.0-Release.Candidate.app xcrun xcodebuild -IDEClonedSourcePackagesDirPathOverride=$PWD/.dependencies -skipMacroValidation -skipPackagePluginValidation -derivedDataPath $PWD/.derivedData build -scheme WWCollectionViewLayout -destination generic/platform=watchOS
Command line invocation:
/Applications/Xcode-27.0.0-Release.Candidate.app/Contents/Developer/usr/bin/xcodebuild -IDEClonedSourcePackagesDirPathOverride=/Users/admin/builder/spi-builder-workspace/.dependencies -skipMacroValidation -skipPackagePluginValidation -derivedDataPath /Users/admin/builder/spi-builder-workspace/.derivedData build -scheme WWCollectionViewLayout -destination generic/platform=watchOS
Resolve Package Graph
Invalid Resource 'Privacy': File not found.
Resolved source packages:
WWCollectionViewLayout: /Users/admin/builder/spi-builder-workspace
ComputePackagePrebuildTargetDependencyGraph
Prepare packages
CreateBuildRequest
SendProjectDescription
CreateBuildOperation
ComputeTargetDependencyGraph
note: Building targets in dependency order
note: Target dependency graph (2 targets)
Target 'WWCollectionViewLayout-product' in project 'WWCollectionViewLayout'
➜ Explicit dependency on target 'WWCollectionViewLayout' in project 'WWCollectionViewLayout'
Target 'WWCollectionViewLayout' in project 'WWCollectionViewLayout' (no dependencies)
GatherProvisioningInputs
CreateBuildDescription
ClangStatCache /Applications/Xcode-27.0.0-Release.Candidate.app/Contents/Developer/Toolchains/XcodeDefault.xctoolchain/usr/bin/clang-stat-cache /Applications/Xcode-27.0.0-Release.Candidate.app/Contents/Developer/Platforms/WatchOS.platform/Developer/SDKs/WatchOS27.0.sdk /Users/admin/builder/spi-builder-workspace/.derivedData/SDKStatCaches.noindex/watchos27.0-24R360-e829b21a6f8c9b70876ba0858053c04477534ef55a1706bf4c1112bbb242f0a2.sdkstatcache
cd /Users/admin/builder/spi-builder-workspace/.swiftpm/xcode
/Applications/Xcode-27.0.0-Release.Candidate.app/Contents/Developer/Toolchains/XcodeDefault.xctoolchain/usr/bin/clang-stat-cache /Applications/Xcode-27.0.0-Release.Candidate.app/Contents/Developer/Platforms/WatchOS.platform/Developer/SDKs/WatchOS27.0.sdk -o /Users/admin/builder/spi-builder-workspace/.derivedData/SDKStatCaches.noindex/watchos27.0-24R360-e829b21a6f8c9b70876ba0858053c04477534ef55a1706bf4c1112bbb242f0a2.sdkstatcache
SwiftDriver WWCollectionViewLayout normal arm64_32 com.apple.xcode.tools.swift.compiler (in target 'WWCollectionViewLayout' from project 'WWCollectionViewLayout')
cd /Users/admin/builder/spi-builder-workspace/.swiftpm/xcode
builtin-SwiftDriver -- /Applications/Xcode-27.0.0-Release.Candidate.app/Contents/Developer/Toolchains/XcodeDefault.xctoolchain/usr/bin/swiftc -parse-as-library -module-name WWCollectionViewLayout -Onone @/Users/admin/builder/spi-builder-workspace/.derivedData/Build/Intermediates.noindex/WWCollectionViewLayout.build/Debug-watchos/WWCollectionViewLayout-t.build/Objects-normal/arm64_32/WWCollectionViewLayout.SwiftFileList -DSWIFT_PACKAGE -DDEBUG -DSWIFT_MODULE_RESOURCE_BUNDLE_UNAVAILABLE -DXcode -plugin-path /Applications/Xcode-27.0.0-Release.Candidate.app/Contents/Developer/Toolchains/XcodeDefault.xctoolchain/usr/lib/swift/host/plugins/testing -enable-experimental-feature DebugDescriptionMacro -sdk /Applications/Xcode-27.0.0-Release.Candidate.app/Contents/Developer/Platforms/WatchOS.platform/Developer/SDKs/WatchOS27.0.sdk -target arm64_32-apple-watchos9.0 -g -module-cache-path /Users/admin/builder/spi-builder-workspace/.derivedData/ModuleCache.noindex -Xfrontend -serialize-debugging-options -enable-testing -index-store-path /Users/admin/builder/spi-builder-workspace/.derivedData/Index.noindex/DataStore -Xcc -D_LIBCPP_HARDENING_MODE\=_LIBCPP_HARDENING_MODE_DEBUG -swift-version 5 -I /Users/admin/builder/spi-builder-workspace/.derivedData/Build/Products/Debug-watchos -Isystem /Applications/Xcode-27.0.0-Release.Candidate.app/Contents/Developer/Platforms/WatchOS.platform/Developer/usr/lib -F /Users/admin/builder/spi-builder-workspace/.derivedData/Build/Products/Debug-watchos -F /Applications/Xcode-27.0.0-Release.Candidate.app/Contents/Developer/Platforms/WatchOS.platform/Developer/Library/Frameworks -F /Applications/Xcode-27.0.0-Release.Candidate.app/Contents/Developer/Platforms/WatchOS.platform/Developer/SDKs/WatchOS27.0.sdk/Developer/Library/Frameworks -c -j10 -enable-batch-mode -incremental -Xcc -ivfsstatcache -Xcc /Users/admin/builder/spi-builder-workspace/.derivedData/SDKStatCaches.noindex/watchos27.0-24R360-e829b21a6f8c9b70876ba0858053c04477534ef55a1706bf4c1112bbb242f0a2.sdkstatcache -output-file-map /Users/admin/builder/spi-builder-workspace/.derivedData/Build/Intermediates.noindex/WWCollectionViewLayout.build/Debug-watchos/WWCollectionViewLayout-t.build/Objects-normal/arm64_32/WWCollectionViewLayout-OutputFileMap.json -save-temps -no-color-diagnostics -explicit-module-build -module-cache-path /Users/admin/builder/spi-builder-workspace/.derivedData/Build/Intermediates.noindex/SwiftExplicitPrecompiledModules -clang-scanner-module-cache-path /Users/admin/builder/spi-builder-workspace/.derivedData/ModuleCache.noindex -sdk-module-cache-path /Users/admin/builder/spi-builder-workspace/.derivedData/SDKExplicitPrecompiledModules -emit-dependencies -emit-module -emit-module-path /Users/admin/builder/spi-builder-workspace/.derivedData/Build/Intermediates.noindex/WWCollectionViewLayout.build/Debug-watchos/WWCollectionViewLayout-t.build/Objects-normal/arm64_32/WWCollectionViewLayout.swiftmodule -serialize-diagnostics -dependency-scan-serialize-diagnostics-path /Users/admin/builder/spi-builder-workspace/.derivedData/Build/Intermediates.noindex/WWCollectionViewLayout.build/Debug-watchos/WWCollectionViewLayout-t.build/Objects-normal/arm64_32/WWCollectionViewLayout-dependency-scan.dia -validate-clang-modules-once -clang-build-session-file /Users/admin/builder/spi-builder-workspace/.derivedData/ModuleCache.noindex/Session.modulevalidation -Xcc -fmodules-prune-interval\=86400 -Xcc -fmodules-prune-after\=345600 -emit-const-values -const-gather-protocols-list /Users/admin/builder/spi-builder-workspace/.derivedData/Build/Intermediates.noindex/WWCollectionViewLayout.build/Debug-watchos/WWCollectionViewLayout-t.build/Objects-normal/arm64_32/WWCollectionViewLayout_const_extract_protocols.json -Xcc -I/Users/admin/builder/spi-builder-workspace/.derivedData/Build/Products/Debug-watchos/include -Xcc -I/Users/admin/builder/spi-builder-workspace/.derivedData/Build/Intermediates.noindex/WWCollectionViewLayout.build/Debug-watchos/WWCollectionViewLayout-t.build/DerivedSources-normal/arm64_32 -Xcc -I/Users/admin/builder/spi-builder-workspace/.derivedData/Build/Intermediates.noindex/WWCollectionViewLayout.build/Debug-watchos/WWCollectionViewLayout-t.build/DerivedSources/arm64_32 -Xcc -I/Users/admin/builder/spi-builder-workspace/.derivedData/Build/Intermediates.noindex/WWCollectionViewLayout.build/Debug-watchos/WWCollectionViewLayout-t.build/DerivedSources -Xcc -DSWIFT_PACKAGE -Xcc -DDEBUG\=1 -emit-objc-header -emit-objc-header-path /Users/admin/builder/spi-builder-workspace/.derivedData/Build/Intermediates.noindex/WWCollectionViewLayout.build/Debug-watchos/WWCollectionViewLayout-t.build/Objects-normal/arm64_32/WWCollectionViewLayout-Swift.h -working-directory /Users/admin/builder/spi-builder-workspace/.swiftpm/xcode -experimental-emit-module-separately -disable-cmo
SwiftDriver WWCollectionViewLayout normal arm64 com.apple.xcode.tools.swift.compiler (in target 'WWCollectionViewLayout' from project 'WWCollectionViewLayout')
cd /Users/admin/builder/spi-builder-workspace/.swiftpm/xcode
builtin-SwiftDriver -- /Applications/Xcode-27.0.0-Release.Candidate.app/Contents/Developer/Toolchains/XcodeDefault.xctoolchain/usr/bin/swiftc -parse-as-library -module-name WWCollectionViewLayout -Onone @/Users/admin/builder/spi-builder-workspace/.derivedData/Build/Intermediates.noindex/WWCollectionViewLayout.build/Debug-watchos/WWCollectionViewLayout-t.build/Objects-normal/arm64/WWCollectionViewLayout.SwiftFileList -DSWIFT_PACKAGE -DDEBUG -DSWIFT_MODULE_RESOURCE_BUNDLE_UNAVAILABLE -DXcode -plugin-path /Applications/Xcode-27.0.0-Release.Candidate.app/Contents/Developer/Toolchains/XcodeDefault.xctoolchain/usr/lib/swift/host/plugins/testing -enable-experimental-feature DebugDescriptionMacro -sdk /Applications/Xcode-27.0.0-Release.Candidate.app/Contents/Developer/Platforms/WatchOS.platform/Developer/SDKs/WatchOS27.0.sdk -target arm64-apple-watchos9.0 -g -module-cache-path /Users/admin/builder/spi-builder-workspace/.derivedData/ModuleCache.noindex -Xfrontend -serialize-debugging-options -enable-testing -index-store-path /Users/admin/builder/spi-builder-workspace/.derivedData/Index.noindex/DataStore -Xcc -D_LIBCPP_HARDENING_MODE\=_LIBCPP_HARDENING_MODE_DEBUG -swift-version 5 -I /Users/admin/builder/spi-builder-workspace/.derivedData/Build/Products/Debug-watchos -Isystem /Applications/Xcode-27.0.0-Release.Candidate.app/Contents/Developer/Platforms/WatchOS.platform/Developer/usr/lib -F /Users/admin/builder/spi-builder-workspace/.derivedData/Build/Products/Debug-watchos -F /Applications/Xcode-27.0.0-Release.Candidate.app/Contents/Developer/Platforms/WatchOS.platform/Developer/Library/Frameworks -F /Applications/Xcode-27.0.0-Release.Candidate.app/Contents/Developer/Platforms/WatchOS.platform/Developer/SDKs/WatchOS27.0.sdk/Developer/Library/Frameworks -c -j10 -enable-batch-mode -incremental -Xcc -ivfsstatcache -Xcc /Users/admin/builder/spi-builder-workspace/.derivedData/SDKStatCaches.noindex/watchos27.0-24R360-e829b21a6f8c9b70876ba0858053c04477534ef55a1706bf4c1112bbb242f0a2.sdkstatcache -output-file-map /Users/admin/builder/spi-builder-workspace/.derivedData/Build/Intermediates.noindex/WWCollectionViewLayout.build/Debug-watchos/WWCollectionViewLayout-t.build/Objects-normal/arm64/WWCollectionViewLayout-OutputFileMap.json -save-temps -no-color-diagnostics -explicit-module-build -module-cache-path /Users/admin/builder/spi-builder-workspace/.derivedData/Build/Intermediates.noindex/SwiftExplicitPrecompiledModules -clang-scanner-module-cache-path /Users/admin/builder/spi-builder-workspace/.derivedData/ModuleCache.noindex -sdk-module-cache-path /Users/admin/builder/spi-builder-workspace/.derivedData/SDKExplicitPrecompiledModules -emit-dependencies -emit-module -emit-module-path /Users/admin/builder/spi-builder-workspace/.derivedData/Build/Intermediates.noindex/WWCollectionViewLayout.build/Debug-watchos/WWCollectionViewLayout-t.build/Objects-normal/arm64/WWCollectionViewLayout.swiftmodule -serialize-diagnostics -dependency-scan-serialize-diagnostics-path /Users/admin/builder/spi-builder-workspace/.derivedData/Build/Intermediates.noindex/WWCollectionViewLayout.build/Debug-watchos/WWCollectionViewLayout-t.build/Objects-normal/arm64/WWCollectionViewLayout-dependency-scan.dia -validate-clang-modules-once -clang-build-session-file /Users/admin/builder/spi-builder-workspace/.derivedData/ModuleCache.noindex/Session.modulevalidation -Xcc -fmodules-prune-interval\=86400 -Xcc -fmodules-prune-after\=345600 -emit-const-values -const-gather-protocols-list /Users/admin/builder/spi-builder-workspace/.derivedData/Build/Intermediates.noindex/WWCollectionViewLayout.build/Debug-watchos/WWCollectionViewLayout-t.build/Objects-normal/arm64/WWCollectionViewLayout_const_extract_protocols.json -Xcc -I/Users/admin/builder/spi-builder-workspace/.derivedData/Build/Products/Debug-watchos/include -Xcc -I/Users/admin/builder/spi-builder-workspace/.derivedData/Build/Intermediates.noindex/WWCollectionViewLayout.build/Debug-watchos/WWCollectionViewLayout-t.build/DerivedSources-normal/arm64 -Xcc -I/Users/admin/builder/spi-builder-workspace/.derivedData/Build/Intermediates.noindex/WWCollectionViewLayout.build/Debug-watchos/WWCollectionViewLayout-t.build/DerivedSources/arm64 -Xcc -I/Users/admin/builder/spi-builder-workspace/.derivedData/Build/Intermediates.noindex/WWCollectionViewLayout.build/Debug-watchos/WWCollectionViewLayout-t.build/DerivedSources -Xcc -DSWIFT_PACKAGE -Xcc -DDEBUG\=1 -emit-objc-header -emit-objc-header-path /Users/admin/builder/spi-builder-workspace/.derivedData/Build/Intermediates.noindex/WWCollectionViewLayout.build/Debug-watchos/WWCollectionViewLayout-t.build/Objects-normal/arm64/WWCollectionViewLayout-Swift.h -working-directory /Users/admin/builder/spi-builder-workspace/.swiftpm/xcode -experimental-emit-module-separately -disable-cmo
SwiftCompile normal arm64 Compiling\ LeftAlignedCollectionViewFlowLayout.swift /Users/admin/builder/spi-builder-workspace/Sources/WWCollectionViewLayout/Layout/LeftAlignedCollectionViewFlowLayout.swift (in target 'WWCollectionViewLayout' from project 'WWCollectionViewLayout')
SwiftCompile normal arm64 /Users/admin/builder/spi-builder-workspace/Sources/WWCollectionViewLayout/Layout/LeftAlignedCollectionViewFlowLayout.swift (in target 'WWCollectionViewLayout' from project 'WWCollectionViewLayout')
cd /Users/admin/builder/spi-builder-workspace/.swiftpm/xcode
builtin-SwiftPerFileCompile LeftAlignedCollectionViewFlowLayout.swift
/Users/admin/builder/spi-builder-workspace/Sources/WWCollectionViewLayout/Layout/LeftAlignedCollectionViewFlowLayout.swift:13:75: error: 'UICollectionViewLayoutAttributes' is unavailable in watchOS
11 | open class LeftAlignedCollectionViewFlowLayout: UICollectionViewFlowLayout {
12 |
13 | public override func layoutAttributesForElements(in rect: CGRect) -> [UICollectionViewLayoutAttributes]? {
| `- error: 'UICollectionViewLayoutAttributes' is unavailable in watchOS
14 | return leftLayoutAttributesForElements(in: rect)
15 | }
/Applications/Xcode-27.0.0-Release.Candidate.app/Contents/Developer/Platforms/WatchOS.platform/Developer/SDKs/WatchOS27.0.sdk/System/Library/Frameworks/UIKit.framework/Headers/UICollectionViewLayout.h:43:12: note: 'UICollectionViewLayoutAttributes' has been explicitly marked unavailable here
41 |
42 | UIKIT_EXTERN API_AVAILABLE(ios(6.0)) API_UNAVAILABLE(watchos) NS_SWIFT_UI_ACTOR
43 | @interface UICollectionViewLayoutAttributes : NSObject <NSCopying, UIDynamicItem>
| `- note: 'UICollectionViewLayoutAttributes' has been explicitly marked unavailable here
44 |
45 | @property (nonatomic) CGRect frame;
/Users/admin/builder/spi-builder-workspace/Sources/WWCollectionViewLayout/Layout/LeftAlignedCollectionViewFlowLayout.swift:11:49: error: 'UICollectionViewFlowLayout' is unavailable in watchOS
9 |
10 | // MARK: - LeftAlignedCollectionViewFlowLayout
11 | open class LeftAlignedCollectionViewFlowLayout: UICollectionViewFlowLayout {
| `- error: 'UICollectionViewFlowLayout' is unavailable in watchOS
12 |
13 | public override func layoutAttributesForElements(in rect: CGRect) -> [UICollectionViewLayoutAttributes]? {
/Applications/Xcode-27.0.0-Release.Candidate.app/Contents/Developer/Platforms/WatchOS.platform/Developer/SDKs/WatchOS27.0.sdk/System/Library/Frameworks/UIKit.framework/Headers/UICollectionViewFlowLayout.h:46:12: note: 'UICollectionViewFlowLayout' has been explicitly marked unavailable here
44 |
45 | UIKIT_EXTERN API_AVAILABLE(ios(6.0)) API_UNAVAILABLE(watchos) NS_SWIFT_UI_ACTOR
46 | @interface UICollectionViewFlowLayout : UICollectionViewLayout
| `- note: 'UICollectionViewFlowLayout' has been explicitly marked unavailable here
47 |
48 | @property (nonatomic) CGFloat minimumLineSpacing;
SwiftEmitModule normal arm64 Emitting\ module\ for\ WWCollectionViewLayout (in target 'WWCollectionViewLayout' from project 'WWCollectionViewLayout')
/Users/admin/builder/spi-builder-workspace/Sources/WWCollectionViewLayout/Layout/GalleryCollectionViewLayout.swift:24:75: error: 'UICollectionViewLayoutAttributes' is unavailable in watchOS
22 | }
23 |
24 | public override func layoutAttributesForElements(in rect: CGRect) -> [UICollectionViewLayoutAttributes]? {
| `- error: 'UICollectionViewLayoutAttributes' is unavailable in watchOS
25 | return layoutAttributesForElements(collectionView: collectionView, in: rect, scale: scale)
26 | }
/Applications/Xcode-27.0.0-Release.Candidate.app/Contents/Developer/Platforms/WatchOS.platform/Developer/SDKs/WatchOS27.0.sdk/System/Library/Frameworks/UIKit.framework/Headers/UICollectionViewLayout.h:43:12: note: 'UICollectionViewLayoutAttributes' has been explicitly marked unavailable here
41 |
42 | UIKIT_EXTERN API_AVAILABLE(ios(6.0)) API_UNAVAILABLE(watchos) NS_SWIFT_UI_ACTOR
43 | @interface UICollectionViewLayoutAttributes : NSObject <NSCopying, UIDynamicItem>
| `- note: 'UICollectionViewLayoutAttributes' has been explicitly marked unavailable here
44 |
45 | @property (nonatomic) CGRect frame;
/Users/admin/builder/spi-builder-workspace/Sources/WWCollectionViewLayout/Layout/GalleryCollectionViewLayout.swift:11:41: error: 'UICollectionViewFlowLayout' is unavailable in watchOS
9 |
10 | // MARK: - GalleryCollectionViewLayout
11 | open class GalleryCollectionViewLayout: UICollectionViewFlowLayout {
| `- error: 'UICollectionViewFlowLayout' is unavailable in watchOS
12 |
13 | public var scale: CGFloat = 1.0 // 縮放比例
/Applications/Xcode-27.0.0-Release.Candidate.app/Contents/Developer/Platforms/WatchOS.platform/Developer/SDKs/WatchOS27.0.sdk/System/Library/Frameworks/UIKit.framework/Headers/UICollectionViewFlowLayout.h:46:12: note: 'UICollectionViewFlowLayout' has been explicitly marked unavailable here
44 |
45 | UIKIT_EXTERN API_AVAILABLE(ios(6.0)) API_UNAVAILABLE(watchos) NS_SWIFT_UI_ACTOR
46 | @interface UICollectionViewFlowLayout : UICollectionViewLayout
| `- note: 'UICollectionViewFlowLayout' has been explicitly marked unavailable here
47 |
48 | @property (nonatomic) CGFloat minimumLineSpacing;
/Users/admin/builder/spi-builder-workspace/Sources/WWCollectionViewLayout/Layout/GalleryCollectionViewLayout.swift:59:54: error: 'UICollectionView' is unavailable in watchOS
57 | /// - scale: CGFloat
58 | /// - Returns: [UICollectionViewLayoutAttributes]?
59 | func layoutAttributesForElements(collectionView: UICollectionView?, in rect: CGRect, scale: CGFloat) -> [UICollectionViewLayoutAttributes]? {
| `- error: 'UICollectionView' is unavailable in watchOS
60 |
61 | guard let layoutAttributesArray = super.layoutAttributesForElements(in: rect),
/Applications/Xcode-27.0.0-Release.Candidate.app/Contents/Developer/Platforms/WatchOS.platform/Developer/SDKs/WatchOS27.0.sdk/System/Library/Frameworks/UIKit.framework/Headers/UICollectionView.h:362:12: note: 'UICollectionView' has been explicitly marked unavailable here
360 |
361 | UIKIT_EXTERN API_AVAILABLE(ios(6.0)) API_UNAVAILABLE(watchos) NS_SWIFT_UI_ACTOR
362 | @interface UICollectionView : UIScrollView <UIDataSourceTranslating>
| `- note: 'UICollectionView' has been explicitly marked unavailable here
363 |
364 | - (instancetype)initWithFrame:(CGRect)frame collectionViewLayout:(UICollectionViewLayout *)layout NS_DESIGNATED_INITIALIZER;
/Users/admin/builder/spi-builder-workspace/Sources/WWCollectionViewLayout/Layout/GalleryCollectionViewLayout.swift:59:110: error: 'UICollectionViewLayoutAttributes' is unavailable in watchOS
57 | /// - scale: CGFloat
58 | /// - Returns: [UICollectionViewLayoutAttributes]?
59 | func layoutAttributesForElements(collectionView: UICollectionView?, in rect: CGRect, scale: CGFloat) -> [UICollectionViewLayoutAttributes]? {
| `- error: 'UICollectionViewLayoutAttributes' is unavailable in watchOS
60 |
61 | guard let layoutAttributesArray = super.layoutAttributesForElements(in: rect),
/Applications/Xcode-27.0.0-Release.Candidate.app/Contents/Developer/Platforms/WatchOS.platform/Developer/SDKs/WatchOS27.0.sdk/System/Library/Frameworks/UIKit.framework/Headers/UICollectionViewLayout.h:43:12: note: 'UICollectionViewLayoutAttributes' has been explicitly marked unavailable here
41 |
42 | UIKIT_EXTERN API_AVAILABLE(ios(6.0)) API_UNAVAILABLE(watchos) NS_SWIFT_UI_ACTOR
43 | @interface UICollectionViewLayoutAttributes : NSObject <NSCopying, UIDynamicItem>
| `- note: 'UICollectionViewLayoutAttributes' has been explicitly marked unavailable here
44 |
45 | @property (nonatomic) CGRect frame;
/Users/admin/builder/spi-builder-workspace/Sources/WWCollectionViewLayout/Layout/GalleryCollectionViewLayout.swift:88:46: error: 'UICollectionView' is unavailable in watchOS
86 | /// - velocity: CGPoint
87 | /// - Returns: CGPoint
88 | func targetContentOffset(collectionView: UICollectionView?, for proposedContentOffset: CGPoint, with velocity: CGPoint) -> CGPoint {
| `- error: 'UICollectionView' is unavailable in watchOS
89 |
90 | guard let collectionView = collectionView,
/Applications/Xcode-27.0.0-Release.Candidate.app/Contents/Developer/Platforms/WatchOS.platform/Developer/SDKs/WatchOS27.0.sdk/System/Library/Frameworks/UIKit.framework/Headers/UICollectionView.h:362:12: note: 'UICollectionView' has been explicitly marked unavailable here
360 |
361 | UIKIT_EXTERN API_AVAILABLE(ios(6.0)) API_UNAVAILABLE(watchos) NS_SWIFT_UI_ACTOR
362 | @interface UICollectionView : UIScrollView <UIDataSourceTranslating>
| `- note: 'UICollectionView' has been explicitly marked unavailable here
363 |
364 | - (instancetype)initWithFrame:(CGRect)frame collectionViewLayout:(UICollectionViewLayout *)layout NS_DESIGNATED_INITIALIZER;
/Users/admin/builder/spi-builder-workspace/Sources/WWCollectionViewLayout/Layout/GalleryCollectionViewLayout.swift:113:43: error: 'UICollectionView' is unavailable in watchOS
111 | /// - itemSize: CGSize
112 | /// - Returns: UIEdgeInsets
113 | func sectionInset(for collectionView: UICollectionView, itemSize: CGSize) -> UIEdgeInsets {
| `- error: 'UICollectionView' is unavailable in watchOS
114 |
115 | let left = (collectionView.bounds.width - itemSize.width) * 0.5
/Applications/Xcode-27.0.0-Release.Candidate.app/Contents/Developer/Platforms/WatchOS.platform/Developer/SDKs/WatchOS27.0.sdk/System/Library/Frameworks/UIKit.framework/Headers/UICollectionView.h:362:12: note: 'UICollectionView' has been explicitly marked unavailable here
360 |
361 | UIKIT_EXTERN API_AVAILABLE(ios(6.0)) API_UNAVAILABLE(watchos) NS_SWIFT_UI_ACTOR
362 | @interface UICollectionView : UIScrollView <UIDataSourceTranslating>
| `- note: 'UICollectionView' has been explicitly marked unavailable here
363 |
364 | - (instancetype)initWithFrame:(CGRect)frame collectionViewLayout:(UICollectionViewLayout *)layout NS_DESIGNATED_INITIALIZER;
/Users/admin/builder/spi-builder-workspace/Sources/WWCollectionViewLayout/Layout/GalleryCollectionViewLayout.swift:127:49: error: 'UICollectionView' is unavailable in watchOS
125 | /// - itemSize: CGSize
126 | /// - Returns: CGFloat
127 | func minimumLineSpacing(for collectionView: UICollectionView, itemSize: CGSize) -> CGFloat {
| `- error: 'UICollectionView' is unavailable in watchOS
128 | let lineSpacing = collectionView.bounds.width * 0.5 - itemSize.width
129 | return lineSpacing
/Applications/Xcode-27.0.0-Release.Candidate.app/Contents/Developer/Platforms/WatchOS.platform/Developer/SDKs/WatchOS27.0.sdk/System/Library/Frameworks/UIKit.framework/Headers/UICollectionView.h:362:12: note: 'UICollectionView' has been explicitly marked unavailable here
360 |
361 | UIKIT_EXTERN API_AVAILABLE(ios(6.0)) API_UNAVAILABLE(watchos) NS_SWIFT_UI_ACTOR
362 | @interface UICollectionView : UIScrollView <UIDataSourceTranslating>
| `- note: 'UICollectionView' has been explicitly marked unavailable here
363 |
364 | - (instancetype)initWithFrame:(CGRect)frame collectionViewLayout:(UICollectionViewLayout *)layout NS_DESIGNATED_INITIALIZER;
/Users/admin/builder/spi-builder-workspace/Sources/WWCollectionViewLayout/Layout/LeftAlignedCollectionViewFlowLayout.swift:13:75: error: 'UICollectionViewLayoutAttributes' is unavailable in watchOS
11 | open class LeftAlignedCollectionViewFlowLayout: UICollectionViewFlowLayout {
12 |
13 | public override func layoutAttributesForElements(in rect: CGRect) -> [UICollectionViewLayoutAttributes]? {
| `- error: 'UICollectionViewLayoutAttributes' is unavailable in watchOS
14 | return leftLayoutAttributesForElements(in: rect)
15 | }
/Applications/Xcode-27.0.0-Release.Candidate.app/Contents/Developer/Platforms/WatchOS.platform/Developer/SDKs/WatchOS27.0.sdk/System/Library/Frameworks/UIKit.framework/Headers/UICollectionViewLayout.h:43:12: note: 'UICollectionViewLayoutAttributes' has been explicitly marked unavailable here
41 |
42 | UIKIT_EXTERN API_AVAILABLE(ios(6.0)) API_UNAVAILABLE(watchos) NS_SWIFT_UI_ACTOR
43 | @interface UICollectionViewLayoutAttributes : NSObject <NSCopying, UIDynamicItem>
| `- note: 'UICollectionViewLayoutAttributes' has been explicitly marked unavailable here
44 |
45 | @property (nonatomic) CGRect frame;
/Users/admin/builder/spi-builder-workspace/Sources/WWCollectionViewLayout/Layout/LeftAlignedCollectionViewFlowLayout.swift:11:49: error: 'UICollectionViewFlowLayout' is unavailable in watchOS
9 |
10 | // MARK: - LeftAlignedCollectionViewFlowLayout
11 | open class LeftAlignedCollectionViewFlowLayout: UICollectionViewFlowLayout {
| `- error: 'UICollectionViewFlowLayout' is unavailable in watchOS
12 |
13 | public override func layoutAttributesForElements(in rect: CGRect) -> [UICollectionViewLayoutAttributes]? {
/Applications/Xcode-27.0.0-Release.Candidate.app/Contents/Developer/Platforms/WatchOS.platform/Developer/SDKs/WatchOS27.0.sdk/System/Library/Frameworks/UIKit.framework/Headers/UICollectionViewFlowLayout.h:46:12: note: 'UICollectionViewFlowLayout' has been explicitly marked unavailable here
44 |
45 | UIKIT_EXTERN API_AVAILABLE(ios(6.0)) API_UNAVAILABLE(watchos) NS_SWIFT_UI_ACTOR
46 | @interface UICollectionViewFlowLayout : UICollectionViewLayout
| `- note: 'UICollectionViewFlowLayout' has been explicitly marked unavailable here
47 |
48 | @property (nonatomic) CGFloat minimumLineSpacing;
/Users/admin/builder/spi-builder-workspace/Sources/WWCollectionViewLayout/Layout/LeftAlignedCollectionViewFlowLayout.swift:24:63: error: 'UICollectionViewLayoutAttributes' is unavailable in watchOS
22 | /// - Parameter rect: CGRect
23 | /// - Returns: [UICollectionViewLayoutAttributes]?
24 | func leftLayoutAttributesForElements(in rect: CGRect) -> [UICollectionViewLayoutAttributes]? {
| `- error: 'UICollectionViewLayoutAttributes' is unavailable in watchOS
25 |
26 | let attributes = super.layoutAttributesForElements(in: rect)
/Applications/Xcode-27.0.0-Release.Candidate.app/Contents/Developer/Platforms/WatchOS.platform/Developer/SDKs/WatchOS27.0.sdk/System/Library/Frameworks/UIKit.framework/Headers/UICollectionViewLayout.h:43:12: note: 'UICollectionViewLayoutAttributes' has been explicitly marked unavailable here
41 |
42 | UIKIT_EXTERN API_AVAILABLE(ios(6.0)) API_UNAVAILABLE(watchos) NS_SWIFT_UI_ACTOR
43 | @interface UICollectionViewLayoutAttributes : NSObject <NSCopying, UIDynamicItem>
| `- note: 'UICollectionViewLayoutAttributes' has been explicitly marked unavailable here
44 |
45 | @property (nonatomic) CGRect frame;
/Users/admin/builder/spi-builder-workspace/Sources/WWCollectionViewLayout/Layout/StackCollectionViewLayout.swift:28:75: error: 'UICollectionViewLayoutAttributes' is unavailable in watchOS
26 | }
27 |
28 | public override func layoutAttributesForElements(in rect: CGRect) -> [UICollectionViewLayoutAttributes]? {
| `- error: 'UICollectionViewLayoutAttributes' is unavailable in watchOS
29 | return layoutAttributesForElements(self, in: rect)
30 | }
/Applications/Xcode-27.0.0-Release.Candidate.app/Contents/Developer/Platforms/WatchOS.platform/Developer/SDKs/WatchOS27.0.sdk/System/Library/Frameworks/UIKit.framework/Headers/UICollectionViewLayout.h:43:12: note: 'UICollectionViewLayoutAttributes' has been explicitly marked unavailable here
41 |
42 | UIKIT_EXTERN API_AVAILABLE(ios(6.0)) API_UNAVAILABLE(watchos) NS_SWIFT_UI_ACTOR
43 | @interface UICollectionViewLayoutAttributes : NSObject <NSCopying, UIDynamicItem>
| `- note: 'UICollectionViewLayoutAttributes' has been explicitly marked unavailable here
44 |
45 | @property (nonatomic) CGRect frame;
/Users/admin/builder/spi-builder-workspace/Sources/WWCollectionViewLayout/Layout/StackCollectionViewLayout.swift:32:78: error: 'UICollectionViewLayoutAttributes' is unavailable in watchOS
30 | }
31 |
32 | public override func layoutAttributesForItem(at indexPath: IndexPath) -> UICollectionViewLayoutAttributes? {
| `- error: 'UICollectionViewLayoutAttributes' is unavailable in watchOS
33 | return layoutAttributesForItem(self, itemSize: itemSize, at: indexPath)
34 | }
/Applications/Xcode-27.0.0-Release.Candidate.app/Contents/Developer/Platforms/WatchOS.platform/Developer/SDKs/WatchOS27.0.sdk/System/Library/Frameworks/UIKit.framework/Headers/UICollectionViewLayout.h:43:12: note: 'UICollectionViewLayoutAttributes' has been explicitly marked unavailable here
41 |
42 | UIKIT_EXTERN API_AVAILABLE(ios(6.0)) API_UNAVAILABLE(watchos) NS_SWIFT_UI_ACTOR
43 | @interface UICollectionViewLayoutAttributes : NSObject <NSCopying, UIDynamicItem>
| `- note: 'UICollectionViewLayoutAttributes' has been explicitly marked unavailable here
44 |
45 | @property (nonatomic) CGRect frame;
/Users/admin/builder/spi-builder-workspace/Sources/WWCollectionViewLayout/Layout/StackCollectionViewLayout.swift:11:39: error: 'UICollectionViewLayout' is unavailable in watchOS
9 |
10 | // MARK: - StackCollectionViewLayout
11 | open class StackCollectionViewLayout: UICollectionViewLayout {
| `- error: 'UICollectionViewLayout' is unavailable in watchOS
12 |
13 | public var itemSize = CGSize(width: 150, height: 150) // item大小
/Applications/Xcode-27.0.0-Release.Candidate.app/Contents/Developer/Platforms/WatchOS.platform/Developer/SDKs/WatchOS27.0.sdk/System/Library/Frameworks/UIKit.framework/Headers/UICollectionViewLayout.h:89:12: note: 'UICollectionViewLayout' has been explicitly marked unavailable here
87 |
88 | UIKIT_EXTERN API_AVAILABLE(ios(6.0)) API_UNAVAILABLE(watchos) NS_SWIFT_UI_ACTOR
89 | @interface UICollectionViewLayout : NSObject <NSCoding>
| `- note: 'UICollectionViewLayout' has been explicitly marked unavailable here
90 |
91 | - (instancetype)init NS_DESIGNATED_INITIALIZER;
/Users/admin/builder/spi-builder-workspace/Sources/WWCollectionViewLayout/Layout/StackCollectionViewLayout.swift:52:96: error: 'UICollectionViewLayoutAttributes' is unavailable in watchOS
50 | /// - rect: CGRect
51 | /// - Returns: [UICollectionViewLayoutAttributes]?
52 | func layoutAttributesForElements(_ layout: StackCollectionViewLayout, in rect: CGRect) -> [UICollectionViewLayoutAttributes]? {
| `- error: 'UICollectionViewLayoutAttributes' is unavailable in watchOS
53 |
54 | guard let collectionView = collectionView else { return nil }
/Applications/Xcode-27.0.0-Release.Candidate.app/Contents/Developer/Platforms/WatchOS.platform/Developer/SDKs/WatchOS27.0.sdk/System/Library/Frameworks/UIKit.framework/Headers/UICollectionViewLayout.h:43:12: note: 'UICollectionViewLayoutAttributes' has been explicitly marked unavailable here
41 |
42 | UIKIT_EXTERN API_AVAILABLE(ios(6.0)) API_UNAVAILABLE(watchos) NS_SWIFT_UI_ACTOR
43 | @interface UICollectionViewLayoutAttributes : NSObject <NSCopying, UIDynamicItem>
| `- note: 'UICollectionViewLayoutAttributes' has been explicitly marked unavailable here
44 |
45 | @property (nonatomic) CGRect frame;
/Users/admin/builder/spi-builder-workspace/Sources/WWCollectionViewLayout/Layout/StackCollectionViewLayout.swift:69:117: error: 'UICollectionViewLayoutAttributes' is unavailable in watchOS
67 | /// - indexPath: IndexPath
68 | /// - Returns: UICollectionViewLayoutAttributes?
69 | func layoutAttributesForItem(_ layout: StackCollectionViewLayout, itemSize: CGSize, at indexPath: IndexPath) -> UICollectionViewLayoutAttributes? {
| `- error: 'UICollectionViewLayoutAttributes' is unavailable in watchOS
70 |
71 | guard let collectionView = layout.collectionView else { return nil }
/Applications/Xcode-27.0.0-Release.Candidate.app/Contents/Developer/Platforms/WatchOS.platform/Developer/SDKs/WatchOS27.0.sdk/System/Library/Frameworks/UIKit.framework/Headers/UICollectionViewLayout.h:43:12: note: 'UICollectionViewLayoutAttributes' has been explicitly marked unavailable here
41 |
42 | UIKIT_EXTERN API_AVAILABLE(ios(6.0)) API_UNAVAILABLE(watchos) NS_SWIFT_UI_ACTOR
43 | @interface UICollectionViewLayoutAttributes : NSObject <NSCopying, UIDynamicItem>
| `- note: 'UICollectionViewLayoutAttributes' has been explicitly marked unavailable here
44 |
45 | @property (nonatomic) CGRect frame;
/Users/admin/builder/spi-builder-workspace/Sources/WWCollectionViewLayout/Layout/StackCollectionViewLayout.swift:86:37: error: 'UICollectionView' is unavailable in watchOS
84 | /// - Parameter collectionView: UICollectionView
85 | /// - Returns: CGPoint?
86 | func center(for collectionView: UICollectionView) -> CGPoint {
| `- error: 'UICollectionView' is unavailable in watchOS
87 | let center = CGPoint(x: collectionView.bounds.width * 0.5, y: collectionView.bounds.height * 0.5)
88 | return center
/Applications/Xcode-27.0.0-Release.Candidate.app/Contents/Developer/Platforms/WatchOS.platform/Developer/SDKs/WatchOS27.0.sdk/System/Library/Frameworks/UIKit.framework/Headers/UICollectionView.h:362:12: note: 'UICollectionView' has been explicitly marked unavailable here
360 |
361 | UIKIT_EXTERN API_AVAILABLE(ios(6.0)) API_UNAVAILABLE(watchos) NS_SWIFT_UI_ACTOR
362 | @interface UICollectionView : UIScrollView <UIDataSourceTranslating>
| `- note: 'UICollectionView' has been explicitly marked unavailable here
363 |
364 | - (instancetype)initWithFrame:(CGRect)frame collectionViewLayout:(UICollectionViewLayout *)layout NS_DESIGNATED_INITIALIZER;
/Users/admin/builder/spi-builder-workspace/Sources/WWCollectionViewLayout/Layout/StackCollectionViewLayout.swift:96:37: error: 'UICollectionView' is unavailable in watchOS
94 | /// - indexPath: IndexPath
95 | /// - Returns: Int
96 | func zIndex(for collectionView: UICollectionView, at indexPath: IndexPath) -> Int {
| `- error: 'UICollectionView' is unavailable in watchOS
97 | let zIndex = collectionView.numberOfItems(inSection: indexPath.section) - indexPath.item
98 | return zIndex
/Applications/Xcode-27.0.0-Release.Candidate.app/Contents/Developer/Platforms/WatchOS.platform/Developer/SDKs/WatchOS27.0.sdk/System/Library/Frameworks/UIKit.framework/Headers/UICollectionView.h:362:12: note: 'UICollectionView' has been explicitly marked unavailable here
360 |
361 | UIKIT_EXTERN API_AVAILABLE(ios(6.0)) API_UNAVAILABLE(watchos) NS_SWIFT_UI_ACTOR
362 | @interface UICollectionView : UIScrollView <UIDataSourceTranslating>
| `- note: 'UICollectionView' has been explicitly marked unavailable here
363 |
364 | - (instancetype)initWithFrame:(CGRect)frame collectionViewLayout:(UICollectionViewLayout *)layout NS_DESIGNATED_INITIALIZER;
/Users/admin/builder/spi-builder-workspace/Sources/WWCollectionViewLayout/Utility/Extension.swift:21:11: error: 'UICollectionView' is unavailable in watchOS
19 |
20 | // MARK: - UICollectionView (function)
21 | extension UICollectionView {
| `- error: 'UICollectionView' is unavailable in watchOS
22 |
23 | /// 可視範圍
/Applications/Xcode-27.0.0-Release.Candidate.app/Contents/Developer/Platforms/WatchOS.platform/Developer/SDKs/WatchOS27.0.sdk/System/Library/Frameworks/UIKit.framework/Headers/UICollectionView.h:362:12: note: 'UICollectionView' has been explicitly marked unavailable here
360 |
361 | UIKIT_EXTERN API_AVAILABLE(ios(6.0)) API_UNAVAILABLE(watchos) NS_SWIFT_UI_ACTOR
362 | @interface UICollectionView : UIScrollView <UIDataSourceTranslating>
| `- note: 'UICollectionView' has been explicitly marked unavailable here
363 |
364 | - (instancetype)initWithFrame:(CGRect)frame collectionViewLayout:(UICollectionViewLayout *)layout NS_DESIGNATED_INITIALIZER;
/Users/admin/builder/spi-builder-workspace/Sources/WWCollectionViewLayout/WWCollectionViewLayout.swift:19:40: error: 'UICollectionViewFlowLayout' is unavailable in watchOS
17 | /// [建立layout - 一般效果](https://medium.com/彼得潘的-swift-ios-app-開發問題解答集/用-flow-layout-的-collection-view-實現水平滑動的分頁畫面-328a24c9b6b5)
18 | /// - Returns: UICollectionViewFlowLayout
19 | public static func layout() -> UICollectionViewFlowLayout { return UICollectionViewFlowLayout() }
| `- error: 'UICollectionViewFlowLayout' is unavailable in watchOS
20 |
21 | private init() {}
/Applications/Xcode-27.0.0-Release.Candidate.app/Contents/Developer/Platforms/WatchOS.platform/Developer/SDKs/WatchOS27.0.sdk/System/Library/Frameworks/UIKit.framework/Headers/UICollectionViewFlowLayout.h:46:12: note: 'UICollectionViewFlowLayout' has been explicitly marked unavailable here
44 |
45 | UIKIT_EXTERN API_AVAILABLE(ios(6.0)) API_UNAVAILABLE(watchos) NS_SWIFT_UI_ACTOR
46 | @interface UICollectionViewFlowLayout : UICollectionViewLayout
| `- note: 'UICollectionViewFlowLayout' has been explicitly marked unavailable here
47 |
48 | @property (nonatomic) CGFloat minimumLineSpacing;
Failed frontend command:
/Applications/Xcode-27.0.0-Release.Candidate.app/Contents/Developer/Toolchains/XcodeDefault.xctoolchain/usr/bin/swift-frontend -frontend -emit-module -experimental-skip-non-inlinable-function-bodies-without-types /Users/admin/builder/spi-builder-workspace/Sources/WWCollectionViewLayout/Layout/GalleryCollectionViewLayout.swift /Users/admin/builder/spi-builder-workspace/Sources/WWCollectionViewLayout/Layout/LeftAlignedCollectionViewFlowLayout.swift /Users/admin/builder/spi-builder-workspace/Sources/WWCollectionViewLayout/Layout/StackCollectionViewLayout.swift /Users/admin/builder/spi-builder-workspace/Sources/WWCollectionViewLayout/Utility/Extension.swift /Users/admin/builder/spi-builder-workspace/Sources/WWCollectionViewLayout/WWCollectionViewLayout.swift -target arm64-apple-watchos9.0 -disable-cross-import-overlay-search -load-resolved-plugin /Applications/Xcode-27.0.0-Release.Candidate.app/Contents/Developer/Platforms/WatchOS.platform/Developer/usr/lib/swift/host/plugins/libFoundationMacros.dylib\#/Applications/Xcode-27.0.0-Release.Candidate.app/Contents/Developer/Platforms/WatchOS.platform/Developer/usr/bin/swift-plugin-server\#FoundationMacros -load-resolved-plugin /Applications/Xcode-27.0.0-Release.Candidate.app/Contents/Developer/Platforms/WatchOS.platform/Developer/usr/lib/swift/host/plugins/libObservationMacros.dylib\#/Applications/Xcode-27.0.0-Release.Candidate.app/Contents/Developer/Platforms/WatchOS.platform/Developer/usr/bin/swift-plugin-server\#ObservationMacros -load-resolved-plugin /Applications/Xcode-27.0.0-Release.Candidate.app/Contents/Developer/Platforms/WatchOS.platform/Developer/usr/lib/swift/host/plugins/libSwiftMacros.dylib\#/Applications/Xcode-27.0.0-Release.Candidate.app/Contents/Developer/Platforms/WatchOS.platform/Developer/usr/bin/swift-plugin-server\#SwiftMacros -load-resolved-plugin /Applications/Xcode-27.0.0-Release.Candidate.app/Contents/Developer/Platforms/WatchOS.platform/Developer/usr/lib/swift/host/plugins/libSwiftUIMacros.dylib\#/Applications/Xcode-27.0.0-Release.Candidate.app/Contents/Developer/Platforms/WatchOS.platform/Developer/usr/bin/swift-plugin-server\#SwiftUIMacros -disable-implicit-swift-modules -Xcc -fno-implicit-modules -Xcc -fno-implicit-module-maps -explicit-swift-module-map-file /Users/admin/builder/spi-builder-workspace/.derivedData/Build/Intermediates.noindex/WWCollectionViewLayout.build/Debug-watchos/WWCollectionViewLayout-t.build/Objects-normal/arm64/WWCollectionViewLayout-dependencies-1.json -Xllvm -aarch64-use-tbi -enable-objc-interop -stack-check -sdk /Applications/Xcode-27.0.0-Release.Candidate.app/Contents/Developer/Platforms/WatchOS.platform/Developer/SDKs/WatchOS27.0.sdk -I /Users/admin/builder/spi-builder-workspace/.derivedData/Build/Products/Debug-watchos -Isystem /Applications/Xcode-27.0.0-Release.Candidate.app/Contents/Developer/Platforms/WatchOS.platform/Developer/usr/lib -F /Users/admin/builder/spi-builder-workspace/.derivedData/Build/Products/Debug-watchos -F /Applications/Xcode-27.0.0-Release.Candidate.app/Contents/Developer/Platforms/WatchOS.platform/Developer/Library/Frameworks -F /Applications/Xcode-27.0.0-Release.Candidate.app/Contents/Developer/Platforms/WatchOS.platform/Developer/SDKs/WatchOS27.0.sdk/Developer/Library/Frameworks -module-cache-path /Users/admin/builder/spi-builder-workspace/.derivedData/Build/Intermediates.noindex/SwiftExplicitPrecompiledModules -no-color-diagnostics -Xcc -fno-color-diagnostics -enable-testing -g -debug-info-format\=dwarf -dwarf-version\=4 -swift-version 5 -Onone -D SWIFT_PACKAGE -D DEBUG -D SWIFT_MODULE_RESOURCE_BUNDLE_UNAVAILABLE -D Xcode -serialize-debugging-options -enable-experimental-feature DebugDescriptionMacro -empty-abi-descriptor -validate-clang-modules-once -clang-build-session-file /Users/admin/builder/spi-builder-workspace/.derivedData/ModuleCache.noindex/Session.modulevalidation -Xcc -working-directory -Xcc /Users/admin/builder/spi-builder-workspace/.swiftpm/xcode -enable-anonymous-context-mangled-names -file-compilation-dir /Users/admin/builder/spi-builder-workspace/.swiftpm/xcode -Xcc -D_LIBCPP_HARDENING_MODE\=_LIBCPP_HARDENING_MODE_DEBUG -Xcc -ivfsstatcache -Xcc /Users/admin/builder/spi-builder-workspace/.derivedData/SDKStatCaches.noindex/watchos27.0-24R360-e829b21a6f8c9b70876ba0858053c04477534ef55a1706bf4c1112bbb242f0a2.sdkstatcache -Xcc -fmodules-prune-interval\=86400 -Xcc -fmodules-prune-after\=345600 -Xcc -I/Users/admin/builder/spi-builder-workspace/.derivedData/Build/Products/Debug-watchos/include -Xcc -I/Users/admin/builder/spi-builder-workspace/.derivedData/Build/Intermediates.noindex/WWCollectionViewLayout.build/Debug-watchos/WWCollectionViewLayout-t.build/DerivedSources-normal/arm64 -Xcc -I/Users/admin/builder/spi-builder-workspace/.derivedData/Build/Intermediates.noindex/WWCollectionViewLayout.build/Debug-watchos/WWCollectionViewLayout-t.build/DerivedSources/arm64 -Xcc -I/Users/admin/builder/spi-builder-workspace/.derivedData/Build/Intermediates.noindex/WWCollectionViewLayout.build/Debug-watchos/WWCollectionViewLayout-t.build/DerivedSources -Xcc -DSWIFT_PACKAGE -Xcc -DDEBUG\=1 -no-auto-bridging-header-chaining -module-name WWCollectionViewLayout -const-gather-protocols-file /Users/admin/builder/spi-builder-workspace/.derivedData/Build/Intermediates.noindex/WWCollectionViewLayout.build/Debug-watchos/WWCollectionViewLayout-t.build/Objects-normal/arm64/WWCollectionViewLayout_const_extract_protocols.json -disable-clang-spi -clang-target arm64-apple-watchos27.0 -target-sdk-version 27.0 -target-sdk-name watchos27.0 -in-process-plugin-server-path /Applications/Xcode-27.0.0-Release.Candidate.app/Contents/Developer/Toolchains/XcodeDefault.xctoolchain/usr/lib/swift/host/libSwiftInProcPluginServer.dylib -emit-module-doc-path /Users/admin/builder/spi-builder-workspace/.derivedData/Build/Intermediates.noindex/WWCollectionViewLayout.build/Debug-watchos/WWCollectionViewLayout-t.build/Objects-normal/arm64/WWCollectionViewLayout.swiftdoc -emit-module-source-info-path /Users/admin/builder/spi-builder-workspace/.derivedData/Build/Intermediates.noindex/WWCollectionViewLayout.build/Debug-watchos/WWCollectionViewLayout-t.build/Objects-normal/arm64/WWCollectionViewLayout.swiftsourceinfo -emit-objc-header-path /Users/admin/builder/spi-builder-workspace/.derivedData/Build/Intermediates.noindex/WWCollectionViewLayout.build/Debug-watchos/WWCollectionViewLayout-t.build/Objects-normal/arm64/WWCollectionViewLayout-Swift.h -serialize-diagnostics-path /Users/admin/builder/spi-builder-workspace/.derivedData/Build/Intermediates.noindex/WWCollectionViewLayout.build/Debug-watchos/WWCollectionViewLayout-t.build/Objects-normal/arm64/WWCollectionViewLayout-primary-emit-module.dia -emit-dependencies-path /Users/admin/builder/spi-builder-workspace/.derivedData/Build/Intermediates.noindex/WWCollectionViewLayout.build/Debug-watchos/WWCollectionViewLayout-t.build/Objects-normal/arm64/WWCollectionViewLayout-primary-emit-module.d -parse-as-library -o /Users/admin/builder/spi-builder-workspace/.derivedData/Build/Intermediates.noindex/WWCollectionViewLayout.build/Debug-watchos/WWCollectionViewLayout-t.build/Objects-normal/arm64/WWCollectionViewLayout.swiftmodule -emit-abi-descriptor-path /Users/admin/builder/spi-builder-workspace/.derivedData/Build/Intermediates.noindex/WWCollectionViewLayout.build/Debug-watchos/WWCollectionViewLayout-t.build/Objects-normal/arm64/WWCollectionViewLayout.abi.json
SwiftCompile normal arm64 (in target 'WWCollectionViewLayout' from project 'WWCollectionViewLayout')
cd /Users/admin/builder/spi-builder-workspace/.swiftpm/xcode
SwiftEmitModule normal arm64_32 Emitting\ module\ for\ WWCollectionViewLayout (in target 'WWCollectionViewLayout' from project 'WWCollectionViewLayout')
/Users/admin/builder/spi-builder-workspace/Sources/WWCollectionViewLayout/Layout/GalleryCollectionViewLayout.swift:24:75: error: 'UICollectionViewLayoutAttributes' is unavailable in watchOS
22 | }
23 |
24 | public override func layoutAttributesForElements(in rect: CGRect) -> [UICollectionViewLayoutAttributes]? {
| `- error: 'UICollectionViewLayoutAttributes' is unavailable in watchOS
25 | return layoutAttributesForElements(collectionView: collectionView, in: rect, scale: scale)
26 | }
/Applications/Xcode-27.0.0-Release.Candidate.app/Contents/Developer/Platforms/WatchOS.platform/Developer/SDKs/WatchOS27.0.sdk/System/Library/Frameworks/UIKit.framework/Headers/UICollectionViewLayout.h:43:12: note: 'UICollectionViewLayoutAttributes' has been explicitly marked unavailable here
41 |
42 | UIKIT_EXTERN API_AVAILABLE(ios(6.0)) API_UNAVAILABLE(watchos) NS_SWIFT_UI_ACTOR
43 | @interface UICollectionViewLayoutAttributes : NSObject <NSCopying, UIDynamicItem>
| `- note: 'UICollectionViewLayoutAttributes' has been explicitly marked unavailable here
44 |
45 | @property (nonatomic) CGRect frame;
/Users/admin/builder/spi-builder-workspace/Sources/WWCollectionViewLayout/Layout/GalleryCollectionViewLayout.swift:11:41: error: 'UICollectionViewFlowLayout' is unavailable in watchOS
9 |
10 | // MARK: - GalleryCollectionViewLayout
11 | open class GalleryCollectionViewLayout: UICollectionViewFlowLayout {
| `- error: 'UICollectionViewFlowLayout' is unavailable in watchOS
12 |
13 | public var scale: CGFloat = 1.0 // 縮放比例
/Applications/Xcode-27.0.0-Release.Candidate.app/Contents/Developer/Platforms/WatchOS.platform/Developer/SDKs/WatchOS27.0.sdk/System/Library/Frameworks/UIKit.framework/Headers/UICollectionViewFlowLayout.h:46:12: note: 'UICollectionViewFlowLayout' has been explicitly marked unavailable here
44 |
45 | UIKIT_EXTERN API_AVAILABLE(ios(6.0)) API_UNAVAILABLE(watchos) NS_SWIFT_UI_ACTOR
46 | @interface UICollectionViewFlowLayout : UICollectionViewLayout
| `- note: 'UICollectionViewFlowLayout' has been explicitly marked unavailable here
47 |
48 | @property (nonatomic) CGFloat minimumLineSpacing;
/Users/admin/builder/spi-builder-workspace/Sources/WWCollectionViewLayout/Layout/GalleryCollectionViewLayout.swift:59:54: error: 'UICollectionView' is unavailable in watchOS
57 | /// - scale: CGFloat
58 | /// - Returns: [UICollectionViewLayoutAttributes]?
59 | func layoutAttributesForElements(collectionView: UICollectionView?, in rect: CGRect, scale: CGFloat) -> [UICollectionViewLayoutAttributes]? {
| `- error: 'UICollectionView' is unavailable in watchOS
60 |
61 | guard let layoutAttributesArray = super.layoutAttributesForElements(in: rect),
/Applications/Xcode-27.0.0-Release.Candidate.app/Contents/Developer/Platforms/WatchOS.platform/Developer/SDKs/WatchOS27.0.sdk/System/Library/Frameworks/UIKit.framework/Headers/UICollectionView.h:362:12: note: 'UICollectionView' has been explicitly marked unavailable here
360 |
361 | UIKIT_EXTERN API_AVAILABLE(ios(6.0)) API_UNAVAILABLE(watchos) NS_SWIFT_UI_ACTOR
362 | @interface UICollectionView : UIScrollView <UIDataSourceTranslating>
| `- note: 'UICollectionView' has been explicitly marked unavailable here
363 |
364 | - (instancetype)initWithFrame:(CGRect)frame collectionViewLayout:(UICollectionViewLayout *)layout NS_DESIGNATED_INITIALIZER;
/Users/admin/builder/spi-builder-workspace/Sources/WWCollectionViewLayout/Layout/GalleryCollectionViewLayout.swift:59:110: error: 'UICollectionViewLayoutAttributes' is unavailable in watchOS
57 | /// - scale: CGFloat
58 | /// - Returns: [UICollectionViewLayoutAttributes]?
59 | func layoutAttributesForElements(collectionView: UICollectionView?, in rect: CGRect, scale: CGFloat) -> [UICollectionViewLayoutAttributes]? {
| `- error: 'UICollectionViewLayoutAttributes' is unavailable in watchOS
60 |
61 | guard let layoutAttributesArray = super.layoutAttributesForElements(in: rect),
/Applications/Xcode-27.0.0-Release.Candidate.app/Contents/Developer/Platforms/WatchOS.platform/Developer/SDKs/WatchOS27.0.sdk/System/Library/Frameworks/UIKit.framework/Headers/UICollectionViewLayout.h:43:12: note: 'UICollectionViewLayoutAttributes' has been explicitly marked unavailable here
41 |
42 | UIKIT_EXTERN API_AVAILABLE(ios(6.0)) API_UNAVAILABLE(watchos) NS_SWIFT_UI_ACTOR
43 | @interface UICollectionViewLayoutAttributes : NSObject <NSCopying, UIDynamicItem>
| `- note: 'UICollectionViewLayoutAttributes' has been explicitly marked unavailable here
44 |
45 | @property (nonatomic) CGRect frame;
/Users/admin/builder/spi-builder-workspace/Sources/WWCollectionViewLayout/Layout/GalleryCollectionViewLayout.swift:88:46: error: 'UICollectionView' is unavailable in watchOS
86 | /// - velocity: CGPoint
87 | /// - Returns: CGPoint
88 | func targetContentOffset(collectionView: UICollectionView?, for proposedContentOffset: CGPoint, with velocity: CGPoint) -> CGPoint {
| `- error: 'UICollectionView' is unavailable in watchOS
89 |
90 | guard let collectionView = collectionView,
/Applications/Xcode-27.0.0-Release.Candidate.app/Contents/Developer/Platforms/WatchOS.platform/Developer/SDKs/WatchOS27.0.sdk/System/Library/Frameworks/UIKit.framework/Headers/UICollectionView.h:362:12: note: 'UICollectionView' has been explicitly marked unavailable here
360 |
361 | UIKIT_EXTERN API_AVAILABLE(ios(6.0)) API_UNAVAILABLE(watchos) NS_SWIFT_UI_ACTOR
362 | @interface UICollectionView : UIScrollView <UIDataSourceTranslating>
| `- note: 'UICollectionView' has been explicitly marked unavailable here
363 |
364 | - (instancetype)initWithFrame:(CGRect)frame collectionViewLayout:(UICollectionViewLayout *)layout NS_DESIGNATED_INITIALIZER;
/Users/admin/builder/spi-builder-workspace/Sources/WWCollectionViewLayout/Layout/GalleryCollectionViewLayout.swift:113:43: error: 'UICollectionView' is unavailable in watchOS
111 | /// - itemSize: CGSize
112 | /// - Returns: UIEdgeInsets
113 | func sectionInset(for collectionView: UICollectionView, itemSize: CGSize) -> UIEdgeInsets {
| `- error: 'UICollectionView' is unavailable in watchOS
114 |
115 | let left = (collectionView.bounds.width - itemSize.width) * 0.5
/Applications/Xcode-27.0.0-Release.Candidate.app/Contents/Developer/Platforms/WatchOS.platform/Developer/SDKs/WatchOS27.0.sdk/System/Library/Frameworks/UIKit.framework/Headers/UICollectionView.h:362:12: note: 'UICollectionView' has been explicitly marked unavailable here
360 |
361 | UIKIT_EXTERN API_AVAILABLE(ios(6.0)) API_UNAVAILABLE(watchos) NS_SWIFT_UI_ACTOR
362 | @interface UICollectionView : UIScrollView <UIDataSourceTranslating>
| `- note: 'UICollectionView' has been explicitly marked unavailable here
363 |
364 | - (instancetype)initWithFrame:(CGRect)frame collectionViewLayout:(UICollectionViewLayout *)layout NS_DESIGNATED_INITIALIZER;
/Users/admin/builder/spi-builder-workspace/Sources/WWCollectionViewLayout/Layout/GalleryCollectionViewLayout.swift:127:49: error: 'UICollectionView' is unavailable in watchOS
125 | /// - itemSize: CGSize
126 | /// - Returns: CGFloat
127 | func minimumLineSpacing(for collectionView: UICollectionView, itemSize: CGSize) -> CGFloat {
| `- error: 'UICollectionView' is unavailable in watchOS
128 | let lineSpacing = collectionView.bounds.width * 0.5 - itemSize.width
129 | return lineSpacing
/Applications/Xcode-27.0.0-Release.Candidate.app/Contents/Developer/Platforms/WatchOS.platform/Developer/SDKs/WatchOS27.0.sdk/System/Library/Frameworks/UIKit.framework/Headers/UICollectionView.h:362:12: note: 'UICollectionView' has been explicitly marked unavailable here
360 |
361 | UIKIT_EXTERN API_AVAILABLE(ios(6.0)) API_UNAVAILABLE(watchos) NS_SWIFT_UI_ACTOR
362 | @interface UICollectionView : UIScrollView <UIDataSourceTranslating>
| `- note: 'UICollectionView' has been explicitly marked unavailable here
363 |
364 | - (instancetype)initWithFrame:(CGRect)frame collectionViewLayout:(UICollectionViewLayout *)layout NS_DESIGNATED_INITIALIZER;
/Users/admin/builder/spi-builder-workspace/Sources/WWCollectionViewLayout/Layout/LeftAlignedCollectionViewFlowLayout.swift:13:75: error: 'UICollectionViewLayoutAttributes' is unavailable in watchOS
11 | open class LeftAlignedCollectionViewFlowLayout: UICollectionViewFlowLayout {
12 |
13 | public override func layoutAttributesForElements(in rect: CGRect) -> [UICollectionViewLayoutAttributes]? {
| `- error: 'UICollectionViewLayoutAttributes' is unavailable in watchOS
14 | return leftLayoutAttributesForElements(in: rect)
15 | }
/Applications/Xcode-27.0.0-Release.Candidate.app/Contents/Developer/Platforms/WatchOS.platform/Developer/SDKs/WatchOS27.0.sdk/System/Library/Frameworks/UIKit.framework/Headers/UICollectionViewLayout.h:43:12: note: 'UICollectionViewLayoutAttributes' has been explicitly marked unavailable here
41 |
42 | UIKIT_EXTERN API_AVAILABLE(ios(6.0)) API_UNAVAILABLE(watchos) NS_SWIFT_UI_ACTOR
43 | @interface UICollectionViewLayoutAttributes : NSObject <NSCopying, UIDynamicItem>
| `- note: 'UICollectionViewLayoutAttributes' has been explicitly marked unavailable here
44 |
45 | @property (nonatomic) CGRect frame;
/Users/admin/builder/spi-builder-workspace/Sources/WWCollectionViewLayout/Layout/LeftAlignedCollectionViewFlowLayout.swift:11:49: error: 'UICollectionViewFlowLayout' is unavailable in watchOS
9 |
10 | // MARK: - LeftAlignedCollectionViewFlowLayout
11 | open class LeftAlignedCollectionViewFlowLayout: UICollectionViewFlowLayout {
| `- error: 'UICollectionViewFlowLayout' is unavailable in watchOS
12 |
13 | public override func layoutAttributesForElements(in rect: CGRect) -> [UICollectionViewLayoutAttributes]? {
/Applications/Xcode-27.0.0-Release.Candidate.app/Contents/Developer/Platforms/WatchOS.platform/Developer/SDKs/WatchOS27.0.sdk/System/Library/Frameworks/UIKit.framework/Headers/UICollectionViewFlowLayout.h:46:12: note: 'UICollectionViewFlowLayout' has been explicitly marked unavailable here
44 |
45 | UIKIT_EXTERN API_AVAILABLE(ios(6.0)) API_UNAVAILABLE(watchos) NS_SWIFT_UI_ACTOR
46 | @interface UICollectionViewFlowLayout : UICollectionViewLayout
| `- note: 'UICollectionViewFlowLayout' has been explicitly marked unavailable here
47 |
48 | @property (nonatomic) CGFloat minimumLineSpacing;
/Users/admin/builder/spi-builder-workspace/Sources/WWCollectionViewLayout/Layout/LeftAlignedCollectionViewFlowLayout.swift:24:63: error: 'UICollectionViewLayoutAttributes' is unavailable in watchOS
22 | /// - Parameter rect: CGRect
23 | /// - Returns: [UICollectionViewLayoutAttributes]?
24 | func leftLayoutAttributesForElements(in rect: CGRect) -> [UICollectionViewLayoutAttributes]? {
| `- error: 'UICollectionViewLayoutAttributes' is unavailable in watchOS
25 |
26 | let attributes = super.layoutAttributesForElements(in: rect)
/Applications/Xcode-27.0.0-Release.Candidate.app/Contents/Developer/Platforms/WatchOS.platform/Developer/SDKs/WatchOS27.0.sdk/System/Library/Frameworks/UIKit.framework/Headers/UICollectionViewLayout.h:43:12: note: 'UICollectionViewLayoutAttributes' has been explicitly marked unavailable here
41 |
42 | UIKIT_EXTERN API_AVAILABLE(ios(6.0)) API_UNAVAILABLE(watchos) NS_SWIFT_UI_ACTOR
43 | @interface UICollectionViewLayoutAttributes : NSObject <NSCopying, UIDynamicItem>
| `- note: 'UICollectionViewLayoutAttributes' has been explicitly marked unavailable here
44 |
45 | @property (nonatomic) CGRect frame;
/Users/admin/builder/spi-builder-workspace/Sources/WWCollectionViewLayout/Layout/StackCollectionViewLayout.swift:28:75: error: 'UICollectionViewLayoutAttributes' is unavailable in watchOS
26 | }
27 |
28 | public override func layoutAttributesForElements(in rect: CGRect) -> [UICollectionViewLayoutAttributes]? {
| `- error: 'UICollectionViewLayoutAttributes' is unavailable in watchOS
29 | return layoutAttributesForElements(self, in: rect)
30 | }
/Applications/Xcode-27.0.0-Release.Candidate.app/Contents/Developer/Platforms/WatchOS.platform/Developer/SDKs/WatchOS27.0.sdk/System/Library/Frameworks/UIKit.framework/Headers/UICollectionViewLayout.h:43:12: note: 'UICollectionViewLayoutAttributes' has been explicitly marked unavailable here
41 |
42 | UIKIT_EXTERN API_AVAILABLE(ios(6.0)) API_UNAVAILABLE(watchos) NS_SWIFT_UI_ACTOR
43 | @interface UICollectionViewLayoutAttributes : NSObject <NSCopying, UIDynamicItem>
| `- note: 'UICollectionViewLayoutAttributes' has been explicitly marked unavailable here
44 |
45 | @property (nonatomic) CGRect frame;
/Users/admin/builder/spi-builder-workspace/Sources/WWCollectionViewLayout/Layout/StackCollectionViewLayout.swift:32:78: error: 'UICollectionViewLayoutAttributes' is unavailable in watchOS
30 | }
31 |
32 | public override func layoutAttributesForItem(at indexPath: IndexPath) -> UICollectionViewLayoutAttributes? {
| `- error: 'UICollectionViewLayoutAttributes' is unavailable in watchOS
33 | return layoutAttributesForItem(self, itemSize: itemSize, at: indexPath)
34 | }
/Applications/Xcode-27.0.0-Release.Candidate.app/Contents/Developer/Platforms/WatchOS.platform/Developer/SDKs/WatchOS27.0.sdk/System/Library/Frameworks/UIKit.framework/Headers/UICollectionViewLayout.h:43:12: note: 'UICollectionViewLayoutAttributes' has been explicitly marked unavailable here
41 |
42 | UIKIT_EXTERN API_AVAILABLE(ios(6.0)) API_UNAVAILABLE(watchos) NS_SWIFT_UI_ACTOR
43 | @interface UICollectionViewLayoutAttributes : NSObject <NSCopying, UIDynamicItem>
| `- note: 'UICollectionViewLayoutAttributes' has been explicitly marked unavailable here
44 |
45 | @property (nonatomic) CGRect frame;
/Users/admin/builder/spi-builder-workspace/Sources/WWCollectionViewLayout/Layout/StackCollectionViewLayout.swift:11:39: error: 'UICollectionViewLayout' is unavailable in watchOS
9 |
10 | // MARK: - StackCollectionViewLayout
11 | open class StackCollectionViewLayout: UICollectionViewLayout {
| `- error: 'UICollectionViewLayout' is unavailable in watchOS
12 |
13 | public var itemSize = CGSize(width: 150, height: 150) // item大小
/Applications/Xcode-27.0.0-Release.Candidate.app/Contents/Developer/Platforms/WatchOS.platform/Developer/SDKs/WatchOS27.0.sdk/System/Library/Frameworks/UIKit.framework/Headers/UICollectionViewLayout.h:89:12: note: 'UICollectionViewLayout' has been explicitly marked unavailable here
87 |
88 | UIKIT_EXTERN API_AVAILABLE(ios(6.0)) API_UNAVAILABLE(watchos) NS_SWIFT_UI_ACTOR
89 | @interface UICollectionViewLayout : NSObject <NSCoding>
| `- note: 'UICollectionViewLayout' has been explicitly marked unavailable here
90 |
91 | - (instancetype)init NS_DESIGNATED_INITIALIZER;
/Users/admin/builder/spi-builder-workspace/Sources/WWCollectionViewLayout/Layout/StackCollectionViewLayout.swift:52:96: error: 'UICollectionViewLayoutAttributes' is unavailable in watchOS
50 | /// - rect: CGRect
51 | /// - Returns: [UICollectionViewLayoutAttributes]?
52 | func layoutAttributesForElements(_ layout: StackCollectionViewLayout, in rect: CGRect) -> [UICollectionViewLayoutAttributes]? {
| `- error: 'UICollectionViewLayoutAttributes' is unavailable in watchOS
53 |
54 | guard let collectionView = collectionView else { return nil }
/Applications/Xcode-27.0.0-Release.Candidate.app/Contents/Developer/Platforms/WatchOS.platform/Developer/SDKs/WatchOS27.0.sdk/System/Library/Frameworks/UIKit.framework/Headers/UICollectionViewLayout.h:43:12: note: 'UICollectionViewLayoutAttributes' has been explicitly marked unavailable here
41 |
42 | UIKIT_EXTERN API_AVAILABLE(ios(6.0)) API_UNAVAILABLE(watchos) NS_SWIFT_UI_ACTOR
43 | @interface UICollectionViewLayoutAttributes : NSObject <NSCopying, UIDynamicItem>
| `- note: 'UICollectionViewLayoutAttributes' has been explicitly marked unavailable here
44 |
45 | @property (nonatomic) CGRect frame;
/Users/admin/builder/spi-builder-workspace/Sources/WWCollectionViewLayout/Layout/StackCollectionViewLayout.swift:69:117: error: 'UICollectionViewLayoutAttributes' is unavailable in watchOS
67 | /// - indexPath: IndexPath
68 | /// - Returns: UICollectionViewLayoutAttributes?
69 | func layoutAttributesForItem(_ layout: StackCollectionViewLayout, itemSize: CGSize, at indexPath: IndexPath) -> UICollectionViewLayoutAttributes? {
| `- error: 'UICollectionViewLayoutAttributes' is unavailable in watchOS
70 |
71 | guard let collectionView = layout.collectionView else { return nil }
/Applications/Xcode-27.0.0-Release.Candidate.app/Contents/Developer/Platforms/WatchOS.platform/Developer/SDKs/WatchOS27.0.sdk/System/Library/Frameworks/UIKit.framework/Headers/UICollectionViewLayout.h:43:12: note: 'UICollectionViewLayoutAttributes' has been explicitly marked unavailable here
41 |
42 | UIKIT_EXTERN API_AVAILABLE(ios(6.0)) API_UNAVAILABLE(watchos) NS_SWIFT_UI_ACTOR
43 | @interface UICollectionViewLayoutAttributes : NSObject <NSCopying, UIDynamicItem>
| `- note: 'UICollectionViewLayoutAttributes' has been explicitly marked unavailable here
44 |
45 | @property (nonatomic) CGRect frame;
/Users/admin/builder/spi-builder-workspace/Sources/WWCollectionViewLayout/Layout/StackCollectionViewLayout.swift:86:37: error: 'UICollectionView' is unavailable in watchOS
84 | /// - Parameter collectionView: UICollectionView
85 | /// - Returns: CGPoint?
86 | func center(for collectionView: UICollectionView) -> CGPoint {
| `- error: 'UICollectionView' is unavailable in watchOS
87 | let center = CGPoint(x: collectionView.bounds.width * 0.5, y: collectionView.bounds.height * 0.5)
88 | return center
/Applications/Xcode-27.0.0-Release.Candidate.app/Contents/Developer/Platforms/WatchOS.platform/Developer/SDKs/WatchOS27.0.sdk/System/Library/Frameworks/UIKit.framework/Headers/UICollectionView.h:362:12: note: 'UICollectionView' has been explicitly marked unavailable here
360 |
361 | UIKIT_EXTERN API_AVAILABLE(ios(6.0)) API_UNAVAILABLE(watchos) NS_SWIFT_UI_ACTOR
362 | @interface UICollectionView : UIScrollView <UIDataSourceTranslating>
| `- note: 'UICollectionView' has been explicitly marked unavailable here
363 |
364 | - (instancetype)initWithFrame:(CGRect)frame collectionViewLayout:(UICollectionViewLayout *)layout NS_DESIGNATED_INITIALIZER;
/Users/admin/builder/spi-builder-workspace/Sources/WWCollectionViewLayout/Layout/StackCollectionViewLayout.swift:96:37: error: 'UICollectionView' is unavailable in watchOS
94 | /// - indexPath: IndexPath
95 | /// - Returns: Int
96 | func zIndex(for collectionView: UICollectionView, at indexPath: IndexPath) -> Int {
| `- error: 'UICollectionView' is unavailable in watchOS
97 | let zIndex = collectionView.numberOfItems(inSection: indexPath.section) - indexPath.item
98 | return zIndex
/Applications/Xcode-27.0.0-Release.Candidate.app/Contents/Developer/Platforms/WatchOS.platform/Developer/SDKs/WatchOS27.0.sdk/System/Library/Frameworks/UIKit.framework/Headers/UICollectionView.h:362:12: note: 'UICollectionView' has been explicitly marked unavailable here
360 |
361 | UIKIT_EXTERN API_AVAILABLE(ios(6.0)) API_UNAVAILABLE(watchos) NS_SWIFT_UI_ACTOR
362 | @interface UICollectionView : UIScrollView <UIDataSourceTranslating>
| `- note: 'UICollectionView' has been explicitly marked unavailable here
363 |
364 | - (instancetype)initWithFrame:(CGRect)frame collectionViewLayout:(UICollectionViewLayout *)layout NS_DESIGNATED_INITIALIZER;
/Users/admin/builder/spi-builder-workspace/Sources/WWCollectionViewLayout/Utility/Extension.swift:21:11: error: 'UICollectionView' is unavailable in watchOS
19 |
20 | // MARK: - UICollectionView (function)
21 | extension UICollectionView {
| `- error: 'UICollectionView' is unavailable in watchOS
22 |
23 | /// 可視範圍
/Applications/Xcode-27.0.0-Release.Candidate.app/Contents/Developer/Platforms/WatchOS.platform/Developer/SDKs/WatchOS27.0.sdk/System/Library/Frameworks/UIKit.framework/Headers/UICollectionView.h:362:12: note: 'UICollectionView' has been explicitly marked unavailable here
360 |
361 | UIKIT_EXTERN API_AVAILABLE(ios(6.0)) API_UNAVAILABLE(watchos) NS_SWIFT_UI_ACTOR
362 | @interface UICollectionView : UIScrollView <UIDataSourceTranslating>
| `- note: 'UICollectionView' has been explicitly marked unavailable here
363 |
364 | - (instancetype)initWithFrame:(CGRect)frame collectionViewLayout:(UICollectionViewLayout *)layout NS_DESIGNATED_INITIALIZER;
/Users/admin/builder/spi-builder-workspace/Sources/WWCollectionViewLayout/WWCollectionViewLayout.swift:19:40: error: 'UICollectionViewFlowLayout' is unavailable in watchOS
17 | /// [建立layout - 一般效果](https://medium.com/彼得潘的-swift-ios-app-開發問題解答集/用-flow-layout-的-collection-view-實現水平滑動的分頁畫面-328a24c9b6b5)
18 | /// - Returns: UICollectionViewFlowLayout
19 | public static func layout() -> UICollectionViewFlowLayout { return UICollectionViewFlowLayout() }
| `- error: 'UICollectionViewFlowLayout' is unavailable in watchOS
20 |
21 | private init() {}
/Applications/Xcode-27.0.0-Release.Candidate.app/Contents/Developer/Platforms/WatchOS.platform/Developer/SDKs/WatchOS27.0.sdk/System/Library/Frameworks/UIKit.framework/Headers/UICollectionViewFlowLayout.h:46:12: note: 'UICollectionViewFlowLayout' has been explicitly marked unavailable here
44 |
45 | UIKIT_EXTERN API_AVAILABLE(ios(6.0)) API_UNAVAILABLE(watchos) NS_SWIFT_UI_ACTOR
46 | @interface UICollectionViewFlowLayout : UICollectionViewLayout
| `- note: 'UICollectionViewFlowLayout' has been explicitly marked unavailable here
47 |
48 | @property (nonatomic) CGFloat minimumLineSpacing;
Failed frontend command:
/Applications/Xcode-27.0.0-Release.Candidate.app/Contents/Developer/Toolchains/XcodeDefault.xctoolchain/usr/bin/swift-frontend -frontend -emit-module -experimental-skip-non-inlinable-function-bodies-without-types /Users/admin/builder/spi-builder-workspace/Sources/WWCollectionViewLayout/Layout/GalleryCollectionViewLayout.swift /Users/admin/builder/spi-builder-workspace/Sources/WWCollectionViewLayout/Layout/LeftAlignedCollectionViewFlowLayout.swift /Users/admin/builder/spi-builder-workspace/Sources/WWCollectionViewLayout/Layout/StackCollectionViewLayout.swift /Users/admin/builder/spi-builder-workspace/Sources/WWCollectionViewLayout/Utility/Extension.swift /Users/admin/builder/spi-builder-workspace/Sources/WWCollectionViewLayout/WWCollectionViewLayout.swift -target arm64_32-apple-watchos9.0 -disable-cross-import-overlay-search -load-resolved-plugin /Applications/Xcode-27.0.0-Release.Candidate.app/Contents/Developer/Platforms/WatchOS.platform/Developer/usr/lib/swift/host/plugins/libFoundationMacros.dylib\#/Applications/Xcode-27.0.0-Release.Candidate.app/Contents/Developer/Platforms/WatchOS.platform/Developer/usr/bin/swift-plugin-server\#FoundationMacros -load-resolved-plugin /Applications/Xcode-27.0.0-Release.Candidate.app/Contents/Developer/Platforms/WatchOS.platform/Developer/usr/lib/swift/host/plugins/libObservationMacros.dylib\#/Applications/Xcode-27.0.0-Release.Candidate.app/Contents/Developer/Platforms/WatchOS.platform/Developer/usr/bin/swift-plugin-server\#ObservationMacros -load-resolved-plugin /Applications/Xcode-27.0.0-Release.Candidate.app/Contents/Developer/Platforms/WatchOS.platform/Developer/usr/lib/swift/host/plugins/libSwiftMacros.dylib\#/Applications/Xcode-27.0.0-Release.Candidate.app/Contents/Developer/Platforms/WatchOS.platform/Developer/usr/bin/swift-plugin-server\#SwiftMacros -load-resolved-plugin /Applications/Xcode-27.0.0-Release.Candidate.app/Contents/Developer/Platforms/WatchOS.platform/Developer/usr/lib/swift/host/plugins/libSwiftUIMacros.dylib\#/Applications/Xcode-27.0.0-Release.Candidate.app/Contents/Developer/Platforms/WatchOS.platform/Developer/usr/bin/swift-plugin-server\#SwiftUIMacros -disable-implicit-swift-modules -Xcc -fno-implicit-modules -Xcc -fno-implicit-module-maps -explicit-swift-module-map-file /Users/admin/builder/spi-builder-workspace/.derivedData/Build/Intermediates.noindex/WWCollectionViewLayout.build/Debug-watchos/WWCollectionViewLayout-t.build/Objects-normal/arm64_32/WWCollectionViewLayout-dependencies-2.json -enable-objc-interop -sdk /Applications/Xcode-27.0.0-Release.Candidate.app/Contents/Developer/Platforms/WatchOS.platform/Developer/SDKs/WatchOS27.0.sdk -I /Users/admin/builder/spi-builder-workspace/.derivedData/Build/Products/Debug-watchos -Isystem /Applications/Xcode-27.0.0-Release.Candidate.app/Contents/Developer/Platforms/WatchOS.platform/Developer/usr/lib -F /Users/admin/builder/spi-builder-workspace/.derivedData/Build/Products/Debug-watchos -F /Applications/Xcode-27.0.0-Release.Candidate.app/Contents/Developer/Platforms/WatchOS.platform/Developer/Library/Frameworks -F /Applications/Xcode-27.0.0-Release.Candidate.app/Contents/Developer/Platforms/WatchOS.platform/Developer/SDKs/WatchOS27.0.sdk/Developer/Library/Frameworks -module-cache-path /Users/admin/builder/spi-builder-workspace/.derivedData/Build/Intermediates.noindex/SwiftExplicitPrecompiledModules -no-color-diagnostics -Xcc -fno-color-diagnostics -enable-testing -g -debug-info-format\=dwarf -dwarf-version\=4 -swift-version 5 -Onone -D SWIFT_PACKAGE -D DEBUG -D SWIFT_MODULE_RESOURCE_BUNDLE_UNAVAILABLE -D Xcode -serialize-debugging-options -enable-experimental-feature DebugDescriptionMacro -empty-abi-descriptor -validate-clang-modules-once -clang-build-session-file /Users/admin/builder/spi-builder-workspace/.derivedData/ModuleCache.noindex/Session.modulevalidation -Xcc -working-directory -Xcc /Users/admin/builder/spi-builder-workspace/.swiftpm/xcode -enable-anonymous-context-mangled-names -file-compilation-dir /Users/admin/builder/spi-builder-workspace/.swiftpm/xcode -Xcc -D_LIBCPP_HARDENING_MODE\=_LIBCPP_HARDENING_MODE_DEBUG -Xcc -ivfsstatcache -Xcc /Users/admin/builder/spi-builder-workspace/.derivedData/SDKStatCaches.noindex/watchos27.0-24R360-e829b21a6f8c9b70876ba0858053c04477534ef55a1706bf4c1112bbb242f0a2.sdkstatcache -Xcc -fmodules-prune-interval\=86400 -Xcc -fmodules-prune-after\=345600 -Xcc -I/Users/admin/builder/spi-builder-workspace/.derivedData/Build/Products/Debug-watchos/include -Xcc -I/Users/admin/builder/spi-builder-workspace/.derivedData/Build/Intermediates.noindex/WWCollectionViewLayout.build/Debug-watchos/WWCollectionViewLayout-t.build/DerivedSources-normal/arm64_32 -Xcc -I/Users/admin/builder/spi-builder-workspace/.derivedData/Build/Intermediates.noindex/WWCollectionViewLayout.build/Debug-watchos/WWCollectionViewLayout-t.build/DerivedSources/arm64_32 -Xcc -I/Users/admin/builder/spi-builder-workspace/.derivedData/Build/Intermediates.noindex/WWCollectionViewLayout.build/Debug-watchos/WWCollectionViewLayout-t.build/DerivedSources -Xcc -DSWIFT_PACKAGE -Xcc -DDEBUG\=1 -no-auto-bridging-header-chaining -module-name WWCollectionViewLayout -const-gather-protocols-file /Users/admin/builder/spi-builder-workspace/.derivedData/Build/Intermediates.noindex/WWCollectionViewLayout.build/Debug-watchos/WWCollectionViewLayout-t.build/Objects-normal/arm64_32/WWCollectionViewLayout_const_extract_protocols.json -disable-clang-spi -clang-target arm64_32-apple-watchos27.0 -target-sdk-version 27.0 -target-sdk-name watchos27.0 -in-process-plugin-server-path /Applications/Xcode-27.0.0-Release.Candidate.app/Contents/Developer/Toolchains/XcodeDefault.xctoolchain/usr/lib/swift/host/libSwiftInProcPluginServer.dylib -emit-module-doc-path /Users/admin/builder/spi-builder-workspace/.derivedData/Build/Intermediates.noindex/WWCollectionViewLayout.build/Debug-watchos/WWCollectionViewLayout-t.build/Objects-normal/arm64_32/WWCollectionViewLayout.swiftdoc -emit-module-source-info-path /Users/admin/builder/spi-builder-workspace/.derivedData/Build/Intermediates.noindex/WWCollectionViewLayout.build/Debug-watchos/WWCollectionViewLayout-t.build/Objects-normal/arm64_32/WWCollectionViewLayout.swiftsourceinfo -emit-objc-header-path /Users/admin/builder/spi-builder-workspace/.derivedData/Build/Intermediates.noindex/WWCollectionViewLayout.build/Debug-watchos/WWCollectionViewLayout-t.build/Objects-normal/arm64_32/WWCollectionViewLayout-Swift.h -serialize-diagnostics-path /Users/admin/builder/spi-builder-workspace/.derivedData/Build/Intermediates.noindex/WWCollectionViewLayout.build/Debug-watchos/WWCollectionViewLayout-t.build/Objects-normal/arm64_32/WWCollectionViewLayout-primary-emit-module.dia -emit-dependencies-path /Users/admin/builder/spi-builder-workspace/.derivedData/Build/Intermediates.noindex/WWCollectionViewLayout.build/Debug-watchos/WWCollectionViewLayout-t.build/Objects-normal/arm64_32/WWCollectionViewLayout-primary-emit-module.d -parse-as-library -o /Users/admin/builder/spi-builder-workspace/.derivedData/Build/Intermediates.noindex/WWCollectionViewLayout.build/Debug-watchos/WWCollectionViewLayout-t.build/Objects-normal/arm64_32/WWCollectionViewLayout.swiftmodule -emit-abi-descriptor-path /Users/admin/builder/spi-builder-workspace/.derivedData/Build/Intermediates.noindex/WWCollectionViewLayout.build/Debug-watchos/WWCollectionViewLayout-t.build/Objects-normal/arm64_32/WWCollectionViewLayout.abi.json
SwiftCompile normal arm64_32 (in target 'WWCollectionViewLayout' from project 'WWCollectionViewLayout')
cd /Users/admin/builder/spi-builder-workspace/.swiftpm/xcode
SwiftCompile normal arm64 Compiling\ GalleryCollectionViewLayout.swift /Users/admin/builder/spi-builder-workspace/Sources/WWCollectionViewLayout/Layout/GalleryCollectionViewLayout.swift (in target 'WWCollectionViewLayout' from project 'WWCollectionViewLayout')
/Users/admin/builder/spi-builder-workspace/Sources/WWCollectionViewLayout/Layout/GalleryCollectionViewLayout.swift:24:75: error: 'UICollectionViewLayoutAttributes' is unavailable in watchOS
22 | }
23 |
24 | public override func layoutAttributesForElements(in rect: CGRect) -> [UICollectionViewLayoutAttributes]? {
| `- error: 'UICollectionViewLayoutAttributes' is unavailable in watchOS
25 | return layoutAttributesForElements(collectionView: collectionView, in: rect, scale: scale)
26 | }
/Applications/Xcode-27.0.0-Release.Candidate.app/Contents/Developer/Platforms/WatchOS.platform/Developer/SDKs/WatchOS27.0.sdk/System/Library/Frameworks/UIKit.framework/Headers/UICollectionViewLayout.h:43:12: note: 'UICollectionViewLayoutAttributes' has been explicitly marked unavailable here
41 |
42 | UIKIT_EXTERN API_AVAILABLE(ios(6.0)) API_UNAVAILABLE(watchos) NS_SWIFT_UI_ACTOR
43 | @interface UICollectionViewLayoutAttributes : NSObject <NSCopying, UIDynamicItem>
| `- note: 'UICollectionViewLayoutAttributes' has been explicitly marked unavailable here
44 |
45 | @property (nonatomic) CGRect frame;
/Users/admin/builder/spi-builder-workspace/Sources/WWCollectionViewLayout/Layout/GalleryCollectionViewLayout.swift:11:41: error: 'UICollectionViewFlowLayout' is unavailable in watchOS
9 |
10 | // MARK: - GalleryCollectionViewLayout
11 | open class GalleryCollectionViewLayout: UICollectionViewFlowLayout {
| `- error: 'UICollectionViewFlowLayout' is unavailable in watchOS
12 |
13 | public var scale: CGFloat = 1.0 // 縮放比例
/Applications/Xcode-27.0.0-Release.Candidate.app/Contents/Developer/Platforms/WatchOS.platform/Developer/SDKs/WatchOS27.0.sdk/System/Library/Frameworks/UIKit.framework/Headers/UICollectionViewFlowLayout.h:46:12: note: 'UICollectionViewFlowLayout' has been explicitly marked unavailable here
44 |
45 | UIKIT_EXTERN API_AVAILABLE(ios(6.0)) API_UNAVAILABLE(watchos) NS_SWIFT_UI_ACTOR
46 | @interface UICollectionViewFlowLayout : UICollectionViewLayout
| `- note: 'UICollectionViewFlowLayout' has been explicitly marked unavailable here
47 |
48 | @property (nonatomic) CGFloat minimumLineSpacing;
/Users/admin/builder/spi-builder-workspace/Sources/WWCollectionViewLayout/Layout/GalleryCollectionViewLayout.swift:59:54: error: 'UICollectionView' is unavailable in watchOS
57 | /// - scale: CGFloat
58 | /// - Returns: [UICollectionViewLayoutAttributes]?
59 | func layoutAttributesForElements(collectionView: UICollectionView?, in rect: CGRect, scale: CGFloat) -> [UICollectionViewLayoutAttributes]? {
| `- error: 'UICollectionView' is unavailable in watchOS
60 |
61 | guard let layoutAttributesArray = super.layoutAttributesForElements(in: rect),
/Applications/Xcode-27.0.0-Release.Candidate.app/Contents/Developer/Platforms/WatchOS.platform/Developer/SDKs/WatchOS27.0.sdk/System/Library/Frameworks/UIKit.framework/Headers/UICollectionView.h:362:12: note: 'UICollectionView' has been explicitly marked unavailable here
360 |
361 | UIKIT_EXTERN API_AVAILABLE(ios(6.0)) API_UNAVAILABLE(watchos) NS_SWIFT_UI_ACTOR
362 | @interface UICollectionView : UIScrollView <UIDataSourceTranslating>
| `- note: 'UICollectionView' has been explicitly marked unavailable here
363 |
364 | - (instancetype)initWithFrame:(CGRect)frame collectionViewLayout:(UICollectionViewLayout *)layout NS_DESIGNATED_INITIALIZER;
/Users/admin/builder/spi-builder-workspace/Sources/WWCollectionViewLayout/Layout/GalleryCollectionViewLayout.swift:59:110: error: 'UICollectionViewLayoutAttributes' is unavailable in watchOS
57 | /// - scale: CGFloat
58 | /// - Returns: [UICollectionViewLayoutAttributes]?
59 | func layoutAttributesForElements(collectionView: UICollectionView?, in rect: CGRect, scale: CGFloat) -> [UICollectionViewLayoutAttributes]? {
| `- error: 'UICollectionViewLayoutAttributes' is unavailable in watchOS
60 |
61 | guard let layoutAttributesArray = super.layoutAttributesForElements(in: rect),
/Applications/Xcode-27.0.0-Release.Candidate.app/Contents/Developer/Platforms/WatchOS.platform/Developer/SDKs/WatchOS27.0.sdk/System/Library/Frameworks/UIKit.framework/Headers/UICollectionViewLayout.h:43:12: note: 'UICollectionViewLayoutAttributes' has been explicitly marked unavailable here
41 |
42 | UIKIT_EXTERN API_AVAILABLE(ios(6.0)) API_UNAVAILABLE(watchos) NS_SWIFT_UI_ACTOR
43 | @interface UICollectionViewLayoutAttributes : NSObject <NSCopying, UIDynamicItem>
| `- note: 'UICollectionViewLayoutAttributes' has been explicitly marked unavailable here
44 |
45 | @property (nonatomic) CGRect frame;
/Users/admin/builder/spi-builder-workspace/Sources/WWCollectionViewLayout/Layout/GalleryCollectionViewLayout.swift:88:46: error: 'UICollectionView' is unavailable in watchOS
86 | /// - velocity: CGPoint
87 | /// - Returns: CGPoint
88 | func targetContentOffset(collectionView: UICollectionView?, for proposedContentOffset: CGPoint, with velocity: CGPoint) -> CGPoint {
| `- error: 'UICollectionView' is unavailable in watchOS
89 |
90 | guard let collectionView = collectionView,
/Applications/Xcode-27.0.0-Release.Candidate.app/Contents/Developer/Platforms/WatchOS.platform/Developer/SDKs/WatchOS27.0.sdk/System/Library/Frameworks/UIKit.framework/Headers/UICollectionView.h:362:12: note: 'UICollectionView' has been explicitly marked unavailable here
360 |
361 | UIKIT_EXTERN API_AVAILABLE(ios(6.0)) API_UNAVAILABLE(watchos) NS_SWIFT_UI_ACTOR
362 | @interface UICollectionView : UIScrollView <UIDataSourceTranslating>
| `- note: 'UICollectionView' has been explicitly marked unavailable here
363 |
364 | - (instancetype)initWithFrame:(CGRect)frame collectionViewLayout:(UICollectionViewLayout *)layout NS_DESIGNATED_INITIALIZER;
/Users/admin/builder/spi-builder-workspace/Sources/WWCollectionViewLayout/Layout/GalleryCollectionViewLayout.swift:113:43: error: 'UICollectionView' is unavailable in watchOS
111 | /// - itemSize: CGSize
112 | /// - Returns: UIEdgeInsets
113 | func sectionInset(for collectionView: UICollectionView, itemSize: CGSize) -> UIEdgeInsets {
| `- error: 'UICollectionView' is unavailable in watchOS
114 |
115 | let left = (collectionView.bounds.width - itemSize.width) * 0.5
/Applications/Xcode-27.0.0-Release.Candidate.app/Contents/Developer/Platforms/WatchOS.platform/Developer/SDKs/WatchOS27.0.sdk/System/Library/Frameworks/UIKit.framework/Headers/UICollectionView.h:362:12: note: 'UICollectionView' has been explicitly marked unavailable here
360 |
361 | UIKIT_EXTERN API_AVAILABLE(ios(6.0)) API_UNAVAILABLE(watchos) NS_SWIFT_UI_ACTOR
362 | @interface UICollectionView : UIScrollView <UIDataSourceTranslating>
| `- note: 'UICollectionView' has been explicitly marked unavailable here
363 |
364 | - (instancetype)initWithFrame:(CGRect)frame collectionViewLayout:(UICollectionViewLayout *)layout NS_DESIGNATED_INITIALIZER;
SwiftCompile normal arm64 /Users/admin/builder/spi-builder-workspace/Sources/WWCollectionViewLayout/Layout/GalleryCollectionViewLayout.swift (in target 'WWCollectionViewLayout' from project 'WWCollectionViewLayout')
cd /Users/admin/builder/spi-builder-workspace/.swiftpm/xcode
builtin-SwiftPerFileCompile GalleryCollectionViewLayout.swift
SwiftCompile normal arm64_32 Compiling\ GalleryCollectionViewLayout.swift /Users/admin/builder/spi-builder-workspace/Sources/WWCollectionViewLayout/Layout/GalleryCollectionViewLayout.swift (in target 'WWCollectionViewLayout' from project 'WWCollectionViewLayout')
/Users/admin/builder/spi-builder-workspace/Sources/WWCollectionViewLayout/Layout/GalleryCollectionViewLayout.swift:24:75: error: 'UICollectionViewLayoutAttributes' is unavailable in watchOS
22 | }
23 |
24 | public override func layoutAttributesForElements(in rect: CGRect) -> [UICollectionViewLayoutAttributes]? {
| `- error: 'UICollectionViewLayoutAttributes' is unavailable in watchOS
25 | return layoutAttributesForElements(collectionView: collectionView, in: rect, scale: scale)
26 | }
/Applications/Xcode-27.0.0-Release.Candidate.app/Contents/Developer/Platforms/WatchOS.platform/Developer/SDKs/WatchOS27.0.sdk/System/Library/Frameworks/UIKit.framework/Headers/UICollectionViewLayout.h:43:12: note: 'UICollectionViewLayoutAttributes' has been explicitly marked unavailable here
41 |
42 | UIKIT_EXTERN API_AVAILABLE(ios(6.0)) API_UNAVAILABLE(watchos) NS_SWIFT_UI_ACTOR
43 | @interface UICollectionViewLayoutAttributes : NSObject <NSCopying, UIDynamicItem>
| `- note: 'UICollectionViewLayoutAttributes' has been explicitly marked unavailable here
44 |
45 | @property (nonatomic) CGRect frame;
/Users/admin/builder/spi-builder-workspace/Sources/WWCollectionViewLayout/Layout/GalleryCollectionViewLayout.swift:11:41: error: 'UICollectionViewFlowLayout' is unavailable in watchOS
9 |
10 | // MARK: - GalleryCollectionViewLayout
11 | open class GalleryCollectionViewLayout: UICollectionViewFlowLayout {
| `- error: 'UICollectionViewFlowLayout' is unavailable in watchOS
12 |
13 | public var scale: CGFloat = 1.0 // 縮放比例
/Applications/Xcode-27.0.0-Release.Candidate.app/Contents/Developer/Platforms/WatchOS.platform/Developer/SDKs/WatchOS27.0.sdk/System/Library/Frameworks/UIKit.framework/Headers/UICollectionViewFlowLayout.h:46:12: note: 'UICollectionViewFlowLayout' has been explicitly marked unavailable here
44 |
45 | UIKIT_EXTERN API_AVAILABLE(ios(6.0)) API_UNAVAILABLE(watchos) NS_SWIFT_UI_ACTOR
46 | @interface UICollectionViewFlowLayout : UICollectionViewLayout
| `- note: 'UICollectionViewFlowLayout' has been explicitly marked unavailable here
47 |
48 | @property (nonatomic) CGFloat minimumLineSpacing;
/Users/admin/builder/spi-builder-workspace/Sources/WWCollectionViewLayout/Layout/GalleryCollectionViewLayout.swift:59:54: error: 'UICollectionView' is unavailable in watchOS
57 | /// - scale: CGFloat
58 | /// - Returns: [UICollectionViewLayoutAttributes]?
59 | func layoutAttributesForElements(collectionView: UICollectionView?, in rect: CGRect, scale: CGFloat) -> [UICollectionViewLayoutAttributes]? {
| `- error: 'UICollectionView' is unavailable in watchOS
60 |
61 | guard let layoutAttributesArray = super.layoutAttributesForElements(in: rect),
/Applications/Xcode-27.0.0-Release.Candidate.app/Contents/Developer/Platforms/WatchOS.platform/Developer/SDKs/WatchOS27.0.sdk/System/Library/Frameworks/UIKit.framework/Headers/UICollectionView.h:362:12: note: 'UICollectionView' has been explicitly marked unavailable here
360 |
361 | UIKIT_EXTERN API_AVAILABLE(ios(6.0)) API_UNAVAILABLE(watchos) NS_SWIFT_UI_ACTOR
362 | @interface UICollectionView : UIScrollView <UIDataSourceTranslating>
| `- note: 'UICollectionView' has been explicitly marked unavailable here
363 |
364 | - (instancetype)initWithFrame:(CGRect)frame collectionViewLayout:(UICollectionViewLayout *)layout NS_DESIGNATED_INITIALIZER;
/Users/admin/builder/spi-builder-workspace/Sources/WWCollectionViewLayout/Layout/GalleryCollectionViewLayout.swift:59:110: error: 'UICollectionViewLayoutAttributes' is unavailable in watchOS
57 | /// - scale: CGFloat
58 | /// - Returns: [UICollectionViewLayoutAttributes]?
59 | func layoutAttributesForElements(collectionView: UICollectionView?, in rect: CGRect, scale: CGFloat) -> [UICollectionViewLayoutAttributes]? {
| `- error: 'UICollectionViewLayoutAttributes' is unavailable in watchOS
60 |
61 | guard let layoutAttributesArray = super.layoutAttributesForElements(in: rect),
/Applications/Xcode-27.0.0-Release.Candidate.app/Contents/Developer/Platforms/WatchOS.platform/Developer/SDKs/WatchOS27.0.sdk/System/Library/Frameworks/UIKit.framework/Headers/UICollectionViewLayout.h:43:12: note: 'UICollectionViewLayoutAttributes' has been explicitly marked unavailable here
41 |
42 | UIKIT_EXTERN API_AVAILABLE(ios(6.0)) API_UNAVAILABLE(watchos) NS_SWIFT_UI_ACTOR
43 | @interface UICollectionViewLayoutAttributes : NSObject <NSCopying, UIDynamicItem>
| `- note: 'UICollectionViewLayoutAttributes' has been explicitly marked unavailable here
44 |
45 | @property (nonatomic) CGRect frame;
/Users/admin/builder/spi-builder-workspace/Sources/WWCollectionViewLayout/Layout/GalleryCollectionViewLayout.swift:88:46: error: 'UICollectionView' is unavailable in watchOS
86 | /// - velocity: CGPoint
87 | /// - Returns: CGPoint
88 | func targetContentOffset(collectionView: UICollectionView?, for proposedContentOffset: CGPoint, with velocity: CGPoint) -> CGPoint {
| `- error: 'UICollectionView' is unavailable in watchOS
89 |
90 | guard let collectionView = collectionView,
/Applications/Xcode-27.0.0-Release.Candidate.app/Contents/Developer/Platforms/WatchOS.platform/Developer/SDKs/WatchOS27.0.sdk/System/Library/Frameworks/UIKit.framework/Headers/UICollectionView.h:362:12: note: 'UICollectionView' has been explicitly marked unavailable here
360 |
361 | UIKIT_EXTERN API_AVAILABLE(ios(6.0)) API_UNAVAILABLE(watchos) NS_SWIFT_UI_ACTOR
362 | @interface UICollectionView : UIScrollView <UIDataSourceTranslating>
| `- note: 'UICollectionView' has been explicitly marked unavailable here
363 |
364 | - (instancetype)initWithFrame:(CGRect)frame collectionViewLayout:(UICollectionViewLayout *)layout NS_DESIGNATED_INITIALIZER;
/Users/admin/builder/spi-builder-workspace/Sources/WWCollectionViewLayout/Layout/GalleryCollectionViewLayout.swift:113:43: error: 'UICollectionView' is unavailable in watchOS
111 | /// - itemSize: CGSize
112 | /// - Returns: UIEdgeInsets
113 | func sectionInset(for collectionView: UICollectionView, itemSize: CGSize) -> UIEdgeInsets {
| `- error: 'UICollectionView' is unavailable in watchOS
114 |
115 | let left = (collectionView.bounds.width - itemSize.width) * 0.5
/Applications/Xcode-27.0.0-Release.Candidate.app/Contents/Developer/Platforms/WatchOS.platform/Developer/SDKs/WatchOS27.0.sdk/System/Library/Frameworks/UIKit.framework/Headers/UICollectionView.h:362:12: note: 'UICollectionView' has been explicitly marked unavailable here
360 |
361 | UIKIT_EXTERN API_AVAILABLE(ios(6.0)) API_UNAVAILABLE(watchos) NS_SWIFT_UI_ACTOR
362 | @interface UICollectionView : UIScrollView <UIDataSourceTranslating>
| `- note: 'UICollectionView' has been explicitly marked unavailable here
363 |
364 | - (instancetype)initWithFrame:(CGRect)frame collectionViewLayout:(UICollectionViewLayout *)layout NS_DESIGNATED_INITIALIZER;
SwiftCompile normal arm64_32 /Users/admin/builder/spi-builder-workspace/Sources/WWCollectionViewLayout/Layout/GalleryCollectionViewLayout.swift (in target 'WWCollectionViewLayout' from project 'WWCollectionViewLayout')
cd /Users/admin/builder/spi-builder-workspace/.swiftpm/xcode
builtin-SwiftPerFileCompile GalleryCollectionViewLayout.swift
SwiftCompile normal arm64 Compiling\ Extension.swift /Users/admin/builder/spi-builder-workspace/Sources/WWCollectionViewLayout/Utility/Extension.swift (in target 'WWCollectionViewLayout' from project 'WWCollectionViewLayout')
SwiftCompile normal arm64 /Users/admin/builder/spi-builder-workspace/Sources/WWCollectionViewLayout/Utility/Extension.swift (in target 'WWCollectionViewLayout' from project 'WWCollectionViewLayout')
cd /Users/admin/builder/spi-builder-workspace/.swiftpm/xcode
builtin-SwiftPerFileCompile Extension.swift
SwiftCompile normal arm64_32 Compiling\ WWCollectionViewLayout.swift /Users/admin/builder/spi-builder-workspace/Sources/WWCollectionViewLayout/WWCollectionViewLayout.swift (in target 'WWCollectionViewLayout' from project 'WWCollectionViewLayout')
/Users/admin/builder/spi-builder-workspace/Sources/WWCollectionViewLayout/WWCollectionViewLayout.swift:19:40: error: 'UICollectionViewFlowLayout' is unavailable in watchOS
17 | /// [建立layout - 一般效果](https://medium.com/彼得潘的-swift-ios-app-開發問題解答集/用-flow-layout-的-collection-view-實現水平滑動的分頁畫面-328a24c9b6b5)
18 | /// - Returns: UICollectionViewFlowLayout
19 | public static func layout() -> UICollectionViewFlowLayout { return UICollectionViewFlowLayout() }
| `- error: 'UICollectionViewFlowLayout' is unavailable in watchOS
20 |
21 | private init() {}
/Applications/Xcode-27.0.0-Release.Candidate.app/Contents/Developer/Platforms/WatchOS.platform/Developer/SDKs/WatchOS27.0.sdk/System/Library/Frameworks/UIKit.framework/Headers/UICollectionViewFlowLayout.h:46:12: note: 'UICollectionViewFlowLayout' has been explicitly marked unavailable here
44 |
45 | UIKIT_EXTERN API_AVAILABLE(ios(6.0)) API_UNAVAILABLE(watchos) NS_SWIFT_UI_ACTOR
46 | @interface UICollectionViewFlowLayout : UICollectionViewLayout
| `- note: 'UICollectionViewFlowLayout' has been explicitly marked unavailable here
47 |
48 | @property (nonatomic) CGFloat minimumLineSpacing;
SwiftCompile normal arm64_32 /Users/admin/builder/spi-builder-workspace/Sources/WWCollectionViewLayout/WWCollectionViewLayout.swift (in target 'WWCollectionViewLayout' from project 'WWCollectionViewLayout')
cd /Users/admin/builder/spi-builder-workspace/.swiftpm/xcode
builtin-SwiftPerFileCompile WWCollectionViewLayout.swift
SwiftCompile normal arm64_32 Compiling\ LeftAlignedCollectionViewFlowLayout.swift /Users/admin/builder/spi-builder-workspace/Sources/WWCollectionViewLayout/Layout/LeftAlignedCollectionViewFlowLayout.swift (in target 'WWCollectionViewLayout' from project 'WWCollectionViewLayout')
/Users/admin/builder/spi-builder-workspace/Sources/WWCollectionViewLayout/Layout/LeftAlignedCollectionViewFlowLayout.swift:13:75: error: 'UICollectionViewLayoutAttributes' is unavailable in watchOS
11 | open class LeftAlignedCollectionViewFlowLayout: UICollectionViewFlowLayout {
12 |
13 | public override func layoutAttributesForElements(in rect: CGRect) -> [UICollectionViewLayoutAttributes]? {
| `- error: 'UICollectionViewLayoutAttributes' is unavailable in watchOS
14 | return leftLayoutAttributesForElements(in: rect)
15 | }
/Applications/Xcode-27.0.0-Release.Candidate.app/Contents/Developer/Platforms/WatchOS.platform/Developer/SDKs/WatchOS27.0.sdk/System/Library/Frameworks/UIKit.framework/Headers/UICollectionViewLayout.h:43:12: note: 'UICollectionViewLayoutAttributes' has been explicitly marked unavailable here
41 |
42 | UIKIT_EXTERN API_AVAILABLE(ios(6.0)) API_UNAVAILABLE(watchos) NS_SWIFT_UI_ACTOR
43 | @interface UICollectionViewLayoutAttributes : NSObject <NSCopying, UIDynamicItem>
| `- note: 'UICollectionViewLayoutAttributes' has been explicitly marked unavailable here
44 |
45 | @property (nonatomic) CGRect frame;
/Users/admin/builder/spi-builder-workspace/Sources/WWCollectionViewLayout/Layout/LeftAlignedCollectionViewFlowLayout.swift:11:49: error: 'UICollectionViewFlowLayout' is unavailable in watchOS
9 |
10 | // MARK: - LeftAlignedCollectionViewFlowLayout
11 | open class LeftAlignedCollectionViewFlowLayout: UICollectionViewFlowLayout {
| `- error: 'UICollectionViewFlowLayout' is unavailable in watchOS
12 |
13 | public override func layoutAttributesForElements(in rect: CGRect) -> [UICollectionViewLayoutAttributes]? {
/Applications/Xcode-27.0.0-Release.Candidate.app/Contents/Developer/Platforms/WatchOS.platform/Developer/SDKs/WatchOS27.0.sdk/System/Library/Frameworks/UIKit.framework/Headers/UICollectionViewFlowLayout.h:46:12: note: 'UICollectionViewFlowLayout' has been explicitly marked unavailable here
44 |
45 | UIKIT_EXTERN API_AVAILABLE(ios(6.0)) API_UNAVAILABLE(watchos) NS_SWIFT_UI_ACTOR
46 | @interface UICollectionViewFlowLayout : UICollectionViewLayout
| `- note: 'UICollectionViewFlowLayout' has been explicitly marked unavailable here
47 |
48 | @property (nonatomic) CGFloat minimumLineSpacing;
SwiftCompile normal arm64_32 /Users/admin/builder/spi-builder-workspace/Sources/WWCollectionViewLayout/Layout/LeftAlignedCollectionViewFlowLayout.swift (in target 'WWCollectionViewLayout' from project 'WWCollectionViewLayout')
cd /Users/admin/builder/spi-builder-workspace/.swiftpm/xcode
builtin-SwiftPerFileCompile LeftAlignedCollectionViewFlowLayout.swift
SwiftCompile normal arm64_32 Compiling\ StackCollectionViewLayout.swift /Users/admin/builder/spi-builder-workspace/Sources/WWCollectionViewLayout/Layout/StackCollectionViewLayout.swift (in target 'WWCollectionViewLayout' from project 'WWCollectionViewLayout')
/Users/admin/builder/spi-builder-workspace/Sources/WWCollectionViewLayout/Layout/StackCollectionViewLayout.swift:28:75: error: 'UICollectionViewLayoutAttributes' is unavailable in watchOS
26 | }
27 |
28 | public override func layoutAttributesForElements(in rect: CGRect) -> [UICollectionViewLayoutAttributes]? {
| `- error: 'UICollectionViewLayoutAttributes' is unavailable in watchOS
29 | return layoutAttributesForElements(self, in: rect)
30 | }
/Applications/Xcode-27.0.0-Release.Candidate.app/Contents/Developer/Platforms/WatchOS.platform/Developer/SDKs/WatchOS27.0.sdk/System/Library/Frameworks/UIKit.framework/Headers/UICollectionViewLayout.h:43:12: note: 'UICollectionViewLayoutAttributes' has been explicitly marked unavailable here
41 |
42 | UIKIT_EXTERN API_AVAILABLE(ios(6.0)) API_UNAVAILABLE(watchos) NS_SWIFT_UI_ACTOR
43 | @interface UICollectionViewLayoutAttributes : NSObject <NSCopying, UIDynamicItem>
| `- note: 'UICollectionViewLayoutAttributes' has been explicitly marked unavailable here
44 |
45 | @property (nonatomic) CGRect frame;
/Users/admin/builder/spi-builder-workspace/Sources/WWCollectionViewLayout/Layout/StackCollectionViewLayout.swift:32:78: error: 'UICollectionViewLayoutAttributes' is unavailable in watchOS
30 | }
31 |
32 | public override func layoutAttributesForItem(at indexPath: IndexPath) -> UICollectionViewLayoutAttributes? {
| `- error: 'UICollectionViewLayoutAttributes' is unavailable in watchOS
33 | return layoutAttributesForItem(self, itemSize: itemSize, at: indexPath)
34 | }
/Applications/Xcode-27.0.0-Release.Candidate.app/Contents/Developer/Platforms/WatchOS.platform/Developer/SDKs/WatchOS27.0.sdk/System/Library/Frameworks/UIKit.framework/Headers/UICollectionViewLayout.h:43:12: note: 'UICollectionViewLayoutAttributes' has been explicitly marked unavailable here
41 |
42 | UIKIT_EXTERN API_AVAILABLE(ios(6.0)) API_UNAVAILABLE(watchos) NS_SWIFT_UI_ACTOR
43 | @interface UICollectionViewLayoutAttributes : NSObject <NSCopying, UIDynamicItem>
| `- note: 'UICollectionViewLayoutAttributes' has been explicitly marked unavailable here
44 |
45 | @property (nonatomic) CGRect frame;
/Users/admin/builder/spi-builder-workspace/Sources/WWCollectionViewLayout/Layout/StackCollectionViewLayout.swift:11:39: error: 'UICollectionViewLayout' is unavailable in watchOS
9 |
10 | // MARK: - StackCollectionViewLayout
11 | open class StackCollectionViewLayout: UICollectionViewLayout {
| `- error: 'UICollectionViewLayout' is unavailable in watchOS
12 |
13 | public var itemSize = CGSize(width: 150, height: 150) // item大小
/Applications/Xcode-27.0.0-Release.Candidate.app/Contents/Developer/Platforms/WatchOS.platform/Developer/SDKs/WatchOS27.0.sdk/System/Library/Frameworks/UIKit.framework/Headers/UICollectionViewLayout.h:89:12: note: 'UICollectionViewLayout' has been explicitly marked unavailable here
87 |
88 | UIKIT_EXTERN API_AVAILABLE(ios(6.0)) API_UNAVAILABLE(watchos) NS_SWIFT_UI_ACTOR
89 | @interface UICollectionViewLayout : NSObject <NSCoding>
| `- note: 'UICollectionViewLayout' has been explicitly marked unavailable here
90 |
91 | - (instancetype)init NS_DESIGNATED_INITIALIZER;
/Users/admin/builder/spi-builder-workspace/Sources/WWCollectionViewLayout/Layout/StackCollectionViewLayout.swift:52:96: error: 'UICollectionViewLayoutAttributes' is unavailable in watchOS
50 | /// - rect: CGRect
51 | /// - Returns: [UICollectionViewLayoutAttributes]?
52 | func layoutAttributesForElements(_ layout: StackCollectionViewLayout, in rect: CGRect) -> [UICollectionViewLayoutAttributes]? {
| `- error: 'UICollectionViewLayoutAttributes' is unavailable in watchOS
53 |
54 | guard let collectionView = collectionView else { return nil }
/Applications/Xcode-27.0.0-Release.Candidate.app/Contents/Developer/Platforms/WatchOS.platform/Developer/SDKs/WatchOS27.0.sdk/System/Library/Frameworks/UIKit.framework/Headers/UICollectionViewLayout.h:43:12: note: 'UICollectionViewLayoutAttributes' has been explicitly marked unavailable here
41 |
42 | UIKIT_EXTERN API_AVAILABLE(ios(6.0)) API_UNAVAILABLE(watchos) NS_SWIFT_UI_ACTOR
43 | @interface UICollectionViewLayoutAttributes : NSObject <NSCopying, UIDynamicItem>
| `- note: 'UICollectionViewLayoutAttributes' has been explicitly marked unavailable here
44 |
45 | @property (nonatomic) CGRect frame;
/Users/admin/builder/spi-builder-workspace/Sources/WWCollectionViewLayout/Layout/StackCollectionViewLayout.swift:69:117: error: 'UICollectionViewLayoutAttributes' is unavailable in watchOS
67 | /// - indexPath: IndexPath
68 | /// - Returns: UICollectionViewLayoutAttributes?
69 | func layoutAttributesForItem(_ layout: StackCollectionViewLayout, itemSize: CGSize, at indexPath: IndexPath) -> UICollectionViewLayoutAttributes? {
| `- error: 'UICollectionViewLayoutAttributes' is unavailable in watchOS
70 |
71 | guard let collectionView = layout.collectionView else { return nil }
/Applications/Xcode-27.0.0-Release.Candidate.app/Contents/Developer/Platforms/WatchOS.platform/Developer/SDKs/WatchOS27.0.sdk/System/Library/Frameworks/UIKit.framework/Headers/UICollectionViewLayout.h:43:12: note: 'UICollectionViewLayoutAttributes' has been explicitly marked unavailable here
41 |
42 | UIKIT_EXTERN API_AVAILABLE(ios(6.0)) API_UNAVAILABLE(watchos) NS_SWIFT_UI_ACTOR
43 | @interface UICollectionViewLayoutAttributes : NSObject <NSCopying, UIDynamicItem>
| `- note: 'UICollectionViewLayoutAttributes' has been explicitly marked unavailable here
44 |
45 | @property (nonatomic) CGRect frame;
/Users/admin/builder/spi-builder-workspace/Sources/WWCollectionViewLayout/Layout/StackCollectionViewLayout.swift:86:37: error: 'UICollectionView' is unavailable in watchOS
84 | /// - Parameter collectionView: UICollectionView
85 | /// - Returns: CGPoint?
86 | func center(for collectionView: UICollectionView) -> CGPoint {
| `- error: 'UICollectionView' is unavailable in watchOS
87 | let center = CGPoint(x: collectionView.bounds.width * 0.5, y: collectionView.bounds.height * 0.5)
88 | return center
/Applications/Xcode-27.0.0-Release.Candidate.app/Contents/Developer/Platforms/WatchOS.platform/Developer/SDKs/WatchOS27.0.sdk/System/Library/Frameworks/UIKit.framework/Headers/UICollectionView.h:362:12: note: 'UICollectionView' has been explicitly marked unavailable here
360 |
361 | UIKIT_EXTERN API_AVAILABLE(ios(6.0)) API_UNAVAILABLE(watchos) NS_SWIFT_UI_ACTOR
362 | @interface UICollectionView : UIScrollView <UIDataSourceTranslating>
| `- note: 'UICollectionView' has been explicitly marked unavailable here
363 |
364 | - (instancetype)initWithFrame:(CGRect)frame collectionViewLayout:(UICollectionViewLayout *)layout NS_DESIGNATED_INITIALIZER;
/Users/admin/builder/spi-builder-workspace/Sources/WWCollectionViewLayout/Layout/StackCollectionViewLayout.swift:96:37: error: 'UICollectionView' is unavailable in watchOS
94 | /// - indexPath: IndexPath
95 | /// - Returns: Int
96 | func zIndex(for collectionView: UICollectionView, at indexPath: IndexPath) -> Int {
| `- error: 'UICollectionView' is unavailable in watchOS
97 | let zIndex = collectionView.numberOfItems(inSection: indexPath.section) - indexPath.item
98 | return zIndex
/Applications/Xcode-27.0.0-Release.Candidate.app/Contents/Developer/Platforms/WatchOS.platform/Developer/SDKs/WatchOS27.0.sdk/System/Library/Frameworks/UIKit.framework/Headers/UICollectionView.h:362:12: note: 'UICollectionView' has been explicitly marked unavailable here
360 |
361 | UIKIT_EXTERN API_AVAILABLE(ios(6.0)) API_UNAVAILABLE(watchos) NS_SWIFT_UI_ACTOR
362 | @interface UICollectionView : UIScrollView <UIDataSourceTranslating>
| `- note: 'UICollectionView' has been explicitly marked unavailable here
363 |
364 | - (instancetype)initWithFrame:(CGRect)frame collectionViewLayout:(UICollectionViewLayout *)layout NS_DESIGNATED_INITIALIZER;
SwiftCompile normal arm64_32 /Users/admin/builder/spi-builder-workspace/Sources/WWCollectionViewLayout/Layout/StackCollectionViewLayout.swift (in target 'WWCollectionViewLayout' from project 'WWCollectionViewLayout')
cd /Users/admin/builder/spi-builder-workspace/.swiftpm/xcode
builtin-SwiftPerFileCompile StackCollectionViewLayout.swift
SwiftCompile normal arm64 Compiling\ StackCollectionViewLayout.swift /Users/admin/builder/spi-builder-workspace/Sources/WWCollectionViewLayout/Layout/StackCollectionViewLayout.swift (in target 'WWCollectionViewLayout' from project 'WWCollectionViewLayout')
/Users/admin/builder/spi-builder-workspace/Sources/WWCollectionViewLayout/Layout/StackCollectionViewLayout.swift:28:75: error: 'UICollectionViewLayoutAttributes' is unavailable in watchOS
26 | }
27 |
28 | public override func layoutAttributesForElements(in rect: CGRect) -> [UICollectionViewLayoutAttributes]? {
| `- error: 'UICollectionViewLayoutAttributes' is unavailable in watchOS
29 | return layoutAttributesForElements(self, in: rect)
30 | }
/Applications/Xcode-27.0.0-Release.Candidate.app/Contents/Developer/Platforms/WatchOS.platform/Developer/SDKs/WatchOS27.0.sdk/System/Library/Frameworks/UIKit.framework/Headers/UICollectionViewLayout.h:43:12: note: 'UICollectionViewLayoutAttributes' has been explicitly marked unavailable here
41 |
42 | UIKIT_EXTERN API_AVAILABLE(ios(6.0)) API_UNAVAILABLE(watchos) NS_SWIFT_UI_ACTOR
43 | @interface UICollectionViewLayoutAttributes : NSObject <NSCopying, UIDynamicItem>
| `- note: 'UICollectionViewLayoutAttributes' has been explicitly marked unavailable here
44 |
45 | @property (nonatomic) CGRect frame;
/Users/admin/builder/spi-builder-workspace/Sources/WWCollectionViewLayout/Layout/StackCollectionViewLayout.swift:32:78: error: 'UICollectionViewLayoutAttributes' is unavailable in watchOS
30 | }
31 |
32 | public override func layoutAttributesForItem(at indexPath: IndexPath) -> UICollectionViewLayoutAttributes? {
| `- error: 'UICollectionViewLayoutAttributes' is unavailable in watchOS
33 | return layoutAttributesForItem(self, itemSize: itemSize, at: indexPath)
34 | }
/Applications/Xcode-27.0.0-Release.Candidate.app/Contents/Developer/Platforms/WatchOS.platform/Developer/SDKs/WatchOS27.0.sdk/System/Library/Frameworks/UIKit.framework/Headers/UICollectionViewLayout.h:43:12: note: 'UICollectionViewLayoutAttributes' has been explicitly marked unavailable here
41 |
42 | UIKIT_EXTERN API_AVAILABLE(ios(6.0)) API_UNAVAILABLE(watchos) NS_SWIFT_UI_ACTOR
43 | @interface UICollectionViewLayoutAttributes : NSObject <NSCopying, UIDynamicItem>
| `- note: 'UICollectionViewLayoutAttributes' has been explicitly marked unavailable here
44 |
45 | @property (nonatomic) CGRect frame;
/Users/admin/builder/spi-builder-workspace/Sources/WWCollectionViewLayout/Layout/StackCollectionViewLayout.swift:11:39: error: 'UICollectionViewLayout' is unavailable in watchOS
9 |
10 | // MARK: - StackCollectionViewLayout
11 | open class StackCollectionViewLayout: UICollectionViewLayout {
| `- error: 'UICollectionViewLayout' is unavailable in watchOS
12 |
13 | public var itemSize = CGSize(width: 150, height: 150) // item大小
/Applications/Xcode-27.0.0-Release.Candidate.app/Contents/Developer/Platforms/WatchOS.platform/Developer/SDKs/WatchOS27.0.sdk/System/Library/Frameworks/UIKit.framework/Headers/UICollectionViewLayout.h:89:12: note: 'UICollectionViewLayout' has been explicitly marked unavailable here
87 |
88 | UIKIT_EXTERN API_AVAILABLE(ios(6.0)) API_UNAVAILABLE(watchos) NS_SWIFT_UI_ACTOR
89 | @interface UICollectionViewLayout : NSObject <NSCoding>
| `- note: 'UICollectionViewLayout' has been explicitly marked unavailable here
90 |
91 | - (instancetype)init NS_DESIGNATED_INITIALIZER;
/Users/admin/builder/spi-builder-workspace/Sources/WWCollectionViewLayout/Layout/StackCollectionViewLayout.swift:52:96: error: 'UICollectionViewLayoutAttributes' is unavailable in watchOS
50 | /// - rect: CGRect
51 | /// - Returns: [UICollectionViewLayoutAttributes]?
52 | func layoutAttributesForElements(_ layout: StackCollectionViewLayout, in rect: CGRect) -> [UICollectionViewLayoutAttributes]? {
| `- error: 'UICollectionViewLayoutAttributes' is unavailable in watchOS
53 |
54 | guard let collectionView = collectionView else { return nil }
/Applications/Xcode-27.0.0-Release.Candidate.app/Contents/Developer/Platforms/WatchOS.platform/Developer/SDKs/WatchOS27.0.sdk/System/Library/Frameworks/UIKit.framework/Headers/UICollectionViewLayout.h:43:12: note: 'UICollectionViewLayoutAttributes' has been explicitly marked unavailable here
41 |
42 | UIKIT_EXTERN API_AVAILABLE(ios(6.0)) API_UNAVAILABLE(watchos) NS_SWIFT_UI_ACTOR
43 | @interface UICollectionViewLayoutAttributes : NSObject <NSCopying, UIDynamicItem>
| `- note: 'UICollectionViewLayoutAttributes' has been explicitly marked unavailable here
44 |
45 | @property (nonatomic) CGRect frame;
/Users/admin/builder/spi-builder-workspace/Sources/WWCollectionViewLayout/Layout/StackCollectionViewLayout.swift:69:117: error: 'UICollectionViewLayoutAttributes' is unavailable in watchOS
67 | /// - indexPath: IndexPath
68 | /// - Returns: UICollectionViewLayoutAttributes?
69 | func layoutAttributesForItem(_ layout: StackCollectionViewLayout, itemSize: CGSize, at indexPath: IndexPath) -> UICollectionViewLayoutAttributes? {
| `- error: 'UICollectionViewLayoutAttributes' is unavailable in watchOS
70 |
71 | guard let collectionView = layout.collectionView else { return nil }
/Applications/Xcode-27.0.0-Release.Candidate.app/Contents/Developer/Platforms/WatchOS.platform/Developer/SDKs/WatchOS27.0.sdk/System/Library/Frameworks/UIKit.framework/Headers/UICollectionViewLayout.h:43:12: note: 'UICollectionViewLayoutAttributes' has been explicitly marked unavailable here
41 |
42 | UIKIT_EXTERN API_AVAILABLE(ios(6.0)) API_UNAVAILABLE(watchos) NS_SWIFT_UI_ACTOR
43 | @interface UICollectionViewLayoutAttributes : NSObject <NSCopying, UIDynamicItem>
| `- note: 'UICollectionViewLayoutAttributes' has been explicitly marked unavailable here
44 |
45 | @property (nonatomic) CGRect frame;
/Users/admin/builder/spi-builder-workspace/Sources/WWCollectionViewLayout/Layout/StackCollectionViewLayout.swift:86:37: error: 'UICollectionView' is unavailable in watchOS
84 | /// - Parameter collectionView: UICollectionView
85 | /// - Returns: CGPoint?
86 | func center(for collectionView: UICollectionView) -> CGPoint {
| `- error: 'UICollectionView' is unavailable in watchOS
87 | let center = CGPoint(x: collectionView.bounds.width * 0.5, y: collectionView.bounds.height * 0.5)
88 | return center
/Applications/Xcode-27.0.0-Release.Candidate.app/Contents/Developer/Platforms/WatchOS.platform/Developer/SDKs/WatchOS27.0.sdk/System/Library/Frameworks/UIKit.framework/Headers/UICollectionView.h:362:12: note: 'UICollectionView' has been explicitly marked unavailable here
360 |
361 | UIKIT_EXTERN API_AVAILABLE(ios(6.0)) API_UNAVAILABLE(watchos) NS_SWIFT_UI_ACTOR
362 | @interface UICollectionView : UIScrollView <UIDataSourceTranslating>
| `- note: 'UICollectionView' has been explicitly marked unavailable here
363 |
364 | - (instancetype)initWithFrame:(CGRect)frame collectionViewLayout:(UICollectionViewLayout *)layout NS_DESIGNATED_INITIALIZER;
/Users/admin/builder/spi-builder-workspace/Sources/WWCollectionViewLayout/Layout/StackCollectionViewLayout.swift:96:37: error: 'UICollectionView' is unavailable in watchOS
94 | /// - indexPath: IndexPath
95 | /// - Returns: Int
96 | func zIndex(for collectionView: UICollectionView, at indexPath: IndexPath) -> Int {
| `- error: 'UICollectionView' is unavailable in watchOS
97 | let zIndex = collectionView.numberOfItems(inSection: indexPath.section) - indexPath.item
98 | return zIndex
/Applications/Xcode-27.0.0-Release.Candidate.app/Contents/Developer/Platforms/WatchOS.platform/Developer/SDKs/WatchOS27.0.sdk/System/Library/Frameworks/UIKit.framework/Headers/UICollectionView.h:362:12: note: 'UICollectionView' has been explicitly marked unavailable here
360 |
361 | UIKIT_EXTERN API_AVAILABLE(ios(6.0)) API_UNAVAILABLE(watchos) NS_SWIFT_UI_ACTOR
362 | @interface UICollectionView : UIScrollView <UIDataSourceTranslating>
| `- note: 'UICollectionView' has been explicitly marked unavailable here
363 |
364 | - (instancetype)initWithFrame:(CGRect)frame collectionViewLayout:(UICollectionViewLayout *)layout NS_DESIGNATED_INITIALIZER;
SwiftCompile normal arm64 /Users/admin/builder/spi-builder-workspace/Sources/WWCollectionViewLayout/Layout/StackCollectionViewLayout.swift (in target 'WWCollectionViewLayout' from project 'WWCollectionViewLayout')
cd /Users/admin/builder/spi-builder-workspace/.swiftpm/xcode
builtin-SwiftPerFileCompile StackCollectionViewLayout.swift
SwiftCompile normal arm64_32 Compiling\ Extension.swift /Users/admin/builder/spi-builder-workspace/Sources/WWCollectionViewLayout/Utility/Extension.swift (in target 'WWCollectionViewLayout' from project 'WWCollectionViewLayout')
SwiftCompile normal arm64_32 /Users/admin/builder/spi-builder-workspace/Sources/WWCollectionViewLayout/Utility/Extension.swift (in target 'WWCollectionViewLayout' from project 'WWCollectionViewLayout')
cd /Users/admin/builder/spi-builder-workspace/.swiftpm/xcode
builtin-SwiftPerFileCompile Extension.swift
PruneExplicitPrecompiledModules /Users/admin/builder/spi-builder-workspace/.derivedData/Build/Intermediates.noindex/SwiftExplicitPrecompiledModules
PruneExplicitPrecompiledModules /Users/admin/builder/spi-builder-workspace/.derivedData/SDKExplicitPrecompiledModules
PruneExplicitPrecompiledModules /Users/admin/builder/spi-builder-workspace/.derivedData/Build/Intermediates.noindex/ExplicitPrecompiledModules
2026-09-20 19:56:04.707 xcodebuild[788:4727] [MT] IDERunDestination: Supported platforms for the buildables in the current scheme is empty.
** BUILD FAILED **
The following build commands failed:
SwiftEmitModule normal arm64 Emitting\ module\ for\ WWCollectionViewLayout (in target 'WWCollectionViewLayout' from project 'WWCollectionViewLayout')
SwiftCompile normal arm64 (in target 'WWCollectionViewLayout' from project 'WWCollectionViewLayout')
SwiftEmitModule normal arm64_32 Emitting\ module\ for\ WWCollectionViewLayout (in target 'WWCollectionViewLayout' from project 'WWCollectionViewLayout')
SwiftCompile normal arm64_32 (in target 'WWCollectionViewLayout' from project 'WWCollectionViewLayout')
Building workspace WWCollectionViewLayout with scheme WWCollectionViewLayout
(5 failures)
BUILD FAILURE 6.4 watchOS