The Swift Package Index logo.Swift Package Index

Build Information

Failed to build TrustlessSDK, reference main (87a6a1), with Swift 6.4 for watchOS using Xcode 27.0 on 10 Oct 2026 02:19:44 UTC.

Build Command

env DEVELOPER_DIR=/Applications/Xcode-27.0.0-Release.Candidate.app xcrun xcodebuild -IDEClonedSourcePackagesDirPathOverride=$PWD/.dependencies -skipMacroValidation -skipPackagePluginValidation -derivedDataPath $PWD/.derivedData build -scheme TrustlessSDK -destination generic/platform=watchOS

Build Log

========================================
RunAll
========================================
Builder version: 5.1.1
Interrupt handler set up.
========================================
Checkout
========================================
Clone URL: https://github.com/staqio/TrustlessSDK.git
Reference: main
Initialized empty Git repository in /Users/admin/builder/spi-builder-workspace/.git/
From https://github.com/staqio/TrustlessSDK
 * branch            main       -> FETCH_HEAD
 * [new branch]      main       -> origin/main
HEAD is now at 87a6a18 Merge pull request #16 from staqio/release/1.2.0
Cloned https://github.com/staqio/TrustlessSDK.git
Revision (git rev-parse @):
87a6a1824a7eeb1257957db3bdb1e80c8c66642a
SUCCESS checkout https://github.com/staqio/TrustlessSDK.git at main
========================================
Build
========================================
Selected platform:         watchOS
Swift version:             6.4
Building package at path:  $PWD
https://github.com/staqio/TrustlessSDK.git
Command line invocation:
    /Applications/Xcode-27.0.0.app/Contents/Developer/usr/bin/xcodebuild -IDEClonedSourcePackagesDirPathOverride=/Users/admin/builder/spi-builder-workspace/.dependencies -resolvePackageDependencies
Resolve Package Graph
Resolve Package Graph
Resolved source packages:
  TrustlessSDK: /Users/admin/builder/spi-builder-workspace
resolved source packages: TrustlessSDK
2026-10-09 22:19:06.331 xcodebuild[531:3080] [MT] IDERunDestination: Supported platforms for the buildables in the current scheme is empty.
{
  "dependencies" : [
  ],
  "manifest_display_name" : "TrustlessSDK",
  "name" : "TrustlessSDK",
  "path" : "/Users/admin/builder/spi-builder-workspace",
  "platforms" : [
    {
      "name" : "ios",
      "version" : "15.0"
    }
  ],
  "products" : [
    {
      "name" : "TrustlessSDK",
      "targets" : [
        "TrustlessSDKTarget"
      ],
      "type" : {
        "library" : [
          "automatic"
        ]
      }
    }
  ],
  "targets" : [
    {
      "c99name" : "TrustlessSDKTarget",
      "module_type" : "ClangTarget",
      "name" : "TrustlessSDKTarget",
      "path" : "Sources/TrustlessSDKTarget",
      "product_memberships" : [
        "TrustlessSDK"
      ],
      "sources" : [
        "TrustlessSDKEmpty.m"
      ],
      "target_dependencies" : [
        "TrustlessSDK"
      ],
      "type" : "library"
    },
    {
      "c99name" : "TrustlessSDK",
      "module_type" : "BinaryTarget",
      "name" : "TrustlessSDK",
      "path" : "Sources/TrustlessSDK.xcframework",
      "product_memberships" : [
        "TrustlessSDK"
      ],
      "sources" : [
      ],
      "type" : "binary"
    }
  ],
  "tools_version" : "6.4"
}
{
  "workspace" : {
    "name" : "TrustlessSDK",
    "schemes" : [
      "TrustlessSDK"
    ]
  }
}
2026-10-09 22:19:38.759 xcodebuild[658:4148] [MT] IDERunDestination: Supported platforms for the buildables in the current scheme is empty.
Running build ...
env DEVELOPER_DIR=/Applications/Xcode-27.0.0-Release.Candidate.app xcrun xcodebuild -IDEClonedSourcePackagesDirPathOverride=$PWD/.dependencies -skipMacroValidation -skipPackagePluginValidation -derivedDataPath $PWD/.derivedData build -scheme TrustlessSDK -destination generic/platform=watchOS
Command line invocation:
    /Applications/Xcode-27.0.0.app/Contents/Developer/usr/bin/xcodebuild -IDEClonedSourcePackagesDirPathOverride=/Users/admin/builder/spi-builder-workspace/.dependencies -skipMacroValidation -skipPackagePluginValidation -derivedDataPath /Users/admin/builder/spi-builder-workspace/.derivedData build -scheme TrustlessSDK -destination generic/platform=watchOS
Resolve Package Graph
Resolved source packages:
  TrustlessSDK: /Users/admin/builder/spi-builder-workspace
ComputePackagePrebuildTargetDependencyGraph
Prepare packages
CreateBuildRequest
SendProjectDescription
CreateBuildOperation
ComputeTargetDependencyGraph
note: Building targets in dependency order
note: Target dependency graph (2 targets)
    Target 'TrustlessSDK-product' in project 'TrustlessSDK'
        ➜ Explicit dependency on target 'TrustlessSDKTarget' in project 'TrustlessSDK'
    Target 'TrustlessSDKTarget' in project 'TrustlessSDK' (no dependencies)
GatherProvisioningInputs
CreateBuildDescription
ExecuteExternalTool /Applications/Xcode-27.0.0.app/Contents/Developer/Toolchains/XcodeDefault.xctoolchain/usr/bin/clang -v -E -dM -isysroot /Applications/Xcode-27.0.0.app/Contents/Developer/Platforms/WatchOS.platform/Developer/SDKs/WatchOS27.0.sdk -x c -c /dev/null
ExecuteExternalTool /Applications/Xcode-27.0.0.app/Contents/Developer/Toolchains/XcodeDefault.xctoolchain/usr/bin/clang -v -E -dM -arch arm64 -isysroot /Applications/Xcode-27.0.0.app/Contents/Developer/Platforms/WatchOS.platform/Developer/SDKs/WatchOS27.0.sdk -x objective-c -c /dev/null
ExecuteExternalTool /Applications/Xcode-27.0.0.app/Contents/Developer/Toolchains/XcodeDefault.xctoolchain/usr/bin/clang -v -E -dM -arch arm64 -isysroot /Applications/Xcode-27.0.0.app/Contents/Developer/Platforms/WatchOS.platform/Developer/SDKs/WatchOS27.0.sdk -x c -c /dev/null
ExecuteExternalTool /Applications/Xcode-27.0.0.app/Contents/Developer/Toolchains/XcodeDefault.xctoolchain/usr/bin/ld -version_details
ExecuteExternalTool /Applications/Xcode-27.0.0.app/Contents/Developer/Toolchains/XcodeDefault.xctoolchain/usr/bin/clang -v -E -dM -arch arm64_32 -isysroot /Applications/Xcode-27.0.0.app/Contents/Developer/Platforms/WatchOS.platform/Developer/SDKs/WatchOS27.0.sdk -x objective-c -c /dev/null
ExecuteExternalTool /Applications/Xcode-27.0.0.app/Contents/Developer/Toolchains/XcodeDefault.xctoolchain/usr/bin/clang -v -E -dM -arch arm64_32 -isysroot /Applications/Xcode-27.0.0.app/Contents/Developer/Platforms/WatchOS.platform/Developer/SDKs/WatchOS27.0.sdk -x c -c /dev/null
Build description signature: 14b55fdb1d9271e1b1d96e621eb15635
Build description path: /Users/admin/builder/spi-builder-workspace/.derivedData/Build/Intermediates.noindex/XCBuildData/14b55fdb1d9271e1b1d96e621eb15635.xcbuilddata
/Users/admin/builder/spi-builder-workspace/Sources/TrustlessSDK.xcframework:1:1: error: While building for watchOS, no library for this platform was found in '/Users/admin/builder/spi-builder-workspace/Sources/TrustlessSDK.xcframework'. (in target 'TrustlessSDK-product' from project 'TrustlessSDK')
/Users/admin/builder/spi-builder-workspace/Sources/TrustlessSDK.xcframework:1:1: error: While building for watchOS, no library for this platform was found in '/Users/admin/builder/spi-builder-workspace/Sources/TrustlessSDK.xcframework'. (in target 'TrustlessSDKTarget' from project 'TrustlessSDK')
2026-10-09 22:19:40.408 xcodebuild[659:4193] [MT] IDERunDestination: Supported platforms for the buildables in the current scheme is empty.
** BUILD FAILED **
The following build commands failed:
	Building workspace TrustlessSDK with scheme TrustlessSDK
(1 failure)
Command line invocation:
    /Applications/Xcode-27.0.0.app/Contents/Developer/usr/bin/xcodebuild -IDEClonedSourcePackagesDirPathOverride=/Users/admin/builder/spi-builder-workspace/.dependencies -resolvePackageDependencies
Resolve Package Graph
Resolved source packages:
  TrustlessSDK: /Users/admin/builder/spi-builder-workspace
resolved source packages: TrustlessSDK
2026-10-09 22:19:42.070 xcodebuild[680:4309] [MT] IDERunDestination: Supported platforms for the buildables in the current scheme is empty.
{
  "dependencies" : [
  ],
  "manifest_display_name" : "TrustlessSDK",
  "name" : "TrustlessSDK",
  "path" : "/Users/admin/builder/spi-builder-workspace",
  "platforms" : [
    {
      "name" : "ios",
      "version" : "15.0"
    }
  ],
  "products" : [
    {
      "name" : "TrustlessSDK",
      "targets" : [
        "TrustlessSDKTarget"
      ],
      "type" : {
        "library" : [
          "automatic"
        ]
      }
    }
  ],
  "targets" : [
    {
      "c99name" : "TrustlessSDKTarget",
      "module_type" : "ClangTarget",
      "name" : "TrustlessSDKTarget",
      "path" : "Sources/TrustlessSDKTarget",
      "product_memberships" : [
        "TrustlessSDK"
      ],
      "sources" : [
        "TrustlessSDKEmpty.m"
      ],
      "target_dependencies" : [
        "TrustlessSDK"
      ],
      "type" : "library"
    },
    {
      "c99name" : "TrustlessSDK",
      "module_type" : "BinaryTarget",
      "name" : "TrustlessSDK",
      "path" : "Sources/TrustlessSDK.xcframework",
      "product_memberships" : [
        "TrustlessSDK"
      ],
      "sources" : [
      ],
      "type" : "binary"
    }
  ],
  "tools_version" : "6.4"
}
{
  "workspace" : {
    "name" : "TrustlessSDK",
    "schemes" : [
      "TrustlessSDK"
    ]
  }
}
2026-10-09 22:19:43.254 xcodebuild[688:4365] [MT] IDERunDestination: Supported platforms for the buildables in the current scheme is empty.
Running build ...
env DEVELOPER_DIR=/Applications/Xcode-27.0.0-Release.Candidate.app xcrun xcodebuild -IDEClonedSourcePackagesDirPathOverride=$PWD/.dependencies -skipMacroValidation -skipPackagePluginValidation -derivedDataPath $PWD/.derivedData build -scheme TrustlessSDK -destination generic/platform=watchOS
Command line invocation:
    /Applications/Xcode-27.0.0.app/Contents/Developer/usr/bin/xcodebuild -IDEClonedSourcePackagesDirPathOverride=/Users/admin/builder/spi-builder-workspace/.dependencies -skipMacroValidation -skipPackagePluginValidation -derivedDataPath /Users/admin/builder/spi-builder-workspace/.derivedData build -scheme TrustlessSDK -destination generic/platform=watchOS
Resolve Package Graph
Resolved source packages:
  TrustlessSDK: /Users/admin/builder/spi-builder-workspace
ComputePackagePrebuildTargetDependencyGraph
Prepare packages
CreateBuildRequest
SendProjectDescription
CreateBuildOperation
ComputeTargetDependencyGraph
note: Building targets in dependency order
note: Target dependency graph (2 targets)
    Target 'TrustlessSDK-product' in project 'TrustlessSDK'
        ➜ Explicit dependency on target 'TrustlessSDKTarget' in project 'TrustlessSDK'
    Target 'TrustlessSDKTarget' in project 'TrustlessSDK' (no dependencies)
GatherProvisioningInputs
CreateBuildDescription
/Users/admin/builder/spi-builder-workspace/Sources/TrustlessSDK.xcframework:1:1: error: While building for watchOS, no library for this platform was found in '/Users/admin/builder/spi-builder-workspace/Sources/TrustlessSDK.xcframework'. (in target 'TrustlessSDK-product' from project 'TrustlessSDK')
/Users/admin/builder/spi-builder-workspace/Sources/TrustlessSDK.xcframework:1:1: error: While building for watchOS, no library for this platform was found in '/Users/admin/builder/spi-builder-workspace/Sources/TrustlessSDK.xcframework'. (in target 'TrustlessSDKTarget' from project 'TrustlessSDK')
2026-10-09 22:19:44.177 xcodebuild[689:4390] [MT] IDERunDestination: Supported platforms for the buildables in the current scheme is empty.
** BUILD FAILED **
The following build commands failed:
	Building workspace TrustlessSDK with scheme TrustlessSDK
(1 failure)
BUILD FAILURE 6.4 watchOS