The Swift Package Index logo.Swift Package Index

Build Information

Failed to build EasyConfetti, reference 2.4.0 (fffe1b), with Swift 6.4 for macOS (SPM) on 18 Sep 2026 01:29:47 UTC.

Build Command

env DEVELOPER_DIR=/Applications/Xcode-27.0.0-Release.Candidate.app xcrun swift build --arch arm64

Build Log

========================================
RunAll
========================================
Builder version: 5.1.0
Interrupt handler set up.
========================================
Checkout
========================================
Clone URL: https://github.com/onmyway133/EasyConfetti.git
Reference: 2.4.0
Initialized empty Git repository in /Users/admin/builder/spi-builder-workspace/.git/
From https://github.com/onmyway133/EasyConfetti
 * tag               2.4.0      -> FETCH_HEAD
HEAD is now at fffe1b1 Rename to Configuration
Cloned https://github.com/onmyway133/EasyConfetti.git
Revision (git rev-parse @):
fffe1b1969b91c6cde8f93744957cc6c23087275
SUCCESS checkout https://github.com/onmyway133/EasyConfetti.git at 2.4.0
========================================
Build
========================================
Selected platform:         macosSpm
Swift version:             6.4
Building package at path:  $PWD
https://github.com/onmyway133/EasyConfetti.git
Running build ...
env DEVELOPER_DIR=/Applications/Xcode-27.0.0-Release.Candidate.app xcrun swift build --arch arm64
Building for debugging...
[Planning deferred tasks]
[19 / 28]
[20 / 29] EasyConfetti
[30 / 97]
[33 / 97]
[41 / 97]
[43 / 97]
[44 / 97]
[49 / 97]
[52 / 97]
[55 / 97]
[60 / 97]
[63 / 97]
[65 / 97]
[66 / 97]
[75 / 97]
[77 / 97]
[78 / 97]
[80 / 97]
[82 / 97]
error: SwiftCompile normal arm64 failed with a nonzero exit code. Command line:     cd /Users/admin/builder

/Users/admin/builder/spi-builder-workspace/Sources/Common/Configuration.swift:21:17: error: cannot find type 'UIImage' in scope
19 | public enum Particle {
20 |     case confetti(allowedShapes: [ConfettiShape])
21 |     case image([UIImage])
   |                 `- error: cannot find type 'UIImage' in scope
22 |     case text(CGSize, [NSAttributedString])
23 |
/Users/admin/builder/spi-builder-workspace/Sources/Common/Configuration.swift:42:25: error: cannot find type 'UIColor' in scope
40 |
41 |     /// The list of available colors. This will be shuffled
42 |     public var colors: [UIColor] = [
   |                         `- error: cannot find type 'UIColor' in scope
43 |         UIColor.red,
44 |         UIColor.green,
/Users/admin/builder/spi-builder-workspace/Sources/Common/Configuration.swift:43:9: error: cannot find 'UIColor' in scope
41 |     /// The list of available colors. This will be shuffled
42 |     public var colors: [UIColor] = [
43 |         UIColor.red,
   |         `- error: cannot find 'UIColor' in scope
44 |         UIColor.green,
45 |         UIColor.blue,
/Users/admin/builder/spi-builder-workspace/Sources/Common/Configuration.swift:44:9: error: cannot find 'UIColor' in scope
42 |     public var colors: [UIColor] = [
43 |         UIColor.red,
44 |         UIColor.green,
   |         `- error: cannot find 'UIColor' in scope
45 |         UIColor.blue,
46 |         UIColor.yellow,
/Users/admin/builder/spi-builder-workspace/Sources/Common/Configuration.swift:45:9: error: cannot find 'UIColor' in scope
43 |         UIColor.red,
44 |         UIColor.green,
45 |         UIColor.blue,
   |         `- error: cannot find 'UIColor' in scope
46 |         UIColor.yellow,
47 |         UIColor.purple,
/Users/admin/builder/spi-builder-workspace/Sources/Common/Configuration.swift:46:9: error: cannot find 'UIColor' in scope
44 |         UIColor.green,
45 |         UIColor.blue,
46 |         UIColor.yellow,
   |         `- error: cannot find 'UIColor' in scope
47 |         UIColor.purple,
48 |         UIColor.orange,
/Users/admin/builder/spi-builder-workspace/Sources/Common/Configuration.swift:47:9: error: cannot find 'UIColor' in scope
45 |         UIColor.blue,
46 |         UIColor.yellow,
47 |         UIColor.purple,
   |         `- error: cannot find 'UIColor' in scope
48 |         UIColor.orange,
49 |         UIColor.cyan
/Users/admin/builder/spi-builder-workspace/Sources/Common/Configuration.swift:48:9: error: cannot find 'UIColor' in scope
46 |         UIColor.yellow,
47 |         UIColor.purple,
48 |         UIColor.orange,
   |         `- error: cannot find 'UIColor' in scope
49 |         UIColor.cyan
50 |     ]
/Users/admin/builder/spi-builder-workspace/Sources/Common/Configuration.swift:49:9: error: cannot find 'UIColor' in scope
47 |         UIColor.purple,
48 |         UIColor.orange,
49 |         UIColor.cyan
   |         `- error: cannot find 'UIColor' in scope
50 |     ]
51 |
/Users/admin/builder/spi-builder-workspace/Sources/Common/EasyConfetti.swift:15:28: error: cannot find type 'UIView' in scope
 13 |
 14 | /// The view to show particles
 15 | public class ConfettiView: UIView {
    |                            `- error: cannot find type 'UIView' in scope
 16 |     public var config = Configuration()
 17 |     var emitter: CAEmitterLayer?
/Users/admin/builder/spi-builder-workspace/Sources/Common/EasyConfetti.swift:20:26: error: method does not override any method from its superclass
 18 |
 19 | #if os(OSX)
 20 |     public override func viewDidMoveToSuperview() {
    |                          `- error: method does not override any method from its superclass
 21 |         super.viewDidMoveToSuperview()
 22 |
/Users/admin/builder/spi-builder-workspace/Sources/Common/EasyConfetti.swift:100:27: error: cannot find type 'UIImage' in scope
 98 |     }
 99 |
100 |     func pickImages() -> [UIImage] {
    |                           `- error: cannot find type 'UIImage' in scope
101 |         let generator = ImageGenerator()
102 |
/Users/admin/builder/spi-builder-workspace/Sources/Common/ImageGenerator.swift:18:69: error: cannot find type 'UIImage' in scope
 16 |     private let size = CGSize(width: 20, height: 20)
 17 |
 18 |     private func generate(block: @escaping (CGContext?) -> Void) -> UIImage? {
    |                                                                     `- error: cannot find type 'UIImage' in scope
 19 |         var image: UIImage?
 20 | #if os(OSX)
/Users/admin/builder/spi-builder-workspace/Sources/Common/ImageGenerator.swift:40:64: error: cannot find type 'UIImage' in scope
 38 |     }
 39 |
 40 |     func generate(size: CGSize, string: NSAttributedString) -> UIImage? {
    |                                                                `- error: cannot find type 'UIImage' in scope
 41 |         return generate { context in
 42 |             let rect = CGRect(origin: .zero, size: size)
/Users/admin/builder/spi-builder-workspace/Sources/Common/ImageGenerator.swift:48:53: error: cannot find type 'UIImage' in scope
 46 |     }
 47 |
 48 |     func confetti(shape: Particle.ConfettiShape) -> UIImage? {
    |                                                     `- error: cannot find type 'UIImage' in scope
 49 |         switch shape {
 50 |         case .rectangle: return rectangle()
/Users/admin/builder/spi-builder-workspace/Sources/Common/ImageGenerator.swift:57:33: error: cannot find type 'UIImage' in scope
 55 |     }
 56 |
 57 |     private func rectangle() -> UIImage? {
    |                                 `- error: cannot find type 'UIImage' in scope
 58 |         return generate { context in
 59 |             let rect = CGRect(x: 0, y: 0, width: self.size.width, height: self.size.height/2)
/Users/admin/builder/spi-builder-workspace/Sources/Common/ImageGenerator.swift:67:30: error: cannot find type 'UIImage' in scope
 65 |     }
 66 |
 67 |     private func circle() -> UIImage? {
    |                              `- error: cannot find type 'UIImage' in scope
 68 |         return generate { context in
 69 |             let rect = CGRect(origin: .zero, size: self.size)
/Users/admin/builder/spi-builder-workspace/Sources/Common/ImageGenerator.swift:77:32: error: cannot find type 'UIImage' in scope
 75 |     }
 76 |
 77 |     private func triangle() -> UIImage? {
    |                                `- error: cannot find type 'UIImage' in scope
 78 |         return generate { context in
 79 |             let path = UIBezierPath()
/Users/admin/builder/spi-builder-workspace/Sources/Common/ImageGenerator.swift:90:43: error: cannot find type 'UIImage' in scope
 88 |     }
 89 |
 90 |     private func curvedQuadrilateral() -> UIImage? {
    |                                           `- error: cannot find type 'UIImage' in scope
 91 |         return generate { context in
 92 |             let path = UIBezierPath()
Failed frontend command:
/Applications/Xcode-27.0.0-Release.Candidate.app/Contents/Developer/Toolchains/XcodeDefault.xctoolchain/usr/bin/swift-frontend -frontend -emit-module -experimental-skip-non-inlinable-function-bodies-without-types /Users/admin/builder/spi-builder-workspace/Sources/Common/Configuration.swift /Users/admin/builder/spi-builder-workspace/Sources/Common/EasyConfetti.swift /Users/admin/builder/spi-builder-workspace/Sources/Common/Extensions.swift /Users/admin/builder/spi-builder-workspace/Sources/Common/ImageGenerator.swift /Users/admin/builder/spi-builder-workspace/Sources/macOS/macOS+extensions.swift -target arm64-apple-macos12.0 -disable-cross-import-overlay-search -load-resolved-plugin /Applications/Xcode-27.0.0-Release.Candidate.app/Contents/Developer/Platforms/MacOSX.platform/Developer/usr/lib/swift/host/plugins/libFoundationMacros.dylib\#/Applications/Xcode-27.0.0-Release.Candidate.app/Contents/Developer/Platforms/MacOSX.platform/Developer/usr/bin/swift-plugin-server\#FoundationMacros -load-resolved-plugin /Applications/Xcode-27.0.0-Release.Candidate.app/Contents/Developer/Platforms/MacOSX.platform/Developer/usr/lib/swift/host/plugins/libObservationMacros.dylib\#/Applications/Xcode-27.0.0-Release.Candidate.app/Contents/Developer/Platforms/MacOSX.platform/Developer/usr/bin/swift-plugin-server\#ObservationMacros -load-resolved-plugin /Applications/Xcode-27.0.0-Release.Candidate.app/Contents/Developer/Platforms/MacOSX.platform/Developer/usr/lib/swift/host/plugins/libPreviewsMacros.dylib\#/Applications/Xcode-27.0.0-Release.Candidate.app/Contents/Developer/Platforms/MacOSX.platform/Developer/usr/bin/swift-plugin-server\#PreviewsMacros -load-resolved-plugin /Applications/Xcode-27.0.0-Release.Candidate.app/Contents/Developer/Platforms/MacOSX.platform/Developer/usr/lib/swift/host/plugins/libSwiftMacros.dylib\#/Applications/Xcode-27.0.0-Release.Candidate.app/Contents/Developer/Platforms/MacOSX.platform/Developer/usr/bin/swift-plugin-server\#SwiftMacros -load-resolved-plugin /Applications/Xcode-27.0.0-Release.Candidate.app/Contents/Developer/Platforms/MacOSX.platform/Developer/usr/lib/swift/host/plugins/libSwiftUIMacros.dylib\#/Applications/Xcode-27.0.0-Release.Candidate.app/Contents/Developer/Platforms/MacOSX.platform/Developer/usr/bin/swift-plugin-server\#SwiftUIMacros -disable-implicit-swift-modules -Xcc -fno-implicit-modules -Xcc -fno-implicit-module-maps -explicit-swift-module-map-file /Users/admin/builder/spi-builder-workspace/.build/out/Intermediates.noindex/EasyConfetti.build/Debug/EasyConfetti-t.build/Objects-normal/arm64/EasyConfetti-dependencies-1.json -Xllvm -aarch64-use-tbi -enable-objc-interop -stack-check -sdk /Applications/Xcode-27.0.0-Release.Candidate.app/Contents/Developer/Platforms/MacOSX.platform/Developer/SDKs/MacOSX27.0.sdk -I /Users/admin/builder/spi-builder-workspace/.build/out/Products/Debug -Isystem /Applications/Xcode-27.0.0-Release.Candidate.app/Contents/Developer/Platforms/MacOSX.platform/Developer/usr/lib -F /Users/admin/builder/spi-builder-workspace/.build/out/Products/Debug -F /Applications/Xcode-27.0.0-Release.Candidate.app/Contents/Developer/Platforms/MacOSX.platform/Developer/Library/Frameworks -module-cache-path /Users/admin/builder/spi-builder-workspace/.build/out/Intermediates.noindex/SwiftExplicitPrecompiledModules -color-diagnostics -Xcc -fcolor-diagnostics -enable-testing -g -debug-info-format\=dwarf -dwarf-version\=4 -swift-version 5 -Onone -D SWIFT_PACKAGE -D DEBUG -D SWIFT_MODULE_RESOURCE_BUNDLE_UNAVAILABLE -D Xcode -serialize-debugging-options -enable-experimental-feature DebugDescriptionMacro -empty-abi-descriptor -validate-clang-modules-once -clang-build-session-file /Users/admin/builder/spi-builder-workspace/.build/out/ModuleCache.noindex/Session.modulevalidation -Xcc -working-directory -Xcc /Users/admin/builder -enable-anonymous-context-mangled-names -file-compilation-dir /Users/admin/builder -Xcc -D_LIBCPP_HARDENING_MODE\=_LIBCPP_HARDENING_MODE_DEBUG -Xcc -ivfsstatcache -Xcc /Users/admin/builder/spi-builder-workspace/.build/out/SDKStatCaches.noindex/macosx27.0-26A425-80c5bbf1d171475443272936d42f90a36a22442a12e9d48fe1a705f55a1adfc4.sdkstatcache -Xcc -fmodules-prune-interval\=86400 -Xcc -fmodules-prune-after\=345600 -Xcc -I/Users/admin/builder/spi-builder-workspace/.build/out/Products/Debug/include -Xcc -I/Users/admin/builder/spi-builder-workspace/.build/out/Intermediates.noindex/EasyConfetti.build/Debug/EasyConfetti-t.build/DerivedSources-normal/arm64 -Xcc -I/Users/admin/builder/spi-builder-workspace/.build/out/Intermediates.noindex/EasyConfetti.build/Debug/EasyConfetti-t.build/DerivedSources/arm64 -Xcc -I/Users/admin/builder/spi-builder-workspace/.build/out/Intermediates.noindex/EasyConfetti.build/Debug/EasyConfetti-t.build/DerivedSources -Xcc -DSWIFT_PACKAGE -Xcc -DDEBUG\=1 -no-auto-bridging-header-chaining -module-name EasyConfetti -const-gather-protocols-file /Users/admin/builder/spi-builder-workspace/.build/out/Intermediates.noindex/EasyConfetti.build/Debug/EasyConfetti-t.build/Objects-normal/arm64/EasyConfetti_const_extract_protocols.json -disable-clang-spi -clang-target arm64-apple-macos27.0 -target-sdk-version 27.0 -target-sdk-name macosx27.0 -in-process-plugin-server-path /Applications/Xcode-27.0.0-Release.Candidate.app/Contents/Developer/Toolchains/XcodeDefault.xctoolchain/usr/lib/swift/host/libSwiftInProcPluginServer.dylib -emit-module-doc-path /Users/admin/builder/spi-builder-workspace/.build/out/Intermediates.noindex/EasyConfetti.build/Debug/EasyConfetti-t.build/Objects-normal/arm64/EasyConfetti.swiftdoc -emit-module-source-info-path /Users/admin/builder/spi-builder-workspace/.build/out/Intermediates.noindex/EasyConfetti.build/Debug/EasyConfetti-t.build/Objects-normal/arm64/EasyConfetti.swiftsourceinfo -emit-objc-header-path /Users/admin/builder/spi-builder-workspace/.build/out/Intermediates.noindex/EasyConfetti.build/Debug/EasyConfetti-t.build/Objects-normal/arm64/EasyConfetti-Swift.h -serialize-diagnostics-path /Users/admin/builder/spi-builder-workspace/.build/out/Intermediates.noindex/EasyConfetti.build/Debug/EasyConfetti-t.build/Objects-normal/arm64/EasyConfetti-primary-emit-module.dia -emit-dependencies-path /Users/admin/builder/spi-builder-workspace/.build/out/Intermediates.noindex/EasyConfetti.build/Debug/EasyConfetti-t.build/Objects-normal/arm64/EasyConfetti-primary-emit-module.d -parse-as-library -o /Users/admin/builder/spi-builder-workspace/.build/out/Intermediates.noindex/EasyConfetti.build/Debug/EasyConfetti-t.build/Objects-normal/arm64/EasyConfetti.swiftmodule -emit-abi-descriptor-path /Users/admin/builder/spi-builder-workspace/.build/out/Intermediates.noindex/EasyConfetti.build/Debug/EasyConfetti-t.build/Objects-normal/arm64/EasyConfetti.abi.json
error: Build failed
BUILD FAILURE 6.4 macosSpm