Build Information
Failed to build NiftyRSA, reference master (ab3bd6), with Swift 6.3 for Linux on 25 Jun 2026 18:00:03 UTC.
Build Command
bash -c docker run --pull=always --rm -v "checkouts-53886768-0":/host -w "$PWD" -e JAVA_HOME="/root/.sdkman/candidates/java/current" -e SPI_BUILD="1" -e SPI_PROCESSING="1" registry.gitlab.com/saguaro1/spi-images:basic-6.3-latest swift build --triple x86_64-unknown-linux-gnu 2>&1Build Log
========================================
RunAll
========================================
Builder version: 0e64495ecc1688c3b3e031a5ef1348b5c05091ae
Interrupt handler set up.
========================================
Checkout
========================================
Clone URL: https://github.com/unibas-medfak/NiftyRSA.git
Reference: master
Initialized empty Git repository in /host/spi-builder-workspace/.git/
hint: Using 'master' as the name for the initial branch. This default branch name
hint: is subject to change. To configure the initial branch name to use in all
hint: of your new repositories, which will suppress this warning, call:
hint:
hint: git config --global init.defaultBranch <name>
hint:
hint: Names commonly chosen instead of 'master' are 'main', 'trunk' and
hint: 'development'. The just-created branch can be renamed via this command:
hint:
hint: git branch -m <name>
From https://github.com/unibas-medfak/NiftyRSA
* branch master -> FETCH_HEAD
* [new branch] master -> origin/master
HEAD is now at ab3bd61 Fix erroneous code order in verify
Cloned https://github.com/unibas-medfak/NiftyRSA.git
Revision (git rev-parse @):
ab3bd61f54104d88c333cd2aebf47a14217a1451
SUCCESS checkout https://github.com/unibas-medfak/NiftyRSA.git at master
========================================
Build
========================================
Selected platform: linux
Swift version: 6.3
Building package at path: $PWD
https://github.com/unibas-medfak/NiftyRSA.git
Running build ...
bash -c docker run --pull=always --rm -v "checkouts-53886768-0":/host -w "$PWD" -e JAVA_HOME="/root/.sdkman/candidates/java/current" -e SPI_BUILD="1" -e SPI_PROCESSING="1" registry.gitlab.com/saguaro1/spi-images:basic-6.3-latest swift build --triple x86_64-unknown-linux-gnu 2>&1
basic-6.3-latest: Pulling from saguaro1/spi-images
Digest: sha256:518d581a7f3cc0f988d8921e0dce92c3361f942cd4cc7d944cb46f8707e06c63
Status: Image is up to date for registry.gitlab.com/saguaro1/spi-images:basic-6.3-latest
Fetching https://github.com/apple/swift-docc-plugin
[1/2299] Fetching swift-docc-plugin
Fetched https://github.com/apple/swift-docc-plugin from cache (0.52s)
Computing version for https://github.com/apple/swift-docc-plugin
Computed https://github.com/apple/swift-docc-plugin at 1.5.0 (1.41s)
Fetching https://github.com/swiftlang/swift-docc-symbolkit
[1/3749] Fetching swift-docc-symbolkit
Fetched https://github.com/swiftlang/swift-docc-symbolkit from cache (0.48s)
Computing version for https://github.com/swiftlang/swift-docc-symbolkit
Computed https://github.com/swiftlang/swift-docc-symbolkit at 1.0.0 (0.69s)
Creating working copy for https://github.com/swiftlang/swift-docc-symbolkit
Working copy of https://github.com/swiftlang/swift-docc-symbolkit resolved at 1.0.0
Creating working copy for https://github.com/apple/swift-docc-plugin
Working copy of https://github.com/apple/swift-docc-plugin resolved at 1.5.0
[1/1] Compiling plugin Swift-DocC Preview
[2/2] Compiling plugin Swift-DocC
Building for debugging...
[2/5] Copying PrivacyInfo.xcprivacy
[3/5] Write sources
[4/5] Write swift-version-24593BA9C3E375BF.txt
[6/18] Compiling NiftyRSA X509Certificate.swift
/host/spi-builder-workspace/Sources/NiftyRSA/Data+SHA.swift:8:8: error: no such module 'CommonCrypto'
6 | //
7 |
8 | import CommonCrypto
| `- error: no such module 'CommonCrypto'
9 | import Foundation
10 |
[7/19] Compiling NiftyRSA resource_bundle_accessor.swift
/host/spi-builder-workspace/Sources/NiftyRSA/Data+SHA.swift:8:8: error: no such module 'CommonCrypto'
6 | //
7 |
8 | import CommonCrypto
| `- error: no such module 'CommonCrypto'
9 | import Foundation
10 |
[8/19] Compiling NiftyRSA Signature.swift
/host/spi-builder-workspace/Sources/NiftyRSA/Data+SHA.swift:8:8: error: no such module 'CommonCrypto'
6 | //
7 |
8 | import CommonCrypto
| `- error: no such module 'CommonCrypto'
9 | import Foundation
10 |
[9/19] Compiling NiftyRSA NiftyRSAPrivateKey.swift
/host/spi-builder-workspace/Sources/NiftyRSA/Data+SHA.swift:8:8: error: no such module 'CommonCrypto'
6 | //
7 |
8 | import CommonCrypto
| `- error: no such module 'CommonCrypto'
9 | import Foundation
10 |
[10/19] Compiling NiftyRSA NiftyRSAPublicKey.swift
/host/spi-builder-workspace/Sources/NiftyRSA/Data+SHA.swift:8:8: error: no such module 'CommonCrypto'
6 | //
7 |
8 | import CommonCrypto
| `- error: no such module 'CommonCrypto'
9 | import Foundation
10 |
[11/19] Compiling NiftyRSA Data+SHA.swift
/host/spi-builder-workspace/Sources/NiftyRSA/Data+SHA.swift:8:8: error: no such module 'CommonCrypto'
6 | //
7 |
8 | import CommonCrypto
| `- error: no such module 'CommonCrypto'
9 | import Foundation
10 |
[12/19] Compiling NiftyRSA EncryptedMessage.swift
/host/spi-builder-workspace/Sources/NiftyRSA/Data+SHA.swift:8:8: error: no such module 'CommonCrypto'
6 | //
7 |
8 | import CommonCrypto
| `- error: no such module 'CommonCrypto'
9 | import Foundation
10 |
[13/19] Compiling NiftyRSA NiftyRSA.swift
/host/spi-builder-workspace/Sources/NiftyRSA/Data+SHA.swift:8:8: error: no such module 'CommonCrypto'
6 | //
7 |
8 | import CommonCrypto
| `- error: no such module 'CommonCrypto'
9 | import Foundation
10 |
[14/19] Compiling NiftyRSA NiftyRSAError.swift
/host/spi-builder-workspace/Sources/NiftyRSA/Data+SHA.swift:8:8: error: no such module 'CommonCrypto'
6 | //
7 |
8 | import CommonCrypto
| `- error: no such module 'CommonCrypto'
9 | import Foundation
10 |
[15/19] Compiling NiftyRSA Key.swift
/host/spi-builder-workspace/Sources/NiftyRSA/Data+SHA.swift:8:8: error: no such module 'CommonCrypto'
6 | //
7 |
8 | import CommonCrypto
| `- error: no such module 'CommonCrypto'
9 | import Foundation
10 |
[16/19] Compiling NiftyRSA Message.swift
/host/spi-builder-workspace/Sources/NiftyRSA/Data+SHA.swift:8:8: error: no such module 'CommonCrypto'
6 | //
7 |
8 | import CommonCrypto
| `- error: no such module 'CommonCrypto'
9 | import Foundation
10 |
error: emit-module command failed with exit code 1 (use -v to see invocation)
[17/19] Emitting module NiftyRSA
/host/spi-builder-workspace/Sources/NiftyRSA/Data+SHA.swift:8:8: error: no such module 'CommonCrypto'
6 | //
7 |
8 | import CommonCrypto
| `- error: no such module 'CommonCrypto'
9 | import Foundation
10 |
[18/19] Compiling NiftyRSA Asn1Parser.swift
/host/spi-builder-workspace/Sources/NiftyRSA/Data+SHA.swift:8:8: error: no such module 'CommonCrypto'
6 | //
7 |
8 | import CommonCrypto
| `- error: no such module 'CommonCrypto'
9 | import Foundation
10 |
[19/19] Compiling NiftyRSA ClearMessage.swift
/host/spi-builder-workspace/Sources/NiftyRSA/Data+SHA.swift:8:8: error: no such module 'CommonCrypto'
6 | //
7 |
8 | import CommonCrypto
| `- error: no such module 'CommonCrypto'
9 | import Foundation
10 |
BUILD FAILURE 6.3 linux