Build Information
Failed to build CardsSDK, reference master (e6b432), with Swift 6.2 for watchOS using Xcode 26.3 on 23 Jul 2026 05:22:49 UTC.
Build Command
env DEVELOPER_DIR=/Applications/Xcode-26.3.0.app xcrun xcodebuild -IDEClonedSourcePackagesDirPathOverride=$PWD/.dependencies -skipMacroValidation -skipPackagePluginValidation -derivedDataPath $PWD/.derivedData build -scheme CardsSDK -destination generic/platform=watchOSBuild Log
========================================
RunAll
========================================
Builder version: undefined version: run 'make version' to update
Interrupt handler set up.
========================================
Checkout
========================================
Clone URL: https://github.com/Alviere/alviere-cards-ios.git
Reference: master
Initialized empty Git repository in /Users/admin/builder/spi-builder-workspace/.git/
From https://github.com/Alviere/alviere-cards-ios
* branch master -> FETCH_HEAD
* [new branch] master -> origin/master
HEAD is now at e6b4320 0.9.32
Cloned https://github.com/Alviere/alviere-cards-ios.git
Revision (git rev-parse @):
e6b432088d8ae077cf58553d0c2650f31ceeb3b8
SUCCESS checkout https://github.com/Alviere/alviere-cards-ios.git at master
========================================
Build
========================================
Selected platform: watchOS
Swift version: 6.2
Building package at path: $PWD
https://github.com/Alviere/alviere-cards-ios.git
Command line invocation:
/Applications/Xcode-26.3.0.app/Contents/Developer/usr/bin/xcodebuild -IDEClonedSourcePackagesDirPathOverride=/Users/admin/builder/spi-builder-workspace/.dependencies -resolvePackageDependencies
Resolve Package Graph
Fetching from https://github.com/Alviere/alviere-core-ios.git
Creating working copy of package ‘alviere-core-ios’
Checking out 0.9.32 of package ‘alviere-core-ios’
Resolve Package Graph
Resolved source packages:
CardsSDK: /Users/admin/builder/spi-builder-workspace
AlCore: https://github.com/Alviere/alviere-core-ios.git @ 0.9.32
resolved source packages: CardsSDK, AlCore
2026-07-23 01:22:22.367 xcodebuild[538:3104] [MT] IDERunDestination: Supported platforms for the buildables in the current scheme is empty.
{
"default_localization" : "en",
"dependencies" : [
{
"identity" : "alviere-core-ios",
"requirement" : {
"exact" : [
"0.9.32"
]
},
"type" : "sourceControl",
"url" : "https://github.com/Alviere/alviere-core-ios.git"
}
],
"manifest_display_name" : "CardsSDK",
"name" : "CardsSDK",
"path" : "/Users/admin/builder/spi-builder-workspace",
"platforms" : [
{
"name" : "ios",
"version" : "13.0"
}
],
"products" : [
{
"name" : "CardsSDK",
"targets" : [
"CardsSDKDeps"
],
"type" : {
"library" : [
"static"
]
}
}
],
"targets" : [
{
"c99name" : "CardsSDKDeps",
"module_type" : "SwiftTarget",
"name" : "CardsSDKDeps",
"path" : "CardsSDKDeps",
"product_dependencies" : [
"AlCore"
],
"product_memberships" : [
"CardsSDK"
],
"sources" : [
"CardsSDK.swift"
],
"target_dependencies" : [
"CardsSDK"
],
"type" : "library"
},
{
"c99name" : "CardsSDK",
"module_type" : "BinaryTarget",
"name" : "CardsSDK",
"path" : "remote/archive/CardsSDK.xcframework.zip",
"product_memberships" : [
"CardsSDK"
],
"sources" : [
],
"type" : "binary"
}
],
"tools_version" : "5.5"
}
{
"workspace" : {
"name" : "spi-builder-workspace",
"schemes" : [
"CardsSDK"
]
}
}
2026-07-23 01:22:42.816 xcodebuild[722:4385] [MT] IDERunDestination: Supported platforms for the buildables in the current scheme is empty.
Running build ...
env DEVELOPER_DIR=/Applications/Xcode-26.3.0.app xcrun xcodebuild -IDEClonedSourcePackagesDirPathOverride=$PWD/.dependencies -skipMacroValidation -skipPackagePluginValidation -derivedDataPath $PWD/.derivedData build -scheme CardsSDK -destination generic/platform=watchOS
Command line invocation:
/Applications/Xcode-26.3.0.app/Contents/Developer/usr/bin/xcodebuild -IDEClonedSourcePackagesDirPathOverride=/Users/admin/builder/spi-builder-workspace/.dependencies -skipMacroValidation -skipPackagePluginValidation -derivedDataPath /Users/admin/builder/spi-builder-workspace/.derivedData build -scheme CardsSDK -destination generic/platform=watchOS
Resolve Package Graph
Resolve Package Graph
Resolved source packages:
CardsSDK: /Users/admin/builder/spi-builder-workspace
AlCore: https://github.com/Alviere/alviere-core-ios.git @ 0.9.32
ComputePackagePrebuildTargetDependencyGraph
Prepare packages
CreateBuildRequest
SendProjectDescription
CreateBuildOperation
ComputeTargetDependencyGraph
note: Building targets in dependency order
note: Target dependency graph (3 targets)
Target 'CardsSDK' in project 'CardsSDK'
➜ Explicit dependency on target 'CardsSDKDeps' in project 'CardsSDK'
➜ Explicit dependency on target 'AlCore' in project 'AlCore'
Target 'CardsSDKDeps' in project 'CardsSDK'
➜ Explicit dependency on target 'AlCore' in project 'AlCore'
Target 'AlCore' in project 'AlCore' (no dependencies)
GatherProvisioningInputs
CreateBuildDescription
ExecuteExternalTool /Applications/Xcode-26.3.0.app/Contents/Developer/Toolchains/XcodeDefault.xctoolchain/usr/bin/clang -v -E -dM -isysroot /Applications/Xcode-26.3.0.app/Contents/Developer/Platforms/WatchOS.platform/Developer/SDKs/WatchOS26.2.sdk -x c -c /dev/null
ExecuteExternalTool /Applications/Xcode-26.3.0.app/Contents/Developer/Toolchains/XcodeDefault.xctoolchain/usr/bin/swiftc --version
ExecuteExternalTool /Applications/Xcode-26.3.0.app/Contents/Developer/Toolchains/XcodeDefault.xctoolchain/usr/bin/ld -version_details
Build description signature: 261c17c6073a2b847d4eb168e64d3a08
Build description path: /Users/admin/builder/spi-builder-workspace/.derivedData/Build/Intermediates.noindex/XCBuildData/261c17c6073a2b847d4eb168e64d3a08.xcbuilddata
/Users/admin/builder/spi-builder-workspace/.dependencies/artifacts/spi-builder-workspace/CardsSDK/CardsSDK.xcframework:1:1: error: While building for watchOS, no library for this platform was found in '/Users/admin/builder/spi-builder-workspace/.dependencies/artifacts/spi-builder-workspace/CardsSDK/CardsSDK.xcframework'. (in target 'CardsSDKDeps' from project 'CardsSDK')
/Users/admin/builder/spi-builder-workspace/.dependencies/artifacts/alviere-core-ios/AlCore/AlCore.xcframework:1:1: error: While building for watchOS, no library for this platform was found in '/Users/admin/builder/spi-builder-workspace/.dependencies/artifacts/alviere-core-ios/AlCore/AlCore.xcframework'. (in target 'CardsSDKDeps' from project 'CardsSDK')
/Users/admin/builder/spi-builder-workspace/.dependencies/artifacts/spi-builder-workspace/CardsSDK/CardsSDK.xcframework:1:1: error: While building for watchOS, no library for this platform was found in '/Users/admin/builder/spi-builder-workspace/.dependencies/artifacts/spi-builder-workspace/CardsSDK/CardsSDK.xcframework'. (in target 'CardsSDK' from project 'CardsSDK')
/Users/admin/builder/spi-builder-workspace/.dependencies/artifacts/alviere-core-ios/AlCore/AlCore.xcframework:1:1: error: While building for watchOS, no library for this platform was found in '/Users/admin/builder/spi-builder-workspace/.dependencies/artifacts/alviere-core-ios/AlCore/AlCore.xcframework'. (in target 'CardsSDK' from project 'CardsSDK')
/Users/admin/builder/spi-builder-workspace/.dependencies/artifacts/alviere-core-ios/AlCore/AlCore.xcframework:1:1: error: While building for watchOS, no library for this platform was found in '/Users/admin/builder/spi-builder-workspace/.dependencies/artifacts/alviere-core-ios/AlCore/AlCore.xcframework'. (in target 'CardsSDK' from project 'CardsSDK')
/Users/admin/builder/spi-builder-workspace/.dependencies/artifacts/alviere-core-ios/AlCore/AlCore.xcframework:1:1: error: While building for watchOS, no library for this platform was found in '/Users/admin/builder/spi-builder-workspace/.dependencies/artifacts/alviere-core-ios/AlCore/AlCore.xcframework'. (in target 'AlCore' from project 'AlCore')
2026-07-23 01:22:44.871 xcodebuild[724:4439] [MT] IDERunDestination: Supported platforms for the buildables in the current scheme is empty.
** BUILD FAILED **
The following build commands failed:
Building workspace spi-builder-workspace with scheme CardsSDK
(1 failure)
Command line invocation:
/Applications/Xcode-26.3.0.app/Contents/Developer/usr/bin/xcodebuild -IDEClonedSourcePackagesDirPathOverride=/Users/admin/builder/spi-builder-workspace/.dependencies -resolvePackageDependencies
Resolve Package Graph
Resolved source packages:
AlCore: https://github.com/Alviere/alviere-core-ios.git @ 0.9.32
CardsSDK: /Users/admin/builder/spi-builder-workspace
resolved source packages: AlCore, CardsSDK
2026-07-23 01:22:47.308 xcodebuild[747:4587] [MT] IDERunDestination: Supported platforms for the buildables in the current scheme is empty.
{
"default_localization" : "en",
"dependencies" : [
{
"identity" : "alviere-core-ios",
"requirement" : {
"exact" : [
"0.9.32"
]
},
"type" : "sourceControl",
"url" : "https://github.com/Alviere/alviere-core-ios.git"
}
],
"manifest_display_name" : "CardsSDK",
"name" : "CardsSDK",
"path" : "/Users/admin/builder/spi-builder-workspace",
"platforms" : [
{
"name" : "ios",
"version" : "13.0"
}
],
"products" : [
{
"name" : "CardsSDK",
"targets" : [
"CardsSDKDeps"
],
"type" : {
"library" : [
"static"
]
}
}
],
"targets" : [
{
"c99name" : "CardsSDKDeps",
"module_type" : "SwiftTarget",
"name" : "CardsSDKDeps",
"path" : "CardsSDKDeps",
"product_dependencies" : [
"AlCore"
],
"product_memberships" : [
"CardsSDK"
],
"sources" : [
"CardsSDK.swift"
],
"target_dependencies" : [
"CardsSDK"
],
"type" : "library"
},
{
"c99name" : "CardsSDK",
"module_type" : "BinaryTarget",
"name" : "CardsSDK",
"path" : "remote/archive/CardsSDK.xcframework.zip",
"product_memberships" : [
"CardsSDK"
],
"sources" : [
],
"type" : "binary"
}
],
"tools_version" : "5.5"
}
{
"workspace" : {
"name" : "spi-builder-workspace",
"schemes" : [
"CardsSDK"
]
}
}
2026-07-23 01:22:48.401 xcodebuild[755:4652] [MT] IDERunDestination: Supported platforms for the buildables in the current scheme is empty.
Running build ...
env DEVELOPER_DIR=/Applications/Xcode-26.3.0.app xcrun xcodebuild -IDEClonedSourcePackagesDirPathOverride=$PWD/.dependencies -skipMacroValidation -skipPackagePluginValidation -derivedDataPath $PWD/.derivedData build -scheme CardsSDK -destination generic/platform=watchOS
Command line invocation:
/Applications/Xcode-26.3.0.app/Contents/Developer/usr/bin/xcodebuild -IDEClonedSourcePackagesDirPathOverride=/Users/admin/builder/spi-builder-workspace/.dependencies -skipMacroValidation -skipPackagePluginValidation -derivedDataPath /Users/admin/builder/spi-builder-workspace/.derivedData build -scheme CardsSDK -destination generic/platform=watchOS
Resolve Package Graph
Resolved source packages:
CardsSDK: /Users/admin/builder/spi-builder-workspace
AlCore: https://github.com/Alviere/alviere-core-ios.git @ 0.9.32
ComputePackagePrebuildTargetDependencyGraph
Prepare packages
CreateBuildRequest
SendProjectDescription
CreateBuildOperation
ComputeTargetDependencyGraph
note: Building targets in dependency order
note: Target dependency graph (3 targets)
Target 'CardsSDK' in project 'CardsSDK'
➜ Explicit dependency on target 'CardsSDKDeps' in project 'CardsSDK'
➜ Explicit dependency on target 'AlCore' in project 'AlCore'
Target 'CardsSDKDeps' in project 'CardsSDK'
➜ Explicit dependency on target 'AlCore' in project 'AlCore'
Target 'AlCore' in project 'AlCore' (no dependencies)
GatherProvisioningInputs
CreateBuildDescription
ExecuteExternalTool /Applications/Xcode-26.3.0.app/Contents/Developer/Toolchains/XcodeDefault.xctoolchain/usr/bin/clang -v -E -dM -isysroot /Applications/Xcode-26.3.0.app/Contents/Developer/Platforms/WatchOS.platform/Developer/SDKs/WatchOS26.2.sdk -x c -c /dev/null
ExecuteExternalTool /Applications/Xcode-26.3.0.app/Contents/Developer/Toolchains/XcodeDefault.xctoolchain/usr/bin/swiftc --version
ExecuteExternalTool /Applications/Xcode-26.3.0.app/Contents/Developer/Toolchains/XcodeDefault.xctoolchain/usr/bin/ld -version_details
Build description signature: 261c17c6073a2b847d4eb168e64d3a08
Build description path: /Users/admin/builder/spi-builder-workspace/.derivedData/Build/Intermediates.noindex/XCBuildData/261c17c6073a2b847d4eb168e64d3a08.xcbuilddata
/Users/admin/builder/spi-builder-workspace/.dependencies/artifacts/spi-builder-workspace/CardsSDK/CardsSDK.xcframework:1:1: error: While building for watchOS, no library for this platform was found in '/Users/admin/builder/spi-builder-workspace/.dependencies/artifacts/spi-builder-workspace/CardsSDK/CardsSDK.xcframework'. (in target 'CardsSDK' from project 'CardsSDK')
/Users/admin/builder/spi-builder-workspace/.dependencies/artifacts/alviere-core-ios/AlCore/AlCore.xcframework:1:1: error: While building for watchOS, no library for this platform was found in '/Users/admin/builder/spi-builder-workspace/.dependencies/artifacts/alviere-core-ios/AlCore/AlCore.xcframework'. (in target 'CardsSDK' from project 'CardsSDK')
/Users/admin/builder/spi-builder-workspace/.dependencies/artifacts/alviere-core-ios/AlCore/AlCore.xcframework:1:1: error: While building for watchOS, no library for this platform was found in '/Users/admin/builder/spi-builder-workspace/.dependencies/artifacts/alviere-core-ios/AlCore/AlCore.xcframework'. (in target 'CardsSDK' from project 'CardsSDK')
/Users/admin/builder/spi-builder-workspace/.dependencies/artifacts/spi-builder-workspace/CardsSDK/CardsSDK.xcframework:1:1: error: While building for watchOS, no library for this platform was found in '/Users/admin/builder/spi-builder-workspace/.dependencies/artifacts/spi-builder-workspace/CardsSDK/CardsSDK.xcframework'. (in target 'CardsSDKDeps' from project 'CardsSDK')
/Users/admin/builder/spi-builder-workspace/.dependencies/artifacts/alviere-core-ios/AlCore/AlCore.xcframework:1:1: error: While building for watchOS, no library for this platform was found in '/Users/admin/builder/spi-builder-workspace/.dependencies/artifacts/alviere-core-ios/AlCore/AlCore.xcframework'. (in target 'CardsSDKDeps' from project 'CardsSDK')
/Users/admin/builder/spi-builder-workspace/.dependencies/artifacts/alviere-core-ios/AlCore/AlCore.xcframework:1:1: error: While building for watchOS, no library for this platform was found in '/Users/admin/builder/spi-builder-workspace/.dependencies/artifacts/alviere-core-ios/AlCore/AlCore.xcframework'. (in target 'AlCore' from project 'AlCore')
2026-07-23 01:22:49.241 xcodebuild[757:4683] [MT] IDERunDestination: Supported platforms for the buildables in the current scheme is empty.
** BUILD FAILED **
The following build commands failed:
Building workspace spi-builder-workspace with scheme CardsSDK
(1 failure)
BUILD FAILURE 6.2 watchOS