The Swift Package Index logo.Swift Package Index

Build Information

Failed to build XcodeTools, reference 0.14.0 (cfeda3), with Swift 6.3 for Linux on 28 Sep 2026 10:40:05 UTC.

Build Command

bash -c docker run --pull=always --rm -v "checkouts-54344843-2":/host -w "$PWD" -e JAVA_HOME="/root/.sdkman/candidates/java/current" -e SPI_BUILD="1" -e SPI_PROCESSING="1" registry.gitlab.com/saguaro1/spi-images:basic-6.3-latest swift build --triple x86_64-unknown-linux-gnu 2>&1

Build Log

========================================
RunAll
========================================
Builder version: 5.1.0
Interrupt handler set up.
========================================
Checkout
========================================
Clone URL: https://github.com/xcode-actions/XcodeTools.git
Reference: 0.14.0
Initialized empty Git repository in /host/spi-builder-workspace/.git/
hint: Using 'master' as the name for the initial branch. This default branch name
hint: is subject to change. To configure the initial branch name to use in all
hint: of your new repositories, which will suppress this warning, call:
hint:
hint: 	git config --global init.defaultBranch <name>
hint:
hint: Names commonly chosen instead of 'master' are 'main', 'trunk' and
hint: 'development'. The just-created branch can be renamed via this command:
hint:
hint: 	git branch -m <name>
From https://github.com/xcode-actions/XcodeTools
 * tag               0.14.0     -> FETCH_HEAD
HEAD is now at cfeda35 Friendlify project for SPM
Cloned https://github.com/xcode-actions/XcodeTools.git
Revision (git rev-parse @):
cfeda355044e2edd77ecf5499cf60125c9caf883
SUCCESS checkout https://github.com/xcode-actions/XcodeTools.git at 0.14.0
========================================
Build
========================================
Selected platform:         linux
Swift version:             6.3
Building package at path:  $PWD
https://github.com/xcode-actions/XcodeTools.git
Running build ...
bash -c docker run --pull=always --rm -v "checkouts-54344843-2":/host -w "$PWD" -e JAVA_HOME="/root/.sdkman/candidates/java/current" -e SPI_BUILD="1" -e SPI_PROCESSING="1" registry.gitlab.com/saguaro1/spi-images:basic-6.3-latest swift build --triple x86_64-unknown-linux-gnu 2>&1
basic-6.3-latest: Pulling from saguaro1/spi-images
Digest: sha256:c577f8f8f4df4f423827bf5e7d96027716bb7030ef75b2fd4a15f7fb0043ce6d
Status: Image is up to date for registry.gitlab.com/saguaro1/spi-images:basic-6.3-latest
Fetching https://github.com/apple/swift-package-manager.git
[1/192351] Fetching swift-package-manager
Fetched https://github.com/apple/swift-package-manager.git from cache (10.70s)
Fetching https://github.com/swiftlang/swift-llbuild.git
[1/29926] Fetching swift-llbuild
Fetched https://github.com/swiftlang/swift-llbuild.git from cache (1.45s)
Fetching https://github.com/apple/swift-crypto.git
[1/18562] Fetching swift-crypto
Fetched https://github.com/apple/swift-crypto.git from cache (1.19s)
Fetching https://github.com/apple/swift-system.git
[1/6986] Fetching swift-system
Fetched https://github.com/apple/swift-system.git from cache (0.70s)
Fetching https://github.com/apple/swift-collections.git
[1/27779] Fetching swift-collections
Fetched https://github.com/apple/swift-collections.git from cache (1.36s)
Fetching https://github.com/apple/swift-certificates.git
[1/7584] Fetching swift-certificates
Fetched https://github.com/apple/swift-certificates.git from cache (0.63s)
Fetching https://github.com/swiftlang/swift-toolchain-sqlite.git
[1/376] Fetching swift-toolchain-sqlite
Fetched https://github.com/swiftlang/swift-toolchain-sqlite.git from cache (1.23s)
Fetching https://github.com/swiftlang/swift-tools-support-core.git
[1/7405] Fetching swift-tools-support-core
Fetched https://github.com/swiftlang/swift-tools-support-core.git from cache (0.67s)
Fetching https://github.com/swiftlang/swift-driver.git
[1/39118] Fetching swift-driver
Fetched https://github.com/swiftlang/swift-driver.git from cache (1.63s)
Fetching https://github.com/apple/swift-asn1.git
Fetching https://github.com/Frizlab/XibLoc.git
Fetching https://github.com/apple/swift-argument-parser.git
Fetching https://github.com/xcode-actions/swift-process-invocation.git
Fetching https://github.com/Frizlab/UnwrapOrThrow.git
Fetching https://github.com/xcode-actions/clt-logger.git
[1/1986] Fetching swift-asn1
[41/2582] Fetching swift-asn1, swift-process-invocation
[802/5211] Fetching swift-asn1, swift-process-invocation, xibloc
[5081/6080] Fetching swift-asn1, swift-process-invocation, xibloc, clt-logger
Fetched https://github.com/apple/swift-asn1.git from cache (0.50s)
Fetching https://github.com/Frizlab/stream-reader.git
[3164/4094] Fetching swift-process-invocation, xibloc, clt-logger
Fetched https://github.com/xcode-actions/clt-logger.git from cache (0.60s)
Fetching https://github.com/xcode-actions/swift-signal-handling.git
[3095/22173] Fetching swift-process-invocation, xibloc, swift-argument-parser
[22043/22222] Fetching swift-process-invocation, xibloc, swift-argument-parser, unwraporthrow
Fetched https://github.com/Frizlab/UnwrapOrThrow.git from cache (0.96s)
Fetched https://github.com/xcode-actions/swift-process-invocation.git from cache (0.96s)
Fetched https://github.com/Frizlab/XibLoc.git from cache (0.96s)
[18949/20006] Fetching swift-argument-parser, stream-reader
Fetching https://github.com/Frizlab/GlobalConfModule.git
Fetching https://github.com/Frizlab/CollectionConcurrencyKit.git
Fetching https://github.com/Frizlab/SafeGlobal.git
Fetched https://github.com/apple/swift-argument-parser.git from cache (0.96s)
Fetching https://github.com/apple/swift-log.git
[75/1058] Fetching stream-reader
Fetched https://github.com/Frizlab/stream-reader.git from cache (0.48s)
[1/677] Fetching globalconfmodule
[502/871] Fetching globalconfmodule, safeglobal
[696/980] Fetching globalconfmodule, safeglobal, collectionconcurrencykit
[725/9145] Fetching globalconfmodule, safeglobal, collectionconcurrencykit, swift-log
Fetched https://github.com/Frizlab/SafeGlobal.git from cache (0.46s)
[699/8951] Fetching globalconfmodule, collectionconcurrencykit, swift-log
Fetched https://github.com/Frizlab/CollectionConcurrencyKit.git from cache (0.48s)
Fetched https://github.com/Frizlab/GlobalConfModule.git from cache (0.48s)
[490/8165] Fetching swift-log
[491/8737] Fetching swift-log, swift-signal-handling
Fetched https://github.com/xcode-actions/swift-signal-handling.git from cache (0.90s)
Fetched https://github.com/apple/swift-log.git from cache (0.56s)
Computing version for https://github.com/xcode-actions/clt-logger.git
Computed https://github.com/xcode-actions/clt-logger.git at 1.0.0 (1.67s)
Computing version for https://github.com/Frizlab/XibLoc.git
Computed https://github.com/Frizlab/XibLoc.git at 1.5.1 (0.14s)
Computing version for https://github.com/Frizlab/CollectionConcurrencyKit.git
Computed https://github.com/Frizlab/CollectionConcurrencyKit.git at 0.3.0 (0.18s)
Computing version for https://github.com/Frizlab/UnwrapOrThrow.git
Computed https://github.com/Frizlab/UnwrapOrThrow.git at 1.1.0 (0.17s)
Computing version for https://github.com/xcode-actions/swift-signal-handling.git
Computed https://github.com/xcode-actions/swift-signal-handling.git at 1.1.4 (0.14s)
Computing version for https://github.com/Frizlab/stream-reader.git
Computed https://github.com/Frizlab/stream-reader.git at 3.6.1 (0.14s)
Computing version for https://github.com/Frizlab/SafeGlobal.git
Computed https://github.com/Frizlab/SafeGlobal.git at 0.3.5 (0.14s)
Fetching https://github.com/swiftlang/swift-syntax.git
[1/80070] Fetching swift-syntax
Fetched https://github.com/swiftlang/swift-syntax.git from cache (4.23s)
Computing version for https://github.com/Frizlab/GlobalConfModule.git
Computed https://github.com/Frizlab/GlobalConfModule.git at 0.4.5 (4.43s)
Fetching https://github.com/apple/swift-service-context.git
[1/1387] Fetching swift-service-context
Fetched https://github.com/apple/swift-service-context.git from cache (0.50s)
Computing version for https://github.com/apple/swift-service-context.git
Computed https://github.com/apple/swift-service-context.git at 1.3.0 (0.65s)
Computing version for https://github.com/apple/swift-argument-parser.git
Computed https://github.com/apple/swift-argument-parser.git at 1.8.2 (0.15s)
Computing version for https://github.com/apple/swift-asn1.git
Computed https://github.com/apple/swift-asn1.git at 1.7.3 (0.18s)
Computing version for https://github.com/swiftlang/swift-syntax.git
Computed https://github.com/swiftlang/swift-syntax.git at 603.0.2 (0.26s)
Computing version for https://github.com/apple/swift-log.git
Computed https://github.com/apple/swift-log.git at 1.15.1 (0.15s)
Computing version for https://github.com/xcode-actions/swift-process-invocation.git
Computed https://github.com/xcode-actions/swift-process-invocation.git at 1.3.0-beta.5.0.1 (0.23s)
Creating working copy for https://github.com/apple/swift-argument-parser.git
Working copy of https://github.com/apple/swift-argument-parser.git resolved at 1.8.2
Creating working copy for https://github.com/apple/swift-collections.git
Working copy of https://github.com/apple/swift-collections.git resolved at 1.1.6 (c11818f)
Creating working copy for https://github.com/xcode-actions/swift-signal-handling.git
Working copy of https://github.com/xcode-actions/swift-signal-handling.git resolved at 1.1.4
Creating working copy for https://github.com/apple/swift-service-context.git
Working copy of https://github.com/apple/swift-service-context.git resolved at 1.3.0
Creating working copy for https://github.com/swiftlang/swift-llbuild.git
Working copy of https://github.com/swiftlang/swift-llbuild.git resolved at release/6.4.x (ab64212)
Creating working copy for https://github.com/Frizlab/CollectionConcurrencyKit.git
Working copy of https://github.com/Frizlab/CollectionConcurrencyKit.git resolved at 0.3.0
Creating working copy for https://github.com/apple/swift-package-manager.git
Working copy of https://github.com/apple/swift-package-manager.git resolved at swift-6.4.0-RELEASE (18da3eb)
Creating working copy for https://github.com/apple/swift-system.git
Working copy of https://github.com/apple/swift-system.git resolved at 1.5.0 (61e4ca4)
Creating working copy for https://github.com/swiftlang/swift-driver.git
Working copy of https://github.com/swiftlang/swift-driver.git resolved at release/6.4.x (174567a)
Creating working copy for https://github.com/swiftlang/swift-toolchain-sqlite.git
Working copy of https://github.com/swiftlang/swift-toolchain-sqlite.git resolved at 1.0.9 (c0ecc1e)
Creating working copy for https://github.com/Frizlab/GlobalConfModule.git
Working copy of https://github.com/Frizlab/GlobalConfModule.git resolved at 0.4.5
Creating working copy for https://github.com/xcode-actions/clt-logger.git
Working copy of https://github.com/xcode-actions/clt-logger.git resolved at 1.0.0
Creating working copy for https://github.com/apple/swift-log.git
Working copy of https://github.com/apple/swift-log.git resolved at 1.15.1
Creating working copy for https://github.com/apple/swift-asn1.git
Working copy of https://github.com/apple/swift-asn1.git resolved at 1.7.3
Creating working copy for https://github.com/apple/swift-certificates.git
Working copy of https://github.com/apple/swift-certificates.git resolved at 1.10.1 (386001a)
Creating working copy for https://github.com/swiftlang/swift-tools-support-core.git
Working copy of https://github.com/swiftlang/swift-tools-support-core.git resolved at release/6.4.x (d45c8b3)
Creating working copy for https://github.com/Frizlab/UnwrapOrThrow.git
Working copy of https://github.com/Frizlab/UnwrapOrThrow.git resolved at 1.1.0
Creating working copy for https://github.com/apple/swift-crypto.git
Working copy of https://github.com/apple/swift-crypto.git resolved at 3.12.5 (d79c573)
Creating working copy for https://github.com/swiftlang/swift-syntax.git
Working copy of https://github.com/swiftlang/swift-syntax.git resolved at 603.0.2
Creating working copy for https://github.com/Frizlab/stream-reader.git
Working copy of https://github.com/Frizlab/stream-reader.git resolved at 3.6.1
Creating working copy for https://github.com/Frizlab/XibLoc.git
Working copy of https://github.com/Frizlab/XibLoc.git resolved at 1.5.1
Creating working copy for https://github.com/Frizlab/SafeGlobal.git
Working copy of https://github.com/Frizlab/SafeGlobal.git resolved at 0.3.5
Creating working copy for https://github.com/xcode-actions/swift-process-invocation.git
Working copy of https://github.com/xcode-actions/swift-process-invocation.git resolved at 1.3.0-beta.5.0.1
Downloading package prebuilt https://download.swift.org/prebuilts/swift-syntax/603.0.2/swift-6.3.2-RELEASE-ubuntu_jammy_x86_64-MacroSupport.tar.gz
Downloaded https://download.swift.org/prebuilts/swift-syntax/603.0.2/swift-6.3.2-RELEASE-ubuntu_jammy_x86_64-MacroSupport.tar.gz (0.21s)
warning: 'spi-builder-workspace': dependency 'swift-crypto' is not used by any target
warning: 'spi-builder-workspace': dependency 'collectionconcurrencykit' is not used by any target
warning: 'spi-builder-workspace': dependency 'safeglobal' is not used by any target
warning: 'spi-builder-workspace': dependency 'stream-reader' is not used by any target
warning: 'spi-builder-workspace': dependency 'unwraporthrow' is not used by any target
warning: 'spi-builder-workspace': dependency 'xibloc' is not used by any target
warning: 'spi-builder-workspace': dependency 'swift-signal-handling' is not used by any target
[1/1] Compiling plugin GenerateManual
[2/2] Compiling plugin GenerateDoccReference
Building for debugging...
[2/447] Write sources
[9/447] Write swift-version-24593BA9C3E375BF.txt
[9/447] Write sources
[14/447] Compiling TSCclibc libc.c
[15/447] Write sources
[22/447] Compiling TSCclibc strerror.c
[23/451] Write sources
[25/454] Compiling TSCclibc process.c
[26/455] Write sources
[43/510] Emitting module InternalCollectionsUtilities
[44/512] Emitting module GlobalConfMacros
[45/513] Emitting module SwiftASN1
[46/515] Compiling InternalCollectionsUtilities UnsafeRawPointer extensions.swift
[47/515] Compiling InternalCollectionsUtilities Debugging.swift
[48/515] Compiling InternalCollectionsUtilities _SortedCollection.swift
[49/515] Compiling InternalCollectionsUtilities _UniqueCollection.swift
[50/515] Compiling InternalCollectionsUtilities _UnsafeBitSet+_Word.swift
[51/515] Compiling SwiftASN1 DER.swift
[52/515] Compiling SwiftASN1 Errors.swift
[53/515] Compiling InternalCollectionsUtilities _UnsafeBitSet.swift
[54/515] Compiling InternalCollectionsUtilities UInt+reversed.swift
[55/515] Compiling InternalCollectionsUtilities _UnsafeBitSet+Index.swift
[56/515] Compiling InternalCollectionsUtilities RandomAccessCollection+Offsets.swift
[57/515] Compiling InternalCollectionsUtilities Specialize.swift
[59/515] Compiling InternalCollectionsUtilities Descriptions.swift
[60/515] Compiling InternalCollectionsUtilities UnsafeMutableBufferPointer+SE-0370.swift
[61/515] Compiling InternalCollectionsUtilities UnsafeMutablePointer+SE-0370.swift
[71/516] Compiling InternalCollectionsUtilities Integer rank.swift
[72/516] Compiling InternalCollectionsUtilities UInt+first and last set bit.swift
[73/516] Compiling InternalCollectionsUtilities FixedWidthInteger+roundUpToPowerOfTwo.swift
[76/516] Compiling ServiceContextModule ServiceContext.swift
[77/516] Emitting module ServiceContextModule
[78/516] Compiling ServiceContextModule ServiceContextKey.swift
[83/517] Compiling Logging LoggingSystem.swift
[86/518] Compiling _CertificateInternals _TinyArray.swift
[87/518] Emitting module _CertificateInternals
[90/519] Compiling Logging Logger+Attributes.swift
[91/519] Compiling Logging Logger+With.swift
[92/519] Compiling Logging Logger.swift
[93/519] Write sources
[94/519] Compiling CSystem shims.c
[95/534] Wrapping AST for _CertificateInternals for debugging
[97/556] Compiling SystemPackage Errno.swift
[98/556] Compiling SystemPackage ErrnoWindows.swift
[99/619] Compiling SystemPackage FileOperations.swift
[100/619] Compiling SystemPackage FilePath.swift
[101/619] Compiling SystemPackage FileDescriptor.swift
[102/619] Compiling SystemPackage FileHelpers.swift
[105/619] Compiling SystemPackage Mocking.swift
[106/619] Compiling SystemPackage RawBuffer.swift
[107/619] Emitting module TSCLibc
[108/619] Compiling TSCLibc libc.swift
[109/620] Emitting module Logging
[112/620] Compiling GlobalConfMacros Optional+Utils.swift
[113/620] Wrapping AST for InternalCollectionsUtilities for debugging
[115/620] Compiling Logging MetadataProvider.swift
[117/621] Compiling GlobalConfMacros SimpleDiagnosticMessage.swift
[118/621] Compiling SystemPackage Syscalls.swift
[119/621] Compiling SystemPackage WindowsSyscallAdapters.swift
[120/623] Compiling SystemPackage FilePathWindows.swift
[121/623] Compiling SystemPackage FilePermissions.swift
[122/623] Compiling OrderedCollections OrderedSet+Partial SetAlgebra subtract.swift
[123/623] Compiling OrderedCollections OrderedSet+Partial SetAlgebra subtracting.swift
[124/623] Compiling OrderedCollections OrderedSet+Partial SetAlgebra symmetricDifference.swift
[125/623] Compiling OrderedCollections OrderedSet+Partial SetAlgebra union.swift
[126/623] Compiling OrderedCollections OrderedSet+Partial SetAlgebra+Basics.swift
[127/623] Compiling OrderedCollections OrderedSet+RandomAccessCollection.swift
[128/623] Compiling OrderedCollections OrderedSet+ReserveCapacity.swift
[130/623] Compiling PackageCollectionsModel PackageCollectionModel.swift
[131/636] Compiling SystemPackage Backcompat.swift
[132/636] Compiling SystemPackage CInterop.swift
[133/636] Compiling SystemPackage Constants.swift
[134/636] Compiling SystemPackage Exports.swift
[139/636] Compiling SystemPackage FilePathTempPosix.swift
[140/636] Compiling SystemPackage FilePathTempWindows.swift
[142/636] Wrapping AST for TSCLibc for debugging
[144/655] Compiling GlobalConfMacros Entrypoint.swift
[145/655] Compiling GlobalConfMacros DeclareConfNamespaceMacro.swift
[146/655] Compiling GlobalConfMacros LabeledExprSyntax+Utils.swift
[147/665] Compiling OrderedCollections OrderedSet+Initializers.swift
[148/665] Compiling OrderedCollections OrderedSet+Insertions.swift
[149/665] Compiling OrderedCollections OrderedSet+Invariants.swift
[150/665] Compiling OrderedCollections OrderedSet+Partial MutableCollection.swift
[151/665] Compiling OrderedCollections OrderedSet+Partial RangeReplaceableCollection.swift
[152/665] Compiling OrderedCollections OrderedSet+Partial SetAlgebra formIntersection.swift
[153/665] Compiling OrderedCollections OrderedSet+Partial SetAlgebra formSymmetricDifference.swift
[154/665] Compiling OrderedCollections OrderedSet+Partial SetAlgebra formUnion.swift
[155/673] Compiling GlobalConfMacros DeclareConfAccessorMacro.swift
[156/673] Compiling GlobalConfMacros  Errors.swift
[157/674] Compiling GlobalConfMacros DeclareConfMacro.swift
[158/683] Wrapping AST for SwiftASN1 for debugging
[160/683] Emitting module DequeModule
[161/683] Compiling TSCBasic CodableResult.swift
[162/683] Compiling TSCBasic CollectionAlgorithms.swift
[163/683] Compiling TSCBasic PathShims.swift
[164/683] Compiling TSCBasic Process.swift
[165/683] Compiling TSCBasic DeltaAlgorithm.swift
[166/683] Compiling TSCBasic DiagnosticsEngine.swift
[168/684] Emitting module PackageCollectionsModel
[169/684] Compiling PackageCollectionsModel PackageCollectionModel+v1.swift
[169/685] Wrapping AST for Logging for debugging
[172/685] Compiling CLTLogger EmojiSet.swift
[173/686] Compiling TSCBasic RegEx.swift
[174/686] Compiling TSCBasic OSLog.swift
[175/686] Compiling TSCBasic ObjectIdentifierProtocol.swift
[176/686] Compiling TSCBasic OrderedDictionary.swift
[177/686] Compiling TSCBasic OrderedSet.swift
[178/686] Compiling TSCBasic Path.swift
[179/686] Compiling TSCBasic HashAlgorithms.swift
[180/686] Compiling CLTLogger CLTLogger+WithSendable.swift
[181/686] Compiling CLTLogger CLTLogger.swift
[182/686] Compiling CLTLogger DummySendable.swift
[183/686] Compiling CLTLogger Emoji.swift
[183/686] Compiling fiat_p256_adx_sqr.S
[185/686] Emitting module SystemPackage
[186/686] Compiling CLTLogger Scanner+OldOS.swift
[187/686] Compiling CLTLogger NSLock+withLock.swift
[187/686] Wrapping AST for PackageCollectionsModel for debugging
[189/686] Compiling TSCBasic JSONMapper.swift
[190/686] Compiling TSCBasic KeyedPair.swift
[191/686] Compiling TSCBasic LazyCache.swift
[191/686] Wrapping AST for GlobalConfMacros for debugging
[192/686] Wrapping AST for DequeModule for debugging
[194/686] Compiling OrderedCollections OrderedDictionary+Hashable.swift
[195/686] Compiling OrderedCollections OrderedDictionary+Initializers.swift
[196/686] Compiling OrderedCollections OrderedDictionary+Invariants.swift
[197/686] Compiling OrderedCollections OrderedDictionary+Partial MutableCollection.swift
[198/686] Compiling OrderedCollections OrderedDictionary+Partial RangeReplaceableCollection.swift
[199/686] Compiling OrderedCollections OrderedDictionary+Sendable.swift
[200/686] Compiling OrderedCollections OrderedDictionary+Sequence.swift
[201/686] Compiling OrderedCollections OrderedDictionary+Values.swift
[206/686] Compiling TSCBasic CacheableSequence.swift
[207/686] Compiling TSCBasic Closable.swift
[212/686] Compiling TSCBasic ProcessEnv.swift
[213/686] Compiling TSCBasic ProcessSet.swift
[213/686] Write Objects.LinkFileList
[214/686] Compiling fiat_p256_adx_mul.S
[215/686] Compiling fiat_curve25519_adx_square.S
[216/686] Compiling fiat_curve25519_adx_mul.S
[218/686] Compiling TSCBasic JSON.swift
[222/686] Compiling TSCBasic Lock.swift
[223/686] Compiling TSCBasic Result.swift
[224/686] Compiling TSCBasic SortedArray.swift
[225/686] Compiling TSCBasic StringConversions.swift
[226/686] Compiling TSCBasic CollectionExtensions.swift
[227/686] Compiling TSCBasic Condition.swift
[229/686] Compiling md5-x86_64-linux.S
[232/686] Compiling md5-x86_64-apple.S
[234/686] Compiling CLTLogger String+Utils.swift
[238/686] Compiling md5-586-linux.S
[240/686] Emitting module CLTLogger
[240/686] Compiling md5-586-apple.S
[241/686] Compiling CCryptoBoringSSLShims shims.c
[245/686] Compiling chacha20_poly1305_x86_64-linux.S
[246/686] Compiling chacha20_poly1305_x86_64-apple.S
[247/686] Compiling err_data.cc
[248/686] Compiling chacha20_poly1305_armv8-win.S
[249/686] Compiling chacha20_poly1305_armv8-linux.S
[250/686] Compiling chacha20_poly1305_armv8-apple.S
[257/686] Compiling chacha-x86_64-linux.S
[258/691] Compiling chacha-x86-linux.S
[259/691] Compiling chacha-x86_64-apple.S
[260/691] Compiling chacha-armv8-win.S
[267/691] Compiling chacha-armv8-linux.S
[268/691] Compiling chacha-x86-apple.S
[269/691] Compiling chacha-armv8-apple.S
[274/692] Compiling chacha-armv4-linux.S
[275/692] Compiling aes128gcmsiv-x86_64-linux.S
[276/692] Compiling x86_64-mont5-linux.S
[282/692] Compiling x86_64-mont5-apple.S
[283/692] Compiling aes128gcmsiv-x86_64-apple.S
[285/692] Compiling OrderedCollections OrderedSet+Sendable.swift
[286/692] Compiling OrderedCollections OrderedSet+SubSequence.swift
[287/692] Compiling OrderedCollections OrderedSet+Testing.swift
[288/692] Compiling OrderedCollections OrderedSet+UnorderedView.swift
[289/692] Compiling OrderedCollections OrderedSet+UnstableInternals.swift
[290/692] Compiling OrderedCollections OrderedSet.swift
[291/692] Compiling OrderedCollections _UnsafeBitset.swift
[292/692] Compiling x86_64-mont-linux.S
[293/692] Compiling x86_64-mont-apple.S
[294/692] Compiling x86-mont-linux.S
[296/692] Emitting module OrderedCollections
[296/693] Compiling x86-mont-apple.S
[297/693] Compiling vpaes-x86_64-linux.S
[298/693] Compiling vpaes-x86_64-apple.S
[307/694] Emitting module TSCBasic
[307/703] Wrapping AST for SystemPackage for debugging
[309/711] Compiling CLTLogger OutputEnvironment.swift
[310/711] Compiling CLTLogger SGR.swift
[310/712] Compiling vpaes-x86-linux.S
[311/712] Compiling vpaes-x86-apple.S
[313/712] Compiling Utils Dictionary.swift
[314/712] Compiling Utils Error.swift
[314/713] Wrapping AST for OrderedCollections for debugging
[316/713] Compiling Utils Result.swift
[317/714] Compiling vpaes-armv8-win.S
[318/714] Compiling vpaes-armv8-linux.S
[320/714] Compiling Utils Optional.swift
[320/714] Compiling vpaes-armv8-apple.S
[321/714] Linking GlobalConfMacros-tool
[323/714] Compiling _AsyncFileSystem ReadableFileStream.swift
[324/715] Emitting module Utils
[325/715] Emitting module _AsyncFileSystem
[326/715] Compiling _AsyncFileSystem AsyncFileSystem.swift
[326/715] Compiling sha512-x86_64-linux.S
[327/715] Compiling vpaes-armv7-linux.S
[329/715] Compiling _AsyncFileSystem OpenReadableFile.swift
[329/715] Compiling sha512-x86_64-apple.S
[330/715] Compiling sha512-armv8-win.S
[332/715] Compiling Utils Scanner.swift
[333/715] Compiling Utils Sequence.swift
[333/715] Wrapping AST for CLTLogger for debugging
[335/715] Compiling _AsyncFileSystem WritableStream.swift
[335/724] Compiling sha512-armv8-linux.S
[337/730] Compiling _AsyncFileSystem ConcurrencySupport.swift
[337/737] Compiling sha512-586-linux.S
[338/737] Compiling sha512-armv8-apple.S
[339/737] Compiling Utils Ref.swift
[340/737] Compiling sha512-armv4-linux.S
[345/737] Compiling TSCBasic SynchronizedQueue.swift
[346/737] Compiling TSCBasic TemporaryFile.swift
[346/737] Compiling sha256-x86_64-apple.S
[347/737] Compiling sha512-586-apple.S
[348/737] Compiling sha256-armv8-win.S
[349/737] Compiling sha256-x86_64-linux.S
[351/737] Compiling GlobalConfModule AutoInjectable.swift
[352/737] Compiling GlobalConfModule AutoInjectableMainActor.swift
[353/737] Compiling GlobalConfModule InjectedConf+AutoInjectable.swift
[353/739] Compiling sha256-armv4-linux.S
[354/739] Compiling sha256-armv8-linux.S
[356/739] Compiling _AsyncFileSystem OSFileSystem.swift
[357/739] Compiling _AsyncFileSystem MockFileSystem.swift
[357/739] Compiling sha256-586-linux.S
[358/739] Compiling sha256-armv8-apple.S
[360/739] Compiling _AsyncFileSystem OpenWritableFile.swift
[361/740] Compiling GlobalConfModule ConfKey.swift
[362/740] Compiling GlobalConfModule ConfKeyMainActor.swift
[363/740] Compiling GlobalConfModule ConfKeys.swift
[363/740] Compiling sha1-x86_64-apple.S
[364/740] Compiling sha256-586-apple.S
[365/740] Compiling sha1-armv8-win.S
[367/740] Compiling sha1-x86_64-linux.S
[368/740] Compiling sha1-armv8-linux.S
[369/740] Compiling sha1-armv8-apple.S
[371/740] Compiling GlobalConfModule 3-NamespaceKey.swift
[372/740] Compiling GlobalConfModule 4-AccessorConvenience.swift
[373/740] Compiling GlobalConfModule ConfContext+ConfKey.swift
[374/740] Compiling GlobalConfModule ConfContext+ConfKeyMainActor.swift
[375/740] Compiling GlobalConfModule ConfContext.swift
[376/740] Compiling GlobalConfModule Conf.swift
[377/740] Compiling GlobalConfModule ConfContext+AutoInjectable.swift
[378/740] Compiling GlobalConfModule ConfContext+AutoInjectableMainActor.swift
[378/740] Compiling sha1-armv4-large-linux.S
[380/740] Compiling GlobalConfModule InjectedConf.swift
[381/740] Compiling GlobalConfModule 1-ConfKey.swift
[382/740] Compiling GlobalConfModule 2-ServiceKey.swift
[382/740] Compiling sha1-586-linux.S
[383/740] Compiling sha1-586-apple.S
[384/740] Wrapping AST for _AsyncFileSystem for debugging
[385/740] Compiling rsaz-avx2-linux.S
[389/740] Compiling GlobalConfModule Conf+ConfKey.swift
[390/740] Compiling GlobalConfModule Conf+ConfKeyMainActor.swift
[391/740] Emitting module GlobalConfModule
[392/740] Compiling GlobalConfModule Conf+withValues.swift
[393/741] Compiling rsaz-avx2-apple.S
[394/741] Compiling p256_beeu-x86_64-asm-apple.S
[395/741] Compiling rdrand-x86_64-linux.S
[396/741] Compiling rdrand-x86_64-apple.S
[397/741] Compiling p256_beeu-x86_64-asm-linux.S
[398/741] Compiling p256_beeu-armv8-asm-win.S
[399/741] Compiling p256_beeu-armv8-asm-linux.S
[401/741] Compiling p256_beeu-armv8-asm-apple.S
[402/741] Compiling p256-x86_64-asm-apple.S
[403/741] Compiling p256-armv8-asm-linux.S
[404/741] Compiling p256-armv8-asm-win.S
[405/741] Compiling p256-armv8-asm-apple.S
[406/741] Compiling p256-x86_64-asm-linux.S
[407/741] Compiling ghashv8-armv8-apple.S
[408/741] Compiling ghashv8-armv8-win.S
[414/741] Compiling ghashv8-armv8-linux.S
[416/741] Compiling GlobalConfModule InjectedConf+AutoInjectableMainActor.swift
[417/741] Compiling GlobalConfModule InjectedConf+ConfKey.swift
[418/741] Compiling GlobalConfModule InjectedConf+ConfKeyMainActor.swift
[418/743] Compiling ghashv8-armv7-linux.S
[419/743] Compiling ghash-x86_64-apple.S
[420/743] Compiling ghash-x86-apple.S
[421/743] Compiling ghash-x86_64-linux.S
[422/743] Compiling ghash-x86-linux.S
[423/743] Compiling ghash-ssse3-x86_64-linux.S
[427/743] Compiling ghash-ssse3-x86_64-apple.S
[428/744] Compiling ghash-ssse3-x86-linux.S
[429/744] Compiling ghash-neon-armv8-linux.S
[430/744] Compiling ghash-ssse3-x86-apple.S
[431/744] Compiling ghash-neon-armv8-win.S
[432/744] Compiling co-586-linux.S
[433/744] Compiling ghash-neon-armv8-apple.S
[435/744] Compiling co-586-apple.S
[436/744] Compiling ghash-armv4-linux.S
[437/744] Compiling bsaes-armv7-linux.S
[438/744] Compiling bn-armv8-win.S
[439/744] Compiling bn-armv8-linux.S
[440/744] Compiling bn-armv8-apple.S
[441/744] Compiling armv8-mont-win.S
[442/744] Compiling bn-586-linux.S
[443/744] Compiling armv8-mont-apple.S
[444/744] Compiling bn-586-apple.S
[445/744] Compiling armv8-mont-linux.S
[446/744] Compiling aesv8-gcm-armv8-apple.S
[447/744] Compiling armv4-mont-linux.S
[448/744] Compiling aesv8-gcm-armv8-win.S
[449/744] Compiling aesv8-armv8-linux.S
[450/744] Compiling aesv8-armv8-win.S
[451/744] Compiling aesv8-gcm-armv8-linux.S
[453/744] Emitting module CommonForTests
[454/744] Compiling CommonForTests TestGlobals.swift
[454/744] Compiling aesv8-armv8-apple.S
[455/767] Compiling aesv8-armv7-linux.S
[456/780] Compiling aesni-x86_64-linux.S
[456/781] Compiling aesni-x86_64-apple.S
[458/802] Compiling aesni-x86-apple.S
[459/802] Compiling aesni-x86-linux.S
[461/802] Compiling aesni-gcm-x86_64-linux.S
[463/802] Compiling XcodeJsonOutput Array.swift
[464/802] Compiling XcodeJsonOutput Bool.swift
[465/802] Compiling XcodeJsonOutput CodeCoverageInfo.swift
[466/802] Compiling XcodeJsonOutput Date.swift
[467/802] Compiling XcodeJsonOutput DocumentLocation.swift
[468/802] Compiling XcodeJsonOutput Double.swift
[468/802] Compiling aesni-gcm-x86_64-apple.S
[469/802] Compiling aes-gcm-avx10-x86_64-linux.S
[470/802] Compiling aes-gcm-avx10-x86_64-apple.S
[472/802] Compiling XcodeJsonOutput EntityIdentifier.swift
[473/802] Compiling XcodeJsonOutput Int.swift
[474/802] Compiling XcodeJsonOutput IssueSummary.swift
[475/802] Compiling XcodeJsonOutput TestFailureIssueSummary.swift
[476/802] Compiling XcodeJsonOutput Reference.swift
[477/803] Emitting module XcodeJsonOutput
/host/spi-builder-workspace/Sources/XcodeJsonOutput/Parser.swift:31:13: warning: static property 'allObjectTypes' is not concurrency-safe because non-'Sendable' type '[any _Object.Type]' may have shared mutable state [#MutableGlobalVariable]
 29 | 	}
 30 |
 31 | 	static let allObjectTypes: [_Object.Type] = [
    |             |- warning: static property 'allObjectTypes' is not concurrency-safe because non-'Sendable' type '[any _Object.Type]' may have shared mutable state [#MutableGlobalVariable]
    |             |- note: add '@MainActor' to make static property 'allObjectTypes' part of global actor 'MainActor'
    |             `- note: disable concurrency-safety checks if accesses are protected by an external synchronization mechanism
 32 | 		ActionTestMetadata.self,
 33 | 		ActionTestSummaryGroup.self,
[#MutableGlobalVariable]: <https://docs.swift.org/compiler/documentation/diagnostics/mutable-global-variable>
[479/810] Compiling XcodeJsonOutput TestFinishedEventPayload.swift
/host/spi-builder-workspace/Sources/XcodeJsonOutput/Model/AnyStreamedEventPayload/TestFinishedEventPayload.swift:31:10: warning: TODO
29 |
30 | 	func humanReadableEvent(withColors: Bool) -> String? {
31 | #warning("TODO")
   |          `- warning: TODO
32 | 		return nil
33 | 	}
/host/spi-builder-workspace/Sources/XcodeJsonOutput/Model/AnyStreamedEventPayload/TestFinishedEventPayload.swift:31:10: warning: TODO
29 |
30 | 	func humanReadableEvent(withColors: Bool) -> String? {
31 | #warning("TODO")
   |          `- warning: TODO
32 | 		return nil
33 | 	}
/host/spi-builder-workspace/Sources/XcodeJsonOutput/Model/AnyStreamedEventPayload/TestFinishedEventPayload.swift:31:10: warning: TODO
29 |
30 | 	func humanReadableEvent(withColors: Bool) -> String? {
31 | #warning("TODO")
   |          `- warning: TODO
32 | 		return nil
33 | 	}
/host/spi-builder-workspace/Sources/XcodeJsonOutput/Model/AnyStreamedEventPayload/TestFinishedEventPayload.swift:31:10: warning: TODO
29 |
30 | 	func humanReadableEvent(withColors: Bool) -> String? {
31 | #warning("TODO")
   |          `- warning: TODO
32 | 		return nil
33 | 	}
/host/spi-builder-workspace/Sources/XcodeJsonOutput/Model/AnyStreamedEventPayload/TestFinishedEventPayload.swift:31:10: warning: TODO
29 |
30 | 	func humanReadableEvent(withColors: Bool) -> String? {
31 | #warning("TODO")
   |          `- warning: TODO
32 | 		return nil
33 | 	}
/host/spi-builder-workspace/Sources/XcodeJsonOutput/Model/AnyStreamedEventPayload/TestFinishedEventPayload.swift:31:10: warning: TODO
29 |
30 | 	func humanReadableEvent(withColors: Bool) -> String? {
31 | #warning("TODO")
   |          `- warning: TODO
32 | 		return nil
33 | 	}
/host/spi-builder-workspace/Sources/XcodeJsonOutput/Model/AnyStreamedEventPayload/TestFinishedEventPayload.swift:31:10: warning: TODO
29 |
30 | 	func humanReadableEvent(withColors: Bool) -> String? {
31 | #warning("TODO")
   |          `- warning: TODO
32 | 		return nil
33 | 	}
/host/spi-builder-workspace/Sources/XcodeJsonOutput/Model/AnyStreamedEventPayload/TestFinishedEventPayload.swift:31:10: warning: TODO
29 |
30 | 	func humanReadableEvent(withColors: Bool) -> String? {
31 | #warning("TODO")
   |          `- warning: TODO
32 | 		return nil
33 | 	}
[487/810] Compiling XcodeJsonOutput ActivityLogUnitTestSectionHead.swift
/host/spi-builder-workspace/Sources/XcodeJsonOutput/Model/AnyStreamedEventPayload/ActionFinishedEventPayload.swift:23:10: warning: TODO
21 |
22 | 	func humanReadableEvent(withColors: Bool) -> String? {
23 | #warning("TODO")
   |          `- warning: TODO
24 | 		return nil
25 | 	}
/host/spi-builder-workspace/Sources/XcodeJsonOutput/Model/AnyStreamedEventPayload/ActionStartedEventPayload.swift:23:10: warning: TODO
21 |
22 | 	func humanReadableEvent(withColors: Bool) -> String? {
23 | #warning("TODO")
   |          `- warning: TODO
24 | 		return nil
25 | 	}
/host/spi-builder-workspace/Sources/XcodeJsonOutput/Model/AnyStreamedEventPayload/InvocationFinishedEventPayload.swift:21:10: warning: TODO
19 |
20 | 	func humanReadableEvent(withColors: Bool) -> String? {
21 | #warning("TODO")
   |          `- warning: TODO
22 | 		return nil
23 | 	}
[488/810] Compiling XcodeJsonOutput ActivityLogCommandInvocationSectionTail.swift
/host/spi-builder-workspace/Sources/XcodeJsonOutput/Model/AnyStreamedEventPayload/ActionFinishedEventPayload.swift:23:10: warning: TODO
21 |
22 | 	func humanReadableEvent(withColors: Bool) -> String? {
23 | #warning("TODO")
   |          `- warning: TODO
24 | 		return nil
25 | 	}
/host/spi-builder-workspace/Sources/XcodeJsonOutput/Model/AnyStreamedEventPayload/ActionStartedEventPayload.swift:23:10: warning: TODO
21 |
22 | 	func humanReadableEvent(withColors: Bool) -> String? {
23 | #warning("TODO")
   |          `- warning: TODO
24 | 		return nil
25 | 	}
/host/spi-builder-workspace/Sources/XcodeJsonOutput/Model/AnyStreamedEventPayload/InvocationFinishedEventPayload.swift:21:10: warning: TODO
19 |
20 | 	func humanReadableEvent(withColors: Bool) -> String? {
21 | #warning("TODO")
   |          `- warning: TODO
22 | 		return nil
23 | 	}
[489/810] Compiling XcodeJsonOutput ActivityLogMajorSectionTail.swift
/host/spi-builder-workspace/Sources/XcodeJsonOutput/Model/AnyStreamedEventPayload/ActionFinishedEventPayload.swift:23:10: warning: TODO
21 |
22 | 	func humanReadableEvent(withColors: Bool) -> String? {
23 | #warning("TODO")
   |          `- warning: TODO
24 | 		return nil
25 | 	}
/host/spi-builder-workspace/Sources/XcodeJsonOutput/Model/AnyStreamedEventPayload/ActionStartedEventPayload.swift:23:10: warning: TODO
21 |
22 | 	func humanReadableEvent(withColors: Bool) -> String? {
23 | #warning("TODO")
   |          `- warning: TODO
24 | 		return nil
25 | 	}
/host/spi-builder-workspace/Sources/XcodeJsonOutput/Model/AnyStreamedEventPayload/InvocationFinishedEventPayload.swift:21:10: warning: TODO
19 |
20 | 	func humanReadableEvent(withColors: Bool) -> String? {
21 | #warning("TODO")
   |          `- warning: TODO
22 | 		return nil
23 | 	}
[490/810] Compiling XcodeJsonOutput ActivityLogSectionTail.swift
/host/spi-builder-workspace/Sources/XcodeJsonOutput/Model/AnyStreamedEventPayload/ActionFinishedEventPayload.swift:23:10: warning: TODO
21 |
22 | 	func humanReadableEvent(withColors: Bool) -> String? {
23 | #warning("TODO")
   |          `- warning: TODO
24 | 		return nil
25 | 	}
/host/spi-builder-workspace/Sources/XcodeJsonOutput/Model/AnyStreamedEventPayload/ActionStartedEventPayload.swift:23:10: warning: TODO
21 |
22 | 	func humanReadableEvent(withColors: Bool) -> String? {
23 | #warning("TODO")
   |          `- warning: TODO
24 | 		return nil
25 | 	}
/host/spi-builder-workspace/Sources/XcodeJsonOutput/Model/AnyStreamedEventPayload/InvocationFinishedEventPayload.swift:21:10: warning: TODO
19 |
20 | 	func humanReadableEvent(withColors: Bool) -> String? {
21 | #warning("TODO")
   |          `- warning: TODO
22 | 		return nil
23 | 	}
[491/810] Compiling XcodeJsonOutput ActivityLogUnitTestSectionTail.swift
/host/spi-builder-workspace/Sources/XcodeJsonOutput/Model/AnyStreamedEventPayload/ActionFinishedEventPayload.swift:23:10: warning: TODO
21 |
22 | 	func humanReadableEvent(withColors: Bool) -> String? {
23 | #warning("TODO")
   |          `- warning: TODO
24 | 		return nil
25 | 	}
/host/spi-builder-workspace/Sources/XcodeJsonOutput/Model/AnyStreamedEventPayload/ActionStartedEventPayload.swift:23:10: warning: TODO
21 |
22 | 	func humanReadableEvent(withColors: Bool) -> String? {
23 | #warning("TODO")
   |          `- warning: TODO
24 | 		return nil
25 | 	}
/host/spi-builder-workspace/Sources/XcodeJsonOutput/Model/AnyStreamedEventPayload/InvocationFinishedEventPayload.swift:21:10: warning: TODO
19 |
20 | 	func humanReadableEvent(withColors: Bool) -> String? {
21 | #warning("TODO")
   |          `- warning: TODO
22 | 		return nil
23 | 	}
[492/810] Compiling XcodeJsonOutput ActionFinishedEventPayload.swift
/host/spi-builder-workspace/Sources/XcodeJsonOutput/Model/AnyStreamedEventPayload/ActionFinishedEventPayload.swift:23:10: warning: TODO
21 |
22 | 	func humanReadableEvent(withColors: Bool) -> String? {
23 | #warning("TODO")
   |          `- warning: TODO
24 | 		return nil
25 | 	}
/host/spi-builder-workspace/Sources/XcodeJsonOutput/Model/AnyStreamedEventPayload/ActionStartedEventPayload.swift:23:10: warning: TODO
21 |
22 | 	func humanReadableEvent(withColors: Bool) -> String? {
23 | #warning("TODO")
   |          `- warning: TODO
24 | 		return nil
25 | 	}
/host/spi-builder-workspace/Sources/XcodeJsonOutput/Model/AnyStreamedEventPayload/InvocationFinishedEventPayload.swift:21:10: warning: TODO
19 |
20 | 	func humanReadableEvent(withColors: Bool) -> String? {
21 | #warning("TODO")
   |          `- warning: TODO
22 | 		return nil
23 | 	}
[493/810] Compiling XcodeJsonOutput ActionStartedEventPayload.swift
/host/spi-builder-workspace/Sources/XcodeJsonOutput/Model/AnyStreamedEventPayload/ActionFinishedEventPayload.swift:23:10: warning: TODO
21 |
22 | 	func humanReadableEvent(withColors: Bool) -> String? {
23 | #warning("TODO")
   |          `- warning: TODO
24 | 		return nil
25 | 	}
/host/spi-builder-workspace/Sources/XcodeJsonOutput/Model/AnyStreamedEventPayload/ActionStartedEventPayload.swift:23:10: warning: TODO
21 |
22 | 	func humanReadableEvent(withColors: Bool) -> String? {
23 | #warning("TODO")
   |          `- warning: TODO
24 | 		return nil
25 | 	}
/host/spi-builder-workspace/Sources/XcodeJsonOutput/Model/AnyStreamedEventPayload/InvocationFinishedEventPayload.swift:21:10: warning: TODO
19 |
20 | 	func humanReadableEvent(withColors: Bool) -> String? {
21 | #warning("TODO")
   |          `- warning: TODO
22 | 		return nil
23 | 	}
[494/810] Compiling XcodeJsonOutput InvocationFinishedEventPayload.swift
/host/spi-builder-workspace/Sources/XcodeJsonOutput/Model/AnyStreamedEventPayload/ActionFinishedEventPayload.swift:23:10: warning: TODO
21 |
22 | 	func humanReadableEvent(withColors: Bool) -> String? {
23 | #warning("TODO")
   |          `- warning: TODO
24 | 		return nil
25 | 	}
/host/spi-builder-workspace/Sources/XcodeJsonOutput/Model/AnyStreamedEventPayload/ActionStartedEventPayload.swift:23:10: warning: TODO
21 |
22 | 	func humanReadableEvent(withColors: Bool) -> String? {
23 | #warning("TODO")
   |          `- warning: TODO
24 | 		return nil
25 | 	}
/host/spi-builder-workspace/Sources/XcodeJsonOutput/Model/AnyStreamedEventPayload/InvocationFinishedEventPayload.swift:21:10: warning: TODO
19 |
20 | 	func humanReadableEvent(withColors: Bool) -> String? {
21 | #warning("TODO")
   |          `- warning: TODO
22 | 		return nil
23 | 	}
[495/810] Compiling XcodeJsonOutput ActionResult.swift
[496/810] Compiling XcodeJsonOutput ActionRunDestinationRecord.swift
[497/810] Compiling XcodeJsonOutput ActionSDKRecord.swift
[498/810] Compiling XcodeJsonOutput ActionsInvocationMetadata.swift
[499/810] Compiling XcodeJsonOutput ActivityLogMessage.swift
[500/810] Compiling XcodeJsonOutput ActivityLogCommandInvocationSectionHead.swift
[501/810] Compiling XcodeJsonOutput ActivityLogMajorSectionHead.swift
[502/810] Compiling XcodeJsonOutput ActivityLogSectionHead.swift
[502/810] Compiling x_x509a.cc
[508/810] Compiling XcodeJsonOutput ResultIssueSummaries.swift
[509/810] Compiling XcodeJsonOutput ResultMetrics.swift
[510/810] Compiling XcodeJsonOutput StreamedActionInfo.swift
[511/810] Compiling XcodeJsonOutput StreamedActionResultInfo.swift
[512/810] Compiling XcodeJsonOutput InvocationStartedEventPayload.swift
/host/spi-builder-workspace/Sources/XcodeJsonOutput/Model/AnyStreamedEventPayload/InvocationStartedEventPayload.swift:21:10: warning: TODO
19 |
20 | 	func humanReadableEvent(withColors: Bool) -> String? {
21 | #warning("TODO")
   |          `- warning: TODO
22 | 		return nil
23 | 	}
/host/spi-builder-workspace/Sources/XcodeJsonOutput/Model/AnyStreamedEventPayload/LogMessageEmittedEventPayload.swift:25:10: warning: TODO
23 |
24 | 	func humanReadableEvent(withColors: Bool) -> String? {
25 | #warning("TODO")
   |          `- warning: TODO
26 | 		return nil
27 | 	}
/host/spi-builder-workspace/Sources/XcodeJsonOutput/Model/AnyStreamedEventPayload/LogSectionAttachedEventPayload.swift:25:10: warning: TODO
23 |
24 | 	func humanReadableEvent(withColors: Bool) -> String? {
25 | #warning("TODO")
   |          `- warning: TODO
26 | 		return nil
27 | 	}
/host/spi-builder-workspace/Sources/XcodeJsonOutput/Model/AnyStreamedEventPayload/LogSectionClosedEventPayload.swift:32:10: warning: TODO
30 |
31 | 	func humanReadableEvent(withColors: Bool) -> String? {
32 | #warning("TODO")
   |          `- warning: TODO
33 | 		return nil
34 | 	}
/host/spi-builder-workspace/Sources/XcodeJsonOutput/Model/AnyStreamedEventPayload/LogTextAppendedEventPayload.swift:25:10: warning: TODO
23 |
24 | 	func humanReadableEvent(withColors: Bool) -> String? {
25 | #warning("TODO")
   |          `- warning: TODO
26 | 		return nil
27 | 	}
/host/spi-builder-workspace/Sources/XcodeJsonOutput/Model/AnyStreamedEventPayload/TestEventPayload.swift:38:10: warning: TODO
36 |
37 | 	func humanReadableEvent(withColors: Bool) -> String? {
38 | #warning("TODO")
   |          `- warning: TODO
39 | 		return nil
40 | 	}
[513/810] Compiling XcodeJsonOutput IssueEmittedEventPayload.swift
/host/spi-builder-workspace/Sources/XcodeJsonOutput/Model/AnyStreamedEventPayload/InvocationStartedEventPayload.swift:21:10: warning: TODO
19 |
20 | 	func humanReadableEvent(withColors: Bool) -> String? {
21 | #warning("TODO")
   |          `- warning: TODO
22 | 		return nil
23 | 	}
/host/spi-builder-workspace/Sources/XcodeJsonOutput/Model/AnyStreamedEventPayload/LogMessageEmittedEventPayload.swift:25:10: warning: TODO
23 |
24 | 	func humanReadableEvent(withColors: Bool) -> String? {
25 | #warning("TODO")
   |          `- warning: TODO
26 | 		return nil
27 | 	}
/host/spi-builder-workspace/Sources/XcodeJsonOutput/Model/AnyStreamedEventPayload/LogSectionAttachedEventPayload.swift:25:10: warning: TODO
23 |
24 | 	func humanReadableEvent(withColors: Bool) -> String? {
25 | #warning("TODO")
   |          `- warning: TODO
26 | 		return nil
27 | 	}
/host/spi-builder-workspace/Sources/XcodeJsonOutput/Model/AnyStreamedEventPayload/LogSectionClosedEventPayload.swift:32:10: warning: TODO
30 |
31 | 	func humanReadableEvent(withColors: Bool) -> String? {
32 | #warning("TODO")
   |          `- warning: TODO
33 | 		return nil
34 | 	}
/host/spi-builder-workspace/Sources/XcodeJsonOutput/Model/AnyStreamedEventPayload/LogTextAppendedEventPayload.swift:25:10: warning: TODO
23 |
24 | 	func humanReadableEvent(withColors: Bool) -> String? {
25 | #warning("TODO")
   |          `- warning: TODO
26 | 		return nil
27 | 	}
/host/spi-builder-workspace/Sources/XcodeJsonOutput/Model/AnyStreamedEventPayload/TestEventPayload.swift:38:10: warning: TODO
36 |
37 | 	func humanReadableEvent(withColors: Bool) -> String? {
38 | #warning("TODO")
   |          `- warning: TODO
39 | 		return nil
40 | 	}
[514/810] Compiling XcodeJsonOutput LogMessageEmittedEventPayload.swift
/host/spi-builder-workspace/Sources/XcodeJsonOutput/Model/AnyStreamedEventPayload/InvocationStartedEventPayload.swift:21:10: warning: TODO
19 |
20 | 	func humanReadableEvent(withColors: Bool) -> String? {
21 | #warning("TODO")
   |          `- warning: TODO
22 | 		return nil
23 | 	}
/host/spi-builder-workspace/Sources/XcodeJsonOutput/Model/AnyStreamedEventPayload/LogMessageEmittedEventPayload.swift:25:10: warning: TODO
23 |
24 | 	func humanReadableEvent(withColors: Bool) -> String? {
25 | #warning("TODO")
   |          `- warning: TODO
26 | 		return nil
27 | 	}
/host/spi-builder-workspace/Sources/XcodeJsonOutput/Model/AnyStreamedEventPayload/LogSectionAttachedEventPayload.swift:25:10: warning: TODO
23 |
24 | 	func humanReadableEvent(withColors: Bool) -> String? {
25 | #warning("TODO")
   |          `- warning: TODO
26 | 		return nil
27 | 	}
/host/spi-builder-workspace/Sources/XcodeJsonOutput/Model/AnyStreamedEventPayload/LogSectionClosedEventPayload.swift:32:10: warning: TODO
30 |
31 | 	func humanReadableEvent(withColors: Bool) -> String? {
32 | #warning("TODO")
   |          `- warning: TODO
33 | 		return nil
34 | 	}
/host/spi-builder-workspace/Sources/XcodeJsonOutput/Model/AnyStreamedEventPayload/LogTextAppendedEventPayload.swift:25:10: warning: TODO
23 |
24 | 	func humanReadableEvent(withColors: Bool) -> String? {
25 | #warning("TODO")
   |          `- warning: TODO
26 | 		return nil
27 | 	}
/host/spi-builder-workspace/Sources/XcodeJsonOutput/Model/AnyStreamedEventPayload/TestEventPayload.swift:38:10: warning: TODO
36 |
37 | 	func humanReadableEvent(withColors: Bool) -> String? {
38 | #warning("TODO")
   |          `- warning: TODO
39 | 		return nil
40 | 	}
[515/810] Compiling XcodeJsonOutput LogSectionAttachedEventPayload.swift
/host/spi-builder-workspace/Sources/XcodeJsonOutput/Model/AnyStreamedEventPayload/InvocationStartedEventPayload.swift:21:10: warning: TODO
19 |
20 | 	func humanReadableEvent(withColors: Bool) -> String? {
21 | #warning("TODO")
   |          `- warning: TODO
22 | 		return nil
23 | 	}
/host/spi-builder-workspace/Sources/XcodeJsonOutput/Model/AnyStreamedEventPayload/LogMessageEmittedEventPayload.swift:25:10: warning: TODO
23 |
24 | 	func humanReadableEvent(withColors: Bool) -> String? {
25 | #warning("TODO")
   |          `- warning: TODO
26 | 		return nil
27 | 	}
/host/spi-builder-workspace/Sources/XcodeJsonOutput/Model/AnyStreamedEventPayload/LogSectionAttachedEventPayload.swift:25:10: warning: TODO
23 |
24 | 	func humanReadableEvent(withColors: Bool) -> String? {
25 | #warning("TODO")
   |          `- warning: TODO
26 | 		return nil
27 | 	}
/host/spi-builder-workspace/Sources/XcodeJsonOutput/Model/AnyStreamedEventPayload/LogSectionClosedEventPayload.swift:32:10: warning: TODO
30 |
31 | 	func humanReadableEvent(withColors: Bool) -> String? {
32 | #warning("TODO")
   |          `- warning: TODO
33 | 		return nil
34 | 	}
/host/spi-builder-workspace/Sources/XcodeJsonOutput/Model/AnyStreamedEventPayload/LogTextAppendedEventPayload.swift:25:10: warning: TODO
23 |
24 | 	func humanReadableEvent(withColors: Bool) -> String? {
25 | #warning("TODO")
   |          `- warning: TODO
26 | 		return nil
27 | 	}
/host/spi-builder-workspace/Sources/XcodeJsonOutput/Model/AnyStreamedEventPayload/TestEventPayload.swift:38:10: warning: TODO
36 |
37 | 	func humanReadableEvent(withColors: Bool) -> String? {
38 | #warning("TODO")
   |          `- warning: TODO
39 | 		return nil
40 | 	}
[516/810] Compiling XcodeJsonOutput LogSectionClosedEventPayload.swift
/host/spi-builder-workspace/Sources/XcodeJsonOutput/Model/AnyStreamedEventPayload/InvocationStartedEventPayload.swift:21:10: warning: TODO
19 |
20 | 	func humanReadableEvent(withColors: Bool) -> String? {
21 | #warning("TODO")
   |          `- warning: TODO
22 | 		return nil
23 | 	}
/host/spi-builder-workspace/Sources/XcodeJsonOutput/Model/AnyStreamedEventPayload/LogMessageEmittedEventPayload.swift:25:10: warning: TODO
23 |
24 | 	func humanReadableEvent(withColors: Bool) -> String? {
25 | #warning("TODO")
   |          `- warning: TODO
26 | 		return nil
27 | 	}
/host/spi-builder-workspace/Sources/XcodeJsonOutput/Model/AnyStreamedEventPayload/LogSectionAttachedEventPayload.swift:25:10: warning: TODO
23 |
24 | 	func humanReadableEvent(withColors: Bool) -> String? {
25 | #warning("TODO")
   |          `- warning: TODO
26 | 		return nil
27 | 	}
/host/spi-builder-workspace/Sources/XcodeJsonOutput/Model/AnyStreamedEventPayload/LogSectionClosedEventPayload.swift:32:10: warning: TODO
30 |
31 | 	func humanReadableEvent(withColors: Bool) -> String? {
32 | #warning("TODO")
   |          `- warning: TODO
33 | 		return nil
34 | 	}
/host/spi-builder-workspace/Sources/XcodeJsonOutput/Model/AnyStreamedEventPayload/LogTextAppendedEventPayload.swift:25:10: warning: TODO
23 |
24 | 	func humanReadableEvent(withColors: Bool) -> String? {
25 | #warning("TODO")
   |          `- warning: TODO
26 | 		return nil
27 | 	}
/host/spi-builder-workspace/Sources/XcodeJsonOutput/Model/AnyStreamedEventPayload/TestEventPayload.swift:38:10: warning: TODO
36 |
37 | 	func humanReadableEvent(withColors: Bool) -> String? {
38 | #warning("TODO")
   |          `- warning: TODO
39 | 		return nil
40 | 	}
[517/810] Compiling XcodeJsonOutput LogSectionCreatedEventPayload.swift
/host/spi-builder-workspace/Sources/XcodeJsonOutput/Model/AnyStreamedEventPayload/InvocationStartedEventPayload.swift:21:10: warning: TODO
19 |
20 | 	func humanReadableEvent(withColors: Bool) -> String? {
21 | #warning("TODO")
   |          `- warning: TODO
22 | 		return nil
23 | 	}
/host/spi-builder-workspace/Sources/XcodeJsonOutput/Model/AnyStreamedEventPayload/LogMessageEmittedEventPayload.swift:25:10: warning: TODO
23 |
24 | 	func humanReadableEvent(withColors: Bool) -> String? {
25 | #warning("TODO")
   |          `- warning: TODO
26 | 		return nil
27 | 	}
/host/spi-builder-workspace/Sources/XcodeJsonOutput/Model/AnyStreamedEventPayload/LogSectionAttachedEventPayload.swift:25:10: warning: TODO
23 |
24 | 	func humanReadableEvent(withColors: Bool) -> String? {
25 | #warning("TODO")
   |          `- warning: TODO
26 | 		return nil
27 | 	}
/host/spi-builder-workspace/Sources/XcodeJsonOutput/Model/AnyStreamedEventPayload/LogSectionClosedEventPayload.swift:32:10: warning: TODO
30 |
31 | 	func humanReadableEvent(withColors: Bool) -> String? {
32 | #warning("TODO")
   |          `- warning: TODO
33 | 		return nil
34 | 	}
/host/spi-builder-workspace/Sources/XcodeJsonOutput/Model/AnyStreamedEventPayload/LogTextAppendedEventPayload.swift:25:10: warning: TODO
23 |
24 | 	func humanReadableEvent(withColors: Bool) -> String? {
25 | #warning("TODO")
   |          `- warning: TODO
26 | 		return nil
27 | 	}
/host/spi-builder-workspace/Sources/XcodeJsonOutput/Model/AnyStreamedEventPayload/TestEventPayload.swift:38:10: warning: TODO
36 |
37 | 	func humanReadableEvent(withColors: Bool) -> String? {
38 | #warning("TODO")
   |          `- warning: TODO
39 | 		return nil
40 | 	}
[518/810] Compiling XcodeJsonOutput LogTextAppendedEventPayload.swift
/host/spi-builder-workspace/Sources/XcodeJsonOutput/Model/AnyStreamedEventPayload/InvocationStartedEventPayload.swift:21:10: warning: TODO
19 |
20 | 	func humanReadableEvent(withColors: Bool) -> String? {
21 | #warning("TODO")
   |          `- warning: TODO
22 | 		return nil
23 | 	}
/host/spi-builder-workspace/Sources/XcodeJsonOutput/Model/AnyStreamedEventPayload/LogMessageEmittedEventPayload.swift:25:10: warning: TODO
23 |
24 | 	func humanReadableEvent(withColors: Bool) -> String? {
25 | #warning("TODO")
   |          `- warning: TODO
26 | 		return nil
27 | 	}
/host/spi-builder-workspace/Sources/XcodeJsonOutput/Model/AnyStreamedEventPayload/LogSectionAttachedEventPayload.swift:25:10: warning: TODO
23 |
24 | 	func humanReadableEvent(withColors: Bool) -> String? {
25 | #warning("TODO")
   |          `- warning: TODO
26 | 		return nil
27 | 	}
/host/spi-builder-workspace/Sources/XcodeJsonOutput/Model/AnyStreamedEventPayload/LogSectionClosedEventPayload.swift:32:10: warning: TODO
30 |
31 | 	func humanReadableEvent(withColors: Bool) -> String? {
32 | #warning("TODO")
   |          `- warning: TODO
33 | 		return nil
34 | 	}
/host/spi-builder-workspace/Sources/XcodeJsonOutput/Model/AnyStreamedEventPayload/LogTextAppendedEventPayload.swift:25:10: warning: TODO
23 |
24 | 	func humanReadableEvent(withColors: Bool) -> String? {
25 | #warning("TODO")
   |          `- warning: TODO
26 | 		return nil
27 | 	}
/host/spi-builder-workspace/Sources/XcodeJsonOutput/Model/AnyStreamedEventPayload/TestEventPayload.swift:38:10: warning: TODO
36 |
37 | 	func humanReadableEvent(withColors: Bool) -> String? {
38 | #warning("TODO")
   |          `- warning: TODO
39 | 		return nil
40 | 	}
[519/810] Compiling XcodeJsonOutput TestEventPayload.swift
/host/spi-builder-workspace/Sources/XcodeJsonOutput/Model/AnyStreamedEventPayload/InvocationStartedEventPayload.swift:21:10: warning: TODO
19 |
20 | 	func humanReadableEvent(withColors: Bool) -> String? {
21 | #warning("TODO")
   |          `- warning: TODO
22 | 		return nil
23 | 	}
/host/spi-builder-workspace/Sources/XcodeJsonOutput/Model/AnyStreamedEventPayload/LogMessageEmittedEventPayload.swift:25:10: warning: TODO
23 |
24 | 	func humanReadableEvent(withColors: Bool) -> String? {
25 | #warning("TODO")
   |          `- warning: TODO
26 | 		return nil
27 | 	}
/host/spi-builder-workspace/Sources/XcodeJsonOutput/Model/AnyStreamedEventPayload/LogSectionAttachedEventPayload.swift:25:10: warning: TODO
23 |
24 | 	func humanReadableEvent(withColors: Bool) -> String? {
25 | #warning("TODO")
   |          `- warning: TODO
26 | 		return nil
27 | 	}
/host/spi-builder-workspace/Sources/XcodeJsonOutput/Model/AnyStreamedEventPayload/LogSectionClosedEventPayload.swift:32:10: warning: TODO
30 |
31 | 	func humanReadableEvent(withColors: Bool) -> String? {
32 | #warning("TODO")
   |          `- warning: TODO
33 | 		return nil
34 | 	}
/host/spi-builder-workspace/Sources/XcodeJsonOutput/Model/AnyStreamedEventPayload/LogTextAppendedEventPayload.swift:25:10: warning: TODO
23 |
24 | 	func humanReadableEvent(withColors: Bool) -> String? {
25 | #warning("TODO")
   |          `- warning: TODO
26 | 		return nil
27 | 	}
/host/spi-builder-workspace/Sources/XcodeJsonOutput/Model/AnyStreamedEventPayload/TestEventPayload.swift:38:10: warning: TODO
36 |
37 | 	func humanReadableEvent(withColors: Bool) -> String? {
38 | #warning("TODO")
   |          `- warning: TODO
39 | 		return nil
40 | 	}
[519/810] Compiling x_val.cc
[520/835] Wrapping AST for TSCBasic for debugging
[522/845] Compiling TSCUtility BuildFlags.swift
[523/845] Compiling TSCUtility CollectionExtensions.swift
[524/845] Compiling TSCUtility Context.swift
[525/845] Compiling TSCUtility Diagnostics.swift
[526/845] Compiling TSCUtility FSWatch.swift
[527/845] Compiling TSCUtility FloatingPointExtensions.swift
[528/845] Compiling TSCUtility Git.swift
[529/845] Compiling TSCUtility Hex.swift
[530/845] Compiling TSCUtility Archiver.swift
[531/845] Compiling TSCUtility ArgumentParser.swift
[532/845] Compiling TSCUtility ArgumentParserShellCompletion.swift
[533/845] Compiling TSCUtility Array+Extensions.swift
[534/845] Compiling TSCUtility Bits.swift
[535/845] Compiling TSCUtility Bitstream.swift
[536/845] Compiling TSCUtility BitstreamReader.swift
[537/845] Compiling TSCUtility BitstreamWriter.swift
[537/845] Compiling x_x509.cc
[538/845] Compiling x_sig.cc
[540/845] Compiling XcodeJsonOutput StreamedEvent.swift
/host/spi-builder-workspace/Sources/XcodeJsonOutput/Parser.swift:31:13: warning: static property 'allObjectTypes' is not concurrency-safe because non-'Sendable' type '[any _Object.Type]' may have shared mutable state [#MutableGlobalVariable]
 29 | 	}
 30 |
 31 | 	static let allObjectTypes: [_Object.Type] = [
    |             |- warning: static property 'allObjectTypes' is not concurrency-safe because non-'Sendable' type '[any _Object.Type]' may have shared mutable state [#MutableGlobalVariable]
    |             |- note: add '@MainActor' to make static property 'allObjectTypes' part of global actor 'MainActor'
    |             `- note: disable concurrency-safety checks if accesses are protected by an external synchronization mechanism
 32 | 		ActionTestMetadata.self,
 33 | 		ActionTestSummaryGroup.self,
[#MutableGlobalVariable]: <https://docs.swift.org/compiler/documentation/diagnostics/mutable-global-variable>
[541/845] Compiling XcodeJsonOutput String.swift
/host/spi-builder-workspace/Sources/XcodeJsonOutput/Parser.swift:31:13: warning: static property 'allObjectTypes' is not concurrency-safe because non-'Sendable' type '[any _Object.Type]' may have shared mutable state [#MutableGlobalVariable]
 29 | 	}
 30 |
 31 | 	static let allObjectTypes: [_Object.Type] = [
    |             |- warning: static property 'allObjectTypes' is not concurrency-safe because non-'Sendable' type '[any _Object.Type]' may have shared mutable state [#MutableGlobalVariable]
    |             |- note: add '@MainActor' to make static property 'allObjectTypes' part of global actor 'MainActor'
    |             `- note: disable concurrency-safety checks if accesses are protected by an external synchronization mechanism
 32 | 		ActionTestMetadata.self,
 33 | 		ActionTestSummaryGroup.self,
[#MutableGlobalVariable]: <https://docs.swift.org/compiler/documentation/diagnostics/mutable-global-variable>
[542/845] Compiling XcodeJsonOutput TypeDefinition.swift
/host/spi-builder-workspace/Sources/XcodeJsonOutput/Parser.swift:31:13: warning: static property 'allObjectTypes' is not concurrency-safe because non-'Sendable' type '[any _Object.Type]' may have shared mutable state [#MutableGlobalVariable]
 29 | 	}
 30 |
 31 | 	static let allObjectTypes: [_Object.Type] = [
    |             |- warning: static property 'allObjectTypes' is not concurrency-safe because non-'Sendable' type '[any _Object.Type]' may have shared mutable state [#MutableGlobalVariable]
    |             |- note: add '@MainActor' to make static property 'allObjectTypes' part of global actor 'MainActor'
    |             `- note: disable concurrency-safety checks if accesses are protected by an external synchronization mechanism
 32 | 		ActionTestMetadata.self,
 33 | 		ActionTestSummaryGroup.self,
[#MutableGlobalVariable]: <https://docs.swift.org/compiler/documentation/diagnostics/mutable-global-variable>
[543/845] Compiling XcodeJsonOutput Parser.swift
/host/spi-builder-workspace/Sources/XcodeJsonOutput/Parser.swift:31:13: warning: static property 'allObjectTypes' is not concurrency-safe because non-'Sendable' type '[any _Object.Type]' may have shared mutable state [#MutableGlobalVariable]
 29 | 	}
 30 |
 31 | 	static let allObjectTypes: [_Object.Type] = [
    |             |- warning: static property 'allObjectTypes' is not concurrency-safe because non-'Sendable' type '[any _Object.Type]' may have shared mutable state [#MutableGlobalVariable]
    |             |- note: add '@MainActor' to make static property 'allObjectTypes' part of global actor 'MainActor'
    |             `- note: disable concurrency-safety checks if accesses are protected by an external synchronization mechanism
 32 | 		ActionTestMetadata.self,
 33 | 		ActionTestSummaryGroup.self,
[#MutableGlobalVariable]: <https://docs.swift.org/compiler/documentation/diagnostics/mutable-global-variable>
[544/845] Compiling XcodeJsonOutput Utils.swift
/host/spi-builder-workspace/Sources/XcodeJsonOutput/Parser.swift:31:13: warning: static property 'allObjectTypes' is not concurrency-safe because non-'Sendable' type '[any _Object.Type]' may have shared mutable state [#MutableGlobalVariable]
 29 | 	}
 30 |
 31 | 	static let allObjectTypes: [_Object.Type] = [
    |             |- warning: static property 'allObjectTypes' is not concurrency-safe because non-'Sendable' type '[any _Object.Type]' may have shared mutable state [#MutableGlobalVariable]
    |             |- note: add '@MainActor' to make static property 'allObjectTypes' part of global actor 'MainActor'
    |             `- note: disable concurrency-safety checks if accesses are protected by an external synchronization mechanism
 32 | 		ActionTestMetadata.self,
 33 | 		ActionTestSummaryGroup.self,
[#MutableGlobalVariable]: <https://docs.swift.org/compiler/documentation/diagnostics/mutable-global-variable>
[545/845] Compiling XcodeJsonOutput XcodeJsonOutputConfig.swift
/host/spi-builder-workspace/Sources/XcodeJsonOutput/Parser.swift:31:13: warning: static property 'allObjectTypes' is not concurrency-safe because non-'Sendable' type '[any _Object.Type]' may have shared mutable state [#MutableGlobalVariable]
 29 | 	}
 30 |
 31 | 	static let allObjectTypes: [_Object.Type] = [
    |             |- warning: static property 'allObjectTypes' is not concurrency-safe because non-'Sendable' type '[any _Object.Type]' may have shared mutable state [#MutableGlobalVariable]
    |             |- note: add '@MainActor' to make static property 'allObjectTypes' part of global actor 'MainActor'
    |             `- note: disable concurrency-safety checks if accesses are protected by an external synchronization mechanism
 32 | 		ActionTestMetadata.self,
 33 | 		ActionTestSummaryGroup.self,
[#MutableGlobalVariable]: <https://docs.swift.org/compiler/documentation/diagnostics/mutable-global-variable>
[546/845] Compiling XcodeJsonOutput XcodeJsonOutputErrors.swift
/host/spi-builder-workspace/Sources/XcodeJsonOutput/Parser.swift:31:13: warning: static property 'allObjectTypes' is not concurrency-safe because non-'Sendable' type '[any _Object.Type]' may have shared mutable state [#MutableGlobalVariable]
 29 | 	}
 30 |
 31 | 	static let allObjectTypes: [_Object.Type] = [
    |             |- warning: static property 'allObjectTypes' is not concurrency-safe because non-'Sendable' type '[any _Object.Type]' may have shared mutable state [#MutableGlobalVariable]
    |             |- note: add '@MainActor' to make static property 'allObjectTypes' part of global actor 'MainActor'
    |             `- note: disable concurrency-safety checks if accesses are protected by an external synchronization mechanism
 32 | 		ActionTestMetadata.self,
 33 | 		ActionTestSummaryGroup.self,
[#MutableGlobalVariable]: <https://docs.swift.org/compiler/documentation/diagnostics/mutable-global-variable>
[546/846] Compiling x_spki.cc
[547/846] Compiling x_req.cc
[549/846] Compiling x_pubkey.cc
[550/846] Compiling x_name.cc
[551/846] Compiling x_exten.cc
[552/846] Compiling x_crl.cc
[553/846] Compiling x_algor.cc
[555/846] Emitting module TSCUtility
[555/850] Compiling x509spki.cc
[556/850] Compiling x_attrib.cc
[557/850] Compiling x_all.cc
[559/850] Compiling TSCUtility OSLog.swift
[560/850] Compiling TSCUtility OrderedZip.swift
[561/850] Compiling TSCUtility PkgConfig.swift
[562/850] Compiling TSCUtility Platform.swift
[563/850] Compiling TSCUtility PolymorphicCodable.swift
[563/850] Compiling x509rset.cc
[564/850] Compiling x509name.cc
[566/850] Compiling TSCUtility Tracing.swift
[567/850] Compiling TSCUtility Triple.swift
[568/850] Compiling TSCUtility URL.swift
[569/850] Compiling TSCUtility Verbosity.swift
[574/850] Compiling x509_v3.cc
[575/850] Compiling x509_vpm.cc
[578/850] Compiling TSCUtility IndexStore.swift
[579/850] Compiling TSCUtility InterruptHandler.swift
[580/850] Compiling TSCUtility JSONMessageStreamingParser.swift
[581/850] Compiling TSCUtility Netrc.swift
[581/850] Compiling x509_txt.cc
[582/850] Compiling x509cset.cc
[583/850] Compiling x509_vfy.cc
[584/850] Compiling x509_trs.cc
[585/850] Compiling x509_set.cc
[587/850] Compiling TSCUtility Version.swift
[588/850] Compiling TSCUtility Versioning.swift
[589/850] Compiling TSCUtility dlopen.swift
[590/850] Compiling TSCUtility misc.swift
[595/850] Compiling x509_req.cc
[596/850] Compiling x509_lu.cc
[597/850] Compiling x509_def.cc
[598/850] Compiling x509_d2.cc
[599/850] Compiling x509_obj.cc
[605/850] Compiling x509_ext.cc
[607/850] Compiling TSCUtility ProgressAnimation.swift
[608/850] Compiling TSCUtility SerializedDiagnostics.swift
[609/850] Compiling TSCUtility SimplePersistence.swift
[610/850] Compiling TSCUtility StringExtensions.swift
[611/850] Compiling TSCUtility StringMangling.swift
[612/851] Compiling x509_att.cc
[613/851] Compiling x509_cmp.cc
[614/851] Wrapping AST for TSCUtility for debugging
[615/851] Compiling v3_utl.cc
[616/851] Compiling x509.cc
[617/851] Compiling v3_skey.cc
[618/851] Compiling v3_purp.cc
[619/851] Compiling v3_prn.cc
[620/851] Compiling v3_pmaps.cc
[621/851] Compiling v3_ocsp.cc
[622/851] Compiling v3_pcons.cc
[623/851] Compiling v3_ncons.cc
[624/851] Compiling v3_int.cc
[625/851] Compiling v3_info.cc
[626/851] Compiling v3_lib.cc
[627/851] Compiling v3_ia5.cc
[628/851] Compiling v3_enum.cc
[629/851] Compiling v3_extku.cc
[630/851] Compiling v3_crld.cc
[631/851] Compiling v3_genn.cc
[632/851] Compiling v3_cpols.cc
[633/851] Compiling v3_bitst.cc
[634/851] Compiling v3_conf.cc
[635/851] Compiling v3_bcons.cc
[636/851] Compiling v3_akeya.cc
[637/851] Compiling v3_akey.cc
[638/851] Compiling t_x509.cc
[639/851] Compiling t_req.cc
[640/851] Compiling t_x509a.cc
[641/851] Compiling v3_alt.cc
[642/851] Compiling t_crl.cc
[643/851] Compiling i2d_pr.cc
[644/851] Compiling rsa_pss.cc
[645/851] Compiling policy.cc
[646/851] Compiling name_print.cc
[647/851] Compiling by_dir.cc
[648/851] Compiling by_file.cc
[649/851] Compiling algorithm.cc
[650/851] Compiling asn1_gen.cc
[651/851] Compiling a_sign.cc
[652/851] Compiling a_verify.cc
[653/851] Compiling thread_win.cc
[654/851] Compiling voprf.cc
[655/851] Compiling a_digest.cc
[656/851] Compiling trust_token.cc
[656/851] Compiling pmbtoken.cc
[658/851] Compiling thread.cc
[659/851] Compiling thread_pthread.cc
[660/851] Compiling thread_none.cc
[661/851] Compiling merkle.cc
[662/851] Compiling thash.cc
[663/851] Compiling slhdsa.cc
[664/851] Compiling wots.cc
[665/851] Compiling stack.cc
[666/851] Compiling siphash.cc
[667/851] Compiling fors.cc
[668/851] Compiling sha256.cc
[669/851] Compiling sha512.cc
[670/851] Compiling rsa_extra.cc
[671/851] Compiling rsa_print.cc
[672/851] Compiling sha1.cc
[673/851] Compiling refcount.cc
[674/851] Compiling trusty.cc
[674/851] Compiling rc4.cc
[676/851] Compiling windows.cc
[677/851] Compiling rsa_asn1.cc
[678/851] Compiling rsa_crypt.cc
[679/851] Compiling passive.cc
[680/851] Compiling ios.cc
[681/851] Compiling urandom.cc
[682/851] Compiling rand_extra.cc
[683/851] Compiling getentropy.cc
[684/851] Compiling poly1305_arm_asm.S
[685/851] Compiling fork_detect.cc
[686/851] Compiling forkunsafe.cc
[687/851] Compiling deterministic.cc
[688/851] Compiling poly1305_arm.cc
[689/851] Compiling pool.cc
[690/851] Compiling poly1305_vec.cc
[691/851] Compiling poly1305.cc
[692/851] Compiling pkcs7.cc
[693/851] Compiling p5_pbev2.cc
[694/851] Compiling pem_xaux.cc
[695/851] Compiling pkcs8_x509.cc
[696/851] Compiling pkcs7_x509.cc
[697/851] Compiling pkcs8.cc
[698/851] Compiling pem_x509.cc
[699/851] Compiling pem_info.cc
[700/851] Compiling pem_pkey.cc
[701/851] Compiling pem_oth.cc
[702/851] Compiling pem_lib.cc
[703/851] Compiling obj_xref.cc
[704/851] Compiling pem_pk8.cc
[705/851] Compiling mldsa.cc
[706/851] Compiling md4.cc
[707/851] Compiling md5.cc
[708/851] Compiling obj.cc
[709/851] Compiling mlkem.cc
[710/851] Compiling fips_shared_support.cc
[711/851] Compiling mem.cc
[712/851] Compiling poly_rq_mul.S
[713/851] Compiling pem_all.cc
[714/851] Compiling lhash.cc
[715/851] Compiling kyber.cc
[716/851] Compiling ex_data.cc
[717/851] Compiling sign.cc
[718/851] Compiling hpke.cc
[719/851] Compiling hrss.cc
[720/851] Compiling scrypt.cc
[721/851] Compiling pbkdf.cc
[722/851] Compiling print.cc
[723/851] Compiling p_x25519.cc
[724/851] Compiling p_rsa_asn1.cc
[725/851] Compiling p_rsa.cc
[726/851] Compiling p_hkdf.cc
[727/851] Compiling p_ed25519_asn1.cc
[728/851] Compiling p_ed25519.cc
[729/851] Compiling p_ec.cc
[730/851] Compiling p_x25519_asn1.cc
[731/851] Compiling p_ec_asn1.cc
[732/851] Compiling p_dh.cc
[733/851] Compiling p_dsa_asn1.cc
[734/851] Compiling p_dh_asn1.cc
[735/851] Compiling evp_ctx.cc
[736/851] Compiling err.cc
[737/851] Compiling evp.cc
[738/851] Compiling engine.cc
[739/851] Compiling ecdh_extra.cc
[740/851] Compiling ecdsa_asn1.cc
[741/851] Compiling hash_to_curve.cc
[742/851] Compiling evp_asn1.cc
[743/851] Compiling ec_derive.cc
[744/851] Compiling ec_asn1.cc
[745/851] Compiling params.cc
[746/851] Compiling digest_extra.cc
[747/851] Compiling dsa.cc
[748/851] Compiling x25519-asm-arm.S
[749/851] Compiling dh_asn1.cc
[750/851] Compiling dsa_asn1.cc
[751/851] Compiling des.cc
[752/851] Compiling spake25519.cc
[753/851] Compiling curve25519.cc
[754/851] Compiling crypto.cc
[755/851] Compiling cpu_arm_linux.cc
[756/851] Compiling cpu_intel.cc
[757/851] Compiling cpu_aarch64_win.cc
[758/851] Compiling cpu_arm_freebsd.cc
[759/851] Compiling cpu_aarch64_openbsd.cc
[760/851] Compiling cpu_aarch64_sysreg.cc
[761/851] Compiling cpu_aarch64_linux.cc
[762/851] Compiling cpu_aarch64_fuchsia.cc
[763/851] Compiling cpu_aarch64_apple.cc
[764/851] Compiling curve25519_64_adx.cc
[765/851] Compiling bcm.cc
[766/851] Compiling tls_cbc.cc
[767/851] Compiling e_tls.cc
[768/851] Compiling conf.cc
[769/851] Compiling e_rc4.cc
[770/851] Compiling e_des.cc
[771/851] Compiling e_rc2.cc
[772/851] Compiling e_null.cc
[773/851] Compiling derive_key.cc
[774/851] Compiling e_aesctrhmac.cc
[775/851] Compiling e_chacha20poly1305.cc
[776/851] Compiling cipher_extra.cc
[777/851] Compiling e_aesgcmsiv.cc
[778/851] Compiling chacha.cc
[779/851] Compiling unicode.cc
[780/851] Compiling ber.cc
[781/851] Compiling buf.cc
[782/851] Compiling cbs.cc
[783/851] Compiling bn_asn1.cc
[784/851] Compiling asn1_compat.cc
[785/851] Compiling convert.cc
[786/851] Compiling cbb.cc
[787/851] Compiling blake2.cc
[788/851] Compiling printf.cc
[789/851] Compiling hexdump.cc
[790/851] Compiling file.cc
[791/851] Compiling pair.cc
[792/851] Compiling fd.cc
[793/851] Compiling errno.cc
[794/851] Compiling bio.cc
[795/851] Compiling bio_mem.cc
[796/851] Compiling base64.cc
[797/851] Compiling tasn_typ.cc
[798/851] Compiling tasn_utl.cc
[799/851] Compiling tasn_fre.cc
[800/851] Compiling tasn_dec.cc
[801/851] Compiling tasn_new.cc
[802/851] Compiling f_string.cc
[803/851] Compiling posix_time.cc
[804/851] Compiling tasn_enc.cc
[805/851] Compiling f_int.cc
[806/851] Compiling asn1_par.cc
[807/851] Compiling asn_pack.cc
[808/851] Compiling asn1_lib.cc
[809/851] Compiling a_utctm.cc
[810/851] Compiling a_time.cc
[811/851] Compiling a_type.cc
[812/851] Compiling a_strnid.cc
[813/851] Compiling a_strex.cc
[814/851] Compiling a_octet.cc
[815/851] Compiling a_i2d_fp.cc
[816/851] Compiling a_object.cc
[817/851] Write sources
[819/851] Compiling a_mbstr.cc
[820/851] Compiling a_dup.cc
[821/851] Write sources
[822/851] Compiling a_d2i_fp.cc
[823/863] Compiling a_bool.cc
[824/903] Compiling a_gentm.cc
[825/922] Compiling a_int.cc
[826/922] Compiling a_bitstr.cc
[828/930] Compiling CryptoBoringWrapper RandomBytes.swift
[829/930] Emitting module Basics
[830/939] Emitting module ArgumentParserToolInfo
[831/939] Compiling ArgumentParserToolInfo ToolInfo.swift
[832/940] Wrapping AST for ArgumentParserToolInfo for debugging
[834/987] Compiling ArgumentParser ParsableArguments.swift
[835/987] Compiling ArgumentParser HelpCommand.swift
[836/987] Compiling ArgumentParser HelpGenerator.swift
[837/987] Compiling ArgumentParser MessageInfo.swift
[838/987] Compiling ArgumentParser UsageGenerator.swift
[839/987] Compiling ArgumentParser CollectionExtensions.swift
[840/987] Compiling ArgumentParser Foundation.swift
[841/987] Compiling ArgumentParser ParsableCommand.swift
[842/987] Compiling ArgumentParser ArgumentDecoder.swift
[843/987] Emitting module CryptoBoringWrapper
[844/987] Compiling CryptoBoringWrapper BoringSSLAEAD.swift
[845/987] Compiling CryptoBoringWrapper FiniteFieldArithmeticContext.swift
[846/987] Compiling CryptoBoringWrapper CryptoKitErrors_boring.swift
[847/987] Compiling CryptoBoringWrapper ArbitraryPrecisionInteger.swift
[848/987] Compiling CryptoBoringWrapper EllipticCurvePoint.swift
[849/987] Compiling CryptoBoringWrapper EllipticCurve.swift
[851/988] Compiling Basics PercentProgressAnimation.swift
[852/988] Compiling Basics ProgressAnimationProtocol.swift
[853/988] Compiling Basics SingleLinePercentProgressAnimation.swift
[854/988] Compiling Basics ThrottledProgressAnimation.swift
[855/988] Compiling Basics SQLite.swift
[856/988] Compiling Basics SQLiteBackedCache.swift
[857/988] Compiling Basics Sandbox.swift
[858/988] Compiling Basics SendableTimeInterval.swift
[859/988] Compiling Basics SerializedJSON.swift
[859/988] Wrapping AST for CryptoBoringWrapper for debugging
[861/1059] Compiling Crypto ASN1Identifier.swift
[862/1059] Compiling Crypto ASN1Integer.swift
[863/1059] Compiling Crypto ASN1Null.swift
[864/1059] Compiling Crypto ASN1OctetString.swift
[865/1059] Compiling Crypto ASN1Strings.swift
[866/1059] Compiling Crypto ArraySliceBigint.swift
[867/1059] Compiling Crypto GeneralizedTime.swift
[868/1059] Compiling Crypto ObjectIdentifier.swift
[869/1059] Compiling Crypto ECDSASignature.swift
[870/1059] Compiling Crypto PEMDocument.swift
[871/1059] Compiling Crypto HKDF.swift
[872/1059] Compiling Crypto AESWrap.swift
[873/1059] Compiling Crypto AESWrap_boring.swift
[874/1059] Compiling Crypto Ed25519_boring.swift
[875/1059] Compiling Crypto NISTCurvesKeys_boring.swift
[876/1059] Compiling Crypto X25519Keys_boring.swift
[877/1059] Compiling Crypto Curve25519.swift
[878/1059] Compiling Crypto Ed25519Keys.swift
[879/1059] Compiling Crypto NISTCurvesKeys.swift
[880/1059] Compiling Crypto X25519Keys.swift
[881/1059] Compiling Crypto SymmetricKeys.swift
[882/1059] Compiling Crypto HMAC.swift
[883/1059] Compiling Crypto MACFunctions.swift
[884/1059] Compiling Crypto MessageAuthenticationCode.swift
[885/1059] Compiling Crypto AES.swift
[886/1059] Compiling Crypto ECDSASignature_boring.swift
[887/1065] Compiling Crypto HPKE-AEAD.swift
[894/1065] Compiling ArgumentParser AsyncCompletionsValidator.swift
[895/1065] Compiling ArgumentParser CodingKeyValidator.swift
[896/1065] Compiling ArgumentParser NonsenseFlagsValidator.swift
[897/1065] Compiling Crypto ASN1Boolean.swift
[898/1065] Compiling Crypto PKCS8PrivateKey.swift
[899/1065] Compiling Crypto SEC1PrivateKey.swift
[900/1065] Compiling Crypto SubjectPublicKeyInfo.swift
[901/1065] Compiling Crypto CryptoKitErrors.swift
[902/1065] Compiling Crypto Digest_boring.swift
[903/1065] Compiling Crypto Digest.swift
[904/1065] Compiling Crypto Digests.swift
[905/1065] Compiling Crypto HashFunctions.swift
[906/1065] Compiling Crypto HashFunctions_SHA2.swift
[907/1065] Compiling ArgumentParser ParsableArgumentsValidation.swift
[908/1065] Compiling ArgumentParser PositionalArgumentsValidator.swift
[909/1065] Compiling ArgumentParser UniqueNamesValidator.swift
[910/1065] Compiling Crypto HPKE-KexKeyDerivation.swift
[911/1065] Compiling Crypto HPKE-LabeledExtract.swift
[912/1065] Compiling Crypto HPKE-Utils.swift
[913/1065] Compiling Crypto DHKEM.swift
[914/1065] Compiling Crypto HPKE-KEM-Curve25519.swift
[915/1065] Compiling Crypto HPKE-NIST-EC-KEMs.swift
[916/1065] Compiling Crypto HPKE-KEM.swift
[946/1074] Compiling Crypto AES-GCM_boring.swift
[947/1074] Compiling Crypto ChaChaPoly_boring.swift
[948/1074] Compiling Crypto ChaChaPoly.swift
[949/1074] Compiling Crypto Cipher.swift
[950/1074] Compiling Crypto Nonces.swift
[951/1074] Compiling Crypto ASN1.swift
[958/1074] Compiling Crypto AES-GCM.swift
[969/1074] Emitting module ArgumentParser
[977/1074] Compiling Crypto ASN1Any.swift
[978/1074] Compiling Crypto ASN1BitString.swift
[987/1074] Emitting module Crypto
[998/1074] Compiling Crypto DH.swift
[999/1074] Compiling Crypto ECDH.swift
[1000/1074] Compiling Crypto Signature.swift
[1001/1074] Compiling Crypto CryptoKitErrors_boring.swift
[1002/1074] Compiling Crypto RNG_boring.swift
[1003/1074] Compiling Crypto SafeCompare_boring.swift
[1004/1074] Compiling Crypto Zeroization_boring.swift
[1005/1074] Compiling Crypto PrettyBytes.swift
[1006/1074] Compiling Crypto SafeCompare.swift
[1017/1075] Wrapping AST for Basics for debugging
[1019/1128] Compiling Crypto HPKE.swift
[1020/1128] Compiling Crypto HPKE-Context.swift
[1021/1128] Compiling Crypto HPKE-KeySchedule.swift
[1022/1128] Compiling Crypto HPKE-Modes.swift
[1023/1128] Compiling Crypto Insecure.swift
[1024/1128] Compiling Crypto Insecure_HashFunctions.swift
[1025/1128] Compiling Crypto KEM.swift
[1026/1128] Compiling Crypto ECDH_boring.swift
[1029/1128] Compiling PackageModel SwiftSDKConfigurationStore.swift
[1030/1128] Compiling PackageModel Toolchain+SupportedFeatures.swift
[1038/1128] Compiling Crypto HPKE-Errors.swift
[1039/1128] Compiling PackageModel ManifestSourceGeneration.swift
[1040/1128] Compiling PackageModel MinimumDeploymentTarget.swift
[1041/1128] Compiling PackageModel BinaryModule.swift
[1042/1128] Compiling PackageModel ArtifactsArchiveMetadata.swift
[1043/1128] Compiling PackageModel BuildConfiguration.swift
[1044/1128] Compiling PackageModel BuildEnvironment.swift
[1045/1128] Compiling PackageModel BuildFlags.swift
[1046/1129] Wrapping AST for ArgumentParser for debugging
[1055/1133] Compiling Crypto SecureBytes.swift
[1056/1133] Compiling Crypto Zeroization.swift
[1057/1134] Compiling xct Utils.swift
[1058/1134] Wrapping AST for Crypto for debugging
[1060/1136] Compiling _CryptoExtras AES_CBC.swift
[1061/1136] Compiling _CryptoExtras AES_CFB.swift
[1062/1136] Compiling PackageModel Sanitizers.swift
[1063/1136] Compiling PackageModel Snippet.swift
[1064/1136] Compiling PackageModel SnippetGroup.swift
[1065/1136] Compiling PackageModel PlainTextSnippetExtractor.swift
[1066/1136] Compiling PackageModel Sources.swift
[1067/1146] Compiling xct Xct.swift
/host/spi-builder-workspace/Sources/xct/Xct.swift:33:25: warning: 'custom' is deprecated: Provide a three-parameter closure instead. See custom(@Sendable @escaping ([String], Int, String) -> [String]). [#DeprecatedDeclaration]
 31 | 	var workdir: String?
 32 |
 33 | 	@Argument(completion: .custom(toolNameCompletion))
    |                         `- warning: 'custom' is deprecated: Provide a three-parameter closure instead. See custom(@Sendable @escaping ([String], Int, String) -> [String]). [#DeprecatedDeclaration]
 34 | 	var toolName: String
 35 |
[#DeprecatedDeclaration]: <https://docs.swift.org/compiler/documentation/diagnostics/deprecated-declaration>
[1068/1151] Compiling xct GenerateMetaCompletionScript.swift
[1069/1156] Emitting module xct
/host/spi-builder-workspace/Sources/xct/Xct.swift:33:25: warning: 'custom' is deprecated: Provide a three-parameter closure instead. See custom(@Sendable @escaping ([String], Int, String) -> [String]). [#DeprecatedDeclaration]
 31 | 	var workdir: String?
 32 |
 33 | 	@Argument(completion: .custom(toolNameCompletion))
    |                         `- warning: 'custom' is deprecated: Provide a three-parameter closure instead. See custom(@Sendable @escaping ([String], Int, String) -> [String]). [#DeprecatedDeclaration]
 34 | 	var toolName: String
 35 |
[#DeprecatedDeclaration]: <https://docs.swift.org/compiler/documentation/diagnostics/deprecated-declaration>
[1070/1188] Wrapping AST for xct for debugging
[1071/1188] Write Objects.LinkFileList
[1073/1188] Emitting module PackageModel
[1073/1188] Linking xct
[1075/1188] Compiling _CryptoExtras VOPRFServer.swift
[1076/1188] Compiling _CryptoExtras RSA+BlindSigning.swift
[1077/1188] Compiling _CryptoExtras RSA.swift
[1078/1188] Compiling _CryptoExtras RSA_boring.swift
[1079/1188] Compiling _CryptoExtras RSA_security.swift
[1080/1188] Compiling _CryptoExtras BoringSSLHelpers.swift
[1081/1188] Compiling _CryptoExtras CryptoKitErrors_boring.swift
[1082/1188] Compiling _CryptoExtras ARCRequest.swift
[1083/1188] Compiling _CryptoExtras ARCResponse.swift
[1084/1188] Compiling _CryptoExtras ARCServer.swift
[1085/1188] Compiling _CryptoExtras ChaCha20CTR_boring.swift
[1086/1188] Compiling _CryptoExtras ChaCha20CTR.swift
[1087/1188] Compiling _CryptoExtras ECToolbox_boring.swift
[1088/1188] Compiling _CryptoExtras ECToolbox.swift
[1089/1194] Compiling _CryptoExtras AES_GCM_SIV_boring.swift
[1090/1194] Compiling _CryptoExtras ARC+API.swift
[1091/1194] Compiling _CryptoExtras ARC.swift
[1092/1194] Compiling _CryptoExtras ARCCredential.swift
[1093/1194] Compiling _CryptoExtras ARCEncoding.swift
[1094/1194] Compiling _CryptoExtras ARCPrecredential.swift
[1095/1194] Compiling _CryptoExtras ARCPresentation.swift
[1096/1194] Emitting module _CryptoExtras
[1097/1194] Compiling _CryptoExtras HashToField.swift
[1098/1194] Compiling _CryptoExtras KDF.swift
[1099/1194] Compiling _CryptoExtras PBKDF2_boring.swift
[1100/1194] Compiling _CryptoExtras PBKDF2_commoncrypto.swift
[1101/1194] Compiling _CryptoExtras PBKDF2.swift
[1102/1194] Compiling _CryptoExtras Scrypt_boring.swift
[1104/1194] Compiling _CryptoExtras DigestType.swift
[1105/1194] Compiling _CryptoExtras Error.swift
[1106/1194] Compiling _CryptoExtras I2OSP.swift
[1107/1194] Compiling _CryptoExtras IntegerEncoding.swift
[1108/1194] Compiling _CryptoExtras PEMDocument.swift
[1109/1194] Compiling _CryptoExtras Scrypt.swift
[1110/1194] Compiling _CryptoExtras OPRF.swift
[1111/1194] Compiling _CryptoExtras OPRFClient.swift
[1112/1194] Compiling _CryptoExtras OPRFServer.swift
[1113/1194] Compiling _CryptoExtras VOPRF+API.swift
[1114/1194] Compiling _CryptoExtras VOPRFClient.swift
[1117/1194] Compiling _CryptoExtras AES_CTR.swift
[1118/1194] Compiling _CryptoExtras AES_GCM_SIV.swift
[1119/1194] Compiling _CryptoExtras Block Function.swift
[1120/1194] Compiling _CryptoExtras AES_CFB_boring.swift
[1121/1194] Compiling _CryptoExtras AES_CTR_boring.swift
[1122/1194] Compiling PackageModel Toolchain.swift
[1123/1194] Compiling PackageModel ToolchainConfiguration.swift
[1124/1194] Compiling PackageModel ToolsVersion.swift
[1125/1194] Compiling PackageModel ToolsVersionSpecificationGeneration.swift
[1126/1194] Compiling PackageModel Toolset.swift
[1127/1194] Compiling PackageModel UserToolchain.swift
[1128/1194] Compiling PackageModel WindowsToolchainInfo.swift
[1137/1194] Compiling _CryptoExtras PrettyBytes.swift
[1138/1194] Compiling _CryptoExtras SubjectPublicKeyInfo.swift
[1139/1194] Compiling _CryptoExtras DLEQ.swift
[1140/1194] Compiling _CryptoExtras Prover.swift
[1141/1194] Compiling _CryptoExtras Verifier.swift
[1142/1194] Compiling _CryptoExtras ZKPToolbox.swift
[1163/1195] Wrapping AST for _CryptoExtras for debugging
[1165/1287] Compiling X509 Lock.swift
[1166/1287] Compiling X509 LockedValueBox.swift
[1167/1287] Compiling X509 BasicOCSPResponse.swift
[1168/1287] Compiling X509 DirectoryString.swift
[1169/1287] Compiling X509 OCSPTBSRequest.swift
[1170/1287] Compiling X509 OCSPVersion.swift
[1171/1287] Compiling X509 PKCS8PrivateKey.swift
[1172/1287] Compiling X509 PromiseAndFuture.swift
[1173/1287] Compiling X509 KeyUsage.swift
[1174/1287] Compiling X509 NameConstraints.swift
[1175/1287] Compiling X509 SubjectAlternativeName.swift
[1176/1287] Compiling X509 SubjectKeyIdentifier.swift
[1177/1287] Compiling X509 Extension.swift
[1178/1287] Compiling X509 Extensions.swift
[1179/1287] Compiling X509 ExtensionsBuilder.swift
[1180/1287] Compiling X509 GeneralName.swift
[1181/1290] Wrapping AST for PackageModel for debugging
[1183/1296] Emitting module PackageFingerprint
[1184/1296] Compiling PackageFingerprint PackageFingerprintStorage.swift
[1185/1296] Compiling PackageFingerprint Model.swift
[1186/1296] Compiling SourceControl RepositoryManager.swift
[1187/1296] Compiling SourceControl Repository.swift
[1188/1296] Compiling PackageFingerprint FilePackageFingerprintStorage.swift
[1189/1297] Wrapping AST for PackageFingerprint for debugging
[1191/1297] Compiling X509 CSRAttribute.swift
[1192/1297] Compiling X509 CSRAttributes.swift
[1193/1297] Compiling X509 CSRVersion.swift
[1194/1297] Compiling X509 CertificateSigningRequest.swift
[1195/1297] Compiling X509 CertificationRequestInfo.swift
[1196/1297] Compiling X509 ExtensionRequest.swift
[1197/1297] Compiling X509 Certificate.swift
[1198/1297] Compiling X509 CertificatePrivateKey.swift
[1199/1297] Compiling X509 CertificatePublicKey.swift
[1200/1297] Compiling X509 CertificateSerialNumber.swift
[1201/1297] Compiling X509 CertificateVersion.swift
[1202/1297] Compiling X509 CMSAttribute.swift
[1203/1297] Compiling X509 CMSContentInfo.swift
[1208/1310] Compiling X509 RDNAttribute.swift
[1209/1310] Compiling X509 RandomNumberGenerator+bytes.swift
[1210/1310] Compiling X509 RelativeDistinguishedName.swift
[1211/1310] Compiling X509 SEC1PrivateKey.swift
[1212/1310] Compiling X509 SecKeyWrapper.swift
[1213/1310] Compiling X509 Signature.swift
[1214/1310] Compiling X509 SignatureAlgorithm.swift
[1215/1310] Compiling X509 AllOfPolicies.swift
[1216/1310] Compiling X509 AnyPolicy.swift
[1217/1310] Compiling SourceControl GitRepository.swift
[1218/1310] Emitting module SourceControl
[1219/1311] Wrapping AST for SourceControl for debugging
[1221/1326] Compiling X509 DNBuilder.swift
[1222/1326] Compiling X509 DomainComponent.swift
[1223/1326] Compiling X509 EmailAddress.swift
[1224/1326] Compiling X509 LocalityName.swift
[1225/1326] Compiling X509 OrganizationName.swift
[1226/1326] Compiling X509 OrganizationalUnitName.swift
[1227/1326] Compiling X509 StateOrProvinceName.swift
[1228/1326] Compiling X509 StreetAddress.swift
[1229/1326] Compiling X509 Error.swift
[1230/1326] Compiling X509 AuthorityInformationAccess.swift
[1231/1326] Compiling X509 AuthorityKeyIdentifier.swift
[1232/1326] Compiling X509 BasicConstraints.swift
[1233/1326] Compiling X509 ExtendedKeyUsage.swift
[1234/1326] Compiling X509 CMSEncapsulatedContentInfo.swift
[1235/1326] Compiling X509 CMSIssuerAndSerialNumber.swift
[1236/1326] Compiling X509 CMSOperations.swift
[1237/1326] Compiling X509 CMSSignature.swift
[1238/1326] Compiling X509 CMSSignedData.swift
[1239/1326] Compiling X509 CMSSignerIdentifier.swift
[1240/1326] Compiling X509 CMSSignerInfo.swift
[1241/1326] Compiling X509 CMSVersion.swift
[1242/1326] Compiling X509 Curve25519+DER.swift
[1243/1326] Compiling X509 Digests.swift
[1244/1326] Compiling X509 DistinguishedName.swift
[1245/1326] Compiling X509 CommonName.swift
[1246/1326] Compiling X509 CountryName.swift
[1247/1326] Compiling X509 CertificateStore.swift
[1248/1326] Compiling X509 OneOfPolicies.swift
[1249/1326] Compiling X509 PolicyBuilder.swift
[1250/1326] Compiling X509 BasicConstraintsPolicy.swift
[1251/1326] Compiling X509 DNSNames.swift
[1252/1326] Compiling X509 DirectoryNames.swift
[1253/1326] Compiling X509 ExpiryPolicy.swift
[1254/1326] Compiling X509 IPConstraints.swift
[1255/1326] Compiling X509 NameConstraintsPolicy.swift
[1256/1326] Compiling X509 RFC5280Policy.swift
[1257/1326] Compiling X509 URIConstraints.swift
[1258/1326] Compiling X509 VersionPolicy.swift
[1259/1326] Compiling X509 ServerIdentityPolicy.swift
[1260/1326] Compiling X509 OCSPCertID.swift
[1261/1326] Compiling X509 OCSPCertStatus.swift
[1262/1326] Compiling X509 OCSPExtensionID.swift
[1263/1326] Compiling X509 OCSPNonce.swift
[1264/1326] Compiling X509 OCSPPolicy.swift
[1265/1326] Compiling X509 OCSPRequest.swift
[1266/1326] Compiling X509 OCSPResponse.swift
[1267/1326] Compiling X509 OCSPResponseBytes.swift
[1268/1326] Compiling X509 OCSPResponseData.swift
[1269/1326] Compiling X509 OCSPResponseStatus.swift
[1270/1326] Compiling X509 OCSPSignature.swift
[1271/1326] Compiling X509 OCSPSingleRequest.swift
[1272/1326] Compiling X509 OCSPSingleResponse.swift
[1273/1326] Compiling PackageLoading RegistryReleaseMetadataSerialization.swift
[1286/1326] Compiling PackageLoading Platform.swift
[1288/1327] Compiling PackageLoading ToolsVersionParser.swift
[1289/1327] Emitting module X509
[1290/1327] Compiling PackageLoading ManifestLoader.swift
[1291/1327] Compiling PackageLoading ManifestSignatureParser.swift
[1292/1327] Compiling PackageLoading ModuleMapGenerator.swift
[1293/1327] Compiling PackageLoading PackageBuilder.swift
[1294/1327] Compiling PackageLoading ContextModel.swift
[1295/1327] Compiling PackageLoading Diagnostics.swift
[1296/1327] Compiling X509 TrustRootLoading.swift
[1297/1327] Compiling X509 UnverifiedChain.swift
[1298/1327] Compiling X509 VerificationDiagnostic.swift
[1299/1327] Compiling X509 Verifier.swift
[1300/1327] Compiling X509 VerifierPolicy.swift
[1301/1327] Compiling X509 AlgorithmIdentifier.swift
[1302/1327] Compiling X509 ECDSASignature.swift
[1303/1327] Compiling X509 RSAPKCS1PublicKey.swift
[1304/1327] Compiling X509 SubjectPublicKeyInfo.swift
[1305/1327] Compiling X509 TBSCertificate.swift
[1306/1327] Compiling X509 Time.swift
[1307/1327] Compiling X509 TimeCalculations.swift
[1308/1327] Compiling X509 Validity.swift
[1309/1328] Wrapping AST for X509 for debugging
[1311/1345] Compiling PackageCollectionsSigning X509Extensions.swift
[1312/1345] Compiling PackageSigning X509Extensions.swift
[1313/1346] Compiling PackageLoading Target+PkgConfig.swift
[1314/1346] Compiling PackageLoading TargetSourcesBuilder.swift
[1315/1346] Compiling PackageLoading ManifestJSONParser.swift
[1316/1346] Compiling PackageLoading ManifestLoader+Validation.swift
[1317/1346] Emitting module PackageLoading
[1318/1346] Compiling PackageLoading PackageDescriptionSerialization.swift
[1319/1346] Compiling PackageLoading PkgConfig.swift
[1320/1347] Compiling PackageSigning FilePackageSigningEntityStorage.swift
[1321/1347] Compiling PackageSigning CertificateStores.swift
[1322/1347] Compiling PackageSigning SignatureProvider.swift
[1324/1347] Compiling PackageSigning VerifierPolicies.swift
[1325/1347] Compiling PackageSigning SigningIdentity.swift
[1326/1347] Compiling PackageSigning PackageSigningEntityStorage.swift
[1327/1347] Compiling PackageSigning SigningEntity.swift
[1327/1347] Wrapping AST for PackageLoading for debugging
[1329/1347] Emitting module PackageSigning
[1330/1347] Compiling PackageCollectionsSigning PackageCollectionSigning.swift
[1331/1347] Emitting module PackageCollectionsSigning
[1332/1347] Compiling PackageCollectionsSigning Signature.swift
[1333/1347] Compiling PackageCollectionsSigning CertificatePolicy.swift
[1334/1375] Compiling PackageCollectionsSigning Utilities.swift
[1335/1375] Compiling PackageCollectionsSigning Base64URL.swift
[1336/1375] Compiling PackageCollectionsSigning embedded_resources.swift
[1337/1376] Wrapping AST for PackageCollectionsSigning for debugging
[1339/1400] Compiling PackageSigning embedded_resources.swift
[1340/1401] Compiling PackageGraph DependencyResolverBinding.swift
[1341/1401] Compiling PackageGraph DependencyResolverDelegate.swift
[1342/1401] Compiling PackageGraph DependencyResolverError.swift
[1343/1401] Compiling PackageGraph PlatformVersionProvider.swift
[1344/1404] Wrapping AST for PackageSigning for debugging
[1346/1411] Emitting module PackageCollections
[1347/1414] Compiling PackageCollections PackageCollections+CertificatePolicy.swift
[1348/1414] Compiling PackageCollections PackageCollections+Configuration.swift
[1349/1414] Compiling PackageCollections PackageCollections+Storage.swift
[1350/1414] Compiling PackageCollections PackageIndexAndCollections.swift
[1351/1414] Compiling PackageCollections GitHubPackageMetadataProvider.swift
[1352/1414] Compiling PackageCollections FilePackageCollectionsSourcesStorage.swift
[1353/1414] Compiling PackageRegistry SigningEntityTOFU.swift
[1354/1414] Emitting module PackageRegistry
[1355/1414] Compiling PackageRegistry ChecksumTOFU.swift
[1357/1414] Compiling PackageCollections PackageCollectionsSourcesStorage.swift
[1358/1414] Compiling PackageCollections PackageCollectionsStorage.swift
[1359/1414] Compiling PackageRegistry SignatureValidation.swift
[1360/1414] Compiling PackageRegistry RegistryDownloadsManager.swift
[1361/1414] Compiling PackageCollections PackageList.swift
[1362/1414] Compiling PackageCollections PackageTypes.swift
[1363/1414] Compiling PackageCollections Search.swift
[1364/1414] Compiling PackageCollections TargetListResult.swift
[1366/1414] Compiling PackageCollections JSONPackageCollectionProvider.swift
[1367/1414] Compiling PackageCollections PackageCollectionProvider.swift
[1368/1414] Compiling PackageCollections PackageMetadataProvider.swift
[1372/1414] Compiling PackageCollections API.swift
[1373/1414] Compiling PackageCollections CVE.swift
[1374/1414] Compiling PackageCollections Collection.swift
[1375/1414] Compiling PackageCollections License.swift
[1376/1414] Compiling PackageRegistry RegistryConfiguration.swift
[1377/1414] Compiling PackageGraph ResolvedPackagesStore.swift
[1378/1414] Compiling PackageGraph Version+Extensions.swift
[1379/1414] Compiling PackageGraph VersionSetSpecifier.swift
[1380/1414] Compiling PackageCollections PackageCollections+Validation.swift
[1381/1414] Compiling PackageCollections PackageCollections.swift
[1382/1414] Compiling PackageCollections PackageIndex+Configuration.swift
[1391/1414] Emitting module PackageGraph
[1399/1414] Compiling PackageCollections PackageIndex.swift
[1401/1415] Compiling PackageCollections SQLitePackageCollectionsStorage.swift
[1402/1415] Compiling PackageCollections Trie.swift
[1403/1415] Compiling PackageCollections Utility.swift
[1403/1415] Wrapping AST for PackageGraph for debugging
[1405/1439] Compiling SPMBuildCore PluginScriptRunner.swift
[1406/1439] Compiling SPMBuildCore ResolvedPackage+Extensions.swift
[1407/1439] Compiling SPMBuildCore Triple+Extensions.swift
[1412/1443] Compiling SPMBuildCore DiagnosticsCapturingBuildSystemDelegate.swift
[1413/1443] Compiling SPMBuildCore BuiltTestProduct.swift
[1414/1443] Compiling SPMBuildCore CommandPluginResult.swift
[1415/1443] Compiling SPMBuildCore BuildSystem.swift
[1416/1443] Compiling SPMBuildCore BuildSystemCommand.swift
[1417/1443] Compiling SPMBuildCore BuildSystemDelegate.swift
[1417/1443] Wrapping AST for PackageCollections for debugging
[1419/1443] Compiling SPMBuildCore BinaryTarget+Extensions.swift
[1420/1443] Compiling SPMBuildCore BuildParameters+APIDigester.swift
[1421/1443] Compiling SPMBuildCore BuildParameters+Debugging.swift
[1422/1443] Compiling SPMBuildCore BuildParameters+Driver.swift
[1423/1443] Compiling SPMBuildCore BuildParameters+Linking.swift
[1424/1443] Compiling SPMBuildCore BuildParameters+Output.swift
[1425/1443] Compiling SPMBuildCore BuildParameters+Testing.swift
[1426/1443] Compiling SPMBuildCore BuildParameters.swift
[1427/1443] Emitting module SPMBuildCore
[1428/1443] Compiling SPMBuildCore WarningControlFlags.swift
[1429/1443] Compiling SPMBuildCore XCFrameworkMetadata.swift
[1430/1443] Compiling SPMBuildCore XcodeProjectRepresentation.swift
[1431/1443] Compiling SPMBuildCore Diagnostics+Extensions.swift
[1432/1443] Compiling SPMBuildCore MainAttrDetection.swift
[1433/1443] Compiling SPMBuildCore DefaultPluginScriptRunner.swift
[1434/1443] Compiling PackageRegistry RegistryClient.swift
[1435/1444] Wrapping AST for PackageRegistry for debugging
[1437/1446] Compiling PackageMetadata PackageMetadata.swift
[1438/1446] Emitting module PackageMetadata
[1439/1447] Wrapping AST for PackageMetadata for debugging
[1441/1447] Compiling SPMBuildCore PluginContextSerializer.swift
[1442/1447] Compiling SPMBuildCore PluginInvocation.swift
[1443/1447] Compiling SPMBuildCore PluginMessages.swift
[1444/1448] Wrapping AST for SPMBuildCore for debugging
[1446/1480] Emitting module Workspace
[1447/1484] Compiling Workspace CheckoutState.swift
[1448/1484] Compiling Workspace Diagnostics.swift
[1449/1484] Compiling Workspace InitPackage.swift
[1450/1484] Compiling Workspace LoadableResult.swift
[1451/1484] Compiling Workspace ManagedArtifact.swift
[1452/1484] Compiling Workspace RegistryPackageContainer.swift
[1453/1484] Compiling Workspace SourceControlPackageContainer.swift
[1454/1484] Compiling Workspace ResolvedFileWatcher.swift
[1455/1484] Compiling Workspace ResolverPrecomputationProvider.swift
[1456/1484] Compiling Workspace ManagedDependency.swift
[1457/1484] Compiling Workspace ManagedPrebuilt.swift
[1458/1484] Compiling Workspace Base64URL.swift
[1459/1484] Compiling Workspace CertificatePolicy.swift
[1460/1484] Compiling Workspace ManifestSigning.swift
[1461/1484] Compiling Workspace ToolsVersionSpecificationRewriter.swift
[1462/1484] Compiling Workspace Workspace+BinaryArtifacts.swift
[1463/1484] Compiling Workspace Workspace+Configuration.swift
[1464/1484] Compiling Workspace Workspace+Delegation.swift
[1465/1484] Compiling Workspace Workspace+Dependencies.swift
[1466/1484] Compiling Workspace Workspace+Editing.swift
[1467/1484] Compiling Workspace Workspace+Manifests.swift
[1468/1484] Compiling Workspace Workspace+PackageContainer.swift
[1469/1484] Compiling Workspace Workspace+Prebuilts.swift
[1470/1484] Compiling Workspace Workspace+Registry.swift
[1471/1484] Compiling Workspace Workspace+ResolvedPackages.swift
[1472/1484] Compiling Workspace Workspace+Signing.swift
[1473/1484] Compiling Workspace Signature.swift
[1474/1484] Compiling Workspace Utilities.swift
[1475/1484] Compiling Workspace X509Extensions.swift
[1476/1484] Compiling Workspace embedded_resources.swift
[1477/1484] Compiling Workspace FileSystemPackageContainer.swift
[1478/1484] Compiling Workspace Workspace+SourceControl.swift
[1479/1484] Compiling Workspace Workspace+State.swift
[1480/1484] Compiling Workspace Workspace+Traits.swift
[1481/1484] Compiling Workspace Workspace.swift
[1482/1485] Wrapping AST for Workspace for debugging
[1483/1485] Write Objects.LinkFileList
error: link command failed with exit code 1 (use -v to see invocation)
/usr/bin/ld.gold: error: /host/spi-builder-workspace/.build/x86_64-unknown-linux-gnu/debug/CCryptoBoringSSL.build/crypto/asn1/a_strnid.cc.o: requires dynamic R_X86_64_PC32 reloc against '_Z52CCryptoBoringSSL_lh_ASN1_STRING_TABLE_call_hash_funcPFjPKvES0_' which may overflow at runtime; recompile with -fPIC
/usr/bin/ld.gold: error: /host/spi-builder-workspace/.build/x86_64-unknown-linux-gnu/debug/CCryptoBoringSSL.build/crypto/asn1/a_strnid.cc.o: requires dynamic R_X86_64_PC32 reloc against '_Z52CCryptoBoringSSL_lh_ASN1_STRING_TABLE_call_hash_funcPFjPKvES0_' which may overflow at runtime; recompile with -fPIC
/usr/bin/ld.gold: error: /host/spi-builder-workspace/.build/x86_64-unknown-linux-gnu/debug/CCryptoBoringSSL.build/crypto/asn1/a_time.cc.o: requires dynamic R_X86_64_PC32 reloc against 'CCryptoBoringSSL_ASN1_TIME_it' which may overflow at runtime; recompile with -fPIC
/usr/bin/ld.gold: error: /host/spi-builder-workspace/.build/x86_64-unknown-linux-gnu/debug/CCryptoBoringSSL.build/crypto/asn1/tasn_typ.cc.o: requires dynamic R_X86_64_PC32 reloc against 'CCryptoBoringSSL_ASN1_OCTET_STRING_it' which may overflow at runtime; recompile with -fPIC
/usr/bin/ld.gold: error: /host/spi-builder-workspace/.build/x86_64-unknown-linux-gnu/debug/CCryptoBoringSSL.build/crypto/conf/conf.cc.o: requires dynamic R_X86_64_PC32 reloc against 'CCryptoBoringSSL_lh_CONF_SECTION_call_doall_arg' which may overflow at runtime; recompile with -fPIC
/usr/bin/ld.gold: error: /host/spi-builder-workspace/.build/x86_64-unknown-linux-gnu/debug/CCryptoBoringSSL.build/crypto/conf/conf.cc.o: requires dynamic R_X86_64_PC32 reloc against 'CCryptoBoringSSL_lh_CONF_VALUE_call_doall_arg' which may overflow at runtime; recompile with -fPIC
/usr/bin/ld.gold: error: /host/spi-builder-workspace/.build/x86_64-unknown-linux-gnu/debug/CCryptoBoringSSL.build/crypto/conf/conf.cc.o: requires dynamic R_X86_64_PC32 reloc against 'CCryptoBoringSSL_lh_CONF_VALUE_call_hash_func' which may overflow at runtime; recompile with -fPIC
/usr/bin/ld.gold: error: /host/spi-builder-workspace/.build/x86_64-unknown-linux-gnu/debug/CCryptoBoringSSL.build/crypto/conf/conf.cc.o: requires dynamic R_X86_64_PC32 reloc against 'CCryptoBoringSSL_lh_CONF_SECTION_call_hash_func' which may overflow at runtime; recompile with -fPIC
/usr/bin/ld.gold: error: /host/spi-builder-workspace/.build/x86_64-unknown-linux-gnu/debug/CCryptoBoringSSL.build/crypto/conf/conf.cc.o: requires dynamic R_X86_64_PC32 reloc against 'CCryptoBoringSSL_lh_CONF_SECTION_call_hash_func' which may overflow at runtime; recompile with -fPIC
/usr/bin/ld.gold: error: /host/spi-builder-workspace/.build/x86_64-unknown-linux-gnu/debug/CCryptoBoringSSL.build/crypto/conf/conf.cc.o: requires dynamic R_X86_64_PC32 reloc against 'CCryptoBoringSSL_lh_CONF_VALUE_call_hash_func' which may overflow at runtime; recompile with -fPIC
/usr/bin/ld.gold: error: /host/spi-builder-workspace/.build/x86_64-unknown-linux-gnu/debug/CCryptoBoringSSL.build/crypto/curve25519/curve25519.cc.o: requires dynamic R_X86_64_PC32 reloc against 'CCryptoBoringSSL_k25519Precomp' which may overflow at runtime; recompile with -fPIC
/usr/bin/ld.gold: error: /host/spi-builder-workspace/.build/x86_64-unknown-linux-gnu/debug/CCryptoBoringSSL.build/crypto/evp/p_dh_asn1.cc.o: requires dynamic R_X86_64_PC32 reloc against 'CCryptoBoringSSL_dh_asn1_meth' which may overflow at runtime; recompile with -fPIC
/usr/bin/ld.gold: error: /host/spi-builder-workspace/.build/x86_64-unknown-linux-gnu/debug/CCryptoBoringSSL.build/crypto/evp/p_dsa_asn1.cc.o: requires dynamic R_X86_64_PC32 reloc against 'CCryptoBoringSSL_dsa_asn1_meth' which may overflow at runtime; recompile with -fPIC
/usr/bin/ld.gold: error: /host/spi-builder-workspace/.build/x86_64-unknown-linux-gnu/debug/CCryptoBoringSSL.build/crypto/evp/p_ec_asn1.cc.o: requires dynamic R_X86_64_PC32 reloc against 'CCryptoBoringSSL_ec_asn1_meth' which may overflow at runtime; recompile with -fPIC
/usr/bin/ld.gold: error: /host/spi-builder-workspace/.build/x86_64-unknown-linux-gnu/debug/CCryptoBoringSSL.build/crypto/evp/p_ed25519_asn1.cc.o: requires dynamic R_X86_64_PC32 reloc against 'CCryptoBoringSSL_ed25519_asn1_meth' which may overflow at runtime; recompile with -fPIC
/usr/bin/ld.gold: error: /host/spi-builder-workspace/.build/x86_64-unknown-linux-gnu/debug/CCryptoBoringSSL.build/crypto/evp/p_rsa_asn1.cc.o: requires dynamic R_X86_64_PC32 reloc against 'CCryptoBoringSSL_rsa_asn1_meth' which may overflow at runtime; recompile with -fPIC
/usr/bin/ld.gold: error: /host/spi-builder-workspace/.build/x86_64-unknown-linux-gnu/debug/CCryptoBoringSSL.build/crypto/evp/p_x25519_asn1.cc.o: requires dynamic R_X86_64_PC32 reloc against 'CCryptoBoringSSL_x25519_asn1_meth' which may overflow at runtime; recompile with -fPIC
/usr/bin/ld.gold: error: /host/spi-builder-workspace/.build/x86_64-unknown-linux-gnu/debug/CCryptoBoringSSL.build/crypto/fipsmodule/bcm.cc.o: requires dynamic R_X86_64_PC32 reloc against 'CCryptoBoringSSL_aes_nohw_ctr32_encrypt_blocks' which may overflow at runtime; recompile with -fPIC
/usr/bin/ld.gold: error: /host/spi-builder-workspace/.build/x86_64-unknown-linux-gnu/debug/CCryptoBoringSSL.build/crypto/fipsmodule/bcm.cc.o: requires dynamic R_X86_64_PC32 reloc against '_Z41CCryptoBoringSSL_sk_BIGNUM_call_free_funcPFvPvES_' which may overflow at runtime; recompile with -fPIC
/usr/bin/ld.gold: error: /host/spi-builder-workspace/.build/x86_64-unknown-linux-gnu/debug/CCryptoBoringSSL.build/crypto/mem.cc.o: requires dynamic R_X86_64_PC32 reloc against 'CCryptoBoringSSL_OPENSSL_malloc' which may overflow at runtime; recompile with -fPIC
/usr/bin/ld.gold: error: /host/spi-builder-workspace/.build/x86_64-unknown-linux-gnu/debug/CCryptoBoringSSL.build/crypto/obj/obj.cc.o: requires dynamic R_X86_64_PC32 reloc against 'CCryptoBoringSSL_OBJ_cmp' which may overflow at runtime; recompile with -fPIC
/usr/bin/ld.gold: error: /host/spi-builder-workspace/.build/x86_64-unknown-linux-gnu/debug/CCryptoBoringSSL.build/crypto/obj/obj.cc.o: requires dynamic R_X86_64_PC32 reloc against '_Z46CCryptoBoringSSL_lh_ASN1_OBJECT_call_hash_funcPFjPKvES0_' which may overflow at runtime; recompile with -fPIC
/usr/bin/ld.gold: error: /host/spi-builder-workspace/.build/x86_64-unknown-linux-gnu/debug/CCryptoBoringSSL.build/crypto/obj/obj.cc.o: requires dynamic R_X86_64_PC32 reloc against '_Z46CCryptoBoringSSL_lh_ASN1_OBJECT_call_hash_funcPFjPKvES0_' which may overflow at runtime; recompile with -fPIC
/usr/bin/ld.gold: error: /host/spi-builder-workspace/.build/x86_64-unknown-linux-gnu/debug/CCryptoBoringSSL.build/crypto/pem/pem_lib.cc.o: requires dynamic R_X86_64_PC32 reloc against 'CCryptoBoringSSL_PEM_def_callback' which may overflow at runtime; recompile with -fPIC
/usr/bin/ld.gold: error: /host/spi-builder-workspace/.build/x86_64-unknown-linux-gnu/debug/CCryptoBoringSSL.build/crypto/pkcs7/pkcs7_x509.cc.o: requires dynamic R_X86_64_PC32 reloc against 'CCryptoBoringSSL_sk_CRYPTO_BUFFER_call_free_func' which may overflow at runtime; recompile with -fPIC
/usr/bin/ld.gold: error: /host/spi-builder-workspace/.build/x86_64-unknown-linux-gnu/debug/CCryptoBoringSSL.build/crypto/pkcs7/pkcs7_x509.cc.o: requires dynamic R_X86_64_PC32 reloc against 'CCryptoBoringSSL_sk_X509_call_free_func' which may overflow at runtime; recompile with -fPIC
/usr/bin/ld.gold: error: /host/spi-builder-workspace/.build/x86_64-unknown-linux-gnu/debug/CCryptoBoringSSL.build/crypto/pkcs7/pkcs7_x509.cc.o: requires dynamic R_X86_64_PC32 reloc against 'CCryptoBoringSSL_sk_X509_CRL_call_free_func' which may overflow at runtime; recompile with -fPIC
/usr/bin/ld.gold: error: /host/spi-builder-workspace/.build/x86_64-unknown-linux-gnu/debug/CCryptoBoringSSL.build/crypto/pool/pool.cc.o: requires dynamic R_X86_64_PC32 reloc against 'CCryptoBoringSSL_lh_CRYPTO_BUFFER_call_hash_func' which may overflow at runtime; recompile with -fPIC
/usr/bin/ld.gold: error: /host/spi-builder-workspace/.build/x86_64-unknown-linux-gnu/debug/CCryptoBoringSSL.build/crypto/pool/pool.cc.o: requires dynamic R_X86_64_PC32 reloc against 'CCryptoBoringSSL_lh_CRYPTO_BUFFER_call_hash_func' which may overflow at runtime; recompile with -fPIC
/usr/bin/ld.gold: error: /host/spi-builder-workspace/.build/x86_64-unknown-linux-gnu/debug/CCryptoBoringSSL.build/crypto/pool/pool.cc.o: requires dynamic R_X86_64_PC32 reloc against 'CCryptoBoringSSL_lh_CRYPTO_BUFFER_call_hash_func' which may overflow at runtime; recompile with -fPIC
/usr/bin/ld.gold: error: /host/spi-builder-workspace/.build/x86_64-unknown-linux-gnu/debug/CCryptoBoringSSL.build/crypto/trust_token/pmbtoken.cc.o: requires dynamic R_X86_64_PC32 reloc against 'CCryptoBoringSSL_sk_TRUST_TOKEN_PRETOKEN_call_free_func' which may overflow at runtime; recompile with -fPIC
/usr/bin/ld.gold: error: /host/spi-builder-workspace/.build/x86_64-unknown-linux-gnu/debug/CCryptoBoringSSL.build/crypto/trust_token/pmbtoken.cc.o: requires dynamic R_X86_64_PC32 reloc against 'CCryptoBoringSSL_sk_TRUST_TOKEN_call_free_func' which may overflow at runtime; recompile with -fPIC
/usr/bin/ld.gold: error: /host/spi-builder-workspace/.build/x86_64-unknown-linux-gnu/debug/CCryptoBoringSSL.build/crypto/trust_token/trust_token.cc.o: requires dynamic R_X86_64_PC32 reloc against 'CCryptoBoringSSL_TRUST_TOKEN_PRETOKEN_free' which may overflow at runtime; recompile with -fPIC
/usr/bin/ld.gold: error: /host/spi-builder-workspace/.build/x86_64-unknown-linux-gnu/debug/CCryptoBoringSSL.build/crypto/x509/by_dir.cc.o: requires dynamic R_X86_64_PC32 reloc against '_Z47CCryptoBoringSSL_sk_BY_DIR_ENTRY_call_free_funcPFvPvES_' which may overflow at runtime; recompile with -fPIC
/usr/bin/ld.gold: error: /host/spi-builder-workspace/.build/x86_64-unknown-linux-gnu/debug/CCryptoBoringSSL.build/crypto/x509/by_dir.cc.o: requires dynamic R_X86_64_PC32 reloc against '_Z46CCryptoBoringSSL_sk_BY_DIR_HASH_call_free_funcPFvPvES_' which may overflow at runtime; recompile with -fPIC
/usr/bin/ld.gold: error: /host/spi-builder-workspace/.build/x86_64-unknown-linux-gnu/debug/CCryptoBoringSSL.build/crypto/x509/by_dir.cc.o: requires dynamic R_X86_64_PC32 reloc against '_Z45CCryptoBoringSSL_sk_BY_DIR_HASH_call_cmp_funcPFiPKPKvS2_ES0_S0_' which may overflow at runtime; recompile with -fPIC
/usr/bin/ld.gold: error: /host/spi-builder-workspace/.build/x86_64-unknown-linux-gnu/debug/CCryptoBoringSSL.build/crypto/x509/by_dir.cc.o: requires dynamic R_X86_64_PC32 reloc against 'CCryptoBoringSSL_sk_X509_OBJECT_call_cmp_func' which may overflow at runtime; recompile with -fPIC
/usr/bin/ld.gold: error: /host/spi-builder-workspace/.build/x86_64-unknown-linux-gnu/debug/CCryptoBoringSSL.build/crypto/x509/by_dir.cc.o: requires dynamic R_X86_64_PC32 reloc against 'CCryptoBoringSSL_sk_X509_OBJECT_call_cmp_func' which may overflow at runtime; recompile with -fPIC
/usr/bin/ld.gold: error: /host/spi-builder-workspace/.build/x86_64-unknown-linux-gnu/debug/CCryptoBoringSSL.build/crypto/x509/by_dir.cc.o: requires dynamic R_X86_64_PC32 reloc against '_Z45CCryptoBoringSSL_sk_BY_DIR_HASH_call_cmp_funcPFiPKPKvS2_ES0_S0_' which may overflow at runtime; recompile with -fPIC
/usr/bin/ld.gold: error: /host/spi-builder-workspace/.build/x86_64-unknown-linux-gnu/debug/CCryptoBoringSSL.build/crypto/x509/by_file.cc.o: requires dynamic R_X86_64_PC32 reloc against 'CCryptoBoringSSL_sk_X509_INFO_call_free_func' which may overflow at runtime; recompile with -fPIC
/usr/bin/ld.gold: error: /host/spi-builder-workspace/.build/x86_64-unknown-linux-gnu/debug/CCryptoBoringSSL.build/crypto/x509/policy.cc.o: requires dynamic R_X86_64_PC32 reloc against 'CCryptoBoringSSL_sk_ASN1_OBJECT_call_cmp_func' which may overflow at runtime; recompile with -fPIC
/usr/bin/ld.gold: error: /host/spi-builder-workspace/.build/x86_64-unknown-linux-gnu/debug/CCryptoBoringSSL.build/crypto/x509/policy.cc.o: requires dynamic R_X86_64_PC32 reloc against '_Z52CCryptoBoringSSL_sk_X509_POLICY_LEVEL_call_free_funcPFvPvES_' which may overflow at runtime; recompile with -fPIC
/usr/bin/ld.gold: error: /host/spi-builder-workspace/.build/x86_64-unknown-linux-gnu/debug/CCryptoBoringSSL.build/crypto/x509/policy.cc.o: requires dynamic R_X86_64_PC32 reloc against 'CCryptoBoringSSL_sk_POLICYINFO_call_cmp_func' which may overflow at runtime; recompile with -fPIC
/usr/bin/ld.gold: error: /host/spi-builder-workspace/.build/x86_64-unknown-linux-gnu/debug/CCryptoBoringSSL.build/crypto/x509/policy.cc.o: requires dynamic R_X86_64_PC32 reloc against '_Z39sk_X509_POLICY_NODE_call_delete_if_funcPFiPvS_ES_S_' which may overflow at runtime; recompile with -fPIC
/usr/bin/ld.gold: error: /host/spi-builder-workspace/.build/x86_64-unknown-linux-gnu/debug/CCryptoBoringSSL.build/crypto/x509/policy.cc.o: requires dynamic R_X86_64_PC32 reloc against '_Z51CCryptoBoringSSL_sk_X509_POLICY_NODE_call_free_funcPFvPvES_' which may overflow at runtime; recompile with -fPIC
/usr/bin/ld.gold: error: /host/spi-builder-workspace/.build/x86_64-unknown-linux-gnu/debug/CCryptoBoringSSL.build/crypto/x509/policy.cc.o: requires dynamic R_X86_64_PC32 reloc against 'CCryptoBoringSSL_sk_POLICYINFO_call_cmp_func' which may overflow at runtime; recompile with -fPIC
/usr/bin/ld.gold: error: /host/spi-builder-workspace/.build/x86_64-unknown-linux-gnu/debug/CCryptoBoringSSL.build/crypto/x509/policy.cc.o: requires dynamic R_X86_64_PC32 reloc against '_Z50CCryptoBoringSSL_sk_X509_POLICY_NODE_call_cmp_funcPFiPKPKvS2_ES0_S0_' which may overflow at runtime; recompile with -fPIC
/usr/bin/ld.gold: error: /host/spi-builder-workspace/.build/x86_64-unknown-linux-gnu/debug/CCryptoBoringSSL.build/crypto/x509/policy.cc.o: requires dynamic R_X86_64_PC32 reloc against 'CCryptoBoringSSL_sk_ASN1_OBJECT_call_free_func' which may overflow at runtime; recompile with -fPIC
/usr/bin/ld.gold: error: /host/spi-builder-workspace/.build/x86_64-unknown-linux-gnu/debug/CCryptoBoringSSL.build/crypto/x509/policy.cc.o: requires dynamic R_X86_64_PC32 reloc against '_Z50CCryptoBoringSSL_sk_X509_POLICY_NODE_call_cmp_funcPFiPKPKvS2_ES0_S0_' which may overflow at runtime; recompile with -fPIC
/usr/bin/ld.gold: error: /host/spi-builder-workspace/.build/x86_64-unknown-linux-gnu/debug/CCryptoBoringSSL.build/crypto/x509/policy.cc.o: requires dynamic R_X86_64_PC32 reloc against 'CCryptoBoringSSL_sk_POLICY_MAPPING_call_cmp_func' which may overflow at runtime; recompile with -fPIC
/usr/bin/ld.gold: error: /host/spi-builder-workspace/.build/x86_64-unknown-linux-gnu/debug/CCryptoBoringSSL.build/crypto/x509/policy.cc.o: requires dynamic R_X86_64_PC32 reloc against 'CCryptoBoringSSL_sk_POLICY_MAPPING_call_free_func' which may overflow at runtime; recompile with -fPIC
/usr/bin/ld.gold: error: /host/spi-builder-workspace/.build/x86_64-unknown-linux-gnu/debug/CCryptoBoringSSL.build/crypto/x509/policy.cc.o: requires dynamic R_X86_64_PC32 reloc against 'CCryptoBoringSSL_sk_POLICY_MAPPING_call_cmp_func' which may overflow at runtime; recompile with -fPIC
/usr/bin/ld.gold: error: /host/spi-builder-workspace/.build/x86_64-unknown-linux-gnu/debug/CCryptoBoringSSL.build/crypto/x509/policy.cc.o: requires dynamic R_X86_64_PC32 reloc against 'CCryptoBoringSSL_sk_ASN1_OBJECT_call_cmp_func' which may overflow at runtime; recompile with -fPIC
/usr/bin/ld.gold: error: /host/spi-builder-workspace/.build/x86_64-unknown-linux-gnu/debug/CCryptoBoringSSL.build/crypto/x509/rsa_pss.cc.o: requires dynamic R_X86_64_PC32 reloc against 'CCryptoBoringSSL_RSA_PSS_PARAMS_it' which may overflow at runtime; recompile with -fPIC
/usr/bin/ld.gold: error: /host/spi-builder-workspace/.build/x86_64-unknown-linux-gnu/debug/CCryptoBoringSSL.build/crypto/x509/t_req.cc.o: requires dynamic R_X86_64_PC32 reloc against 'CCryptoBoringSSL_sk_X509_EXTENSION_call_free_func' which may overflow at runtime; recompile with -fPIC
/usr/bin/ld.gold: error: /host/spi-builder-workspace/.build/x86_64-unknown-linux-gnu/debug/CCryptoBoringSSL.build/crypto/x509/v3_akey.cc.o: requires dynamic R_X86_64_PC32 reloc against 'CCryptoBoringSSL_sk_CONF_VALUE_call_free_func' which may overflow at runtime; recompile with -fPIC
/usr/bin/ld.gold: error: /host/spi-builder-workspace/.build/x86_64-unknown-linux-gnu/debug/CCryptoBoringSSL.build/crypto/x509/v3_akeya.cc.o: requires dynamic R_X86_64_PC32 reloc against 'CCryptoBoringSSL_AUTHORITY_KEYID_it' which may overflow at runtime; recompile with -fPIC
/usr/bin/ld.gold: error: /host/spi-builder-workspace/.build/x86_64-unknown-linux-gnu/debug/CCryptoBoringSSL.build/crypto/x509/v3_alt.cc.o: requires dynamic R_X86_64_PC32 reloc against 'CCryptoBoringSSL_sk_GENERAL_NAME_call_free_func' which may overflow at runtime; recompile with -fPIC
/usr/bin/ld.gold: error: /host/spi-builder-workspace/.build/x86_64-unknown-linux-gnu/debug/CCryptoBoringSSL.build/crypto/x509/v3_bcons.cc.o: requires dynamic R_X86_64_PC32 reloc against 'CCryptoBoringSSL_BASIC_CONSTRAINTS_it' which may overflow at runtime; recompile with -fPIC
/usr/bin/ld.gold: error: /host/spi-builder-workspace/.build/x86_64-unknown-linux-gnu/debug/CCryptoBoringSSL.build/crypto/x509/v3_cpols.cc.o: requires dynamic R_X86_64_PC32 reloc against 'CCryptoBoringSSL_POLICYINFO_free' which may overflow at runtime; recompile with -fPIC
/usr/bin/ld.gold: error: /host/spi-builder-workspace/.build/x86_64-unknown-linux-gnu/debug/CCryptoBoringSSL.build/crypto/x509/v3_cpols.cc.o: requires dynamic R_X86_64_PC32 reloc against 'CCryptoBoringSSL_sk_POLICYINFO_call_free_func' which may overflow at runtime; recompile with -fPIC
/usr/bin/ld.gold: error: /host/spi-builder-workspace/.build/x86_64-unknown-linux-gnu/debug/CCryptoBoringSSL.build/crypto/x509/v3_crld.cc.o: requires dynamic R_X86_64_PC32 reloc against 'CCryptoBoringSSL_DIST_POINT_free' which may overflow at runtime; recompile with -fPIC
/usr/bin/ld.gold: error: /host/spi-builder-workspace/.build/x86_64-unknown-linux-gnu/debug/CCryptoBoringSSL.build/crypto/x509/v3_crld.cc.o: requires dynamic R_X86_64_PC32 reloc against 'CCryptoBoringSSL_sk_DIST_POINT_call_free_func' which may overflow at runtime; recompile with -fPIC
/usr/bin/ld.gold: error: /host/spi-builder-workspace/.build/x86_64-unknown-linux-gnu/debug/CCryptoBoringSSL.build/crypto/x509/v3_crld.cc.o: requires dynamic R_X86_64_PC32 reloc against 'CCryptoBoringSSL_sk_X509_NAME_ENTRY_call_free_func' which may overflow at runtime; recompile with -fPIC
/usr/bin/ld.gold: error: /host/spi-builder-workspace/.build/x86_64-unknown-linux-gnu/debug/CCryptoBoringSSL.build/crypto/x509/v3_extku.cc.o: requires dynamic R_X86_64_PC32 reloc against 'CCryptoBoringSSL_EXTENDED_KEY_USAGE_it' which may overflow at runtime; recompile with -fPIC
/usr/bin/ld.gold: error: /host/spi-builder-workspace/.build/x86_64-unknown-linux-gnu/debug/CCryptoBoringSSL.build/crypto/x509/v3_genn.cc.o: requires dynamic R_X86_64_PC32 reloc against 'CCryptoBoringSSL_GENERAL_NAME_it' which may overflow at runtime; recompile with -fPIC
/usr/bin/ld.gold: error: /host/spi-builder-workspace/.build/x86_64-unknown-linux-gnu/debug/CCryptoBoringSSL.build/crypto/x509/v3_info.cc.o: requires dynamic R_X86_64_PC32 reloc against 'CCryptoBoringSSL_ACCESS_DESCRIPTION_free' which may overflow at runtime; recompile with -fPIC
/usr/bin/ld.gold: error: /host/spi-builder-workspace/.build/x86_64-unknown-linux-gnu/debug/CCryptoBoringSSL.build/crypto/x509/v3_info.cc.o: requires dynamic R_X86_64_PC32 reloc against 'CCryptoBoringSSL_sk_ACCESS_DESCRIPTION_call_free_func' which may overflow at runtime; recompile with -fPIC
/usr/bin/ld.gold: error: /host/spi-builder-workspace/.build/x86_64-unknown-linux-gnu/debug/CCryptoBoringSSL.build/crypto/x509/v3_lib.cc.o: requires dynamic R_X86_64_PC32 reloc against '_Z51CCryptoBoringSSL_sk_X509V3_EXT_METHOD_call_cmp_funcPFiPKPKvS2_ES0_S0_' which may overflow at runtime; recompile with -fPIC
/usr/bin/ld.gold: error: /host/spi-builder-workspace/.build/x86_64-unknown-linux-gnu/debug/CCryptoBoringSSL.build/crypto/x509/v3_lib.cc.o: requires dynamic R_X86_64_PC32 reloc against '_Z51CCryptoBoringSSL_sk_X509V3_EXT_METHOD_call_cmp_funcPFiPKPKvS2_ES0_S0_' which may overflow at runtime; recompile with -fPIC
/usr/bin/ld.gold: error: /host/spi-builder-workspace/.build/x86_64-unknown-linux-gnu/debug/CCryptoBoringSSL.build/crypto/x509/v3_ncons.cc.o: requires dynamic R_X86_64_PC32 reloc against 'CCryptoBoringSSL_NAME_CONSTRAINTS_it' which may overflow at runtime; recompile with -fPIC
/usr/bin/ld.gold: error: /host/spi-builder-workspace/.build/x86_64-unknown-linux-gnu/debug/CCryptoBoringSSL.build/crypto/x509/v3_pcons.cc.o: requires dynamic R_X86_64_PC32 reloc against 'CCryptoBoringSSL_POLICY_CONSTRAINTS_it' which may overflow at runtime; recompile with -fPIC
/usr/bin/ld.gold: error: /host/spi-builder-workspace/.build/x86_64-unknown-linux-gnu/debug/CCryptoBoringSSL.build/crypto/x509/v3_pmaps.cc.o: requires dynamic R_X86_64_PC32 reloc against 'CCryptoBoringSSL_POLICY_MAPPING_free' which may overflow at runtime; recompile with -fPIC
/usr/bin/ld.gold: error: /host/spi-builder-workspace/.build/x86_64-unknown-linux-gnu/debug/CCryptoBoringSSL.build/crypto/x509/v3_utl.cc.o: requires dynamic R_X86_64_PC32 reloc against 'CCryptoBoringSSL_X509V3_conf_free' which may overflow at runtime; recompile with -fPIC
/usr/bin/ld.gold: error: /host/spi-builder-workspace/.build/x86_64-unknown-linux-gnu/debug/CCryptoBoringSSL.build/crypto/x509/v3_utl.cc.o: requires dynamic R_X86_64_PC32 reloc against 'CCryptoBoringSSL_sk_OPENSSL_STRING_call_free_func' which may overflow at runtime; recompile with -fPIC
/usr/bin/ld.gold: error: /host/spi-builder-workspace/.build/x86_64-unknown-linux-gnu/debug/CCryptoBoringSSL.build/crypto/x509/v3_utl.cc.o: requires dynamic R_X86_64_PC32 reloc against 'CCryptoBoringSSL_sk_OPENSSL_STRING_call_cmp_func' which may overflow at runtime; recompile with -fPIC
/usr/bin/ld.gold: error: /host/spi-builder-workspace/.build/x86_64-unknown-linux-gnu/debug/CCryptoBoringSSL.build/crypto/x509/v3_utl.cc.o: requires dynamic R_X86_64_PC32 reloc against 'CCryptoBoringSSL_sk_OPENSSL_STRING_call_cmp_func' which may overflow at runtime; recompile with -fPIC
/usr/bin/ld.gold: error: /host/spi-builder-workspace/.build/x86_64-unknown-linux-gnu/debug/CCryptoBoringSSL.build/crypto/x509/x509_lu.cc.o: requires dynamic R_X86_64_PC32 reloc against 'CCryptoBoringSSL_X509_LOOKUP_free' which may overflow at runtime; recompile with -fPIC
/usr/bin/ld.gold: error: /host/spi-builder-workspace/.build/x86_64-unknown-linux-gnu/debug/CCryptoBoringSSL.build/crypto/x509/x509_lu.cc.o: requires dynamic R_X86_64_PC32 reloc against 'CCryptoBoringSSL_sk_X509_LOOKUP_call_free_func' which may overflow at runtime; recompile with -fPIC
/usr/bin/ld.gold: error: /host/spi-builder-workspace/.build/x86_64-unknown-linux-gnu/debug/CCryptoBoringSSL.build/crypto/x509/x509_lu.cc.o: requires dynamic R_X86_64_PC32 reloc against 'CCryptoBoringSSL_sk_X509_OBJECT_call_free_func' which may overflow at runtime; recompile with -fPIC
/usr/bin/ld.gold: error: /host/spi-builder-workspace/.build/x86_64-unknown-linux-gnu/debug/CCryptoBoringSSL.build/crypto/x509/x509_lu.cc.o: requires dynamic R_X86_64_PC32 reloc against 'CCryptoBoringSSL_sk_X509_OBJECT_call_copy_func' which may overflow at runtime; recompile with -fPIC
/usr/bin/ld.gold: error: /host/spi-builder-workspace/.build/x86_64-unknown-linux-gnu/debug/CCryptoBoringSSL.build/crypto/x509/x509_vpm.cc.o: requires dynamic R_X86_64_PC32 reloc against 'CCryptoBoringSSL_sk_ASN1_OBJECT_call_copy_func' which may overflow at runtime; recompile with -fPIC
/usr/bin/ld.gold: error: /host/spi-builder-workspace/.build/x86_64-unknown-linux-gnu/debug/CCryptoBoringSSL.build/crypto/x509/x509_vpm.cc.o: requires dynamic R_X86_64_PC32 reloc against 'CCryptoBoringSSL_sk_OPENSSL_STRING_call_copy_func' which may overflow at runtime; recompile with -fPIC
/usr/bin/ld.gold: error: /host/spi-builder-workspace/.build/x86_64-unknown-linux-gnu/debug/CCryptoBoringSSL.build/crypto/x509/x509cset.cc.o: requires dynamic R_X86_64_PC32 reloc against 'CCryptoBoringSSL_sk_X509_REVOKED_call_cmp_func' which may overflow at runtime; recompile with -fPIC
/usr/bin/ld.gold: error: /host/spi-builder-workspace/.build/x86_64-unknown-linux-gnu/debug/CCryptoBoringSSL.build/crypto/x509/x_algor.cc.o: requires dynamic R_X86_64_PC32 reloc against 'CCryptoBoringSSL_X509_ALGOR_it' which may overflow at runtime; recompile with -fPIC
/usr/bin/ld.gold: error: /host/spi-builder-workspace/.build/x86_64-unknown-linux-gnu/debug/CCryptoBoringSSL.build/crypto/x509/x_attrib.cc.o: requires dynamic R_X86_64_PC32 reloc against 'CCryptoBoringSSL_X509_ATTRIBUTE_it' which may overflow at runtime; recompile with -fPIC
/usr/bin/ld.gold: error: /host/spi-builder-workspace/.build/x86_64-unknown-linux-gnu/debug/CCryptoBoringSSL.build/crypto/x509/x_crl.cc.o: requires dynamic R_X86_64_PC32 reloc against 'CCryptoBoringSSL_X509_REVOKED_it' which may overflow at runtime; recompile with -fPIC
/usr/bin/ld.gold: error: /host/spi-builder-workspace/.build/x86_64-unknown-linux-gnu/debug/CCryptoBoringSSL.build/crypto/x509/x_crl.cc.o: requires dynamic R_X86_64_PC32 reloc against 'CCryptoBoringSSL_sk_X509_REVOKED_call_cmp_func' which may overflow at runtime; recompile with -fPIC
/usr/bin/ld.gold: error: /host/spi-builder-workspace/.build/x86_64-unknown-linux-gnu/debug/CCryptoBoringSSL.build/crypto/x509/x_exten.cc.o: requires dynamic R_X86_64_PC32 reloc against 'CCryptoBoringSSL_X509_EXTENSION_it' which may overflow at runtime; recompile with -fPIC
/usr/bin/ld.gold: error: /host/spi-builder-workspace/.build/x86_64-unknown-linux-gnu/debug/CCryptoBoringSSL.build/crypto/x509/x_name.cc.o: requires dynamic R_X86_64_PC32 reloc against 'CCryptoBoringSSL_X509_NAME_ENTRY_it' which may overflow at runtime; recompile with -fPIC
/usr/bin/ld.gold: error: /host/spi-builder-workspace/.build/x86_64-unknown-linux-gnu/debug/CCryptoBoringSSL.build/crypto/x509/x_name.cc.o: requires dynamic R_X86_64_PC32 reloc against '_Z59CCryptoBoringSSL_sk_STACK_OF_X509_NAME_ENTRY_call_free_funcPFvPvES_' which may overflow at runtime; recompile with -fPIC
/usr/bin/ld.gold: error: /host/spi-builder-workspace/.build/x86_64-unknown-linux-gnu/debug/CCryptoBoringSSL.build/crypto/x509/x_pubkey.cc.o: requires dynamic R_X86_64_PC32 reloc against 'CCryptoBoringSSL_X509_PUBKEY_it' which may overflow at runtime; recompile with -fPIC
/usr/bin/ld.gold: error: /host/spi-builder-workspace/.build/x86_64-unknown-linux-gnu/debug/CCryptoBoringSSL.build/crypto/x509/x_req.cc.o: requires dynamic R_X86_64_PC32 reloc against 'CCryptoBoringSSL_X509_REQ_INFO_it' which may overflow at runtime; recompile with -fPIC
/usr/bin/ld.gold: error: /host/spi-builder-workspace/.build/x86_64-unknown-linux-gnu/debug/CCryptoBoringSSL.build/crypto/x509/x_spki.cc.o: requires dynamic R_X86_64_PC32 reloc against 'CCryptoBoringSSL_NETSCAPE_SPKAC_it' which may overflow at runtime; recompile with -fPIC
/usr/bin/ld.gold: error: /host/spi-builder-workspace/.build/x86_64-unknown-linux-gnu/debug/CCryptoBoringSSL.build/crypto/x509/x_val.cc.o: requires dynamic R_X86_64_PC32 reloc against 'CCryptoBoringSSL_X509_VAL_it' which may overflow at runtime; recompile with -fPIC
/usr/bin/ld.gold: error: /host/spi-builder-workspace/.build/x86_64-unknown-linux-gnu/debug/CCryptoBoringSSL.build/crypto/x509/x_x509.cc.o: requires dynamic R_X86_64_PC32 reloc against 'CCryptoBoringSSL_X509_CINF_it' which may overflow at runtime; recompile with -fPIC
/usr/bin/ld.gold: error: /host/spi-builder-workspace/.build/x86_64-unknown-linux-gnu/debug/CCryptoBoringSSL.build/crypto/x509/x_x509a.cc.o: requires dynamic R_X86_64_PC32 reloc against 'CCryptoBoringSSL_X509_CERT_AUX_it' which may overflow at runtime; recompile with -fPIC
clang: error: linker command failed with exit code 1 (use -v to see invocation)
[1484/1485] Linking libSwiftPMDataModel.so
BUILD FAILURE 6.3 linux