The Swift Package Index logo.Swift Package Index

Build Information

Failed to build arc, reference v0.0.1-alpha (26d3da), with Swift 6.4 for tvOS using Xcode 27.0 on 24 Sep 2026 02:28:18 UTC.

Build Command

env DEVELOPER_DIR=/Applications/Xcode-27.0.0-Release.Candidate.app xcrun xcodebuild -IDEClonedSourcePackagesDirPathOverride=$PWD/.dependencies -skipMacroValidation -skipPackagePluginValidation -derivedDataPath $PWD/.derivedData build -scheme arc-Package -destination generic/platform=tvOS

Build Log

SwiftDriver\ Compilation DequeModule normal arm64 com.apple.xcode.tools.swift.compiler (in target 'DequeModule' from project 'swift-collections')
    cd /Users/admin/builder/spi-builder-workspace/.swiftpm/xcode
    builtin-Swift-Compilation -- /Applications/Xcode-27.0.0-Release.Candidate.app/Contents/Developer/Toolchains/XcodeDefault.xctoolchain/usr/bin/swiftc -parse-as-library -module-name DequeModule -Onone @/Users/admin/builder/spi-builder-workspace/.derivedData/Build/Intermediates.noindex/swift-collections.build/Debug-appletvos/DequeModule-t.build/Objects-normal/arm64/DequeModule.SwiftFileList -DSWIFT_PACKAGE -DDEBUG -DSWIFT_MODULE_RESOURCE_BUNDLE_UNAVAILABLE -DCOLLECTIONS_RANDOMIZED_TESTING -DXcode -enable-experimental-feature AvailabilityMacro\=SwiftStdlib\ 5.0:\ macOS\ 10.14.4,\ iOS\ 12.2,\ watchOS\ 5.2,\ tvOS\ 12.2 -enable-experimental-feature AvailabilityMacro\=SwiftStdlib\ 5.1:\ macOS\ 10.15,\ iOS\ 13.0,\ watchOS\ 6.0,\ tvOS\ 13.0 -enable-experimental-feature AvailabilityMacro\=SwiftStdlib\ 5.6:\ macOS\ 12.3,\ iOS\ 15.4,\ watchOS\ 8.5,\ tvOS\ 15.4 -enable-experimental-feature AvailabilityMacro\=SwiftStdlib\ 5.7:\ macOS\ 13.0,\ iOS\ 16.0,\ watchOS\ 9.0,\ tvOS\ 16.0 -enable-experimental-feature AvailabilityMacro\=SwiftStdlib\ 5.8:\ macOS\ 13.3,\ iOS\ 16.4,\ watchOS\ 9.4,\ tvOS\ 16.4 -enable-experimental-feature AvailabilityMacro\=SwiftStdlib\ 5.9:\ macOS\ 14.0,\ iOS\ 17.0,\ watchOS\ 10.0,\ tvOS\ 17.0 -enable-experimental-feature AvailabilityMacro\=SwiftStdlib\ 5.10:\ macOS\ 14.4,\ iOS\ 17.4,\ watchOS\ 10.4,\ tvOS\ 17.4,\ visionOS\ 1.1 -enable-experimental-feature AvailabilityMacro\=SwiftStdlib\ 6.0:\ macOS\ 15.0,\ iOS\ 18.0,\ watchOS\ 11.0,\ tvOS\ 18.0,\ visionOS\ 2.0 -enable-experimental-feature AvailabilityMacro\=SwiftStdlib\ 6.1:\ macOS\ 15.4,\ iOS\ 18.4,\ watchOS\ 11.4,\ tvOS\ 18.4,\ visionOS\ 2.4 -enable-experimental-feature AvailabilityMacro\=SwiftStdlib\ 6.2:\ macOS\ 26.0,\ iOS\ 26.0,\ watchOS\ 26.0,\ tvOS\ 26.0,\ visionOS\ 26.0 -enable-experimental-feature AvailabilityMacro\=SwiftStdlib\ 6.3:\ macOS\ 26.4,\ iOS\ 26.4,\ watchOS\ 26.4,\ tvOS\ 26.4,\ visionOS\ 26.4 -enable-experimental-feature AvailabilityMacro\=SwiftStdlib\ 6.4:\ macOS\ 27.0,\ iOS\ 27.0,\ watchOS\ 27.0,\ tvOS\ 27.0,\ visionOS\ 27.0 -enable-experimental-feature AvailabilityMacro\=SwiftStdlib\ 6.5:\ macOS\ 9999,\ iOS\ 9999,\ watchOS\ 9999,\ tvOS\ 9999,\ visionOS\ 9999 -enable-upcoming-feature MemberImportVisibility -enable-experimental-feature BuiltinModule -enable-experimental-feature Lifetimes -enable-experimental-feature InoutLifetimeDependence -enable-experimental-feature AddressableParameters -enable-experimental-feature AddressableTypes -enable-experimental-feature SuppressedAssociatedTypesWithDefaults -enable-experimental-feature BorrowingSequence -plugin-path /Applications/Xcode-27.0.0-Release.Candidate.app/Contents/Developer/Toolchains/XcodeDefault.xctoolchain/usr/lib/swift/host/plugins/testing -enable-experimental-feature DebugDescriptionMacro -sdk /Applications/Xcode-27.0.0-Release.Candidate.app/Contents/Developer/Platforms/AppleTVOS.platform/Developer/SDKs/AppleTVOS27.0.sdk -target arm64-apple-tvos15.0 -g -module-cache-path /Users/admin/builder/spi-builder-workspace/.derivedData/ModuleCache.noindex -Xfrontend -serialize-debugging-options -profile-coverage-mapping -profile-generate -enable-testing -suppress-warnings -index-store-path /Users/admin/builder/spi-builder-workspace/.derivedData/Index.noindex/DataStore -Xcc -D_LIBCPP_HARDENING_MODE\=_LIBCPP_HARDENING_MODE_DEBUG -swift-version 6 -I /Users/admin/builder/spi-builder-workspace/.derivedData/Build/Products/Debug-appletvos -Isystem /Applications/Xcode-27.0.0-Release.Candidate.app/Contents/Developer/Platforms/AppleTVOS.platform/Developer/usr/lib -F /Users/admin/builder/spi-builder-workspace/.derivedData/Build/Products/Debug-appletvos/PackageFrameworks -F /Users/admin/builder/spi-builder-workspace/.derivedData/Build/Products/Debug-appletvos -F /Applications/Xcode-27.0.0-Release.Candidate.app/Contents/Developer/Platforms/AppleTVOS.platform/Developer/Library/Frameworks -F /Applications/Xcode-27.0.0-Release.Candidate.app/Contents/Developer/Platforms/AppleTVOS.platform/Developer/SDKs/AppleTVOS27.0.sdk/Developer/Library/Frameworks -c -j10 -enable-batch-mode -incremental -Xcc -ivfsstatcache -Xcc /Users/admin/builder/spi-builder-workspace/.derivedData/SDKStatCaches.noindex/appletvos27.0-24J360-e829b21a6f8c9b70876ba0858053c044b32bfd8d43560033f8d89884cdb90028.sdkstatcache -output-file-map /Users/admin/builder/spi-builder-workspace/.derivedData/Build/Intermediates.noindex/swift-collections.build/Debug-appletvos/DequeModule-t.build/Objects-normal/arm64/DequeModule-OutputFileMap.json -save-temps -no-color-diagnostics -explicit-module-build -module-cache-path /Users/admin/builder/spi-builder-workspace/.derivedData/Build/Intermediates.noindex/SwiftExplicitPrecompiledModules -clang-scanner-module-cache-path /Users/admin/builder/spi-builder-workspace/.derivedData/ModuleCache.noindex -sdk-module-cache-path /Users/admin/builder/spi-builder-workspace/.derivedData/SDKExplicitPrecompiledModules -emit-dependencies -emit-module -emit-module-path /Users/admin/builder/spi-builder-workspace/.derivedData/Build/Intermediates.noindex/swift-collections.build/Debug-appletvos/DequeModule-t.build/Objects-normal/arm64/DequeModule.swiftmodule -serialize-diagnostics -dependency-scan-serialize-diagnostics-path /Users/admin/builder/spi-builder-workspace/.derivedData/Build/Intermediates.noindex/swift-collections.build/Debug-appletvos/DequeModule-t.build/Objects-normal/arm64/DequeModule-dependency-scan.dia -user-module-version 1.7.0 -validate-clang-modules-once -clang-build-session-file /Users/admin/builder/spi-builder-workspace/.derivedData/ModuleCache.noindex/Session.modulevalidation -Xcc -fmodules-prune-interval\=86400 -Xcc -fmodules-prune-after\=345600 -package-name swift_collections -emit-const-values -const-gather-protocols-list /Users/admin/builder/spi-builder-workspace/.derivedData/Build/Intermediates.noindex/swift-collections.build/Debug-appletvos/DequeModule-t.build/Objects-normal/arm64/DequeModule_const_extract_protocols.json -Xcc -I/Users/admin/builder/spi-builder-workspace/.derivedData/Build/Products/Debug-appletvos/include -Xcc -I/Users/admin/builder/spi-builder-workspace/.derivedData/Build/Intermediates.noindex/swift-collections.build/Debug-appletvos/DequeModule-t.build/DerivedSources-normal/arm64 -Xcc -I/Users/admin/builder/spi-builder-workspace/.derivedData/Build/Intermediates.noindex/swift-collections.build/Debug-appletvos/DequeModule-t.build/DerivedSources/arm64 -Xcc -I/Users/admin/builder/spi-builder-workspace/.derivedData/Build/Intermediates.noindex/swift-collections.build/Debug-appletvos/DequeModule-t.build/DerivedSources -Xcc -DSWIFT_PACKAGE -Xcc -DDEBUG\=1 -emit-objc-header -emit-objc-header-path /Users/admin/builder/spi-builder-workspace/.derivedData/Build/Intermediates.noindex/swift-collections.build/Debug-appletvos/DequeModule-t.build/Objects-normal/arm64/DequeModule-Swift.h -working-directory /Users/admin/builder/spi-builder-workspace/.swiftpm/xcode -experimental-emit-module-separately -disable-cmo
SwiftMergeGeneratedHeaders /Users/admin/builder/spi-builder-workspace/.derivedData/Build/Intermediates.noindex/GeneratedModuleMaps-appletvos/DequeModule-Swift.h /Users/admin/builder/spi-builder-workspace/.derivedData/Build/Intermediates.noindex/swift-collections.build/Debug-appletvos/DequeModule-t.build/Objects-normal/arm64/DequeModule-Swift.h (in target 'DequeModule' from project 'swift-collections')
    cd /Users/admin/builder/spi-builder-workspace/.dependencies/checkouts/swift-collections
    builtin-swiftHeaderTool -arch arm64 /Users/admin/builder/spi-builder-workspace/.derivedData/Build/Intermediates.noindex/swift-collections.build/Debug-appletvos/DequeModule-t.build/Objects-normal/arm64/DequeModule-Swift.h -o /Users/admin/builder/spi-builder-workspace/.derivedData/Build/Intermediates.noindex/GeneratedModuleMaps-appletvos/DequeModule-Swift.h
Copy /Users/admin/builder/spi-builder-workspace/.derivedData/Build/Products/Debug-appletvos/DequeModule.swiftmodule/arm64-apple-tvos.swiftmodule /Users/admin/builder/spi-builder-workspace/.derivedData/Build/Intermediates.noindex/swift-collections.build/Debug-appletvos/DequeModule-t.build/Objects-normal/arm64/DequeModule.swiftmodule (in target 'DequeModule' from project 'swift-collections')
    cd /Users/admin/builder/spi-builder-workspace/.dependencies/checkouts/swift-collections
    builtin-copy -exclude .DS_Store -exclude CVS -exclude .svn -exclude .git -exclude .hg -resolve-src-symlinks -rename /Users/admin/builder/spi-builder-workspace/.derivedData/Build/Intermediates.noindex/swift-collections.build/Debug-appletvos/DequeModule-t.build/Objects-normal/arm64/DequeModule.swiftmodule /Users/admin/builder/spi-builder-workspace/.derivedData/Build/Products/Debug-appletvos/DequeModule.swiftmodule/arm64-apple-tvos.swiftmodule
Copy /Users/admin/builder/spi-builder-workspace/.derivedData/Build/Products/Debug-appletvos/DequeModule.swiftmodule/arm64-apple-tvos.swiftdoc /Users/admin/builder/spi-builder-workspace/.derivedData/Build/Intermediates.noindex/swift-collections.build/Debug-appletvos/DequeModule-t.build/Objects-normal/arm64/DequeModule.swiftdoc (in target 'DequeModule' from project 'swift-collections')
    cd /Users/admin/builder/spi-builder-workspace/.dependencies/checkouts/swift-collections
    builtin-copy -exclude .DS_Store -exclude CVS -exclude .svn -exclude .git -exclude .hg -resolve-src-symlinks -rename /Users/admin/builder/spi-builder-workspace/.derivedData/Build/Intermediates.noindex/swift-collections.build/Debug-appletvos/DequeModule-t.build/Objects-normal/arm64/DequeModule.swiftdoc /Users/admin/builder/spi-builder-workspace/.derivedData/Build/Products/Debug-appletvos/DequeModule.swiftmodule/arm64-apple-tvos.swiftdoc
Copy /Users/admin/builder/spi-builder-workspace/.derivedData/Build/Products/Debug-appletvos/DequeModule.swiftmodule/arm64-apple-tvos.abi.json /Users/admin/builder/spi-builder-workspace/.derivedData/Build/Intermediates.noindex/swift-collections.build/Debug-appletvos/DequeModule-t.build/Objects-normal/arm64/DequeModule.abi.json (in target 'DequeModule' from project 'swift-collections')
    cd /Users/admin/builder/spi-builder-workspace/.dependencies/checkouts/swift-collections
    builtin-copy -exclude .DS_Store -exclude CVS -exclude .svn -exclude .git -exclude .hg -resolve-src-symlinks -rename /Users/admin/builder/spi-builder-workspace/.derivedData/Build/Intermediates.noindex/swift-collections.build/Debug-appletvos/DequeModule-t.build/Objects-normal/arm64/DequeModule.abi.json /Users/admin/builder/spi-builder-workspace/.derivedData/Build/Products/Debug-appletvos/DequeModule.swiftmodule/arm64-apple-tvos.abi.json
Copy /Users/admin/builder/spi-builder-workspace/.derivedData/Build/Products/Debug-appletvos/DequeModule.swiftmodule/Project/arm64-apple-tvos.swiftsourceinfo /Users/admin/builder/spi-builder-workspace/.derivedData/Build/Intermediates.noindex/swift-collections.build/Debug-appletvos/DequeModule-t.build/Objects-normal/arm64/DequeModule.swiftsourceinfo (in target 'DequeModule' from project 'swift-collections')
    cd /Users/admin/builder/spi-builder-workspace/.dependencies/checkouts/swift-collections
    builtin-copy -exclude .DS_Store -exclude CVS -exclude .svn -exclude .git -exclude .hg -resolve-src-symlinks -rename /Users/admin/builder/spi-builder-workspace/.derivedData/Build/Intermediates.noindex/swift-collections.build/Debug-appletvos/DequeModule-t.build/Objects-normal/arm64/DequeModule.swiftsourceinfo /Users/admin/builder/spi-builder-workspace/.derivedData/Build/Products/Debug-appletvos/DequeModule.swiftmodule/Project/arm64-apple-tvos.swiftsourceinfo
ExtractAppIntentsMetadata (in target 'SpanPreview' from project 'swift-collections')
    cd /Users/admin/builder/spi-builder-workspace/.dependencies/checkouts/swift-collections
    /Applications/Xcode-27.0.0-Release.Candidate.app/Contents/Developer/Toolchains/XcodeDefault.xctoolchain/usr/bin/appintentsmetadataprocessor --toolchain-dir /var/run/com.apple.security.cryptexd/mnt/com.apple.MobileAsset.MetalToolchain-v27.1.266.1.kzbKE5/Metal.xctoolchain --module-name SpanPreview --sdk-root /Applications/Xcode-27.0.0-Release.Candidate.app/Contents/Developer/Platforms/AppleTVOS.platform/Developer/SDKs/AppleTVOS27.0.sdk --xcode-version 27A266a --platform-family tvOS --deployment-target 15.0 --bundle-identifier swift-collections.SpanPreview --output /Users/admin/builder/spi-builder-workspace/.derivedData/Build/Products/Debug-appletvos/SpanPreview.appintents --target-triple arm64-apple-tvos15.0 --binary-file /Users/admin/builder/spi-builder-workspace/.derivedData/Build/Products/Debug-appletvos/SpanPreview.o --dependency-file /Users/admin/builder/spi-builder-workspace/.derivedData/Build/Intermediates.noindex/swift-collections.build/Debug-appletvos/SpanPreview-t.build/Objects-normal/arm64/SpanPreview_dependency_info.dat --stringsdata-file /Users/admin/builder/spi-builder-workspace/.derivedData/Build/Intermediates.noindex/swift-collections.build/Debug-appletvos/SpanPreview-t.build/Objects-normal/arm64/ExtractedAppShortcutsMetadata.stringsdata --source-file-list /Users/admin/builder/spi-builder-workspace/.derivedData/Build/Intermediates.noindex/swift-collections.build/Debug-appletvos/SpanPreview-t.build/Objects-normal/arm64/SpanPreview.SwiftFileList --metadata-file-list /Users/admin/builder/spi-builder-workspace/.derivedData/Build/Intermediates.noindex/swift-collections.build/Debug-appletvos/SpanPreview-t.build/SpanPreview.DependencyMetadataFileList --static-metadata-file-list /Users/admin/builder/spi-builder-workspace/.derivedData/Build/Intermediates.noindex/swift-collections.build/Debug-appletvos/SpanPreview-t.build/SpanPreview.DependencyStaticMetadataFileList --swift-const-vals-list /Users/admin/builder/spi-builder-workspace/.derivedData/Build/Intermediates.noindex/swift-collections.build/Debug-appletvos/SpanPreview-t.build/Objects-normal/arm64/SpanPreview.SwiftConstValuesFileList --force --compile-time-extraction --deployment-aware-processing --no-app-shortcuts-localization
2026-09-23 22:27:47.794 appintentsmetadataprocessor[1886:10416] Starting appintentsmetadataprocessor export
2026-09-23 22:27:47.863 appintentsmetadataprocessor[1886:10416] Extracted no relevant App Intents symbols, skipping writing output
SwiftExplicitDependencyGeneratePcm arm64 /Users/admin/builder/spi-builder-workspace/.derivedData/SDKExplicitPrecompiledModules/Foundation-BSSIP64DIGUKMAYJOG1WPQ78X.pcm
SwiftDriver NIOCore normal arm64 com.apple.xcode.tools.swift.compiler (in target 'NIOCore' from project 'swift-nio')
    cd /Users/admin/builder/spi-builder-workspace/.swiftpm/xcode
    builtin-SwiftDriver -- /Applications/Xcode-27.0.0-Release.Candidate.app/Contents/Developer/Toolchains/XcodeDefault.xctoolchain/usr/bin/swiftc -parse-as-library -module-name NIOCore -Onone @/Users/admin/builder/spi-builder-workspace/.derivedData/Build/Intermediates.noindex/swift-nio.build/Debug-appletvos/NIOCore-t.build/Objects-normal/arm64/NIOCore.SwiftFileList -DSWIFT_PACKAGE -DDEBUG -DSWIFT_MODULE_RESOURCE_BUNDLE_UNAVAILABLE -Xcc -fmodule-map-file\=/Users/admin/builder/spi-builder-workspace/.dependencies/checkouts/swift-atomics/Sources/_AtomicsShims/include/module.modulemap -Xcc -fmodule-map-file\=/Users/admin/builder/spi-builder-workspace/.derivedData/Build/Intermediates.noindex/GeneratedModuleMaps-appletvos/CNIOWASI.modulemap -Xcc -fmodule-map-file\=/Users/admin/builder/spi-builder-workspace/.dependencies/checkouts/swift-nio/Sources/CNIOWindows/include/module.modulemap -Xcc -fmodule-map-file\=/Users/admin/builder/spi-builder-workspace/.derivedData/Build/Intermediates.noindex/GeneratedModuleMaps-appletvos/CNIOLinux.modulemap -Xcc -fmodule-map-file\=/Users/admin/builder/spi-builder-workspace/.derivedData/Build/Intermediates.noindex/GeneratedModuleMaps-appletvos/CNIODarwin.modulemap -Xcc -fmodule-map-file\=/Users/admin/builder/spi-builder-workspace/.derivedData/Build/Intermediates.noindex/GeneratedModuleMaps-appletvos/CNIOFreeBSD.modulemap -Xcc -fmodule-map-file\=/Users/admin/builder/spi-builder-workspace/.derivedData/Build/Intermediates.noindex/GeneratedModuleMaps-appletvos/CNIOOpenBSD.modulemap -Xcc -fmodule-map-file\=/Users/admin/builder/spi-builder-workspace/.derivedData/Build/Intermediates.noindex/GeneratedModuleMaps-appletvos/CNIOAtomics.modulemap -DXcode -enable-experimental-feature Lifetimes -enable-upcoming-feature MemberImportVisibility -plugin-path /Applications/Xcode-27.0.0-Release.Candidate.app/Contents/Developer/Toolchains/XcodeDefault.xctoolchain/usr/lib/swift/host/plugins/testing -enable-experimental-feature DebugDescriptionMacro -sdk /Applications/Xcode-27.0.0-Release.Candidate.app/Contents/Developer/Platforms/AppleTVOS.platform/Developer/SDKs/AppleTVOS27.0.sdk -target arm64-apple-tvos15.0 -g -module-cache-path /Users/admin/builder/spi-builder-workspace/.derivedData/ModuleCache.noindex -Xfrontend -serialize-debugging-options -profile-coverage-mapping -profile-generate -enable-testing -suppress-warnings -index-store-path /Users/admin/builder/spi-builder-workspace/.derivedData/Index.noindex/DataStore -Xcc -D_LIBCPP_HARDENING_MODE\=_LIBCPP_HARDENING_MODE_DEBUG -swift-version 6 -I /Users/admin/builder/spi-builder-workspace/.derivedData/Build/Products/Debug-appletvos -Isystem /Applications/Xcode-27.0.0-Release.Candidate.app/Contents/Developer/Platforms/AppleTVOS.platform/Developer/usr/lib -F /Users/admin/builder/spi-builder-workspace/.derivedData/Build/Products/Debug-appletvos/PackageFrameworks -F /Users/admin/builder/spi-builder-workspace/.derivedData/Build/Products/Debug-appletvos -F /Applications/Xcode-27.0.0-Release.Candidate.app/Contents/Developer/Platforms/AppleTVOS.platform/Developer/Library/Frameworks -F /Applications/Xcode-27.0.0-Release.Candidate.app/Contents/Developer/Platforms/AppleTVOS.platform/Developer/SDKs/AppleTVOS27.0.sdk/Developer/Library/Frameworks -c -j10 -enable-batch-mode -incremental -Xcc -ivfsstatcache -Xcc /Users/admin/builder/spi-builder-workspace/.derivedData/SDKStatCaches.noindex/appletvos27.0-24J360-e829b21a6f8c9b70876ba0858053c044b32bfd8d43560033f8d89884cdb90028.sdkstatcache -output-file-map /Users/admin/builder/spi-builder-workspace/.derivedData/Build/Intermediates.noindex/swift-nio.build/Debug-appletvos/NIOCore-t.build/Objects-normal/arm64/NIOCore-OutputFileMap.json -save-temps -no-color-diagnostics -explicit-module-build -module-cache-path /Users/admin/builder/spi-builder-workspace/.derivedData/Build/Intermediates.noindex/SwiftExplicitPrecompiledModules -clang-scanner-module-cache-path /Users/admin/builder/spi-builder-workspace/.derivedData/ModuleCache.noindex -sdk-module-cache-path /Users/admin/builder/spi-builder-workspace/.derivedData/SDKExplicitPrecompiledModules -emit-dependencies -emit-module -emit-module-path /Users/admin/builder/spi-builder-workspace/.derivedData/Build/Intermediates.noindex/swift-nio.build/Debug-appletvos/NIOCore-t.build/Objects-normal/arm64/NIOCore.swiftmodule -serialize-diagnostics -dependency-scan-serialize-diagnostics-path /Users/admin/builder/spi-builder-workspace/.derivedData/Build/Intermediates.noindex/swift-nio.build/Debug-appletvos/NIOCore-t.build/Objects-normal/arm64/NIOCore-dependency-scan.dia -user-module-version 2.103.0 -validate-clang-modules-once -clang-build-session-file /Users/admin/builder/spi-builder-workspace/.derivedData/ModuleCache.noindex/Session.modulevalidation -Xcc -fmodules-prune-interval\=86400 -Xcc -fmodules-prune-after\=345600 -package-name swift_nio -emit-const-values -const-gather-protocols-list /Users/admin/builder/spi-builder-workspace/.derivedData/Build/Intermediates.noindex/swift-nio.build/Debug-appletvos/NIOCore-t.build/Objects-normal/arm64/NIOCore_const_extract_protocols.json -Xcc -I/Users/admin/builder/spi-builder-workspace/.dependencies/checkouts/swift-atomics/Sources/_AtomicsShims/include -Xcc -I/Users/admin/builder/spi-builder-workspace/.dependencies/checkouts/swift-nio/Sources/CNIOWASI/include -Xcc -I/Users/admin/builder/spi-builder-workspace/.dependencies/checkouts/swift-nio/Sources/CNIOWindows/include -Xcc -I/Users/admin/builder/spi-builder-workspace/.dependencies/checkouts/swift-nio/Sources/CNIOLinux/include -Xcc -I/Users/admin/builder/spi-builder-workspace/.dependencies/checkouts/swift-nio/Sources/CNIODarwin/include -Xcc -I/Users/admin/builder/spi-builder-workspace/.dependencies/checkouts/swift-nio/Sources/CNIOFreeBSD/include -Xcc -I/Users/admin/builder/spi-builder-workspace/.dependencies/checkouts/swift-nio/Sources/CNIOOpenBSD/include -Xcc -I/Users/admin/builder/spi-builder-workspace/.dependencies/checkouts/swift-nio/Sources/CNIOAtomics/include -Xcc -I/Users/admin/builder/spi-builder-workspace/.derivedData/Build/Products/Debug-appletvos/include -Xcc -I/Users/admin/builder/spi-builder-workspace/.derivedData/Build/Intermediates.noindex/swift-nio.build/Debug-appletvos/NIOCore-t.build/DerivedSources-normal/arm64 -Xcc -I/Users/admin/builder/spi-builder-workspace/.derivedData/Build/Intermediates.noindex/swift-nio.build/Debug-appletvos/NIOCore-t.build/DerivedSources/arm64 -Xcc -I/Users/admin/builder/spi-builder-workspace/.derivedData/Build/Intermediates.noindex/swift-nio.build/Debug-appletvos/NIOCore-t.build/DerivedSources -Xcc -DSWIFT_PACKAGE -Xcc -DDEBUG\=1 -emit-objc-header -emit-objc-header-path /Users/admin/builder/spi-builder-workspace/.derivedData/Build/Intermediates.noindex/swift-nio.build/Debug-appletvos/NIOCore-t.build/Objects-normal/arm64/NIOCore-Swift.h -working-directory /Users/admin/builder/spi-builder-workspace/.swiftpm/xcode -experimental-emit-module-separately -disable-cmo
SwiftDriverJobDiscovery normal arm64 Compiling SequenceExtensions.swift, StringExtensions.swift, SwiftExtensions.swift, Tree.swift, AsyncCompletionsValidator.swift (in target 'ArgumentParser' from project 'swift-argument-parser')
ExtractAppIntentsMetadata (in target 'Atomics' from project 'swift-atomics')
    cd /Users/admin/builder/spi-builder-workspace/.dependencies/checkouts/swift-atomics
    /Applications/Xcode-27.0.0-Release.Candidate.app/Contents/Developer/Toolchains/XcodeDefault.xctoolchain/usr/bin/appintentsmetadataprocessor --toolchain-dir /var/run/com.apple.security.cryptexd/mnt/com.apple.MobileAsset.MetalToolchain-v27.1.266.1.kzbKE5/Metal.xctoolchain --module-name Atomics --sdk-root /Applications/Xcode-27.0.0-Release.Candidate.app/Contents/Developer/Platforms/AppleTVOS.platform/Developer/SDKs/AppleTVOS27.0.sdk --xcode-version 27A266a --platform-family tvOS --deployment-target 15.0 --bundle-identifier swift-atomics.Atomics --output /Users/admin/builder/spi-builder-workspace/.derivedData/Build/Products/Debug-appletvos/Atomics.appintents --target-triple arm64-apple-tvos15.0 --binary-file /Users/admin/builder/spi-builder-workspace/.derivedData/Build/Products/Debug-appletvos/Atomics.o --dependency-file /Users/admin/builder/spi-builder-workspace/.derivedData/Build/Intermediates.noindex/swift-atomics.build/Debug-appletvos/Atomics-t.build/Objects-normal/arm64/Atomics_dependency_info.dat --stringsdata-file /Users/admin/builder/spi-builder-workspace/.derivedData/Build/Intermediates.noindex/swift-atomics.build/Debug-appletvos/Atomics-t.build/Objects-normal/arm64/ExtractedAppShortcutsMetadata.stringsdata --source-file-list /Users/admin/builder/spi-builder-workspace/.derivedData/Build/Intermediates.noindex/swift-atomics.build/Debug-appletvos/Atomics-t.build/Objects-normal/arm64/Atomics.SwiftFileList --metadata-file-list /Users/admin/builder/spi-builder-workspace/.derivedData/Build/Intermediates.noindex/swift-atomics.build/Debug-appletvos/Atomics-t.build/Atomics.DependencyMetadataFileList --static-metadata-file-list /Users/admin/builder/spi-builder-workspace/.derivedData/Build/Intermediates.noindex/swift-atomics.build/Debug-appletvos/Atomics-t.build/Atomics.DependencyStaticMetadataFileList --swift-const-vals-list /Users/admin/builder/spi-builder-workspace/.derivedData/Build/Intermediates.noindex/swift-atomics.build/Debug-appletvos/Atomics-t.build/Objects-normal/arm64/Atomics.SwiftConstValuesFileList --force --compile-time-extraction --deployment-aware-processing --no-app-shortcuts-localization
2026-09-23 22:27:48.054 appintentsmetadataprocessor[1888:10469] Starting appintentsmetadataprocessor export
2026-09-23 22:27:48.119 appintentsmetadataprocessor[1888:10469] Extracted no relevant App Intents symbols, skipping writing output
ExtractAppIntentsMetadata (in target 'ArcDescription' from project 'arc')
    cd /Users/admin/builder/spi-builder-workspace
    /Applications/Xcode-27.0.0-Release.Candidate.app/Contents/Developer/Toolchains/XcodeDefault.xctoolchain/usr/bin/appintentsmetadataprocessor --toolchain-dir /var/run/com.apple.security.cryptexd/mnt/com.apple.MobileAsset.MetalToolchain-v27.1.266.1.kzbKE5/Metal.xctoolchain --module-name ArcDescription --sdk-root /Applications/Xcode-27.0.0-Release.Candidate.app/Contents/Developer/Platforms/AppleTVOS.platform/Developer/SDKs/AppleTVOS27.0.sdk --xcode-version 27A266a --platform-family tvOS --deployment-target 15.0 --bundle-identifier spi-builder-workspace.ArcDescription --output /Users/admin/builder/spi-builder-workspace/.derivedData/Build/Products/Debug-appletvos/ArcDescription.appintents --target-triple arm64-apple-tvos15.0 --binary-file /Users/admin/builder/spi-builder-workspace/.derivedData/Build/Products/Debug-appletvos/ArcDescription.o --dependency-file /Users/admin/builder/spi-builder-workspace/.derivedData/Build/Intermediates.noindex/arc.build/Debug-appletvos/ArcDescription-t.build/Objects-normal/arm64/ArcDescription_dependency_info.dat --stringsdata-file /Users/admin/builder/spi-builder-workspace/.derivedData/Build/Intermediates.noindex/arc.build/Debug-appletvos/ArcDescription-t.build/Objects-normal/arm64/ExtractedAppShortcutsMetadata.stringsdata --source-file-list /Users/admin/builder/spi-builder-workspace/.derivedData/Build/Intermediates.noindex/arc.build/Debug-appletvos/ArcDescription-t.build/Objects-normal/arm64/ArcDescription.SwiftFileList --metadata-file-list /Users/admin/builder/spi-builder-workspace/.derivedData/Build/Intermediates.noindex/arc.build/Debug-appletvos/ArcDescription-t.build/ArcDescription.DependencyMetadataFileList --static-metadata-file-list /Users/admin/builder/spi-builder-workspace/.derivedData/Build/Intermediates.noindex/arc.build/Debug-appletvos/ArcDescription-t.build/ArcDescription.DependencyStaticMetadataFileList --swift-const-vals-list /Users/admin/builder/spi-builder-workspace/.derivedData/Build/Intermediates.noindex/arc.build/Debug-appletvos/ArcDescription-t.build/Objects-normal/arm64/ArcDescription.SwiftConstValuesFileList --force --compile-time-extraction --deployment-aware-processing --no-app-shortcuts-localization
2026-09-23 22:27:48.074 appintentsmetadataprocessor[1889:10474] Starting appintentsmetadataprocessor export
2026-09-23 22:27:48.141 appintentsmetadataprocessor[1889:10474] Extracted no relevant App Intents symbols, skipping writing output
SwiftDriverJobDiscovery normal arm64 Compiling CodingKeyValidator.swift, NonsenseFlagsValidator.swift, ParsableArgumentsValidation.swift, PositionalArgumentsValidator.swift, UniqueNamesValidator.swift (in target 'ArgumentParser' from project 'swift-argument-parser')
Ld /Users/admin/builder/spi-builder-workspace/.derivedData/Build/Products/Debug-appletvos/DequeModule.o normal (in target 'DequeModule' from project 'swift-collections')
    cd /Users/admin/builder/spi-builder-workspace/.dependencies/checkouts/swift-collections
    /Applications/Xcode-27.0.0-Release.Candidate.app/Contents/Developer/Toolchains/XcodeDefault.xctoolchain/usr/bin/clang -Xlinker -reproducible -target arm64-apple-tvos15.0 -r -isysroot /Applications/Xcode-27.0.0-Release.Candidate.app/Contents/Developer/Platforms/AppleTVOS.platform/Developer/SDKs/AppleTVOS27.0.sdk -O0 -w -Xlinker -no_warn_duplicate_libraries -F/Users/admin/builder/spi-builder-workspace/.derivedData/Build/Intermediates.noindex/EagerLinkingTBDs/Debug-appletvos -F/Users/admin/builder/spi-builder-workspace/.derivedData/Build/Products/Debug-appletvos/PackageFrameworks -F/Users/admin/builder/spi-builder-workspace/.derivedData/Build/Products/Debug-appletvos -iframework /Applications/Xcode-27.0.0-Release.Candidate.app/Contents/Developer/Platforms/AppleTVOS.platform/Developer/Library/Frameworks -iframework /Applications/Xcode-27.0.0-Release.Candidate.app/Contents/Developer/Platforms/AppleTVOS.platform/Developer/SDKs/AppleTVOS27.0.sdk/Developer/Library/Frameworks -filelist /Users/admin/builder/spi-builder-workspace/.derivedData/Build/Intermediates.noindex/swift-collections.build/Debug-appletvos/DequeModule-t.build/Objects-normal/arm64/DequeModule.LinkFileList -nostdlib -Xlinker -object_path_lto -Xlinker /Users/admin/builder/spi-builder-workspace/.derivedData/Build/Intermediates.noindex/swift-collections.build/Debug-appletvos/DequeModule-t.build/Objects-normal/arm64/DequeModule_lto.o -Xlinker -no_deduplicate -Xlinker -debug_variant -Xlinker -dependency_info -Xlinker /Users/admin/builder/spi-builder-workspace/.derivedData/Build/Intermediates.noindex/swift-collections.build/Debug-appletvos/DequeModule-t.build/Objects-normal/arm64/DequeModule_dependency_info.dat -fobjc-link-runtime -L/Applications/Xcode-27.0.0-Release.Candidate.app/Contents/Developer/Toolchains/XcodeDefault.xctoolchain/usr/lib/swift/appletvos -L/usr/lib/swift -Xlinker -add_ast_path -Xlinker /Users/admin/builder/spi-builder-workspace/.derivedData/Build/Intermediates.noindex/swift-collections.build/Debug-appletvos/DequeModule-t.build/Objects-normal/arm64/DequeModule.swiftmodule -o /Users/admin/builder/spi-builder-workspace/.derivedData/Build/Products/Debug-appletvos/DequeModule.o
SwiftDriverJobDiscovery normal arm64 Compiling Option.swift, OptionGroup.swift, ParentCommand.swift, AsyncParsableCommand.swift, CommandConfiguration.swift (in target 'ArgumentParser' from project 'swift-argument-parser')
SwiftExplicitDependencyGeneratePcm arm64 /Users/admin/builder/spi-builder-workspace/.derivedData/Build/Intermediates.noindex/SwiftExplicitPrecompiledModules/_AtomicsShims-68AZOBJ6IYPPNCOHRDF91TSDK.pcm
ExtractAppIntentsMetadata (in target 'DequeModule' from project 'swift-collections')
    cd /Users/admin/builder/spi-builder-workspace/.dependencies/checkouts/swift-collections
    /Applications/Xcode-27.0.0-Release.Candidate.app/Contents/Developer/Toolchains/XcodeDefault.xctoolchain/usr/bin/appintentsmetadataprocessor --toolchain-dir /var/run/com.apple.security.cryptexd/mnt/com.apple.MobileAsset.MetalToolchain-v27.1.266.1.kzbKE5/Metal.xctoolchain --module-name DequeModule --sdk-root /Applications/Xcode-27.0.0-Release.Candidate.app/Contents/Developer/Platforms/AppleTVOS.platform/Developer/SDKs/AppleTVOS27.0.sdk --xcode-version 27A266a --platform-family tvOS --deployment-target 15.0 --bundle-identifier swift-collections.DequeModule --output /Users/admin/builder/spi-builder-workspace/.derivedData/Build/Products/Debug-appletvos/DequeModule.appintents --target-triple arm64-apple-tvos15.0 --binary-file /Users/admin/builder/spi-builder-workspace/.derivedData/Build/Products/Debug-appletvos/DequeModule.o --dependency-file /Users/admin/builder/spi-builder-workspace/.derivedData/Build/Intermediates.noindex/swift-collections.build/Debug-appletvos/DequeModule-t.build/Objects-normal/arm64/DequeModule_dependency_info.dat --stringsdata-file /Users/admin/builder/spi-builder-workspace/.derivedData/Build/Intermediates.noindex/swift-collections.build/Debug-appletvos/DequeModule-t.build/Objects-normal/arm64/ExtractedAppShortcutsMetadata.stringsdata --source-file-list /Users/admin/builder/spi-builder-workspace/.derivedData/Build/Intermediates.noindex/swift-collections.build/Debug-appletvos/DequeModule-t.build/Objects-normal/arm64/DequeModule.SwiftFileList --metadata-file-list /Users/admin/builder/spi-builder-workspace/.derivedData/Build/Intermediates.noindex/swift-collections.build/Debug-appletvos/DequeModule-t.build/DequeModule.DependencyMetadataFileList --static-metadata-file-list /Users/admin/builder/spi-builder-workspace/.derivedData/Build/Intermediates.noindex/swift-collections.build/Debug-appletvos/DequeModule-t.build/DequeModule.DependencyStaticMetadataFileList --swift-const-vals-list /Users/admin/builder/spi-builder-workspace/.derivedData/Build/Intermediates.noindex/swift-collections.build/Debug-appletvos/DequeModule-t.build/Objects-normal/arm64/DequeModule.SwiftConstValuesFileList --force --compile-time-extraction --deployment-aware-processing --no-app-shortcuts-localization
2026-09-23 22:27:48.175 appintentsmetadataprocessor[1893:10498] Starting appintentsmetadataprocessor export
2026-09-23 22:27:48.245 appintentsmetadataprocessor[1893:10498] Extracted no relevant App Intents symbols, skipping writing output
SwiftEmitModule normal arm64 Emitting\ module\ for\ Noora (in target 'Noora' from project 'Noora')
SwiftCompile normal arm64 (in target 'Noora' from project 'Noora')
    cd /Users/admin/builder/spi-builder-workspace/.swiftpm/xcode

SwiftCompile normal arm64 Compiling\ ValidatableError.swift,\ ValidatableRule.swift,\ ValidationError.swift,\ InputValidating.swift /Users/admin/builder/spi-builder-workspace/.dependencies/checkouts/Noora/cli/Sources/Noora/Validator/Core/ValidatableError.swift /Users/admin/builder/spi-builder-workspace/.dependencies/checkouts/Noora/cli/Sources/Noora/Validator/Core/ValidatableRule.swift /Users/admin/builder/spi-builder-workspace/.dependencies/checkouts/Noora/cli/Sources/Noora/Validator/Core/ValidationError.swift /Users/admin/builder/spi-builder-workspace/.dependencies/checkouts/Noora/cli/Sources/Noora/Validator/InputValidating.swift (in target 'Noora' from project 'Noora')
SwiftCompile normal arm64 /Users/admin/builder/spi-builder-workspace/.dependencies/checkouts/Noora/cli/Sources/Noora/Validator/Core/ValidatableError.swift (in target 'Noora' from project 'Noora')
    cd /Users/admin/builder/spi-builder-workspace/.swiftpm/xcode
    builtin-SwiftPerFileCompile ValidatableError.swift
SwiftCompile normal arm64 /Users/admin/builder/spi-builder-workspace/.dependencies/checkouts/Noora/cli/Sources/Noora/Validator/Core/ValidatableRule.swift (in target 'Noora' from project 'Noora')
    cd /Users/admin/builder/spi-builder-workspace/.swiftpm/xcode
    builtin-SwiftPerFileCompile ValidatableRule.swift
SwiftCompile normal arm64 /Users/admin/builder/spi-builder-workspace/.dependencies/checkouts/Noora/cli/Sources/Noora/Validator/Core/ValidationError.swift (in target 'Noora' from project 'Noora')
    cd /Users/admin/builder/spi-builder-workspace/.swiftpm/xcode
    builtin-SwiftPerFileCompile ValidationError.swift
SwiftCompile normal arm64 /Users/admin/builder/spi-builder-workspace/.dependencies/checkouts/Noora/cli/Sources/Noora/Validator/InputValidating.swift (in target 'Noora' from project 'Noora')
    cd /Users/admin/builder/spi-builder-workspace/.swiftpm/xcode
    builtin-SwiftPerFileCompile InputValidating.swift
SwiftCompile normal arm64 Compiling\ StandardPipelines.swift,\ Terminal.swift,\ TerminalText+DisplayWidth.swift,\ TerminalText.swift /Users/admin/builder/spi-builder-workspace/.dependencies/checkouts/Noora/cli/Sources/Noora/Utilities/StandardPipelines.swift /Users/admin/builder/spi-builder-workspace/.dependencies/checkouts/Noora/cli/Sources/Noora/Utilities/Terminal.swift /Users/admin/builder/spi-builder-workspace/.dependencies/checkouts/Noora/cli/Sources/Noora/Utilities/TerminalText+DisplayWidth.swift /Users/admin/builder/spi-builder-workspace/.dependencies/checkouts/Noora/cli/Sources/Noora/Utilities/TerminalText.swift (in target 'Noora' from project 'Noora')
SwiftCompile normal arm64 /Users/admin/builder/spi-builder-workspace/.dependencies/checkouts/Noora/cli/Sources/Noora/Utilities/StandardPipelines.swift (in target 'Noora' from project 'Noora')
    cd /Users/admin/builder/spi-builder-workspace/.swiftpm/xcode
    builtin-SwiftPerFileCompile StandardPipelines.swift
SwiftCompile normal arm64 /Users/admin/builder/spi-builder-workspace/.dependencies/checkouts/Noora/cli/Sources/Noora/Utilities/Terminal.swift (in target 'Noora' from project 'Noora')
    cd /Users/admin/builder/spi-builder-workspace/.swiftpm/xcode
    builtin-SwiftPerFileCompile Terminal.swift
SwiftCompile normal arm64 /Users/admin/builder/spi-builder-workspace/.dependencies/checkouts/Noora/cli/Sources/Noora/Utilities/TerminalText+DisplayWidth.swift (in target 'Noora' from project 'Noora')
    cd /Users/admin/builder/spi-builder-workspace/.swiftpm/xcode
    builtin-SwiftPerFileCompile TerminalText+DisplayWidth.swift
SwiftCompile normal arm64 /Users/admin/builder/spi-builder-workspace/.dependencies/checkouts/Noora/cli/Sources/Noora/Utilities/TerminalText.swift (in target 'Noora' from project 'Noora')
    cd /Users/admin/builder/spi-builder-workspace/.swiftpm/xcode
    builtin-SwiftPerFileCompile TerminalText.swift
SwiftCompile normal arm64 Compiling\ KeyStrokeListener.swift,\ LockIsolated.swift,\ Renderer.swift,\ Spinner.swift /Users/admin/builder/spi-builder-workspace/.dependencies/checkouts/Noora/cli/Sources/Noora/Utilities/KeyStrokeListener.swift /Users/admin/builder/spi-builder-workspace/.dependencies/checkouts/Noora/cli/Sources/Noora/Utilities/LockIsolated.swift /Users/admin/builder/spi-builder-workspace/.dependencies/checkouts/Noora/cli/Sources/Noora/Utilities/Renderer.swift /Users/admin/builder/spi-builder-workspace/.dependencies/checkouts/Noora/cli/Sources/Noora/Utilities/Spinner.swift (in target 'Noora' from project 'Noora')
SwiftCompile normal arm64 /Users/admin/builder/spi-builder-workspace/.dependencies/checkouts/Noora/cli/Sources/Noora/Utilities/KeyStrokeListener.swift (in target 'Noora' from project 'Noora')
    cd /Users/admin/builder/spi-builder-workspace/.swiftpm/xcode
    builtin-SwiftPerFileCompile KeyStrokeListener.swift
SwiftCompile normal arm64 /Users/admin/builder/spi-builder-workspace/.dependencies/checkouts/Noora/cli/Sources/Noora/Utilities/LockIsolated.swift (in target 'Noora' from project 'Noora')
    cd /Users/admin/builder/spi-builder-workspace/.swiftpm/xcode
    builtin-SwiftPerFileCompile LockIsolated.swift
SwiftCompile normal arm64 /Users/admin/builder/spi-builder-workspace/.dependencies/checkouts/Noora/cli/Sources/Noora/Utilities/Renderer.swift (in target 'Noora' from project 'Noora')
    cd /Users/admin/builder/spi-builder-workspace/.swiftpm/xcode
    builtin-SwiftPerFileCompile Renderer.swift
SwiftCompile normal arm64 /Users/admin/builder/spi-builder-workspace/.dependencies/checkouts/Noora/cli/Sources/Noora/Utilities/Spinner.swift (in target 'Noora' from project 'Noora')
    cd /Users/admin/builder/spi-builder-workspace/.swiftpm/xcode
    builtin-SwiftPerFileCompile Spinner.swift
SwiftDriverJobDiscovery normal arm64 Compiling ArgumentDecoder.swift, ArgumentDefinition.swift, ArgumentSet.swift, CommandParser.swift, InputKey.swift (in target 'ArgumentParser' from project 'swift-argument-parser')
SwiftCompile normal arm64 Compiling\ Alert.swift,\ CollapsibleStep.swift,\ MultipleChoicePrompt.swift,\ ProgressBarStep.swift,\ ProgressStep.swift /Users/admin/builder/spi-builder-workspace/.dependencies/checkouts/Noora/cli/Sources/Noora/Components/Alert.swift /Users/admin/builder/spi-builder-workspace/.dependencies/checkouts/Noora/cli/Sources/Noora/Components/CollapsibleStep.swift /Users/admin/builder/spi-builder-workspace/.dependencies/checkouts/Noora/cli/Sources/Noora/Components/MultipleChoicePrompt.swift /Users/admin/builder/spi-builder-workspace/.dependencies/checkouts/Noora/cli/Sources/Noora/Components/ProgressBarStep.swift /Users/admin/builder/spi-builder-workspace/.dependencies/checkouts/Noora/cli/Sources/Noora/Components/ProgressStep.swift (in target 'Noora' from project 'Noora')
SwiftCompile normal arm64 /Users/admin/builder/spi-builder-workspace/.dependencies/checkouts/Noora/cli/Sources/Noora/Components/Alert.swift (in target 'Noora' from project 'Noora')
    cd /Users/admin/builder/spi-builder-workspace/.swiftpm/xcode
    builtin-SwiftPerFileCompile Alert.swift
SwiftCompile normal arm64 /Users/admin/builder/spi-builder-workspace/.dependencies/checkouts/Noora/cli/Sources/Noora/Components/CollapsibleStep.swift (in target 'Noora' from project 'Noora')
    cd /Users/admin/builder/spi-builder-workspace/.swiftpm/xcode
    builtin-SwiftPerFileCompile CollapsibleStep.swift
SwiftCompile normal arm64 /Users/admin/builder/spi-builder-workspace/.dependencies/checkouts/Noora/cli/Sources/Noora/Components/MultipleChoicePrompt.swift (in target 'Noora' from project 'Noora')
    cd /Users/admin/builder/spi-builder-workspace/.swiftpm/xcode
    builtin-SwiftPerFileCompile MultipleChoicePrompt.swift
SwiftCompile normal arm64 /Users/admin/builder/spi-builder-workspace/.dependencies/checkouts/Noora/cli/Sources/Noora/Components/ProgressBarStep.swift (in target 'Noora' from project 'Noora')
    cd /Users/admin/builder/spi-builder-workspace/.swiftpm/xcode
    builtin-SwiftPerFileCompile ProgressBarStep.swift
SwiftCompile normal arm64 /Users/admin/builder/spi-builder-workspace/.dependencies/checkouts/Noora/cli/Sources/Noora/Components/ProgressStep.swift (in target 'Noora' from project 'Noora')
    cd /Users/admin/builder/spi-builder-workspace/.swiftpm/xcode
    builtin-SwiftPerFileCompile ProgressStep.swift
SwiftEmitModule normal arm64 Emitting\ module\ for\ NIOCore (in target 'NIOCore' from project 'swift-nio')
SwiftCompile normal arm64 (in target 'NIOCore' from project 'swift-nio')
    cd /Users/admin/builder/spi-builder-workspace/.swiftpm/xcode

SwiftCompile normal arm64 Compiling\ Character+isPrintable.swift,\ String+Rainbow.swift,\ String+ValidatableError.swift,\ Noora.swift /Users/admin/builder/spi-builder-workspace/.dependencies/checkouts/Noora/cli/Sources/Noora/Extensions/Character+isPrintable.swift /Users/admin/builder/spi-builder-workspace/.dependencies/checkouts/Noora/cli/Sources/Noora/Extensions/String+Rainbow.swift /Users/admin/builder/spi-builder-workspace/.dependencies/checkouts/Noora/cli/Sources/Noora/Extensions/String+ValidatableError.swift /Users/admin/builder/spi-builder-workspace/.dependencies/checkouts/Noora/cli/Sources/Noora/Noora.swift (in target 'Noora' from project 'Noora')
SwiftCompile normal arm64 /Users/admin/builder/spi-builder-workspace/.dependencies/checkouts/Noora/cli/Sources/Noora/Extensions/Character+isPrintable.swift (in target 'Noora' from project 'Noora')
    cd /Users/admin/builder/spi-builder-workspace/.swiftpm/xcode
    builtin-SwiftPerFileCompile Character+isPrintable.swift
SwiftCompile normal arm64 /Users/admin/builder/spi-builder-workspace/.dependencies/checkouts/Noora/cli/Sources/Noora/Extensions/String+Rainbow.swift (in target 'Noora' from project 'Noora')
    cd /Users/admin/builder/spi-builder-workspace/.swiftpm/xcode
    builtin-SwiftPerFileCompile String+Rainbow.swift
SwiftCompile normal arm64 /Users/admin/builder/spi-builder-workspace/.dependencies/checkouts/Noora/cli/Sources/Noora/Extensions/String+ValidatableError.swift (in target 'Noora' from project 'Noora')
    cd /Users/admin/builder/spi-builder-workspace/.swiftpm/xcode
    builtin-SwiftPerFileCompile String+ValidatableError.swift
SwiftCompile normal arm64 /Users/admin/builder/spi-builder-workspace/.dependencies/checkouts/Noora/cli/Sources/Noora/Noora.swift (in target 'Noora' from project 'Noora')
    cd /Users/admin/builder/spi-builder-workspace/.swiftpm/xcode
    builtin-SwiftPerFileCompile Noora.swift
SwiftDriverJobDiscovery normal arm64 Compiling SplitArguments.swift, DumpHelpGenerator.swift, HelpCommand.swift, HelpGenerator.swift, MessageInfo.swift (in target 'ArgumentParser' from project 'swift-argument-parser')
SwiftCompile normal arm64 Compiling\ SingleChoicePrompt.swift,\ PaginatedTable.swift,\ SelectableTable.swift,\ Table.swift,\ TableColumn.swift /Users/admin/builder/spi-builder-workspace/.dependencies/checkouts/Noora/cli/Sources/Noora/Components/SingleChoicePrompt.swift /Users/admin/builder/spi-builder-workspace/.dependencies/checkouts/Noora/cli/Sources/Noora/Components/Table/PaginatedTable.swift /Users/admin/builder/spi-builder-workspace/.dependencies/checkouts/Noora/cli/Sources/Noora/Components/Table/SelectableTable.swift /Users/admin/builder/spi-builder-workspace/.dependencies/checkouts/Noora/cli/Sources/Noora/Components/Table/Table.swift /Users/admin/builder/spi-builder-workspace/.dependencies/checkouts/Noora/cli/Sources/Noora/Components/Table/TableColumn.swift (in target 'Noora' from project 'Noora')
SwiftCompile normal arm64 /Users/admin/builder/spi-builder-workspace/.dependencies/checkouts/Noora/cli/Sources/Noora/Components/SingleChoicePrompt.swift (in target 'Noora' from project 'Noora')
    cd /Users/admin/builder/spi-builder-workspace/.swiftpm/xcode
    builtin-SwiftPerFileCompile SingleChoicePrompt.swift
SwiftCompile normal arm64 /Users/admin/builder/spi-builder-workspace/.dependencies/checkouts/Noora/cli/Sources/Noora/Components/Table/PaginatedTable.swift (in target 'Noora' from project 'Noora')
    cd /Users/admin/builder/spi-builder-workspace/.swiftpm/xcode
    builtin-SwiftPerFileCompile PaginatedTable.swift
SwiftCompile normal arm64 /Users/admin/builder/spi-builder-workspace/.dependencies/checkouts/Noora/cli/Sources/Noora/Components/Table/SelectableTable.swift (in target 'Noora' from project 'Noora')
    cd /Users/admin/builder/spi-builder-workspace/.swiftpm/xcode
    builtin-SwiftPerFileCompile SelectableTable.swift
SwiftCompile normal arm64 /Users/admin/builder/spi-builder-workspace/.dependencies/checkouts/Noora/cli/Sources/Noora/Components/Table/Table.swift (in target 'Noora' from project 'Noora')
    cd /Users/admin/builder/spi-builder-workspace/.swiftpm/xcode
    builtin-SwiftPerFileCompile Table.swift
SwiftCompile normal arm64 /Users/admin/builder/spi-builder-workspace/.dependencies/checkouts/Noora/cli/Sources/Noora/Components/Table/TableColumn.swift (in target 'Noora' from project 'Noora')
    cd /Users/admin/builder/spi-builder-workspace/.swiftpm/xcode
    builtin-SwiftPerFileCompile TableColumn.swift
SwiftDriverJobDiscovery normal arm64 Compiling ValidatableError.swift, ValidatableRule.swift, ValidationError.swift, InputValidating.swift (in target 'Noora' from project 'Noora')
SwiftCompile normal arm64 Compiling\ NooraError.swift,\ NooraMock.swift,\ StandardPipelineType.swift,\ Theme.swift /Users/admin/builder/spi-builder-workspace/.dependencies/checkouts/Noora/cli/Sources/Noora/NooraError.swift /Users/admin/builder/spi-builder-workspace/.dependencies/checkouts/Noora/cli/Sources/Noora/NooraMock.swift /Users/admin/builder/spi-builder-workspace/.dependencies/checkouts/Noora/cli/Sources/Noora/StandardPipelineType.swift /Users/admin/builder/spi-builder-workspace/.dependencies/checkouts/Noora/cli/Sources/Noora/Theme.swift (in target 'Noora' from project 'Noora')
SwiftCompile normal arm64 /Users/admin/builder/spi-builder-workspace/.dependencies/checkouts/Noora/cli/Sources/Noora/NooraError.swift (in target 'Noora' from project 'Noora')
    cd /Users/admin/builder/spi-builder-workspace/.swiftpm/xcode
    builtin-SwiftPerFileCompile NooraError.swift
SwiftCompile normal arm64 /Users/admin/builder/spi-builder-workspace/.dependencies/checkouts/Noora/cli/Sources/Noora/NooraMock.swift (in target 'Noora' from project 'Noora')
    cd /Users/admin/builder/spi-builder-workspace/.swiftpm/xcode
    builtin-SwiftPerFileCompile NooraMock.swift
SwiftCompile normal arm64 /Users/admin/builder/spi-builder-workspace/.dependencies/checkouts/Noora/cli/Sources/Noora/StandardPipelineType.swift (in target 'Noora' from project 'Noora')
    cd /Users/admin/builder/spi-builder-workspace/.swiftpm/xcode
    builtin-SwiftPerFileCompile StandardPipelineType.swift
SwiftCompile normal arm64 /Users/admin/builder/spi-builder-workspace/.dependencies/checkouts/Noora/cli/Sources/Noora/Theme.swift (in target 'Noora' from project 'Noora')
    cd /Users/admin/builder/spi-builder-workspace/.swiftpm/xcode
    builtin-SwiftPerFileCompile Theme.swift
SwiftDriverJobDiscovery normal arm64 Compiling BashCompletionsGenerator.swift, CompletionsGenerator.swift, FishCompletionsGenerator.swift, ZshCompletionsGenerator.swift, Argument.swift, ArgumentDiscussion.swift (in target 'ArgumentParser' from project 'swift-argument-parser')
SwiftCompile normal arm64 Compiling\ TableData.swift,\ TableRenderer.swift,\ TableStyle.swift,\ UpdatingSelectableTable.swift,\ UpdatingTable.swift /Users/admin/builder/spi-builder-workspace/.dependencies/checkouts/Noora/cli/Sources/Noora/Components/Table/TableData.swift /Users/admin/builder/spi-builder-workspace/.dependencies/checkouts/Noora/cli/Sources/Noora/Components/Table/TableRenderer.swift /Users/admin/builder/spi-builder-workspace/.dependencies/checkouts/Noora/cli/Sources/Noora/Components/Table/TableStyle.swift /Users/admin/builder/spi-builder-workspace/.dependencies/checkouts/Noora/cli/Sources/Noora/Components/Table/UpdatingSelectableTable.swift /Users/admin/builder/spi-builder-workspace/.dependencies/checkouts/Noora/cli/Sources/Noora/Components/Table/UpdatingTable.swift (in target 'Noora' from project 'Noora')
SwiftCompile normal arm64 /Users/admin/builder/spi-builder-workspace/.dependencies/checkouts/Noora/cli/Sources/Noora/Components/Table/TableData.swift (in target 'Noora' from project 'Noora')
    cd /Users/admin/builder/spi-builder-workspace/.swiftpm/xcode
    builtin-SwiftPerFileCompile TableData.swift
SwiftCompile normal arm64 /Users/admin/builder/spi-builder-workspace/.dependencies/checkouts/Noora/cli/Sources/Noora/Components/Table/TableRenderer.swift (in target 'Noora' from project 'Noora')
    cd /Users/admin/builder/spi-builder-workspace/.swiftpm/xcode
    builtin-SwiftPerFileCompile TableRenderer.swift
SwiftCompile normal arm64 /Users/admin/builder/spi-builder-workspace/.dependencies/checkouts/Noora/cli/Sources/Noora/Components/Table/TableStyle.swift (in target 'Noora' from project 'Noora')
    cd /Users/admin/builder/spi-builder-workspace/.swiftpm/xcode
    builtin-SwiftPerFileCompile TableStyle.swift
SwiftCompile normal arm64 /Users/admin/builder/spi-builder-workspace/.dependencies/checkouts/Noora/cli/Sources/Noora/Components/Table/UpdatingSelectableTable.swift (in target 'Noora' from project 'Noora')
    cd /Users/admin/builder/spi-builder-workspace/.swiftpm/xcode
    builtin-SwiftPerFileCompile UpdatingSelectableTable.swift
SwiftCompile normal arm64 /Users/admin/builder/spi-builder-workspace/.dependencies/checkouts/Noora/cli/Sources/Noora/Components/Table/UpdatingTable.swift (in target 'Noora' from project 'Noora')
    cd /Users/admin/builder/spi-builder-workspace/.swiftpm/xcode
    builtin-SwiftPerFileCompile UpdatingTable.swift
SwiftDriverJobDiscovery normal arm64 Compiling KeyStrokeListener.swift, LockIsolated.swift, Renderer.swift, Spinner.swift (in target 'Noora' from project 'Noora')
SwiftCompile normal arm64 Compiling\ LengthValidationRule.swift,\ NonEmptyValidationRule.swift,\ RegexValidationRule.swift,\ Validator.swift /Users/admin/builder/spi-builder-workspace/.dependencies/checkouts/Noora/cli/Sources/Noora/Validator/Rules/LengthValidationRule.swift /Users/admin/builder/spi-builder-workspace/.dependencies/checkouts/Noora/cli/Sources/Noora/Validator/Rules/NonEmptyValidationRule.swift /Users/admin/builder/spi-builder-workspace/.dependencies/checkouts/Noora/cli/Sources/Noora/Validator/Rules/RegexValidationRule.swift /Users/admin/builder/spi-builder-workspace/.dependencies/checkouts/Noora/cli/Sources/Noora/Validator/Validator.swift (in target 'Noora' from project 'Noora')
/Users/admin/builder/spi-builder-workspace/.dependencies/checkouts/Noora/cli/Sources/Noora/Validator/Rules/RegexValidationRule.swift:36:36: error: 'Regex' is only available in tvOS 16.0 or newer
 2 |
 3 | /// A validation rule that checks if a string input matches a specified regular expression pattern.
 4 | public struct RegexValidationRule: ValidatableRule {
   |               `- note: add '@available' attribute to enclosing struct
 5 |     // MARK: Properties
 6 |
   :
30 |     ///
31 |     /// - Returns: A Boolean indicating whether the input matches the pattern.
32 |     public func validate(input: String) -> Bool {
   |                 `- note: add '@available' attribute to enclosing instance method
33 |         guard !input.isEmpty else { return false }
34 |
35 |         if #available(macOS 13.0, *) {
36 |             guard let regex = try? Regex(pattern) else {
   |                                    |- error: 'Regex' is only available in tvOS 16.0 or newer
   |                                    `- note: add 'if #available' version check
37 |                 preconditionFailure("Illegal regular expression: \(pattern).")
38 |             }
/Users/admin/builder/spi-builder-workspace/.dependencies/checkouts/Noora/cli/Sources/Noora/Validator/Rules/RegexValidationRule.swift:36:36: error: 'init(_:)' is only available in tvOS 16.0 or newer
 2 |
 3 | /// A validation rule that checks if a string input matches a specified regular expression pattern.
 4 | public struct RegexValidationRule: ValidatableRule {
   |               `- note: add '@available' attribute to enclosing struct
 5 |     // MARK: Properties
 6 |
   :
30 |     ///
31 |     /// - Returns: A Boolean indicating whether the input matches the pattern.
32 |     public func validate(input: String) -> Bool {
   |                 `- note: add '@available' attribute to enclosing instance method
33 |         guard !input.isEmpty else { return false }
34 |
35 |         if #available(macOS 13.0, *) {
36 |             guard let regex = try? Regex(pattern) else {
   |                                    |- error: 'init(_:)' is only available in tvOS 16.0 or newer
   |                                    `- note: add 'if #available' version check
37 |                 preconditionFailure("Illegal regular expression: \(pattern).")
38 |             }
/Users/admin/builder/spi-builder-workspace/.dependencies/checkouts/Noora/cli/Sources/Noora/Validator/Rules/RegexValidationRule.swift:39:26: error: 'firstMatch(of:)' is only available in tvOS 16.0 or newer
 2 |
 3 | /// A validation rule that checks if a string input matches a specified regular expression pattern.
 4 | public struct RegexValidationRule: ValidatableRule {
   |               `- note: add '@available' attribute to enclosing struct
 5 |     // MARK: Properties
 6 |
   :
30 |     ///
31 |     /// - Returns: A Boolean indicating whether the input matches the pattern.
32 |     public func validate(input: String) -> Bool {
   |                 `- note: add '@available' attribute to enclosing instance method
33 |         guard !input.isEmpty else { return false }
34 |
   :
37 |                 preconditionFailure("Illegal regular expression: \(pattern).")
38 |             }
39 |             return input.firstMatch(of: regex) != nil
   |                          |- error: 'firstMatch(of:)' is only available in tvOS 16.0 or newer
   |                          `- note: add 'if #available' version check
40 |         } else {
41 |             do {
Failed frontend command:
/Applications/Xcode-27.0.0-Release.Candidate.app/Contents/Developer/Toolchains/XcodeDefault.xctoolchain/usr/bin/swift-frontend -frontend -c /Users/admin/builder/spi-builder-workspace/.dependencies/checkouts/Noora/cli/Sources/Noora/Components/Alert.swift /Users/admin/builder/spi-builder-workspace/.dependencies/checkouts/Noora/cli/Sources/Noora/Components/CollapsibleStep.swift /Users/admin/builder/spi-builder-workspace/.dependencies/checkouts/Noora/cli/Sources/Noora/Components/MultipleChoicePrompt.swift /Users/admin/builder/spi-builder-workspace/.dependencies/checkouts/Noora/cli/Sources/Noora/Components/ProgressBarStep.swift /Users/admin/builder/spi-builder-workspace/.dependencies/checkouts/Noora/cli/Sources/Noora/Components/ProgressStep.swift /Users/admin/builder/spi-builder-workspace/.dependencies/checkouts/Noora/cli/Sources/Noora/Components/SingleChoicePrompt.swift /Users/admin/builder/spi-builder-workspace/.dependencies/checkouts/Noora/cli/Sources/Noora/Components/Table/PaginatedTable.swift /Users/admin/builder/spi-builder-workspace/.dependencies/checkouts/Noora/cli/Sources/Noora/Components/Table/SelectableTable.swift /Users/admin/builder/spi-builder-workspace/.dependencies/checkouts/Noora/cli/Sources/Noora/Components/Table/Table.swift /Users/admin/builder/spi-builder-workspace/.dependencies/checkouts/Noora/cli/Sources/Noora/Components/Table/TableColumn.swift /Users/admin/builder/spi-builder-workspace/.dependencies/checkouts/Noora/cli/Sources/Noora/Components/Table/TableData.swift /Users/admin/builder/spi-builder-workspace/.dependencies/checkouts/Noora/cli/Sources/Noora/Components/Table/TableRenderer.swift /Users/admin/builder/spi-builder-workspace/.dependencies/checkouts/Noora/cli/Sources/Noora/Components/Table/TableStyle.swift /Users/admin/builder/spi-builder-workspace/.dependencies/checkouts/Noora/cli/Sources/Noora/Components/Table/UpdatingSelectableTable.swift /Users/admin/builder/spi-builder-workspace/.dependencies/checkouts/Noora/cli/Sources/Noora/Components/Table/UpdatingTable.swift /Users/admin/builder/spi-builder-workspace/.dependencies/checkouts/Noora/cli/Sources/Noora/Components/TextPrompt.swift /Users/admin/builder/spi-builder-workspace/.dependencies/checkouts/Noora/cli/Sources/Noora/Components/YesOrNoChoicePrompt.swift /Users/admin/builder/spi-builder-workspace/.dependencies/checkouts/Noora/cli/Sources/Noora/Content.swift /Users/admin/builder/spi-builder-workspace/.dependencies/checkouts/Noora/cli/Sources/Noora/DataStructures/Stack.swift /Users/admin/builder/spi-builder-workspace/.dependencies/checkouts/Noora/cli/Sources/Noora/Extensions/Character+isPrintable.swift /Users/admin/builder/spi-builder-workspace/.dependencies/checkouts/Noora/cli/Sources/Noora/Extensions/String+Rainbow.swift /Users/admin/builder/spi-builder-workspace/.dependencies/checkouts/Noora/cli/Sources/Noora/Extensions/String+ValidatableError.swift /Users/admin/builder/spi-builder-workspace/.dependencies/checkouts/Noora/cli/Sources/Noora/Noora.swift /Users/admin/builder/spi-builder-workspace/.dependencies/checkouts/Noora/cli/Sources/Noora/NooraError.swift /Users/admin/builder/spi-builder-workspace/.dependencies/checkouts/Noora/cli/Sources/Noora/NooraMock.swift /Users/admin/builder/spi-builder-workspace/.dependencies/checkouts/Noora/cli/Sources/Noora/StandardPipelineType.swift /Users/admin/builder/spi-builder-workspace/.dependencies/checkouts/Noora/cli/Sources/Noora/Theme.swift /Users/admin/builder/spi-builder-workspace/.dependencies/checkouts/Noora/cli/Sources/Noora/Utilities/KeyStrokeListener.swift /Users/admin/builder/spi-builder-workspace/.dependencies/checkouts/Noora/cli/Sources/Noora/Utilities/LockIsolated.swift /Users/admin/builder/spi-builder-workspace/.dependencies/checkouts/Noora/cli/Sources/Noora/Utilities/Renderer.swift /Users/admin/builder/spi-builder-workspace/.dependencies/checkouts/Noora/cli/Sources/Noora/Utilities/Spinner.swift /Users/admin/builder/spi-builder-workspace/.dependencies/checkouts/Noora/cli/Sources/Noora/Utilities/StandardPipelines.swift /Users/admin/builder/spi-builder-workspace/.dependencies/checkouts/Noora/cli/Sources/Noora/Utilities/Terminal.swift /Users/admin/builder/spi-builder-workspace/.dependencies/checkouts/Noora/cli/Sources/Noora/Utilities/TerminalText+DisplayWidth.swift /Users/admin/builder/spi-builder-workspace/.dependencies/checkouts/Noora/cli/Sources/Noora/Utilities/TerminalText.swift /Users/admin/builder/spi-builder-workspace/.dependencies/checkouts/Noora/cli/Sources/Noora/Validator/Core/ValidatableError.swift /Users/admin/builder/spi-builder-workspace/.dependencies/checkouts/Noora/cli/Sources/Noora/Validator/Core/ValidatableRule.swift /Users/admin/builder/spi-builder-workspace/.dependencies/checkouts/Noora/cli/Sources/Noora/Validator/Core/ValidationError.swift /Users/admin/builder/spi-builder-workspace/.dependencies/checkouts/Noora/cli/Sources/Noora/Validator/InputValidating.swift -primary-file /Users/admin/builder/spi-builder-workspace/.dependencies/checkouts/Noora/cli/Sources/Noora/Validator/Rules/LengthValidationRule.swift -primary-file /Users/admin/builder/spi-builder-workspace/.dependencies/checkouts/Noora/cli/Sources/Noora/Validator/Rules/NonEmptyValidationRule.swift -primary-file /Users/admin/builder/spi-builder-workspace/.dependencies/checkouts/Noora/cli/Sources/Noora/Validator/Rules/RegexValidationRule.swift -primary-file /Users/admin/builder/spi-builder-workspace/.dependencies/checkouts/Noora/cli/Sources/Noora/Validator/Validator.swift -supplementary-output-file-map /Users/admin/builder/spi-builder-workspace/.derivedData/Build/Intermediates.noindex/Noora.build/Debug-appletvos/Noora-t.build/Objects-normal/arm64/supplementaryOutputs-20 -target arm64-apple-tvos15.0 -disable-cross-import-overlay-search -swift-module-cross-import Darwin /Applications/Xcode-27.0.0-Release.Candidate.app/Contents/Developer/Platforms/AppleTVOS.platform/Developer/SDKs/AppleTVOS.sdk/usr/include/Darwin.swiftcrossimport/xlocale.swiftoverlay -load-resolved-plugin /Applications/Xcode-27.0.0-Release.Candidate.app/Contents/Developer/Platforms/AppleTVOS.platform/Developer/usr/lib/swift/host/plugins/libFoundationMacros.dylib\#/Applications/Xcode-27.0.0-Release.Candidate.app/Contents/Developer/Platforms/AppleTVOS.platform/Developer/usr/bin/swift-plugin-server\#FoundationMacros -load-resolved-plugin /Applications/Xcode-27.0.0-Release.Candidate.app/Contents/Developer/Platforms/AppleTVOS.platform/Developer/usr/lib/swift/host/plugins/libObservationMacros.dylib\#/Applications/Xcode-27.0.0-Release.Candidate.app/Contents/Developer/Platforms/AppleTVOS.platform/Developer/usr/bin/swift-plugin-server\#ObservationMacros -load-resolved-plugin /Applications/Xcode-27.0.0-Release.Candidate.app/Contents/Developer/Platforms/AppleTVOS.platform/Developer/usr/lib/swift/host/plugins/libSwiftMacros.dylib\#/Applications/Xcode-27.0.0-Release.Candidate.app/Contents/Developer/Platforms/AppleTVOS.platform/Developer/usr/bin/swift-plugin-server\#SwiftMacros -disable-implicit-swift-modules -Xcc -fno-implicit-modules -Xcc -fno-implicit-module-maps -explicit-swift-module-map-file /Users/admin/builder/spi-builder-workspace/.derivedData/Build/Intermediates.noindex/Noora.build/Debug-appletvos/Noora-t.build/Objects-normal/arm64/Noora-dependencies-1.json -Xllvm -aarch64-use-tbi -enable-objc-interop -stack-check -sdk /Applications/Xcode-27.0.0-Release.Candidate.app/Contents/Developer/Platforms/AppleTVOS.platform/Developer/SDKs/AppleTVOS27.0.sdk -I /Users/admin/builder/spi-builder-workspace/.derivedData/Build/Products/Debug-appletvos -Isystem /Applications/Xcode-27.0.0-Release.Candidate.app/Contents/Developer/Platforms/AppleTVOS.platform/Developer/usr/lib -F /Users/admin/builder/spi-builder-workspace/.derivedData/Build/Products/Debug-appletvos/PackageFrameworks -F /Users/admin/builder/spi-builder-workspace/.derivedData/Build/Products/Debug-appletvos -F /Applications/Xcode-27.0.0-Release.Candidate.app/Contents/Developer/Platforms/AppleTVOS.platform/Developer/Library/Frameworks -F /Applications/Xcode-27.0.0-Release.Candidate.app/Contents/Developer/Platforms/AppleTVOS.platform/Developer/SDKs/AppleTVOS27.0.sdk/Developer/Library/Frameworks -module-cache-path /Users/admin/builder/spi-builder-workspace/.derivedData/Build/Intermediates.noindex/SwiftExplicitPrecompiledModules -no-color-diagnostics -Xcc -fno-color-diagnostics -enable-testing -g -debug-info-format\=dwarf -dwarf-version\=4 -suppress-warnings -profile-generate -profile-coverage-mapping -swift-version 5 -Onone -D SWIFT_PACKAGE -D DEBUG -D SWIFT_MODULE_RESOURCE_BUNDLE_UNAVAILABLE -D MOCKING -D Xcode -serialize-debugging-options -enable-experimental-feature DebugDescriptionMacro -empty-abi-descriptor -validate-clang-modules-once -clang-build-session-file /Users/admin/builder/spi-builder-workspace/.derivedData/ModuleCache.noindex/Session.modulevalidation -Xcc -working-directory -Xcc /Users/admin/builder/spi-builder-workspace/.swiftpm/xcode -enable-anonymous-context-mangled-names -file-compilation-dir /Users/admin/builder/spi-builder-workspace/.swiftpm/xcode -Xcc -D_LIBCPP_HARDENING_MODE\=_LIBCPP_HARDENING_MODE_DEBUG -Xcc -ivfsstatcache -Xcc /Users/admin/builder/spi-builder-workspace/.derivedData/SDKStatCaches.noindex/appletvos27.0-24J360-e829b21a6f8c9b70876ba0858053c044b32bfd8d43560033f8d89884cdb90028.sdkstatcache -Xcc -fmodules-prune-interval\=86400 -Xcc -fmodules-prune-after\=345600 -Xcc -I/Users/admin/builder/spi-builder-workspace/.derivedData/Build/Products/Debug-appletvos/include -Xcc -I/Users/admin/builder/spi-builder-workspace/.derivedData/Build/Intermediates.noindex/Noora.build/Debug-appletvos/Noora-t.build/DerivedSources-normal/arm64 -Xcc -I/Users/admin/builder/spi-builder-workspace/.derivedData/Build/Intermediates.noindex/Noora.build/Debug-appletvos/Noora-t.build/DerivedSources/arm64 -Xcc -I/Users/admin/builder/spi-builder-workspace/.derivedData/Build/Intermediates.noindex/Noora.build/Debug-appletvos/Noora-t.build/DerivedSources -Xcc -DSWIFT_PACKAGE -Xcc -DDEBUG\=1 -no-auto-bridging-header-chaining -module-name Noora -const-gather-protocols-file /Users/admin/builder/spi-builder-workspace/.derivedData/Build/Intermediates.noindex/Noora.build/Debug-appletvos/Noora-t.build/Objects-normal/arm64/Noora_const_extract_protocols.json -disable-clang-spi -clang-target arm64-apple-tvos27.0 -target-sdk-version 27.0 -target-sdk-name appletvos27.0 -in-process-plugin-server-path /Applications/Xcode-27.0.0-Release.Candidate.app/Contents/Developer/Toolchains/XcodeDefault.xctoolchain/usr/lib/swift/host/libSwiftInProcPluginServer.dylib -parse-as-library -o /Users/admin/builder/spi-builder-workspace/.derivedData/Build/Intermediates.noindex/Noora.build/Debug-appletvos/Noora-t.build/Objects-normal/arm64/LengthValidationRule.o -o /Users/admin/builder/spi-builder-workspace/.derivedData/Build/Intermediates.noindex/Noora.build/Debug-appletvos/Noora-t.build/Objects-normal/arm64/NonEmptyValidationRule.o -o /Users/admin/builder/spi-builder-workspace/.derivedData/Build/Intermediates.noindex/Noora.build/Debug-appletvos/Noora-t.build/Objects-normal/arm64/RegexValidationRule.o -o /Users/admin/builder/spi-builder-workspace/.derivedData/Build/Intermediates.noindex/Noora.build/Debug-appletvos/Noora-t.build/Objects-normal/arm64/Validator.o -debug-module-path /Users/admin/builder/spi-builder-workspace/.derivedData/Build/Intermediates.noindex/Noora.build/Debug-appletvos/Noora-t.build/Objects-normal/arm64/Noora.swiftmodule -index-unit-output-path /Noora.build/Debug-appletvos/Noora-t.build/Objects-normal/arm64/LengthValidationRule.o -index-unit-output-path /Noora.build/Debug-appletvos/Noora-t.build/Objects-normal/arm64/NonEmptyValidationRule.o -index-unit-output-path /Noora.build/Debug-appletvos/Noora-t.build/Objects-normal/arm64/RegexValidationRule.o -index-unit-output-path /Noora.build/Debug-appletvos/Noora-t.build/Objects-normal/arm64/Validator.o -index-store-path /Users/admin/builder/spi-builder-workspace/.derivedData/Index.noindex/DataStore -index-system-modules
SwiftCompile normal arm64 /Users/admin/builder/spi-builder-workspace/.dependencies/checkouts/Noora/cli/Sources/Noora/Validator/Rules/LengthValidationRule.swift (in target 'Noora' from project 'Noora')
    cd /Users/admin/builder/spi-builder-workspace/.swiftpm/xcode
    builtin-SwiftPerFileCompile LengthValidationRule.swift
SwiftCompile normal arm64 /Users/admin/builder/spi-builder-workspace/.dependencies/checkouts/Noora/cli/Sources/Noora/Validator/Rules/NonEmptyValidationRule.swift (in target 'Noora' from project 'Noora')
    cd /Users/admin/builder/spi-builder-workspace/.swiftpm/xcode
    builtin-SwiftPerFileCompile NonEmptyValidationRule.swift
SwiftCompile normal arm64 /Users/admin/builder/spi-builder-workspace/.dependencies/checkouts/Noora/cli/Sources/Noora/Validator/Rules/RegexValidationRule.swift (in target 'Noora' from project 'Noora')
    cd /Users/admin/builder/spi-builder-workspace/.swiftpm/xcode
    builtin-SwiftPerFileCompile RegexValidationRule.swift
SwiftCompile normal arm64 /Users/admin/builder/spi-builder-workspace/.dependencies/checkouts/Noora/cli/Sources/Noora/Validator/Validator.swift (in target 'Noora' from project 'Noora')
    cd /Users/admin/builder/spi-builder-workspace/.swiftpm/xcode
    builtin-SwiftPerFileCompile Validator.swift
SwiftDriverJobDiscovery normal arm64 Emitting module for Noora (in target 'Noora' from project 'Noora')
SwiftDriver\ Compilation\ Requirements Noora normal arm64 com.apple.xcode.tools.swift.compiler (in target 'Noora' from project 'Noora')
    cd /Users/admin/builder/spi-builder-workspace/.swiftpm/xcode
    builtin-Swift-Compilation-Requirements -- /Applications/Xcode-27.0.0-Release.Candidate.app/Contents/Developer/Toolchains/XcodeDefault.xctoolchain/usr/bin/swiftc -parse-as-library -module-name Noora -Onone @/Users/admin/builder/spi-builder-workspace/.derivedData/Build/Intermediates.noindex/Noora.build/Debug-appletvos/Noora-t.build/Objects-normal/arm64/Noora.SwiftFileList -DSWIFT_PACKAGE -DDEBUG -DSWIFT_MODULE_RESOURCE_BUNDLE_UNAVAILABLE -DMOCKING -DXcode -plugin-path /Applications/Xcode-27.0.0-Release.Candidate.app/Contents/Developer/Toolchains/XcodeDefault.xctoolchain/usr/lib/swift/host/plugins/testing -enable-experimental-feature DebugDescriptionMacro -sdk /Applications/Xcode-27.0.0-Release.Candidate.app/Contents/Developer/Platforms/AppleTVOS.platform/Developer/SDKs/AppleTVOS27.0.sdk -target arm64-apple-tvos15.0 -g -module-cache-path /Users/admin/builder/spi-builder-workspace/.derivedData/ModuleCache.noindex -Xfrontend -serialize-debugging-options -profile-coverage-mapping -profile-generate -enable-testing -suppress-warnings -index-store-path /Users/admin/builder/spi-builder-workspace/.derivedData/Index.noindex/DataStore -Xcc -D_LIBCPP_HARDENING_MODE\=_LIBCPP_HARDENING_MODE_DEBUG -swift-version 5 -I /Users/admin/builder/spi-builder-workspace/.derivedData/Build/Products/Debug-appletvos -Isystem /Applications/Xcode-27.0.0-Release.Candidate.app/Contents/Developer/Platforms/AppleTVOS.platform/Developer/usr/lib -F /Users/admin/builder/spi-builder-workspace/.derivedData/Build/Products/Debug-appletvos/PackageFrameworks -F /Users/admin/builder/spi-builder-workspace/.derivedData/Build/Products/Debug-appletvos -F /Applications/Xcode-27.0.0-Release.Candidate.app/Contents/Developer/Platforms/AppleTVOS.platform/Developer/Library/Frameworks -F /Applications/Xcode-27.0.0-Release.Candidate.app/Contents/Developer/Platforms/AppleTVOS.platform/Developer/SDKs/AppleTVOS27.0.sdk/Developer/Library/Frameworks -c -j10 -enable-batch-mode -incremental -Xcc -ivfsstatcache -Xcc /Users/admin/builder/spi-builder-workspace/.derivedData/SDKStatCaches.noindex/appletvos27.0-24J360-e829b21a6f8c9b70876ba0858053c044b32bfd8d43560033f8d89884cdb90028.sdkstatcache -output-file-map /Users/admin/builder/spi-builder-workspace/.derivedData/Build/Intermediates.noindex/Noora.build/Debug-appletvos/Noora-t.build/Objects-normal/arm64/Noora-OutputFileMap.json -save-temps -no-color-diagnostics -explicit-module-build -module-cache-path /Users/admin/builder/spi-builder-workspace/.derivedData/Build/Intermediates.noindex/SwiftExplicitPrecompiledModules -clang-scanner-module-cache-path /Users/admin/builder/spi-builder-workspace/.derivedData/ModuleCache.noindex -sdk-module-cache-path /Users/admin/builder/spi-builder-workspace/.derivedData/SDKExplicitPrecompiledModules -emit-dependencies -emit-module -emit-module-path /Users/admin/builder/spi-builder-workspace/.derivedData/Build/Intermediates.noindex/Noora.build/Debug-appletvos/Noora-t.build/Objects-normal/arm64/Noora.swiftmodule -serialize-diagnostics -dependency-scan-serialize-diagnostics-path /Users/admin/builder/spi-builder-workspace/.derivedData/Build/Intermediates.noindex/Noora.build/Debug-appletvos/Noora-t.build/Objects-normal/arm64/Noora-dependency-scan.dia -validate-clang-modules-once -clang-build-session-file /Users/admin/builder/spi-builder-workspace/.derivedData/ModuleCache.noindex/Session.modulevalidation -Xcc -fmodules-prune-interval\=86400 -Xcc -fmodules-prune-after\=345600 -emit-const-values -const-gather-protocols-list /Users/admin/builder/spi-builder-workspace/.derivedData/Build/Intermediates.noindex/Noora.build/Debug-appletvos/Noora-t.build/Objects-normal/arm64/Noora_const_extract_protocols.json -Xcc -I/Users/admin/builder/spi-builder-workspace/.derivedData/Build/Products/Debug-appletvos/include -Xcc -I/Users/admin/builder/spi-builder-workspace/.derivedData/Build/Intermediates.noindex/Noora.build/Debug-appletvos/Noora-t.build/DerivedSources-normal/arm64 -Xcc -I/Users/admin/builder/spi-builder-workspace/.derivedData/Build/Intermediates.noindex/Noora.build/Debug-appletvos/Noora-t.build/DerivedSources/arm64 -Xcc -I/Users/admin/builder/spi-builder-workspace/.derivedData/Build/Intermediates.noindex/Noora.build/Debug-appletvos/Noora-t.build/DerivedSources -Xcc -DSWIFT_PACKAGE -Xcc -DDEBUG\=1 -emit-objc-header -emit-objc-header-path /Users/admin/builder/spi-builder-workspace/.derivedData/Build/Intermediates.noindex/Noora.build/Debug-appletvos/Noora-t.build/Objects-normal/arm64/Noora-Swift.h -working-directory /Users/admin/builder/spi-builder-workspace/.swiftpm/xcode -experimental-emit-module-separately -disable-cmo
SwiftDriverJobDiscovery normal arm64 Compiling StandardPipelines.swift, Terminal.swift, TerminalText+DisplayWidth.swift, TerminalText.swift (in target 'Noora' from project 'Noora')
SwiftCompile normal arm64 Compiling\ TextPrompt.swift,\ YesOrNoChoicePrompt.swift,\ Content.swift,\ Stack.swift /Users/admin/builder/spi-builder-workspace/.dependencies/checkouts/Noora/cli/Sources/Noora/Components/TextPrompt.swift /Users/admin/builder/spi-builder-workspace/.dependencies/checkouts/Noora/cli/Sources/Noora/Components/YesOrNoChoicePrompt.swift /Users/admin/builder/spi-builder-workspace/.dependencies/checkouts/Noora/cli/Sources/Noora/Content.swift /Users/admin/builder/spi-builder-workspace/.dependencies/checkouts/Noora/cli/Sources/Noora/DataStructures/Stack.swift (in target 'Noora' from project 'Noora')
SwiftCompile normal arm64 /Users/admin/builder/spi-builder-workspace/.dependencies/checkouts/Noora/cli/Sources/Noora/Components/TextPrompt.swift (in target 'Noora' from project 'Noora')
    cd /Users/admin/builder/spi-builder-workspace/.swiftpm/xcode
    builtin-SwiftPerFileCompile TextPrompt.swift
SwiftCompile normal arm64 /Users/admin/builder/spi-builder-workspace/.dependencies/checkouts/Noora/cli/Sources/Noora/Components/YesOrNoChoicePrompt.swift (in target 'Noora' from project 'Noora')
    cd /Users/admin/builder/spi-builder-workspace/.swiftpm/xcode
    builtin-SwiftPerFileCompile YesOrNoChoicePrompt.swift
SwiftCompile normal arm64 /Users/admin/builder/spi-builder-workspace/.dependencies/checkouts/Noora/cli/Sources/Noora/Content.swift (in target 'Noora' from project 'Noora')
    cd /Users/admin/builder/spi-builder-workspace/.swiftpm/xcode
    builtin-SwiftPerFileCompile Content.swift
SwiftCompile normal arm64 /Users/admin/builder/spi-builder-workspace/.dependencies/checkouts/Noora/cli/Sources/Noora/DataStructures/Stack.swift (in target 'Noora' from project 'Noora')
    cd /Users/admin/builder/spi-builder-workspace/.swiftpm/xcode
    builtin-SwiftPerFileCompile Stack.swift
SwiftMergeGeneratedHeaders /Users/admin/builder/spi-builder-workspace/.derivedData/Build/Intermediates.noindex/GeneratedModuleMaps-appletvos/Noora-Swift.h /Users/admin/builder/spi-builder-workspace/.derivedData/Build/Intermediates.noindex/Noora.build/Debug-appletvos/Noora-t.build/Objects-normal/arm64/Noora-Swift.h (in target 'Noora' from project 'Noora')
    cd /Users/admin/builder/spi-builder-workspace/.dependencies/checkouts/Noora
    builtin-swiftHeaderTool -arch arm64 /Users/admin/builder/spi-builder-workspace/.derivedData/Build/Intermediates.noindex/Noora.build/Debug-appletvos/Noora-t.build/Objects-normal/arm64/Noora-Swift.h -o /Users/admin/builder/spi-builder-workspace/.derivedData/Build/Intermediates.noindex/GeneratedModuleMaps-appletvos/Noora-Swift.h
PruneExplicitPrecompiledModules /Users/admin/builder/spi-builder-workspace/.derivedData/Build/Intermediates.noindex/SwiftExplicitPrecompiledModules
PruneExplicitPrecompiledModules /Users/admin/builder/spi-builder-workspace/.derivedData/SDKExplicitPrecompiledModules
PruneExplicitPrecompiledModules /Users/admin/builder/spi-builder-workspace/.derivedData/Build/Intermediates.noindex/ExplicitPrecompiledModules
2026-09-23 22:27:30.063 xcodebuild[1395:7885] [MT] IDERunDestination: Supported platforms for the buildables in the current scheme is empty.
** BUILD FAILED **
The following build commands failed:
	SwiftCompile normal arm64 Compiling\ LengthValidationRule.swift,\ NonEmptyValidationRule.swift,\ RegexValidationRule.swift,\ Validator.swift /Users/admin/builder/spi-builder-workspace/.dependencies/checkouts/Noora/cli/Sources/Noora/Validator/Rules/LengthValidationRule.swift /Users/admin/builder/spi-builder-workspace/.dependencies/checkouts/Noora/cli/Sources/Noora/Validator/Rules/NonEmptyValidationRule.swift /Users/admin/builder/spi-builder-workspace/.dependencies/checkouts/Noora/cli/Sources/Noora/Validator/Rules/RegexValidationRule.swift /Users/admin/builder/spi-builder-workspace/.dependencies/checkouts/Noora/cli/Sources/Noora/Validator/Validator.swift (in target 'Noora' from project 'Noora')
	SwiftCompile normal arm64 /Users/admin/builder/spi-builder-workspace/.dependencies/checkouts/Noora/cli/Sources/Noora/Validator/Rules/RegexValidationRule.swift (in target 'Noora' from project 'Noora')
	Building workspace arc with scheme arc-Package
(3 failures)
Command line invocation:
    /Applications/Xcode-27.0.0-Release.Candidate.app/Contents/Developer/usr/bin/xcodebuild -IDEClonedSourcePackagesDirPathOverride=/Users/admin/builder/spi-builder-workspace/.dependencies -resolvePackageDependencies
Resolve Package Graph
Resolved source packages:
  SwiftDocCPlugin: https://github.com/swiftlang/swift-docc-plugin @ 1.5.0
  swift-log: https://github.com/apple/swift-log.git @ 1.15.1
  Noora: https://github.com/tuist/Noora.git @ 0.57.1
  swift-system: https://github.com/apple/swift-system.git @ 1.8.1
  arc: /Users/admin/builder/spi-builder-workspace
  Rainbow: https://github.com/onevcat/Rainbow @ 4.2.2
  swift-argument-parser: https://github.com/apple/swift-argument-parser.git @ 1.8.2
  swift-atomics: https://github.com/apple/swift-atomics.git @ 1.3.1
  swift-syntax: https://github.com/swiftlang/swift-syntax.git @ 600.0.1
  SymbolKit: https://github.com/swiftlang/swift-docc-symbolkit @ 1.0.0
  Path: https://github.com/tuist/path @ 0.3.8
  swift-collections: https://github.com/apple/swift-collections.git @ 1.7.0
  swift-nio: https://github.com/apple/swift-nio.git @ 2.103.0
  swift-testing: https://github.com/swiftlang/swift-testing @ 0.99.0
resolved source packages: SwiftDocCPlugin, swift-log, Noora, swift-system, arc, Rainbow, swift-argument-parser, swift-atomics, swift-syntax, SymbolKit, Path, swift-collections, swift-nio, swift-testing
2026-09-23 22:27:57.271 xcodebuild[1906:10583] [MT] IDERunDestination: Supported platforms for the buildables in the current scheme is empty.
{
  "dependencies" : [
    {
      "identity" : "swift-argument-parser",
      "requirement" : {
        "range" : [
          {
            "lower_bound" : "1.3.0",
            "upper_bound" : "2.0.0"
          }
        ]
      },
      "type" : "sourceControl",
      "url" : "https://github.com/apple/swift-argument-parser.git"
    },
    {
      "identity" : "swift-log",
      "requirement" : {
        "range" : [
          {
            "lower_bound" : "1.5.0",
            "upper_bound" : "2.0.0"
          }
        ]
      },
      "type" : "sourceControl",
      "url" : "https://github.com/apple/swift-log.git"
    },
    {
      "identity" : "noora",
      "requirement" : {
        "range" : [
          {
            "lower_bound" : "0.15.0",
            "upper_bound" : "1.0.0"
          }
        ]
      },
      "type" : "sourceControl",
      "url" : "https://github.com/tuist/Noora.git"
    },
    {
      "identity" : "swift-docc-plugin",
      "requirement" : {
        "range" : [
          {
            "lower_bound" : "1.4.3",
            "upper_bound" : "2.0.0"
          }
        ]
      },
      "type" : "sourceControl",
      "url" : "https://github.com/swiftlang/swift-docc-plugin"
    },
    {
      "identity" : "swift-testing",
      "requirement" : {
        "range" : [
          {
            "lower_bound" : "0.11.0",
            "upper_bound" : "1.0.0"
          }
        ]
      },
      "type" : "sourceControl",
      "url" : "https://github.com/swiftlang/swift-testing"
    },
    {
      "identity" : "swift-nio",
      "requirement" : {
        "range" : [
          {
            "lower_bound" : "2.87.0",
            "upper_bound" : "3.0.0"
          }
        ]
      },
      "type" : "sourceControl",
      "url" : "https://github.com/apple/swift-nio.git"
    }
  ],
  "manifest_display_name" : "arc",
  "name" : "arc",
  "path" : "/Users/admin/builder/spi-builder-workspace",
  "platforms" : [
    {
      "name" : "macos",
      "version" : "15.0"
    }
  ],
  "products" : [
    {
      "name" : "arc",
      "targets" : [
        "Arc"
      ],
      "type" : {
        "executable" : null
      }
    },
    {
      "name" : "ArcDescription",
      "targets" : [
        "ArcDescription"
      ],
      "type" : {
        "library" : [
          "static"
        ]
      }
    },
    {
      "name" : "ArcCore",
      "targets" : [
        "ArcCore"
      ],
      "type" : {
        "library" : [
          "automatic"
        ]
      }
    },
    {
      "name" : "ArcServer",
      "targets" : [
        "ArcServer"
      ],
      "type" : {
        "library" : [
          "automatic"
        ]
      }
    }
  ],
  "targets" : [
    {
      "c99name" : "ArcServerTests",
      "module_type" : "SwiftTarget",
      "name" : "ArcServerTests",
      "path" : "Tests/ArcServerTests",
      "product_dependencies" : [
        "Testing"
      ],
      "sources" : [
        "CloudflaredConfigSupportTests.swift",
        "HTTPParserTests.swift",
        "HTTPResponseTests.swift"
      ],
      "target_dependencies" : [
        "ArcServer",
        "ArcCore"
      ],
      "type" : "test"
    },
    {
      "c99name" : "ArcServer",
      "module_type" : "SwiftTarget",
      "name" : "ArcServer",
      "path" : "Sources/ArcServer",
      "product_dependencies" : [
        "Noora",
        "NIO",
        "NIOPosix",
        "NIOHTTP1"
      ],
      "product_memberships" : [
        "arc",
        "ArcServer"
      ],
      "sources" : [
        "CloudflaredConfigSupport.swift",
        "HTTPParser.swift",
        "HTTPRequest.swift",
        "HTTPResponse.swift",
        "HTTPServer.swift",
        "ProxyHandler.swift",
        "RequestLogger.swift",
        "SharedState.swift",
        "StaticFileHandler.swift"
      ],
      "target_dependencies" : [
        "ArcCore"
      ],
      "type" : "library"
    },
    {
      "c99name" : "ArcIntegrationTests",
      "module_type" : "SwiftTarget",
      "name" : "ArcIntegrationTests",
      "path" : "Tests/ArcIntegrationTests",
      "product_dependencies" : [
        "Testing"
      ],
      "sources" : [
        "ArcConfigIntegrationTests.swift",
        "HTTPIntegrationTests.swift",
        "StaticFileHandlerTests.swift"
      ],
      "target_dependencies" : [
        "ArcCore",
        "ArcServer"
      ],
      "type" : "test"
    },
    {
      "c99name" : "ArcDescription",
      "module_type" : "SwiftTarget",
      "name" : "ArcDescription",
      "path" : "Sources/ArcDescription",
      "product_memberships" : [
        "arc",
        "ArcDescription",
        "ArcCore",
        "ArcServer"
      ],
      "sources" : [
        "ArcDescription.swift"
      ],
      "type" : "library"
    },
    {
      "c99name" : "ArcCoreTests",
      "module_type" : "SwiftTarget",
      "name" : "ArcCoreTests",
      "path" : "Tests/ArcCoreTests",
      "product_dependencies" : [
        "Testing"
      ],
      "sources" : [
        "ArcConfigTests.swift",
        "ArcManifestTests.swift",
        "FileWatcherTests.swift",
        "ProcessNameGeneratorTests.swift",
        "ServiceDetectorTests.swift"
      ],
      "target_dependencies" : [
        "ArcCore"
      ],
      "type" : "test"
    },
    {
      "c99name" : "ArcCore",
      "module_type" : "SwiftTarget",
      "name" : "ArcCore",
      "path" : "Sources/ArcCore",
      "product_dependencies" : [
        "Logging",
        "Noora"
      ],
      "product_memberships" : [
        "arc",
        "ArcCore",
        "ArcServer"
      ],
      "sources" : [
        "ArcConfig+Loading.swift",
        "ArcConfig.swift",
        "ArcManifestLoader.swift",
        "FileWatcher.swift",
        "HealthMonitor.swift",
        "Logging.swift",
        "ProcessDescriptor.swift",
        "ProcessNameGenerator.swift",
        "ServerProcessManager.swift",
        "ServiceDetector.swift"
      ],
      "target_dependencies" : [
        "ArcDescription"
      ],
      "type" : "library"
    },
    {
      "c99name" : "ArcCLITests",
      "module_type" : "SwiftTarget",
      "name" : "ArcCLITests",
      "path" : "Tests/ArcCLITests",
      "product_dependencies" : [
        "Testing"
      ],
      "sources" : [
        "StartCommandTests.swift"
      ],
      "target_dependencies" : [
        "ArcCLI"
      ],
      "type" : "test"
    },
    {
      "c99name" : "ArcCLI",
      "module_type" : "SwiftTarget",
      "name" : "ArcCLI",
      "path" : "Sources/ArcCLI",
      "product_dependencies" : [
        "ArgumentParser",
        "Noora"
      ],
      "product_memberships" : [
        "arc"
      ],
      "resources" : [
        {
          "path" : "/Users/admin/builder/spi-builder-workspace/Sources/ArcCLI/Resources/Arc.swift.template",
          "rule" : {
            "process" : {
            }
          }
        },
        {
          "path" : "/Users/admin/builder/spi-builder-workspace/Sources/ArcCLI/Resources/README.md.template",
          "rule" : {
            "process" : {
            }
          }
        },
        {
          "path" : "/Users/admin/builder/spi-builder-workspace/Sources/ArcCLI/Resources/example-api-APIController.swift.template",
          "rule" : {
            "process" : {
            }
          }
        },
        {
          "path" : "/Users/admin/builder/spi-builder-workspace/Sources/ArcCLI/Resources/example-api-Application.swift.template",
          "rule" : {
            "process" : {
            }
          }
        },
        {
          "path" : "/Users/admin/builder/spi-builder-workspace/Sources/ArcCLI/Resources/example-api-ExamplePage.swift.template",
          "rule" : {
            "process" : {
            }
          }
        },
        {
          "path" : "/Users/admin/builder/spi-builder-workspace/Sources/ArcCLI/Resources/example-api-HTMLResponse.swift.template",
          "rule" : {
            "process" : {
            }
          }
        },
        {
          "path" : "/Users/admin/builder/spi-builder-workspace/Sources/ArcCLI/Resources/example-api-Package.swift.template",
          "rule" : {
            "process" : {
            }
          }
        },
        {
          "path" : "/Users/admin/builder/spi-builder-workspace/Sources/ArcCLI/Resources/example-api-WebController.swift.template",
          "rule" : {
            "process" : {
            }
          }
        },
        {
          "path" : "/Users/admin/builder/spi-builder-workspace/Sources/ArcCLI/Resources/example-api-main.swift.template",
          "rule" : {
            "process" : {
            }
          }
        },
        {
          "path" : "/Users/admin/builder/spi-builder-workspace/Sources/ArcCLI/Resources/example-site-Application.swift.template",
          "rule" : {
            "process" : {
            }
          }
        },
        {
          "path" : "/Users/admin/builder/spi-builder-workspace/Sources/ArcCLI/Resources/example-site-Home.swift.template",
          "rule" : {
            "process" : {
            }
          }
        },
        {
          "path" : "/Users/admin/builder/spi-builder-workspace/Sources/ArcCLI/Resources/example-site-Package.swift.template",
          "rule" : {
            "process" : {
            }
          }
        }
      ],
      "sources" : [
        "ArcRootCommand.swift",
        "Commands/DoctorCommand.swift",
        "Commands/InitializeCommand.swift",
        "Commands/LogsCommand.swift",
        "Commands/MetricsCommand.swift",
        "Commands/StartCommand.swift",
        "Commands/StatusCommand.swift",
        "Commands/StopCommand.swift",
        "KeepAwakeSession.swift"
      ],
      "target_dependencies" : [
        "ArcCore",
        "ArcServer"
      ],
      "type" : "library"
    },
    {
      "c99name" : "Arc",
      "module_type" : "SwiftTarget",
      "name" : "Arc",
      "path" : "Sources/Arc",
      "product_memberships" : [
        "arc"
      ],
      "sources" : [
        "main.swift"
      ],
      "target_dependencies" : [
        "ArcCLI"
      ],
      "type" : "executable"
    }
  ],
  "tools_version" : "6.2"
}
{
  "workspace" : {
    "name" : "arc",
    "schemes" : [
      "arc",
      "arc-Package",
      "ArcCore",
      "ArcDescription",
      "ArcServer",
      "Testing"
    ]
  }
}
2026-09-23 22:28:06.494 xcodebuild[1973:11020] [MT] IDERunDestination: Supported platforms for the buildables in the current scheme is empty.
Running build ...
env DEVELOPER_DIR=/Applications/Xcode-27.0.0-Release.Candidate.app xcrun xcodebuild -IDEClonedSourcePackagesDirPathOverride=$PWD/.dependencies -skipMacroValidation -skipPackagePluginValidation -derivedDataPath $PWD/.derivedData build -scheme arc-Package -destination generic/platform=tvOS
Command line invocation:
    /Applications/Xcode-27.0.0-Release.Candidate.app/Contents/Developer/usr/bin/xcodebuild -IDEClonedSourcePackagesDirPathOverride=/Users/admin/builder/spi-builder-workspace/.dependencies -skipMacroValidation -skipPackagePluginValidation -derivedDataPath /Users/admin/builder/spi-builder-workspace/.derivedData build -scheme arc-Package -destination generic/platform=tvOS
Resolve Package Graph
Resolved source packages:
  swift-log: https://github.com/apple/swift-log.git @ 1.15.1
  swift-syntax: https://github.com/swiftlang/swift-syntax.git @ 600.0.1
  swift-testing: https://github.com/swiftlang/swift-testing @ 0.99.0
  SymbolKit: https://github.com/swiftlang/swift-docc-symbolkit @ 1.0.0
  Path: https://github.com/tuist/path @ 0.3.8
  swift-nio: https://github.com/apple/swift-nio.git @ 2.103.0
  Noora: https://github.com/tuist/Noora.git @ 0.57.1
  arc: /Users/admin/builder/spi-builder-workspace
  SwiftDocCPlugin: https://github.com/swiftlang/swift-docc-plugin @ 1.5.0
  swift-argument-parser: https://github.com/apple/swift-argument-parser.git @ 1.8.2
  swift-collections: https://github.com/apple/swift-collections.git @ 1.7.0
  swift-atomics: https://github.com/apple/swift-atomics.git @ 1.3.1
  Rainbow: https://github.com/onevcat/Rainbow @ 4.2.2
  swift-system: https://github.com/apple/swift-system.git @ 1.8.1
ComputePackagePrebuildTargetDependencyGraph
Prepare packages
CreateBuildRequest
SendProjectDescription
CreateBuildOperation
ComputeTargetDependencyGraph
note: Building targets in dependency order
note: Target dependency graph (48 targets)
    Target 'arc-product' in project 'arc'
        ➜ Explicit dependency on target 'ArcDescription' in project 'arc'
        ➜ Explicit dependency on target 'ArcCore' in project 'arc'
        ➜ Explicit dependency on target 'ArcServer' in project 'arc'
        ➜ Explicit dependency on target 'ArcCLI' in project 'arc'
        ➜ Explicit dependency on target 'Logging-product' in project 'swift-log'
        ➜ Explicit dependency on target 'Noora-product' in project 'Noora'
        ➜ Explicit dependency on target 'NIO-product' in project 'swift-nio'
        ➜ Explicit dependency on target 'NIOPosix-product' in project 'swift-nio'
        ➜ Explicit dependency on target 'NIOHTTP1-product' in project 'swift-nio'
        ➜ Explicit dependency on target 'ArgumentParser-product' in project 'swift-argument-parser'
    Target 'ArcCLI' in project 'arc'
        ➜ Explicit dependency on target 'arc_ArcCLI' in project 'arc'
        ➜ Explicit dependency on target 'ArcDescription' in project 'arc'
        ➜ Explicit dependency on target 'ArcCore' in project 'arc'
        ➜ Explicit dependency on target 'ArcServer' in project 'arc'
        ➜ Explicit dependency on target 'Logging-product' in project 'swift-log'
        ➜ Explicit dependency on target 'Noora-product' in project 'Noora'
        ➜ Explicit dependency on target 'NIO-product' in project 'swift-nio'
        ➜ Explicit dependency on target 'NIOPosix-product' in project 'swift-nio'
        ➜ Explicit dependency on target 'NIOHTTP1-product' in project 'swift-nio'
        ➜ Explicit dependency on target 'ArgumentParser-product' in project 'swift-argument-parser'
    Target 'ArgumentParser-product' in project 'swift-argument-parser'
        ➜ Explicit dependency on target 'ArgumentParser' in project 'swift-argument-parser'
        ➜ Explicit dependency on target 'ArgumentParserToolInfo' in project 'swift-argument-parser'
    Target 'ArgumentParser' in project 'swift-argument-parser'
        ➜ Explicit dependency on target 'ArgumentParserToolInfo' in project 'swift-argument-parser'
    Target 'ArgumentParserToolInfo' in project 'swift-argument-parser' (no dependencies)
    Target 'arc_ArcCLI' in project 'arc' (no dependencies)
    Target 'ArcServer-product' in project 'arc'
        ➜ Explicit dependency on target 'ArcServer' in project 'arc'
        ➜ Explicit dependency on target 'ArcDescription' in project 'arc'
        ➜ Explicit dependency on target 'ArcCore' in project 'arc'
        ➜ Explicit dependency on target 'Logging-product' in project 'swift-log'
        ➜ Explicit dependency on target 'Noora-product' in project 'Noora'
        ➜ Explicit dependency on target 'NIO-product' in project 'swift-nio'
        ➜ Explicit dependency on target 'NIOPosix-product' in project 'swift-nio'
        ➜ Explicit dependency on target 'NIOHTTP1-product' in project 'swift-nio'
    Target 'ArcServer' in project 'arc'
        ➜ Explicit dependency on target 'ArcDescription' in project 'arc'
        ➜ Explicit dependency on target 'ArcCore' in project 'arc'
        ➜ Explicit dependency on target 'Logging-product' in project 'swift-log'
        ➜ Explicit dependency on target 'Noora-product' in project 'Noora'
        ➜ Explicit dependency on target 'NIO-product' in project 'swift-nio'
        ➜ Explicit dependency on target 'NIOPosix-product' in project 'swift-nio'
        ➜ Explicit dependency on target 'NIOHTTP1-product' in project 'swift-nio'
    Target 'NIOHTTP1-product' in project 'swift-nio'
        ➜ Explicit dependency on target 'NIOHTTP1' in project 'swift-nio'
        ➜ Explicit dependency on target 'CNIOAtomics' in project 'swift-nio'
        ➜ Explicit dependency on target 'NIOConcurrencyHelpers' in project 'swift-nio'
        ➜ Explicit dependency on target '_NIOBase64' in project 'swift-nio'
        ➜ Explicit dependency on target 'CNIOOpenBSD' in project 'swift-nio'
        ➜ Explicit dependency on target 'CNIOFreeBSD' in project 'swift-nio'
        ➜ Explicit dependency on target 'CNIODarwin' in project 'swift-nio'
        ➜ Explicit dependency on target 'CNIOLinux' in project 'swift-nio'
        ➜ Explicit dependency on target 'CNIOWindows' in project 'swift-nio'
        ➜ Explicit dependency on target 'CNIOWASI' in project 'swift-nio'
        ➜ Explicit dependency on target '_NIODataStructures' in project 'swift-nio'
        ➜ Explicit dependency on target 'NIOCore' in project 'swift-nio'
        ➜ Explicit dependency on target 'NIOEmbedded' in project 'swift-nio'
        ➜ Explicit dependency on target 'CNIOPosix' in project 'swift-nio'
        ➜ Explicit dependency on target 'NIOPosix' in project 'swift-nio'
        ➜ Explicit dependency on target 'NIO' in project 'swift-nio'
        ➜ Explicit dependency on target 'CNIOLLHTTP' in project 'swift-nio'
        ➜ Explicit dependency on target 'DequeModule-product' in project 'swift-collections'
        ➜ Explicit dependency on target 'Atomics-product' in project 'swift-atomics'
    Target 'NIOHTTP1' in project 'swift-nio'
        ➜ Explicit dependency on target 'CNIOAtomics' in project 'swift-nio'
        ➜ Explicit dependency on target 'NIOConcurrencyHelpers' in project 'swift-nio'
        ➜ Explicit dependency on target '_NIOBase64' in project 'swift-nio'
        ➜ Explicit dependency on target 'CNIOOpenBSD' in project 'swift-nio'
        ➜ Explicit dependency on target 'CNIOFreeBSD' in project 'swift-nio'
        ➜ Explicit dependency on target 'CNIODarwin' in project 'swift-nio'
        ➜ Explicit dependency on target 'CNIOLinux' in project 'swift-nio'
        ➜ Explicit dependency on target 'CNIOWindows' in project 'swift-nio'
        ➜ Explicit dependency on target 'CNIOWASI' in project 'swift-nio'
        ➜ Explicit dependency on target '_NIODataStructures' in project 'swift-nio'
        ➜ Explicit dependency on target 'NIOCore' in project 'swift-nio'
        ➜ Explicit dependency on target 'NIOEmbedded' in project 'swift-nio'
        ➜ Explicit dependency on target 'CNIOPosix' in project 'swift-nio'
        ➜ Explicit dependency on target 'NIOPosix' in project 'swift-nio'
        ➜ Explicit dependency on target 'NIO' in project 'swift-nio'
        ➜ Explicit dependency on target 'CNIOLLHTTP' in project 'swift-nio'
        ➜ Explicit dependency on target 'DequeModule-product' in project 'swift-collections'
        ➜ Explicit dependency on target 'Atomics-product' in project 'swift-atomics'
    Target 'CNIOLLHTTP' in project 'swift-nio' (no dependencies)
    Target 'NIOPosix-product' in project 'swift-nio'
        ➜ Explicit dependency on target 'NIOPosix' in project 'swift-nio'
        ➜ Explicit dependency on target 'swift-nio_NIOPosix' in project 'swift-nio'
        ➜ Explicit dependency on target 'CNIOOpenBSD' in project 'swift-nio'
        ➜ Explicit dependency on target 'CNIOLinux' in project 'swift-nio'
        ➜ Explicit dependency on target 'CNIODarwin' in project 'swift-nio'
        ➜ Explicit dependency on target 'CNIOWindows' in project 'swift-nio'
        ➜ Explicit dependency on target 'CNIOAtomics' in project 'swift-nio'
        ➜ Explicit dependency on target 'NIOConcurrencyHelpers' in project 'swift-nio'
        ➜ Explicit dependency on target '_NIOBase64' in project 'swift-nio'
        ➜ Explicit dependency on target 'CNIOFreeBSD' in project 'swift-nio'
        ➜ Explicit dependency on target 'CNIOWASI' in project 'swift-nio'
        ➜ Explicit dependency on target '_NIODataStructures' in project 'swift-nio'
        ➜ Explicit dependency on target 'NIOCore' in project 'swift-nio'
        ➜ Explicit dependency on target 'CNIOPosix' in project 'swift-nio'
        ➜ Explicit dependency on target 'DequeModule-product' in project 'swift-collections'
        ➜ Explicit dependency on target 'Atomics-product' in project 'swift-atomics'
    Target 'NIO-product' in project 'swift-nio'
        ➜ Explicit dependency on target 'NIO' in project 'swift-nio'
        ➜ Explicit dependency on target 'CNIOAtomics' in project 'swift-nio'
        ➜ Explicit dependency on target 'NIOConcurrencyHelpers' in project 'swift-nio'
        ➜ Explicit dependency on target '_NIOBase64' in project 'swift-nio'
        ➜ Explicit dependency on target 'CNIOOpenBSD' in project 'swift-nio'
        ➜ Explicit dependency on target 'CNIOFreeBSD' in project 'swift-nio'
        ➜ Explicit dependency on target 'CNIODarwin' in project 'swift-nio'
        ➜ Explicit dependency on target 'CNIOLinux' in project 'swift-nio'
        ➜ Explicit dependency on target 'CNIOWindows' in project 'swift-nio'
        ➜ Explicit dependency on target 'CNIOWASI' in project 'swift-nio'
        ➜ Explicit dependency on target '_NIODataStructures' in project 'swift-nio'
        ➜ Explicit dependency on target 'NIOCore' in project 'swift-nio'
        ➜ Explicit dependency on target 'NIOEmbedded' in project 'swift-nio'
        ➜ Explicit dependency on target 'CNIOPosix' in project 'swift-nio'
        ➜ Explicit dependency on target 'NIOPosix' in project 'swift-nio'
        ➜ Explicit dependency on target 'DequeModule-product' in project 'swift-collections'
        ➜ Explicit dependency on target 'Atomics-product' in project 'swift-atomics'
    Target 'NIO' in project 'swift-nio'
        ➜ Explicit dependency on target 'CNIOAtomics' in project 'swift-nio'
        ➜ Explicit dependency on target 'NIOConcurrencyHelpers' in project 'swift-nio'
        ➜ Explicit dependency on target '_NIOBase64' in project 'swift-nio'
        ➜ Explicit dependency on target 'CNIOOpenBSD' in project 'swift-nio'
        ➜ Explicit dependency on target 'CNIOFreeBSD' in project 'swift-nio'
        ➜ Explicit dependency on target 'CNIODarwin' in project 'swift-nio'
        ➜ Explicit dependency on target 'CNIOLinux' in project 'swift-nio'
        ➜ Explicit dependency on target 'CNIOWindows' in project 'swift-nio'
        ➜ Explicit dependency on target 'CNIOWASI' in project 'swift-nio'
        ➜ Explicit dependency on target '_NIODataStructures' in project 'swift-nio'
        ➜ Explicit dependency on target 'NIOCore' in project 'swift-nio'
        ➜ Explicit dependency on target 'NIOEmbedded' in project 'swift-nio'
        ➜ Explicit dependency on target 'CNIOPosix' in project 'swift-nio'
        ➜ Explicit dependency on target 'NIOPosix' in project 'swift-nio'
        ➜ Explicit dependency on target 'DequeModule-product' in project 'swift-collections'
        ➜ Explicit dependency on target 'Atomics-product' in project 'swift-atomics'
    Target 'NIOPosix' in project 'swift-nio'
        ➜ Explicit dependency on target 'swift-nio_NIOPosix' in project 'swift-nio'
        ➜ Explicit dependency on target 'CNIOOpenBSD' in project 'swift-nio'
        ➜ Explicit dependency on target 'CNIOLinux' in project 'swift-nio'
        ➜ Explicit dependency on target 'CNIODarwin' in project 'swift-nio'
        ➜ Explicit dependency on target 'CNIOWindows' in project 'swift-nio'
        ➜ Explicit dependency on target 'CNIOAtomics' in project 'swift-nio'
        ➜ Explicit dependency on target 'NIOConcurrencyHelpers' in project 'swift-nio'
        ➜ Explicit dependency on target '_NIOBase64' in project 'swift-nio'
        ➜ Explicit dependency on target 'CNIOFreeBSD' in project 'swift-nio'
        ➜ Explicit dependency on target 'CNIOWASI' in project 'swift-nio'
        ➜ Explicit dependency on target '_NIODataStructures' in project 'swift-nio'
        ➜ Explicit dependency on target 'NIOCore' in project 'swift-nio'
        ➜ Explicit dependency on target 'CNIOPosix' in project 'swift-nio'
        ➜ Explicit dependency on target 'DequeModule-product' in project 'swift-collections'
        ➜ Explicit dependency on target 'Atomics-product' in project 'swift-atomics'
    Target 'swift-nio_NIOPosix' in project 'swift-nio' (no dependencies)
    Target 'CNIOPosix' in project 'swift-nio' (no dependencies)
    Target 'NIOEmbedded' in project 'swift-nio'
        ➜ Explicit dependency on target 'CNIOAtomics' in project 'swift-nio'
        ➜ Explicit dependency on target 'NIOConcurrencyHelpers' in project 'swift-nio'
        ➜ Explicit dependency on target '_NIOBase64' in project 'swift-nio'
        ➜ Explicit dependency on target 'CNIOOpenBSD' in project 'swift-nio'
        ➜ Explicit dependency on target 'CNIOFreeBSD' in project 'swift-nio'
        ➜ Explicit dependency on target 'CNIODarwin' in project 'swift-nio'
        ➜ Explicit dependency on target 'CNIOLinux' in project 'swift-nio'
        ➜ Explicit dependency on target 'CNIOWindows' in project 'swift-nio'
        ➜ Explicit dependency on target 'CNIOWASI' in project 'swift-nio'
        ➜ Explicit dependency on target '_NIODataStructures' in project 'swift-nio'
        ➜ Explicit dependency on target 'NIOCore' in project 'swift-nio'
        ➜ Explicit dependency on target 'DequeModule-product' in project 'swift-collections'
        ➜ Explicit dependency on target 'Atomics-product' in project 'swift-atomics'
    Target 'NIOCore' in project 'swift-nio'
        ➜ Explicit dependency on target 'CNIOAtomics' in project 'swift-nio'
        ➜ Explicit dependency on target 'NIOConcurrencyHelpers' in project 'swift-nio'
        ➜ Explicit dependency on target '_NIOBase64' in project 'swift-nio'
        ➜ Explicit dependency on target 'CNIOOpenBSD' in project 'swift-nio'
        ➜ Explicit dependency on target 'CNIOFreeBSD' in project 'swift-nio'
        ➜ Explicit dependency on target 'CNIODarwin' in project 'swift-nio'
        ➜ Explicit dependency on target 'CNIOLinux' in project 'swift-nio'
        ➜ Explicit dependency on target 'CNIOWindows' in project 'swift-nio'
        ➜ Explicit dependency on target 'CNIOWASI' in project 'swift-nio'
        ➜ Explicit dependency on target '_NIODataStructures' in project 'swift-nio'
        ➜ Explicit dependency on target 'DequeModule-product' in project 'swift-collections'
        ➜ Explicit dependency on target 'Atomics-product' in project 'swift-atomics'
    Target 'Atomics-product' in project 'swift-atomics'
        ➜ Explicit dependency on target 'Atomics' in project 'swift-atomics'
        ➜ Explicit dependency on target '_AtomicsShims' in project 'swift-atomics'
    Target 'Atomics' in project 'swift-atomics'
        ➜ Explicit dependency on target '_AtomicsShims' in project 'swift-atomics'
    Target '_AtomicsShims' in project 'swift-atomics' (no dependencies)
    Target 'DequeModule-product' in project 'swift-collections'
        ➜ Explicit dependency on target 'DequeModule' in project 'swift-collections'
        ➜ Explicit dependency on target 'InternalCollectionsUtilities' in project 'swift-collections'
        ➜ Explicit dependency on target 'SpanPreview' in project 'swift-collections'
    Target 'DequeModule' in project 'swift-collections'
        ➜ Explicit dependency on target 'InternalCollectionsUtilities' in project 'swift-collections'
        ➜ Explicit dependency on target 'SpanPreview' in project 'swift-collections'
    Target 'SpanPreview' in project 'swift-collections'
        ➜ Explicit dependency on target 'InternalCollectionsUtilities' in project 'swift-collections'
    Target 'InternalCollectionsUtilities' in project 'swift-collections' (no dependencies)
    Target '_NIODataStructures' in project 'swift-nio' (no dependencies)
    Target 'CNIOWASI' in project 'swift-nio' (no dependencies)
    Target 'CNIOWindows' in project 'swift-nio' (no dependencies)
    Target 'CNIOLinux' in project 'swift-nio' (no dependencies)
    Target 'CNIODarwin' in project 'swift-nio' (no dependencies)
    Target 'CNIOFreeBSD' in project 'swift-nio' (no dependencies)
    Target 'CNIOOpenBSD' in project 'swift-nio' (no dependencies)
    Target '_NIOBase64' in project 'swift-nio' (no dependencies)
    Target 'NIOConcurrencyHelpers' in project 'swift-nio'
        ➜ Explicit dependency on target 'CNIOAtomics' in project 'swift-nio'
    Target 'CNIOAtomics' in project 'swift-nio' (no dependencies)
    Target 'ArcCore-product' in project 'arc'
        ➜ Explicit dependency on target 'ArcCore' in project 'arc'
        ➜ Explicit dependency on target 'ArcDescription' in project 'arc'
        ➜ Explicit dependency on target 'Logging-product' in project 'swift-log'
        ➜ Explicit dependency on target 'Noora-product' in project 'Noora'
    Target 'ArcCore' in project 'arc'
        ➜ Explicit dependency on target 'ArcDescription' in project 'arc'
        ➜ Explicit dependency on target 'Logging-product' in project 'swift-log'
        ➜ Explicit dependency on target 'Noora-product' in project 'Noora'
    Target 'Noora-product' in project 'Noora'
        ➜ Explicit dependency on target 'Noora' in project 'Noora'
        ➜ Explicit dependency on target 'Rainbow-product' in project 'Rainbow'
        ➜ Explicit dependency on target 'Logging-product' in project 'swift-log'
        ➜ Explicit dependency on target 'Path-product' in project 'Path'
    Target 'Noora' in project 'Noora'
        ➜ Explicit dependency on target 'Rainbow-product' in project 'Rainbow'
        ➜ Explicit dependency on target 'Logging-product' in project 'swift-log'
        ➜ Explicit dependency on target 'Path-product' in project 'Path'
    Target 'Path-product' in project 'Path'
        ➜ Explicit dependency on target 'Path' in project 'Path'
    Target 'Path' in project 'Path' (no dependencies)
    Target 'Rainbow-product' in project 'Rainbow'
        ➜ Explicit dependency on target 'Rainbow' in project 'Rainbow'
    Target 'Rainbow' in project 'Rainbow' (no dependencies)
    Target 'Logging-product' in project 'swift-log'
        ➜ Explicit dependency on target 'Logging' in project 'swift-log'
    Target 'Logging' in project 'swift-log' (no dependencies)
    Target 'ArcDescription-product' in project 'arc'
        ➜ Explicit dependency on target 'ArcDescription' in project 'arc'
    Target 'ArcDescription' in project 'arc' (no dependencies)
GatherProvisioningInputs
CreateBuildDescription
ClangStatCache /Applications/Xcode-27.0.0-Release.Candidate.app/Contents/Developer/Toolchains/XcodeDefault.xctoolchain/usr/bin/clang-stat-cache /Applications/Xcode-27.0.0-Release.Candidate.app/Contents/Developer/Platforms/AppleTVOS.platform/Developer/SDKs/AppleTVOS27.0.sdk /Users/admin/builder/spi-builder-workspace/.derivedData/SDKStatCaches.noindex/appletvos27.0-24J360-e829b21a6f8c9b70876ba0858053c044b32bfd8d43560033f8d89884cdb90028.sdkstatcache
    cd /Users/admin/builder/spi-builder-workspace/.swiftpm/xcode
    /Applications/Xcode-27.0.0-Release.Candidate.app/Contents/Developer/Toolchains/XcodeDefault.xctoolchain/usr/bin/clang-stat-cache /Applications/Xcode-27.0.0-Release.Candidate.app/Contents/Developer/Platforms/AppleTVOS.platform/Developer/SDKs/AppleTVOS27.0.sdk -o /Users/admin/builder/spi-builder-workspace/.derivedData/SDKStatCaches.noindex/appletvos27.0-24J360-e829b21a6f8c9b70876ba0858053c044b32bfd8d43560033f8d89884cdb90028.sdkstatcache
SwiftMergeGeneratedHeaders /Users/admin/builder/spi-builder-workspace/.derivedData/Build/Intermediates.noindex/GeneratedModuleMaps-appletvos/Noora-Swift.h /Users/admin/builder/spi-builder-workspace/.derivedData/Build/Intermediates.noindex/Noora.build/Debug-appletvos/Noora-t.build/Objects-normal/arm64/Noora-Swift.h (in target 'Noora' from project 'Noora')
    cd /Users/admin/builder/spi-builder-workspace/.dependencies/checkouts/Noora
    builtin-swiftHeaderTool -arch arm64 /Users/admin/builder/spi-builder-workspace/.derivedData/Build/Intermediates.noindex/Noora.build/Debug-appletvos/Noora-t.build/Objects-normal/arm64/Noora-Swift.h -o /Users/admin/builder/spi-builder-workspace/.derivedData/Build/Intermediates.noindex/GeneratedModuleMaps-appletvos/Noora-Swift.h
SwiftDriver Noora normal arm64 com.apple.xcode.tools.swift.compiler (in target 'Noora' from project 'Noora')
    cd /Users/admin/builder/spi-builder-workspace/.swiftpm/xcode
    builtin-SwiftDriver -- /Applications/Xcode-27.0.0-Release.Candidate.app/Contents/Developer/Toolchains/XcodeDefault.xctoolchain/usr/bin/swiftc -parse-as-library -module-name Noora -Onone @/Users/admin/builder/spi-builder-workspace/.derivedData/Build/Intermediates.noindex/Noora.build/Debug-appletvos/Noora-t.build/Objects-normal/arm64/Noora.SwiftFileList -DSWIFT_PACKAGE -DDEBUG -DSWIFT_MODULE_RESOURCE_BUNDLE_UNAVAILABLE -DMOCKING -DXcode -plugin-path /Applications/Xcode-27.0.0-Release.Candidate.app/Contents/Developer/Toolchains/XcodeDefault.xctoolchain/usr/lib/swift/host/plugins/testing -enable-experimental-feature DebugDescriptionMacro -sdk /Applications/Xcode-27.0.0-Release.Candidate.app/Contents/Developer/Platforms/AppleTVOS.platform/Developer/SDKs/AppleTVOS27.0.sdk -target arm64-apple-tvos15.0 -g -module-cache-path /Users/admin/builder/spi-builder-workspace/.derivedData/ModuleCache.noindex -Xfrontend -serialize-debugging-options -profile-coverage-mapping -profile-generate -enable-testing -suppress-warnings -index-store-path /Users/admin/builder/spi-builder-workspace/.derivedData/Index.noindex/DataStore -Xcc -D_LIBCPP_HARDENING_MODE\=_LIBCPP_HARDENING_MODE_DEBUG -swift-version 5 -I /Users/admin/builder/spi-builder-workspace/.derivedData/Build/Products/Debug-appletvos -Isystem /Applications/Xcode-27.0.0-Release.Candidate.app/Contents/Developer/Platforms/AppleTVOS.platform/Developer/usr/lib -F /Users/admin/builder/spi-builder-workspace/.derivedData/Build/Products/Debug-appletvos/PackageFrameworks -F /Users/admin/builder/spi-builder-workspace/.derivedData/Build/Products/Debug-appletvos -F /Applications/Xcode-27.0.0-Release.Candidate.app/Contents/Developer/Platforms/AppleTVOS.platform/Developer/Library/Frameworks -F /Applications/Xcode-27.0.0-Release.Candidate.app/Contents/Developer/Platforms/AppleTVOS.platform/Developer/SDKs/AppleTVOS27.0.sdk/Developer/Library/Frameworks -c -j10 -enable-batch-mode -incremental -Xcc -ivfsstatcache -Xcc /Users/admin/builder/spi-builder-workspace/.derivedData/SDKStatCaches.noindex/appletvos27.0-24J360-e829b21a6f8c9b70876ba0858053c044b32bfd8d43560033f8d89884cdb90028.sdkstatcache -output-file-map /Users/admin/builder/spi-builder-workspace/.derivedData/Build/Intermediates.noindex/Noora.build/Debug-appletvos/Noora-t.build/Objects-normal/arm64/Noora-OutputFileMap.json -save-temps -no-color-diagnostics -explicit-module-build -module-cache-path /Users/admin/builder/spi-builder-workspace/.derivedData/Build/Intermediates.noindex/SwiftExplicitPrecompiledModules -clang-scanner-module-cache-path /Users/admin/builder/spi-builder-workspace/.derivedData/ModuleCache.noindex -sdk-module-cache-path /Users/admin/builder/spi-builder-workspace/.derivedData/SDKExplicitPrecompiledModules -emit-dependencies -emit-module -emit-module-path /Users/admin/builder/spi-builder-workspace/.derivedData/Build/Intermediates.noindex/Noora.build/Debug-appletvos/Noora-t.build/Objects-normal/arm64/Noora.swiftmodule -serialize-diagnostics -dependency-scan-serialize-diagnostics-path /Users/admin/builder/spi-builder-workspace/.derivedData/Build/Intermediates.noindex/Noora.build/Debug-appletvos/Noora-t.build/Objects-normal/arm64/Noora-dependency-scan.dia -validate-clang-modules-once -clang-build-session-file /Users/admin/builder/spi-builder-workspace/.derivedData/ModuleCache.noindex/Session.modulevalidation -Xcc -fmodules-prune-interval\=86400 -Xcc -fmodules-prune-after\=345600 -emit-const-values -const-gather-protocols-list /Users/admin/builder/spi-builder-workspace/.derivedData/Build/Intermediates.noindex/Noora.build/Debug-appletvos/Noora-t.build/Objects-normal/arm64/Noora_const_extract_protocols.json -Xcc -I/Users/admin/builder/spi-builder-workspace/.derivedData/Build/Products/Debug-appletvos/include -Xcc -I/Users/admin/builder/spi-builder-workspace/.derivedData/Build/Intermediates.noindex/Noora.build/Debug-appletvos/Noora-t.build/DerivedSources-normal/arm64 -Xcc -I/Users/admin/builder/spi-builder-workspace/.derivedData/Build/Intermediates.noindex/Noora.build/Debug-appletvos/Noora-t.build/DerivedSources/arm64 -Xcc -I/Users/admin/builder/spi-builder-workspace/.derivedData/Build/Intermediates.noindex/Noora.build/Debug-appletvos/Noora-t.build/DerivedSources -Xcc -DSWIFT_PACKAGE -Xcc -DDEBUG\=1 -emit-objc-header -emit-objc-header-path /Users/admin/builder/spi-builder-workspace/.derivedData/Build/Intermediates.noindex/Noora.build/Debug-appletvos/Noora-t.build/Objects-normal/arm64/Noora-Swift.h -working-directory /Users/admin/builder/spi-builder-workspace/.swiftpm/xcode -experimental-emit-module-separately -disable-cmo
SwiftDriver NIOCore normal arm64 com.apple.xcode.tools.swift.compiler (in target 'NIOCore' from project 'swift-nio')
    cd /Users/admin/builder/spi-builder-workspace/.swiftpm/xcode
    builtin-SwiftDriver -- /Applications/Xcode-27.0.0-Release.Candidate.app/Contents/Developer/Toolchains/XcodeDefault.xctoolchain/usr/bin/swiftc -parse-as-library -module-name NIOCore -Onone @/Users/admin/builder/spi-builder-workspace/.derivedData/Build/Intermediates.noindex/swift-nio.build/Debug-appletvos/NIOCore-t.build/Objects-normal/arm64/NIOCore.SwiftFileList -DSWIFT_PACKAGE -DDEBUG -DSWIFT_MODULE_RESOURCE_BUNDLE_UNAVAILABLE -Xcc -fmodule-map-file\=/Users/admin/builder/spi-builder-workspace/.dependencies/checkouts/swift-atomics/Sources/_AtomicsShims/include/module.modulemap -Xcc -fmodule-map-file\=/Users/admin/builder/spi-builder-workspace/.derivedData/Build/Intermediates.noindex/GeneratedModuleMaps-appletvos/CNIOWASI.modulemap -Xcc -fmodule-map-file\=/Users/admin/builder/spi-builder-workspace/.dependencies/checkouts/swift-nio/Sources/CNIOWindows/include/module.modulemap -Xcc -fmodule-map-file\=/Users/admin/builder/spi-builder-workspace/.derivedData/Build/Intermediates.noindex/GeneratedModuleMaps-appletvos/CNIOLinux.modulemap -Xcc -fmodule-map-file\=/Users/admin/builder/spi-builder-workspace/.derivedData/Build/Intermediates.noindex/GeneratedModuleMaps-appletvos/CNIODarwin.modulemap -Xcc -fmodule-map-file\=/Users/admin/builder/spi-builder-workspace/.derivedData/Build/Intermediates.noindex/GeneratedModuleMaps-appletvos/CNIOFreeBSD.modulemap -Xcc -fmodule-map-file\=/Users/admin/builder/spi-builder-workspace/.derivedData/Build/Intermediates.noindex/GeneratedModuleMaps-appletvos/CNIOOpenBSD.modulemap -Xcc -fmodule-map-file\=/Users/admin/builder/spi-builder-workspace/.derivedData/Build/Intermediates.noindex/GeneratedModuleMaps-appletvos/CNIOAtomics.modulemap -DXcode -enable-experimental-feature Lifetimes -enable-upcoming-feature MemberImportVisibility -plugin-path /Applications/Xcode-27.0.0-Release.Candidate.app/Contents/Developer/Toolchains/XcodeDefault.xctoolchain/usr/lib/swift/host/plugins/testing -enable-experimental-feature DebugDescriptionMacro -sdk /Applications/Xcode-27.0.0-Release.Candidate.app/Contents/Developer/Platforms/AppleTVOS.platform/Developer/SDKs/AppleTVOS27.0.sdk -target arm64-apple-tvos15.0 -g -module-cache-path /Users/admin/builder/spi-builder-workspace/.derivedData/ModuleCache.noindex -Xfrontend -serialize-debugging-options -profile-coverage-mapping -profile-generate -enable-testing -suppress-warnings -index-store-path /Users/admin/builder/spi-builder-workspace/.derivedData/Index.noindex/DataStore -Xcc -D_LIBCPP_HARDENING_MODE\=_LIBCPP_HARDENING_MODE_DEBUG -swift-version 6 -I /Users/admin/builder/spi-builder-workspace/.derivedData/Build/Products/Debug-appletvos -Isystem /Applications/Xcode-27.0.0-Release.Candidate.app/Contents/Developer/Platforms/AppleTVOS.platform/Developer/usr/lib -F /Users/admin/builder/spi-builder-workspace/.derivedData/Build/Products/Debug-appletvos/PackageFrameworks -F /Users/admin/builder/spi-builder-workspace/.derivedData/Build/Products/Debug-appletvos -F /Applications/Xcode-27.0.0-Release.Candidate.app/Contents/Developer/Platforms/AppleTVOS.platform/Developer/Library/Frameworks -F /Applications/Xcode-27.0.0-Release.Candidate.app/Contents/Developer/Platforms/AppleTVOS.platform/Developer/SDKs/AppleTVOS27.0.sdk/Developer/Library/Frameworks -c -j10 -enable-batch-mode -incremental -Xcc -ivfsstatcache -Xcc /Users/admin/builder/spi-builder-workspace/.derivedData/SDKStatCaches.noindex/appletvos27.0-24J360-e829b21a6f8c9b70876ba0858053c044b32bfd8d43560033f8d89884cdb90028.sdkstatcache -output-file-map /Users/admin/builder/spi-builder-workspace/.derivedData/Build/Intermediates.noindex/swift-nio.build/Debug-appletvos/NIOCore-t.build/Objects-normal/arm64/NIOCore-OutputFileMap.json -save-temps -no-color-diagnostics -explicit-module-build -module-cache-path /Users/admin/builder/spi-builder-workspace/.derivedData/Build/Intermediates.noindex/SwiftExplicitPrecompiledModules -clang-scanner-module-cache-path /Users/admin/builder/spi-builder-workspace/.derivedData/ModuleCache.noindex -sdk-module-cache-path /Users/admin/builder/spi-builder-workspace/.derivedData/SDKExplicitPrecompiledModules -emit-dependencies -emit-module -emit-module-path /Users/admin/builder/spi-builder-workspace/.derivedData/Build/Intermediates.noindex/swift-nio.build/Debug-appletvos/NIOCore-t.build/Objects-normal/arm64/NIOCore.swiftmodule -serialize-diagnostics -dependency-scan-serialize-diagnostics-path /Users/admin/builder/spi-builder-workspace/.derivedData/Build/Intermediates.noindex/swift-nio.build/Debug-appletvos/NIOCore-t.build/Objects-normal/arm64/NIOCore-dependency-scan.dia -user-module-version 2.103.0 -validate-clang-modules-once -clang-build-session-file /Users/admin/builder/spi-builder-workspace/.derivedData/ModuleCache.noindex/Session.modulevalidation -Xcc -fmodules-prune-interval\=86400 -Xcc -fmodules-prune-after\=345600 -package-name swift_nio -emit-const-values -const-gather-protocols-list /Users/admin/builder/spi-builder-workspace/.derivedData/Build/Intermediates.noindex/swift-nio.build/Debug-appletvos/NIOCore-t.build/Objects-normal/arm64/NIOCore_const_extract_protocols.json -Xcc -I/Users/admin/builder/spi-builder-workspace/.dependencies/checkouts/swift-atomics/Sources/_AtomicsShims/include -Xcc -I/Users/admin/builder/spi-builder-workspace/.dependencies/checkouts/swift-nio/Sources/CNIOWASI/include -Xcc -I/Users/admin/builder/spi-builder-workspace/.dependencies/checkouts/swift-nio/Sources/CNIOWindows/include -Xcc -I/Users/admin/builder/spi-builder-workspace/.dependencies/checkouts/swift-nio/Sources/CNIOLinux/include -Xcc -I/Users/admin/builder/spi-builder-workspace/.dependencies/checkouts/swift-nio/Sources/CNIODarwin/include -Xcc -I/Users/admin/builder/spi-builder-workspace/.dependencies/checkouts/swift-nio/Sources/CNIOFreeBSD/include -Xcc -I/Users/admin/builder/spi-builder-workspace/.dependencies/checkouts/swift-nio/Sources/CNIOOpenBSD/include -Xcc -I/Users/admin/builder/spi-builder-workspace/.dependencies/checkouts/swift-nio/Sources/CNIOAtomics/include -Xcc -I/Users/admin/builder/spi-builder-workspace/.derivedData/Build/Products/Debug-appletvos/include -Xcc -I/Users/admin/builder/spi-builder-workspace/.derivedData/Build/Intermediates.noindex/swift-nio.build/Debug-appletvos/NIOCore-t.build/DerivedSources-normal/arm64 -Xcc -I/Users/admin/builder/spi-builder-workspace/.derivedData/Build/Intermediates.noindex/swift-nio.build/Debug-appletvos/NIOCore-t.build/DerivedSources/arm64 -Xcc -I/Users/admin/builder/spi-builder-workspace/.derivedData/Build/Intermediates.noindex/swift-nio.build/Debug-appletvos/NIOCore-t.build/DerivedSources -Xcc -DSWIFT_PACKAGE -Xcc -DDEBUG\=1 -emit-objc-header -emit-objc-header-path /Users/admin/builder/spi-builder-workspace/.derivedData/Build/Intermediates.noindex/swift-nio.build/Debug-appletvos/NIOCore-t.build/Objects-normal/arm64/NIOCore-Swift.h -working-directory /Users/admin/builder/spi-builder-workspace/.swiftpm/xcode -experimental-emit-module-separately -disable-cmo
SwiftDriver ArgumentParser normal arm64 com.apple.xcode.tools.swift.compiler (in target 'ArgumentParser' from project 'swift-argument-parser')
    cd /Users/admin/builder/spi-builder-workspace/.swiftpm/xcode
    builtin-SwiftDriver -- /Applications/Xcode-27.0.0-Release.Candidate.app/Contents/Developer/Toolchains/XcodeDefault.xctoolchain/usr/bin/swiftc -parse-as-library -module-name ArgumentParser -Onone @/Users/admin/builder/spi-builder-workspace/.derivedData/Build/Intermediates.noindex/swift-argument-parser.build/Debug-appletvos/ArgumentParser-t.build/Objects-normal/arm64/ArgumentParser.SwiftFileList -DSWIFT_PACKAGE -DDEBUG -DSWIFT_MODULE_RESOURCE_BUNDLE_UNAVAILABLE -DXcode -plugin-path /Applications/Xcode-27.0.0-Release.Candidate.app/Contents/Developer/Toolchains/XcodeDefault.xctoolchain/usr/lib/swift/host/plugins/testing -enable-experimental-feature DebugDescriptionMacro -sdk /Applications/Xcode-27.0.0-Release.Candidate.app/Contents/Developer/Platforms/AppleTVOS.platform/Developer/SDKs/AppleTVOS27.0.sdk -target arm64-apple-tvos15.0 -g -module-cache-path /Users/admin/builder/spi-builder-workspace/.derivedData/ModuleCache.noindex -Xfrontend -serialize-debugging-options -profile-coverage-mapping -profile-generate -enable-testing -suppress-warnings -index-store-path /Users/admin/builder/spi-builder-workspace/.derivedData/Index.noindex/DataStore -Xcc -D_LIBCPP_HARDENING_MODE\=_LIBCPP_HARDENING_MODE_DEBUG -swift-version 6 -I /Users/admin/builder/spi-builder-workspace/.derivedData/Build/Products/Debug-appletvos -Isystem /Applications/Xcode-27.0.0-Release.Candidate.app/Contents/Developer/Platforms/AppleTVOS.platform/Developer/usr/lib -F /Users/admin/builder/spi-builder-workspace/.derivedData/Build/Products/Debug-appletvos/PackageFrameworks -F /Users/admin/builder/spi-builder-workspace/.derivedData/Build/Products/Debug-appletvos -F /Applications/Xcode-27.0.0-Release.Candidate.app/Contents/Developer/Platforms/AppleTVOS.platform/Developer/Library/Frameworks -F /Applications/Xcode-27.0.0-Release.Candidate.app/Contents/Developer/Platforms/AppleTVOS.platform/Developer/SDKs/AppleTVOS27.0.sdk/Developer/Library/Frameworks -c -j10 -enable-batch-mode -incremental -Xcc -ivfsstatcache -Xcc /Users/admin/builder/spi-builder-workspace/.derivedData/SDKStatCaches.noindex/appletvos27.0-24J360-e829b21a6f8c9b70876ba0858053c044b32bfd8d43560033f8d89884cdb90028.sdkstatcache -output-file-map /Users/admin/builder/spi-builder-workspace/.derivedData/Build/Intermediates.noindex/swift-argument-parser.build/Debug-appletvos/ArgumentParser-t.build/Objects-normal/arm64/ArgumentParser-OutputFileMap.json -save-temps -no-color-diagnostics -explicit-module-build -module-cache-path /Users/admin/builder/spi-builder-workspace/.derivedData/Build/Intermediates.noindex/SwiftExplicitPrecompiledModules -clang-scanner-module-cache-path /Users/admin/builder/spi-builder-workspace/.derivedData/ModuleCache.noindex -sdk-module-cache-path /Users/admin/builder/spi-builder-workspace/.derivedData/SDKExplicitPrecompiledModules -emit-dependencies -emit-module -emit-module-path /Users/admin/builder/spi-builder-workspace/.derivedData/Build/Intermediates.noindex/swift-argument-parser.build/Debug-appletvos/ArgumentParser-t.build/Objects-normal/arm64/ArgumentParser.swiftmodule -serialize-diagnostics -dependency-scan-serialize-diagnostics-path /Users/admin/builder/spi-builder-workspace/.derivedData/Build/Intermediates.noindex/swift-argument-parser.build/Debug-appletvos/ArgumentParser-t.build/Objects-normal/arm64/ArgumentParser-dependency-scan.dia -user-module-version 1.8.2 -validate-clang-modules-once -clang-build-session-file /Users/admin/builder/spi-builder-workspace/.derivedData/ModuleCache.noindex/Session.modulevalidation -Xcc -fmodules-prune-interval\=86400 -Xcc -fmodules-prune-after\=345600 -package-name swift_argument_parser -emit-const-values -const-gather-protocols-list /Users/admin/builder/spi-builder-workspace/.derivedData/Build/Intermediates.noindex/swift-argument-parser.build/Debug-appletvos/ArgumentParser-t.build/Objects-normal/arm64/ArgumentParser_const_extract_protocols.json -Xcc -I/Users/admin/builder/spi-builder-workspace/.derivedData/Build/Products/Debug-appletvos/include -Xcc -I/Users/admin/builder/spi-builder-workspace/.derivedData/Build/Intermediates.noindex/swift-argument-parser.build/Debug-appletvos/ArgumentParser-t.build/DerivedSources-normal/arm64 -Xcc -I/Users/admin/builder/spi-builder-workspace/.derivedData/Build/Intermediates.noindex/swift-argument-parser.build/Debug-appletvos/ArgumentParser-t.build/DerivedSources/arm64 -Xcc -I/Users/admin/builder/spi-builder-workspace/.derivedData/Build/Intermediates.noindex/swift-argument-parser.build/Debug-appletvos/ArgumentParser-t.build/DerivedSources -Xcc -DSWIFT_PACKAGE -Xcc -DDEBUG\=1 -emit-objc-header -emit-objc-header-path /Users/admin/builder/spi-builder-workspace/.derivedData/Build/Intermediates.noindex/swift-argument-parser.build/Debug-appletvos/ArgumentParser-t.build/Objects-normal/arm64/ArgumentParser-Swift.h -working-directory /Users/admin/builder/spi-builder-workspace/.swiftpm/xcode -experimental-emit-module-separately -disable-cmo
Copy /Users/admin/builder/spi-builder-workspace/.derivedData/Build/Products/Debug-appletvos/Noora.swiftmodule/arm64-apple-tvos.swiftdoc /Users/admin/builder/spi-builder-workspace/.derivedData/Build/Intermediates.noindex/Noora.build/Debug-appletvos/Noora-t.build/Objects-normal/arm64/Noora.swiftdoc (in target 'Noora' from project 'Noora')
    cd /Users/admin/builder/spi-builder-workspace/.dependencies/checkouts/Noora
    builtin-copy -exclude .DS_Store -exclude CVS -exclude .svn -exclude .git -exclude .hg -resolve-src-symlinks -rename /Users/admin/builder/spi-builder-workspace/.derivedData/Build/Intermediates.noindex/Noora.build/Debug-appletvos/Noora-t.build/Objects-normal/arm64/Noora.swiftdoc /Users/admin/builder/spi-builder-workspace/.derivedData/Build/Products/Debug-appletvos/Noora.swiftmodule/arm64-apple-tvos.swiftdoc
Copy /Users/admin/builder/spi-builder-workspace/.derivedData/Build/Products/Debug-appletvos/Noora.swiftmodule/arm64-apple-tvos.swiftmodule /Users/admin/builder/spi-builder-workspace/.derivedData/Build/Intermediates.noindex/Noora.build/Debug-appletvos/Noora-t.build/Objects-normal/arm64/Noora.swiftmodule (in target 'Noora' from project 'Noora')
    cd /Users/admin/builder/spi-builder-workspace/.dependencies/checkouts/Noora
    builtin-copy -exclude .DS_Store -exclude CVS -exclude .svn -exclude .git -exclude .hg -resolve-src-symlinks -rename /Users/admin/builder/spi-builder-workspace/.derivedData/Build/Intermediates.noindex/Noora.build/Debug-appletvos/Noora-t.build/Objects-normal/arm64/Noora.swiftmodule /Users/admin/builder/spi-builder-workspace/.derivedData/Build/Products/Debug-appletvos/Noora.swiftmodule/arm64-apple-tvos.swiftmodule
Copy /Users/admin/builder/spi-builder-workspace/.derivedData/Build/Products/Debug-appletvos/Noora.swiftmodule/arm64-apple-tvos.abi.json /Users/admin/builder/spi-builder-workspace/.derivedData/Build/Intermediates.noindex/Noora.build/Debug-appletvos/Noora-t.build/Objects-normal/arm64/Noora.abi.json (in target 'Noora' from project 'Noora')
    cd /Users/admin/builder/spi-builder-workspace/.dependencies/checkouts/Noora
    builtin-copy -exclude .DS_Store -exclude CVS -exclude .svn -exclude .git -exclude .hg -resolve-src-symlinks -rename /Users/admin/builder/spi-builder-workspace/.derivedData/Build/Intermediates.noindex/Noora.build/Debug-appletvos/Noora-t.build/Objects-normal/arm64/Noora.abi.json /Users/admin/builder/spi-builder-workspace/.derivedData/Build/Products/Debug-appletvos/Noora.swiftmodule/arm64-apple-tvos.abi.json
Copy /Users/admin/builder/spi-builder-workspace/.derivedData/Build/Products/Debug-appletvos/Noora.swiftmodule/Project/arm64-apple-tvos.swiftsourceinfo /Users/admin/builder/spi-builder-workspace/.derivedData/Build/Intermediates.noindex/Noora.build/Debug-appletvos/Noora-t.build/Objects-normal/arm64/Noora.swiftsourceinfo (in target 'Noora' from project 'Noora')
    cd /Users/admin/builder/spi-builder-workspace/.dependencies/checkouts/Noora
    builtin-copy -exclude .DS_Store -exclude CVS -exclude .svn -exclude .git -exclude .hg -resolve-src-symlinks -rename /Users/admin/builder/spi-builder-workspace/.derivedData/Build/Intermediates.noindex/Noora.build/Debug-appletvos/Noora-t.build/Objects-normal/arm64/Noora.swiftsourceinfo /Users/admin/builder/spi-builder-workspace/.derivedData/Build/Products/Debug-appletvos/Noora.swiftmodule/Project/arm64-apple-tvos.swiftsourceinfo
CompileC /Users/admin/builder/spi-builder-workspace/.derivedData/Build/Intermediates.noindex/swift-nio.build/Debug-appletvos/CNIOAtomics-t.build/Objects-normal/arm64/c-nioatomics.o /Users/admin/builder/spi-builder-workspace/.dependencies/checkouts/swift-nio/Sources/CNIOAtomics/src/c-nioatomics.c normal arm64 c com.apple.compilers.llvm.clang.1_0.compiler (in target 'CNIOAtomics' from project 'swift-nio')
    cd /Users/admin/builder/spi-builder-workspace/.swiftpm/xcode

    Using response file: /Users/admin/builder/spi-builder-workspace/.derivedData/Build/Intermediates.noindex/swift-nio.build/Debug-appletvos/CNIOAtomics-t.build/Objects-normal/arm64/7187679823f38a2a940e0043cdf9d637-common-args.resp

    /Applications/Xcode-27.0.0-Release.Candidate.app/Contents/Developer/Toolchains/XcodeDefault.xctoolchain/usr/bin/clang -x c -ivfsstatcache /Users/admin/builder/spi-builder-workspace/.derivedData/SDKStatCaches.noindex/appletvos27.0-24J360-e829b21a6f8c9b70876ba0858053c044b32bfd8d43560033f8d89884cdb90028.sdkstatcache -target arm64-apple-tvos15.0 -fmessage-length\=0 -fdiagnostics-show-note-include-stack -fmacro-backtrace-limit\=0 -fno-color-diagnostics -fmodules-prune-interval\=86400 -fmodules-prune-after\=345600 -fbuild-session-file\=/Users/admin/builder/spi-builder-workspace/.derivedData/ModuleCache.noindex/Session.modulevalidation -fmodules-validate-once-per-build-session -Wnon-modular-include-in-framework-module -Werror\=non-modular-include-in-framework-module -Wno-trigraphs -Wno-missing-field-initializers -Wno-missing-prototypes -Wno-return-type -Wno-missing-braces -Wparentheses -Wswitch -Wno-unused-function -Wno-unused-label -Wno-unused-parameter -Wno-unused-variable -Wunused-value -Wno-empty-body -Wno-uninitialized -Wno-unknown-pragmas -w -Wno-shadow -Wno-four-char-constants -Wno-conversion -Wno-constant-conversion -Wno-int-conversion -Wno-bool-conversion -Wno-enum-conversion -Wno-float-conversion -Wno-non-literal-null-conversion -Wno-objc-literal-conversion -Wshorten-64-to-32 -Wpointer-sign -Wno-newline-eof -Wno-implicit-fallthrough -isysroot /Applications/Xcode-27.0.0-Release.Candidate.app/Contents/Developer/Platforms/AppleTVOS.platform/Developer/SDKs/AppleTVOS27.0.sdk -fstrict-aliasing -Wdeprecated-declarations -Wno-sign-conversion -Wno-infinite-recursion -Wno-comma -Wno-block-capture-autoreleasing -Wno-strict-prototypes -Wno-semicolon-before-method-body -index-store-path /Users/admin/builder/spi-builder-workspace/.derivedData/Index.noindex/DataStore @/Users/admin/builder/spi-builder-workspace/.derivedData/Build/Intermediates.noindex/swift-nio.build/Debug-appletvos/CNIOAtomics-t.build/Objects-normal/arm64/7187679823f38a2a940e0043cdf9d637-common-args.resp -MMD -MT dependencies -MF /Users/admin/builder/spi-builder-workspace/.derivedData/Build/Intermediates.noindex/swift-nio.build/Debug-appletvos/CNIOAtomics-t.build/Objects-normal/arm64/c-nioatomics.d --serialize-diagnostics /Users/admin/builder/spi-builder-workspace/.derivedData/Build/Intermediates.noindex/swift-nio.build/Debug-appletvos/CNIOAtomics-t.build/Objects-normal/arm64/c-nioatomics.dia -c /Users/admin/builder/spi-builder-workspace/.dependencies/checkouts/swift-nio/Sources/CNIOAtomics/src/c-nioatomics.c -o /Users/admin/builder/spi-builder-workspace/.derivedData/Build/Intermediates.noindex/swift-nio.build/Debug-appletvos/CNIOAtomics-t.build/Objects-normal/arm64/c-nioatomics.o -index-unit-output-path /swift-nio.build/Debug-appletvos/CNIOAtomics-t.build/Objects-normal/arm64/c-nioatomics.o
Failed frontend command:
/Applications/Xcode-27.0.0-Release.Candidate.app/Contents/Developer/Toolchains/XcodeDefault.xctoolchain/usr/bin/clang -cc1 -Wundef-prefix\=TARGET_OS_ -fdiagnostics-show-note-include-stack -fmacro-backtrace-limit\=0 -w -ferror-limit 19 -serialize-diagnostic-file /Users/admin/builder/spi-builder-workspace/.derivedData/Build/Intermediates.noindex/swift-nio.build/Debug-appletvos/CNIOAtomics-t.build/Objects-normal/arm64/c-nioatomics.dia -Wdeprecated-objc-isa-usage -Werror\=deprecated-objc-isa-usage -Werror\=implicit-function-declaration -Wnon-modular-include-in-framework-module -Werror\=non-modular-include-in-framework-module -Wno-trigraphs -Wno-missing-field-initializers -Wno-missing-prototypes -Wno-return-type -Wno-missing-braces -Wparentheses -Wswitch -Wno-unused-function -Wno-unused-label -Wno-unused-parameter -Wno-unused-variable -Wunused-value -Wno-empty-body -Wno-uninitialized -Wno-unknown-pragmas -Wno-shadow -Wno-four-char-constants -Wno-conversion -Wno-constant-conversion -Wno-int-conversion -Wno-bool-conversion -Wno-enum-conversion -Wno-float-conversion -Wno-non-literal-null-conversion -Wno-objc-literal-conversion -Wshorten-64-to-32 -Wpointer-sign -Wno-newline-eof -Wno-implicit-fallthrough -Wdeprecated-declarations -Wno-sign-conversion -Wno-infinite-recursion -Wno-comma -Wno-block-capture-autoreleasing -Wno-strict-prototypes -Wno-semicolon-before-method-body -Wno-elaborated-enum-base -Wno-error\=allocator-wrappers -index-store-path /Users/admin/builder/spi-builder-workspace/.derivedData/Index.noindex/DataStore -index-unit-output-path /swift-nio.build/Debug-appletvos/CNIOAtomics-t.build/Objects-normal/arm64/c-nioatomics.o -fmodule-map-file\=/Applications/Xcode-27.0.0-Release.Candidate.app/Contents/Developer/Platforms/AppleTVOS.platform/Developer/SDKs/AppleTVOS.sdk/usr/include/DarwinFoundation2.modulemap -fmodule-map-file\=/Applications/Xcode-27.0.0-Release.Candidate.app/Contents/Developer/Toolchains/XcodeDefault.xctoolchain/usr/lib/clang/21/include/module.modulemap -fmodule-map-file\=/Applications/Xcode-27.0.0-Release.Candidate.app/Contents/Developer/Platforms/AppleTVOS.platform/Developer/SDKs/AppleTVOS.sdk/usr/include/DarwinFoundation3.modulemap -fmodule-map-file\=/Applications/Xcode-27.0.0-Release.Candidate.app/Contents/Developer/Toolchains/XcodeDefault.xctoolchain/usr/lib/clang/21/include/module.modulemap -fmodule-map-file\=/Applications/Xcode-27.0.0-Release.Candidate.app/Contents/Developer/Toolchains/XcodeDefault.xctoolchain/usr/lib/clang/21/include/module.modulemap -fmodule-map-file\=/Applications/Xcode-27.0.0-Release.Candidate.app/Contents/Developer/Toolchains/XcodeDefault.xctoolchain/usr/lib/clang/21/include/module.modulemap -o /Users/admin/builder/spi-builder-workspace/.derivedData/Build/Intermediates.noindex/swift-nio.build/Debug-appletvos/CNIOAtomics-t.build/Objects-normal/arm64/c-nioatomics.o -disable-free -emit-obj -x c /Users/admin/builder/spi-builder-workspace/.dependencies/checkouts/swift-nio/Sources/CNIOAtomics/src/c-nioatomics.c -target-abi darwinpcs -target-cpu apple-a7 -target-feature +v8a -target-feature +aes -target-feature +fp-armv8 -target-feature +neon -target-feature +perfmon -target-feature +sha2 -triple arm64-apple-tvos15.0.0 -target-linker-version 1166.2 -target-sdk-version\=27.0 -fmodules-validate-system-headers -fno-modulemap-allow-subdirectory-search -isysroot /Applications/Xcode-27.0.0-Release.Candidate.app/Contents/Developer/Platforms/AppleTVOS.platform/Developer/SDKs/AppleTVOS27.0.sdk -resource-dir /Applications/Xcode-27.0.0-Release.Candidate.app/Contents/Developer/Toolchains/XcodeDefault.xctoolchain/usr/lib/clang/21 -fmodule-format\=obj -fmodule-file\=_Builtin_inttypes\=/Users/admin/builder/spi-builder-workspace/.derivedData/Build/Intermediates.noindex/ExplicitPrecompiledModules/_Builtin_inttypes-1G49QE9J5BJBQQ57X0X0HS04C.pcm -fmodule-file\=_Builtin_stdatomic\=/Users/admin/builder/spi-builder-workspace/.derivedData/Build/Intermediates.noindex/ExplicitPrecompiledModules/_Builtin_stdatomic-7U092S5QD82LRO39EBT4U5YQN.pcm -fmodule-file\=_Builtin_stdbool\=/Users/admin/builder/spi-builder-workspace/.derivedData/Build/Intermediates.noindex/ExplicitPrecompiledModules/_Builtin_stdbool-1ICPL4JHV80XH5OLRNORORRLR.pcm -fmodule-file\=_Builtin_stdint\=/Users/admin/builder/spi-builder-workspace/.derivedData/Build/Intermediates.noindex/ExplicitPrecompiledModules/_Builtin_stdint-403B5NILDF4ZYUIF4S9O2DO4G.pcm -fmodule-file\=_DarwinFoundation2\=/Users/admin/builder/spi-builder-workspace/.derivedData/Build/Intermediates.noindex/ExplicitPrecompiledModules/_DarwinFoundation2-9USE5F42EBJW19D6EJECOCHQK.pcm -fmodule-file\=_DarwinFoundation3\=/Users/admin/builder/spi-builder-workspace/.derivedData/Build/Intermediates.noindex/ExplicitPrecompiledModules/_DarwinFoundation3-5H9XMHLG4YPI294Q769LUIJ34.pcm -I /Users/admin/builder/spi-builder-workspace/.derivedData/Build/Products/Debug-appletvos/include -I /Users/admin/builder/spi-builder-workspace/.dependencies/checkouts/swift-nio/Sources/CNIOAtomics/include -I /Users/admin/builder/spi-builder-workspace/.derivedData/Build/Intermediates.noindex/swift-nio.build/Debug-appletvos/CNIOAtomics-t.build/DerivedSources-normal/arm64 -I /Users/admin/builder/spi-builder-workspace/.derivedData/Build/Intermediates.noindex/swift-nio.build/Debug-appletvos/CNIOAtomics-t.build/DerivedSources/arm64 -I /Users/admin/builder/spi-builder-workspace/.derivedData/Build/Intermediates.noindex/swift-nio.build/Debug-appletvos/CNIOAtomics-t.build/DerivedSources -F /Users/admin/builder/spi-builder-workspace/.derivedData/Build/Products/Debug-appletvos -iframework /Applications/Xcode-27.0.0-Release.Candidate.app/Contents/Developer/Platforms/AppleTVOS.platform/Developer/Library/Frameworks -iframework /Applications/Xcode-27.0.0-Release.Candidate.app/Contents/Developer/Platforms/AppleTVOS.platform/Developer/SDKs/AppleTVOS27.0.sdk/Developer/Library/Frameworks -internal-isystem /Applications/Xcode-27.0.0-Release.Candidate.app/Contents/Developer/Platforms/AppleTVOS.platform/Developer/SDKs/AppleTVOS27.0.sdk/usr/local/include -internal-isystem /Applications/Xcode-27.0.0-Release.Candidate.app/Contents/Developer/Toolchains/XcodeDefault.xctoolchain/usr/lib/clang/21/include -internal-externc-isystem /Applications/Xcode-27.0.0-Release.Candidate.app/Contents/Developer/Platforms/AppleTVOS.platform/Developer/SDKs/AppleTVOS27.0.sdk/usr/include -internal-externc-isystem /Applications/Xcode-27.0.0-Release.Candidate.app/Contents/Developer/Toolchains/XcodeDefault.xctoolchain/usr/include -internal-iframework /Applications/Xcode-27.0.0-Release.Candidate.app/Contents/Developer/Platforms/AppleTVOS.platform/Developer/SDKs/AppleTVOS27.0.sdk/System/Library/Frameworks -internal-iframework /Applications/Xcode-27.0.0-Release.Candidate.app/Contents/Developer/Platforms/AppleTVOS.platform/Developer/SDKs/AppleTVOS27.0.sdk/System/Library/SubFrameworks -internal-iframework /Applications/Xcode-27.0.0-Release.Candidate.app/Contents/Developer/Platforms/AppleTVOS.platform/Developer/SDKs/AppleTVOS27.0.sdk/Library/Frameworks -ivfsstatcache /Users/admin/builder/spi-builder-workspace/.derivedData/SDKStatCaches.noindex/appletvos27.0-24J360-e829b21a6f8c9b70876ba0858053c044b32bfd8d43560033f8d89884cdb90028.sdkstatcache -std\=gnu17 -fskip-odr-check-in-gmf -fmodules -fmodule-name\=CNIOAtomics -fno-implicit-modules -fmax-type-align\=16 -fpascal-strings -fstack-check -fvisibility-inlines-hidden-static-local-var -mdarwin-stkchk-strong-link -fno-odr-hash-protocols -pic-level 2 -fencode-extended-block-signature -stack-protector 1 -fgnuc-version\=4.2.1 -fblocks -fno-convergent-functions -ffp-contract\=on -fclang-abi-compat\=4.0 -fno-experimental-relative-c++-abi-vtables -fno-file-reproducible -clang-vendor-feature\=+disableNonDependentMemberExprInCurrentInstantiation -clang-vendor-feature\=+enableAggressiveVLAFolding -clang-vendor-feature\=+revert09abecef7bbf -clang-vendor-feature\=+thisNoAlignAttr -clang-vendor-feature\=+thisNoNullAttr -clang-vendor-feature\=+disableAtImportPrivateFrameworkInImplementationError -O0 -fno-assume-unique-vtables -fdebug-compilation-dir\=/Users/admin/builder/spi-builder-workspace/.swiftpm/xcode -fcoverage-compilation-dir\=/Users/admin/builder/spi-builder-workspace/.swiftpm/xcode -fcoverage-mapping -fcommon -fdwarf2-cfi-asm -fobjc-msgsend-selector-stubs -fregister-global-dtors-with-atexit -fno-strict-return -dwarf-version\=4 -debugger-tuning\=lldb -disable-llvm-verifier -dwarf-ext-refs -funwind-tables\=1 -fprofile-instrument\=clang -enable-tlsdesc -clear-ast-before-backend -discard-value-names -main-file-name c-nioatomics.c -mframe-pointer\=non-leaf -debug-info-kind\=standalone -fno-loop-interchange -fdiagnostics-hotness-threshold\=0 -fdiagnostics-misexpect-tolerance\=0 -D DEBUG\=1 -D SWIFT_PACKAGE -D Xcode -D _GNU_SOURCE -fdefine-target-os-macros -MT dependencies -dependency-file /Users/admin/builder/spi-builder-workspace/.derivedData/Build/Intermediates.noindex/swift-nio.build/Debug-appletvos/CNIOAtomics-t.build/Objects-normal/arm64/c-nioatomics.d -skip-unused-modulemap-deps -module-file-deps\=direct -fdepfile-entry\=/Applications/Xcode-27.0.0-Release.Candidate.app/Contents/Developer/Platforms/AppleTVOS.platform/Developer/SDKs/AppleTVOS27.0.sdk/SDKSettings.json
CompileC /Users/admin/builder/spi-builder-workspace/.derivedData/Build/Intermediates.noindex/swift-nio.build/Debug-appletvos/CNIOAtomics-t.build/Objects-normal/arm64/c-atomics.o /Users/admin/builder/spi-builder-workspace/.dependencies/checkouts/swift-nio/Sources/CNIOAtomics/src/c-atomics.c normal arm64 c com.apple.compilers.llvm.clang.1_0.compiler (in target 'CNIOAtomics' from project 'swift-nio')
    cd /Users/admin/builder/spi-builder-workspace/.swiftpm/xcode

    Using response file: /Users/admin/builder/spi-builder-workspace/.derivedData/Build/Intermediates.noindex/swift-nio.build/Debug-appletvos/CNIOAtomics-t.build/Objects-normal/arm64/7187679823f38a2a940e0043cdf9d637-common-args.resp

    /Applications/Xcode-27.0.0-Release.Candidate.app/Contents/Developer/Toolchains/XcodeDefault.xctoolchain/usr/bin/clang -x c -ivfsstatcache /Users/admin/builder/spi-builder-workspace/.derivedData/SDKStatCaches.noindex/appletvos27.0-24J360-e829b21a6f8c9b70876ba0858053c044b32bfd8d43560033f8d89884cdb90028.sdkstatcache -target arm64-apple-tvos15.0 -fmessage-length\=0 -fdiagnostics-show-note-include-stack -fmacro-backtrace-limit\=0 -fno-color-diagnostics -fmodules-prune-interval\=86400 -fmodules-prune-after\=345600 -fbuild-session-file\=/Users/admin/builder/spi-builder-workspace/.derivedData/ModuleCache.noindex/Session.modulevalidation -fmodules-validate-once-per-build-session -Wnon-modular-include-in-framework-module -Werror\=non-modular-include-in-framework-module -Wno-trigraphs -Wno-missing-field-initializers -Wno-missing-prototypes -Wno-return-type -Wno-missing-braces -Wparentheses -Wswitch -Wno-unused-function -Wno-unused-label -Wno-unused-parameter -Wno-unused-variable -Wunused-value -Wno-empty-body -Wno-uninitialized -Wno-unknown-pragmas -w -Wno-shadow -Wno-four-char-constants -Wno-conversion -Wno-constant-conversion -Wno-int-conversion -Wno-bool-conversion -Wno-enum-conversion -Wno-float-conversion -Wno-non-literal-null-conversion -Wno-objc-literal-conversion -Wshorten-64-to-32 -Wpointer-sign -Wno-newline-eof -Wno-implicit-fallthrough -isysroot /Applications/Xcode-27.0.0-Release.Candidate.app/Contents/Developer/Platforms/AppleTVOS.platform/Developer/SDKs/AppleTVOS27.0.sdk -fstrict-aliasing -Wdeprecated-declarations -Wno-sign-conversion -Wno-infinite-recursion -Wno-comma -Wno-block-capture-autoreleasing -Wno-strict-prototypes -Wno-semicolon-before-method-body -index-store-path /Users/admin/builder/spi-builder-workspace/.derivedData/Index.noindex/DataStore @/Users/admin/builder/spi-builder-workspace/.derivedData/Build/Intermediates.noindex/swift-nio.build/Debug-appletvos/CNIOAtomics-t.build/Objects-normal/arm64/7187679823f38a2a940e0043cdf9d637-common-args.resp -MMD -MT dependencies -MF /Users/admin/builder/spi-builder-workspace/.derivedData/Build/Intermediates.noindex/swift-nio.build/Debug-appletvos/CNIOAtomics-t.build/Objects-normal/arm64/c-atomics.d --serialize-diagnostics /Users/admin/builder/spi-builder-workspace/.derivedData/Build/Intermediates.noindex/swift-nio.build/Debug-appletvos/CNIOAtomics-t.build/Objects-normal/arm64/c-atomics.dia -c /Users/admin/builder/spi-builder-workspace/.dependencies/checkouts/swift-nio/Sources/CNIOAtomics/src/c-atomics.c -o /Users/admin/builder/spi-builder-workspace/.derivedData/Build/Intermediates.noindex/swift-nio.build/Debug-appletvos/CNIOAtomics-t.build/Objects-normal/arm64/c-atomics.o -index-unit-output-path /swift-nio.build/Debug-appletvos/CNIOAtomics-t.build/Objects-normal/arm64/c-atomics.o
Failed frontend command:
/Applications/Xcode-27.0.0-Release.Candidate.app/Contents/Developer/Toolchains/XcodeDefault.xctoolchain/usr/bin/clang -cc1 -Wundef-prefix\=TARGET_OS_ -fdiagnostics-show-note-include-stack -fmacro-backtrace-limit\=0 -w -ferror-limit 19 -serialize-diagnostic-file /Users/admin/builder/spi-builder-workspace/.derivedData/Build/Intermediates.noindex/swift-nio.build/Debug-appletvos/CNIOAtomics-t.build/Objects-normal/arm64/c-atomics.dia -Wdeprecated-objc-isa-usage -Werror\=deprecated-objc-isa-usage -Werror\=implicit-function-declaration -Wnon-modular-include-in-framework-module -Werror\=non-modular-include-in-framework-module -Wno-trigraphs -Wno-missing-field-initializers -Wno-missing-prototypes -Wno-return-type -Wno-missing-braces -Wparentheses -Wswitch -Wno-unused-function -Wno-unused-label -Wno-unused-parameter -Wno-unused-variable -Wunused-value -Wno-empty-body -Wno-uninitialized -Wno-unknown-pragmas -Wno-shadow -Wno-four-char-constants -Wno-conversion -Wno-constant-conversion -Wno-int-conversion -Wno-bool-conversion -Wno-enum-conversion -Wno-float-conversion -Wno-non-literal-null-conversion -Wno-objc-literal-conversion -Wshorten-64-to-32 -Wpointer-sign -Wno-newline-eof -Wno-implicit-fallthrough -Wdeprecated-declarations -Wno-sign-conversion -Wno-infinite-recursion -Wno-comma -Wno-block-capture-autoreleasing -Wno-strict-prototypes -Wno-semicolon-before-method-body -Wno-elaborated-enum-base -Wno-error\=allocator-wrappers -index-store-path /Users/admin/builder/spi-builder-workspace/.derivedData/Index.noindex/DataStore -index-unit-output-path /swift-nio.build/Debug-appletvos/CNIOAtomics-t.build/Objects-normal/arm64/c-atomics.o -fmodule-map-file\=/Applications/Xcode-27.0.0-Release.Candidate.app/Contents/Developer/Platforms/AppleTVOS.platform/Developer/SDKs/AppleTVOS.sdk/usr/include/DarwinFoundation2.modulemap -fmodule-map-file\=/Applications/Xcode-27.0.0-Release.Candidate.app/Contents/Developer/Toolchains/XcodeDefault.xctoolchain/usr/lib/clang/21/include/module.modulemap -fmodule-map-file\=/Applications/Xcode-27.0.0-Release.Candidate.app/Contents/Developer/Platforms/AppleTVOS.platform/Developer/SDKs/AppleTVOS.sdk/usr/include/DarwinFoundation3.modulemap -fmodule-map-file\=/Applications/Xcode-27.0.0-Release.Candidate.app/Contents/Developer/Toolchains/XcodeDefault.xctoolchain/usr/lib/clang/21/include/module.modulemap -fmodule-map-file\=/Applications/Xcode-27.0.0-Release.Candidate.app/Contents/Developer/Toolchains/XcodeDefault.xctoolchain/usr/lib/clang/21/include/module.modulemap -fmodule-map-file\=/Applications/Xcode-27.0.0-Release.Candidate.app/Contents/Developer/Toolchains/XcodeDefault.xctoolchain/usr/lib/clang/21/include/module.modulemap -o /Users/admin/builder/spi-builder-workspace/.derivedData/Build/Intermediates.noindex/swift-nio.build/Debug-appletvos/CNIOAtomics-t.build/Objects-normal/arm64/c-atomics.o -disable-free -emit-obj -x c /Users/admin/builder/spi-builder-workspace/.dependencies/checkouts/swift-nio/Sources/CNIOAtomics/src/c-atomics.c -target-abi darwinpcs -target-cpu apple-a7 -target-feature +v8a -target-feature +aes -target-feature +fp-armv8 -target-feature +neon -target-feature +perfmon -target-feature +sha2 -triple arm64-apple-tvos15.0.0 -target-linker-version 1166.2 -target-sdk-version\=27.0 -fmodules-validate-system-headers -fno-modulemap-allow-subdirectory-search -isysroot /Applications/Xcode-27.0.0-Release.Candidate.app/Contents/Developer/Platforms/AppleTVOS.platform/Developer/SDKs/AppleTVOS27.0.sdk -resource-dir /Applications/Xcode-27.0.0-Release.Candidate.app/Contents/Developer/Toolchains/XcodeDefault.xctoolchain/usr/lib/clang/21 -fmodule-format\=obj -fmodule-file\=_Builtin_inttypes\=/Users/admin/builder/spi-builder-workspace/.derivedData/Build/Intermediates.noindex/ExplicitPrecompiledModules/_Builtin_inttypes-1G49QE9J5BJBQQ57X0X0HS04C.pcm -fmodule-file\=_Builtin_stdatomic\=/Users/admin/builder/spi-builder-workspace/.derivedData/Build/Intermediates.noindex/ExplicitPrecompiledModules/_Builtin_stdatomic-7U092S5QD82LRO39EBT4U5YQN.pcm -fmodule-file\=_Builtin_stdbool\=/Users/admin/builder/spi-builder-workspace/.derivedData/Build/Intermediates.noindex/ExplicitPrecompiledModules/_Builtin_stdbool-1ICPL4JHV80XH5OLRNORORRLR.pcm -fmodule-file\=_Builtin_stdint\=/Users/admin/builder/spi-builder-workspace/.derivedData/Build/Intermediates.noindex/ExplicitPrecompiledModules/_Builtin_stdint-403B5NILDF4ZYUIF4S9O2DO4G.pcm -fmodule-file\=_DarwinFoundation2\=/Users/admin/builder/spi-builder-workspace/.derivedData/Build/Intermediates.noindex/ExplicitPrecompiledModules/_DarwinFoundation2-9USE5F42EBJW19D6EJECOCHQK.pcm -fmodule-file\=_DarwinFoundation3\=/Users/admin/builder/spi-builder-workspace/.derivedData/Build/Intermediates.noindex/ExplicitPrecompiledModules/_DarwinFoundation3-5H9XMHLG4YPI294Q769LUIJ34.pcm -I /Users/admin/builder/spi-builder-workspace/.derivedData/Build/Products/Debug-appletvos/include -I /Users/admin/builder/spi-builder-workspace/.dependencies/checkouts/swift-nio/Sources/CNIOAtomics/include -I /Users/admin/builder/spi-builder-workspace/.derivedData/Build/Intermediates.noindex/swift-nio.build/Debug-appletvos/CNIOAtomics-t.build/DerivedSources-normal/arm64 -I /Users/admin/builder/spi-builder-workspace/.derivedData/Build/Intermediates.noindex/swift-nio.build/Debug-appletvos/CNIOAtomics-t.build/DerivedSources/arm64 -I /Users/admin/builder/spi-builder-workspace/.derivedData/Build/Intermediates.noindex/swift-nio.build/Debug-appletvos/CNIOAtomics-t.build/DerivedSources -F /Users/admin/builder/spi-builder-workspace/.derivedData/Build/Products/Debug-appletvos -iframework /Applications/Xcode-27.0.0-Release.Candidate.app/Contents/Developer/Platforms/AppleTVOS.platform/Developer/Library/Frameworks -iframework /Applications/Xcode-27.0.0-Release.Candidate.app/Contents/Developer/Platforms/AppleTVOS.platform/Developer/SDKs/AppleTVOS27.0.sdk/Developer/Library/Frameworks -internal-isystem /Applications/Xcode-27.0.0-Release.Candidate.app/Contents/Developer/Platforms/AppleTVOS.platform/Developer/SDKs/AppleTVOS27.0.sdk/usr/local/include -internal-isystem /Applications/Xcode-27.0.0-Release.Candidate.app/Contents/Developer/Toolchains/XcodeDefault.xctoolchain/usr/lib/clang/21/include -internal-externc-isystem /Applications/Xcode-27.0.0-Release.Candidate.app/Contents/Developer/Platforms/AppleTVOS.platform/Developer/SDKs/AppleTVOS27.0.sdk/usr/include -internal-externc-isystem /Applications/Xcode-27.0.0-Release.Candidate.app/Contents/Developer/Toolchains/XcodeDefault.xctoolchain/usr/include -internal-iframework /Applications/Xcode-27.0.0-Release.Candidate.app/Contents/Developer/Platforms/AppleTVOS.platform/Developer/SDKs/AppleTVOS27.0.sdk/System/Library/Frameworks -internal-iframework /Applications/Xcode-27.0.0-Release.Candidate.app/Contents/Developer/Platforms/AppleTVOS.platform/Developer/SDKs/AppleTVOS27.0.sdk/System/Library/SubFrameworks -internal-iframework /Applications/Xcode-27.0.0-Release.Candidate.app/Contents/Developer/Platforms/AppleTVOS.platform/Developer/SDKs/AppleTVOS27.0.sdk/Library/Frameworks -ivfsstatcache /Users/admin/builder/spi-builder-workspace/.derivedData/SDKStatCaches.noindex/appletvos27.0-24J360-e829b21a6f8c9b70876ba0858053c044b32bfd8d43560033f8d89884cdb90028.sdkstatcache -std\=gnu17 -fskip-odr-check-in-gmf -fmodules -fmodule-name\=CNIOAtomics -fno-implicit-modules -fmax-type-align\=16 -fpascal-strings -fstack-check -fvisibility-inlines-hidden-static-local-var -mdarwin-stkchk-strong-link -fno-odr-hash-protocols -pic-level 2 -fencode-extended-block-signature -stack-protector 1 -fgnuc-version\=4.2.1 -fblocks -fno-convergent-functions -ffp-contract\=on -fclang-abi-compat\=4.0 -fno-experimental-relative-c++-abi-vtables -fno-file-reproducible -clang-vendor-feature\=+disableNonDependentMemberExprInCurrentInstantiation -clang-vendor-feature\=+enableAggressiveVLAFolding -clang-vendor-feature\=+revert09abecef7bbf -clang-vendor-feature\=+thisNoAlignAttr -clang-vendor-feature\=+thisNoNullAttr -clang-vendor-feature\=+disableAtImportPrivateFrameworkInImplementationError -O0 -fno-assume-unique-vtables -fdebug-compilation-dir\=/Users/admin/builder/spi-builder-workspace/.swiftpm/xcode -fcoverage-compilation-dir\=/Users/admin/builder/spi-builder-workspace/.swiftpm/xcode -fcoverage-mapping -fcommon -fdwarf2-cfi-asm -fobjc-msgsend-selector-stubs -fregister-global-dtors-with-atexit -fno-strict-return -dwarf-version\=4 -debugger-tuning\=lldb -disable-llvm-verifier -dwarf-ext-refs -funwind-tables\=1 -fprofile-instrument\=clang -enable-tlsdesc -clear-ast-before-backend -discard-value-names -main-file-name c-atomics.c -mframe-pointer\=non-leaf -debug-info-kind\=standalone -fno-loop-interchange -fdiagnostics-hotness-threshold\=0 -fdiagnostics-misexpect-tolerance\=0 -D DEBUG\=1 -D SWIFT_PACKAGE -D Xcode -D _GNU_SOURCE -fdefine-target-os-macros -MT dependencies -dependency-file /Users/admin/builder/spi-builder-workspace/.derivedData/Build/Intermediates.noindex/swift-nio.build/Debug-appletvos/CNIOAtomics-t.build/Objects-normal/arm64/c-atomics.d -skip-unused-modulemap-deps -module-file-deps\=direct -fdepfile-entry\=/Applications/Xcode-27.0.0-Release.Candidate.app/Contents/Developer/Platforms/AppleTVOS.platform/Developer/SDKs/AppleTVOS27.0.sdk/SDKSettings.json
SwiftDriver ArcCore normal arm64 com.apple.xcode.tools.swift.compiler (in target 'ArcCore' from project 'arc')
    cd /Users/admin/builder/spi-builder-workspace/.swiftpm/xcode
    builtin-SwiftDriver -- /Applications/Xcode-27.0.0-Release.Candidate.app/Contents/Developer/Toolchains/XcodeDefault.xctoolchain/usr/bin/swiftc -parse-as-library -module-name ArcCore -Onone @/Users/admin/builder/spi-builder-workspace/.derivedData/Build/Intermediates.noindex/arc.build/Debug-appletvos/ArcCore-t.build/Objects-normal/arm64/ArcCore.SwiftFileList -DSWIFT_PACKAGE -DDEBUG -DSWIFT_MODULE_RESOURCE_BUNDLE_UNAVAILABLE -DXcode -plugin-path /Applications/Xcode-27.0.0-Release.Candidate.app/Contents/Developer/Toolchains/XcodeDefault.xctoolchain/usr/lib/swift/host/plugins/testing -enable-experimental-feature DebugDescriptionMacro -sdk /Applications/Xcode-27.0.0-Release.Candidate.app/Contents/Developer/Platforms/AppleTVOS.platform/Developer/SDKs/AppleTVOS27.0.sdk -target arm64-apple-tvos15.0 -g -module-cache-path /Users/admin/builder/spi-builder-workspace/.derivedData/ModuleCache.noindex -Xfrontend -serialize-debugging-options -profile-coverage-mapping -profile-generate -enable-testing -index-store-path /Users/admin/builder/spi-builder-workspace/.derivedData/Index.noindex/DataStore -Xcc -D_LIBCPP_HARDENING_MODE\=_LIBCPP_HARDENING_MODE_DEBUG -swift-version 6 -I /Users/admin/builder/spi-builder-workspace/.derivedData/Build/Products/Debug-appletvos -Isystem /Applications/Xcode-27.0.0-Release.Candidate.app/Contents/Developer/Platforms/AppleTVOS.platform/Developer/usr/lib -F /Users/admin/builder/spi-builder-workspace/.derivedData/Build/Products/Debug-appletvos/PackageFrameworks -F /Users/admin/builder/spi-builder-workspace/.derivedData/Build/Products/Debug-appletvos -F /Applications/Xcode-27.0.0-Release.Candidate.app/Contents/Developer/Platforms/AppleTVOS.platform/Developer/Library/Frameworks -F /Applications/Xcode-27.0.0-Release.Candidate.app/Contents/Developer/Platforms/AppleTVOS.platform/Developer/SDKs/AppleTVOS27.0.sdk/Developer/Library/Frameworks -c -j10 -enable-batch-mode -incremental -Xcc -ivfsstatcache -Xcc /Users/admin/builder/spi-builder-workspace/.derivedData/SDKStatCaches.noindex/appletvos27.0-24J360-e829b21a6f8c9b70876ba0858053c044b32bfd8d43560033f8d89884cdb90028.sdkstatcache -output-file-map /Users/admin/builder/spi-builder-workspace/.derivedData/Build/Intermediates.noindex/arc.build/Debug-appletvos/ArcCore-t.build/Objects-normal/arm64/ArcCore-OutputFileMap.json -save-temps -no-color-diagnostics -explicit-module-build -module-cache-path /Users/admin/builder/spi-builder-workspace/.derivedData/Build/Intermediates.noindex/SwiftExplicitPrecompiledModules -clang-scanner-module-cache-path /Users/admin/builder/spi-builder-workspace/.derivedData/ModuleCache.noindex -sdk-module-cache-path /Users/admin/builder/spi-builder-workspace/.derivedData/SDKExplicitPrecompiledModules -emit-dependencies -emit-module -emit-module-path /Users/admin/builder/spi-builder-workspace/.derivedData/Build/Intermediates.noindex/arc.build/Debug-appletvos/ArcCore-t.build/Objects-normal/arm64/ArcCore.swiftmodule -serialize-diagnostics -dependency-scan-serialize-diagnostics-path /Users/admin/builder/spi-builder-workspace/.derivedData/Build/Intermediates.noindex/arc.build/Debug-appletvos/ArcCore-t.build/Objects-normal/arm64/ArcCore-dependency-scan.dia -validate-clang-modules-once -clang-build-session-file /Users/admin/builder/spi-builder-workspace/.derivedData/ModuleCache.noindex/Session.modulevalidation -Xcc -fmodules-prune-interval\=86400 -Xcc -fmodules-prune-after\=345600 -package-name spi_builder_workspace -emit-const-values -const-gather-protocols-list /Users/admin/builder/spi-builder-workspace/.derivedData/Build/Intermediates.noindex/arc.build/Debug-appletvos/ArcCore-t.build/Objects-normal/arm64/ArcCore_const_extract_protocols.json -Xcc -I/Users/admin/builder/spi-builder-workspace/.derivedData/Build/Products/Debug-appletvos/include -Xcc -I/Users/admin/builder/spi-builder-workspace/.derivedData/Build/Intermediates.noindex/arc.build/Debug-appletvos/ArcCore-t.build/DerivedSources-normal/arm64 -Xcc -I/Users/admin/builder/spi-builder-workspace/.derivedData/Build/Intermediates.noindex/arc.build/Debug-appletvos/ArcCore-t.build/DerivedSources/arm64 -Xcc -I/Users/admin/builder/spi-builder-workspace/.derivedData/Build/Intermediates.noindex/arc.build/Debug-appletvos/ArcCore-t.build/DerivedSources -Xcc -DSWIFT_PACKAGE -Xcc -DDEBUG\=1 -emit-objc-header -emit-objc-header-path /Users/admin/builder/spi-builder-workspace/.derivedData/Build/Intermediates.noindex/arc.build/Debug-appletvos/ArcCore-t.build/Objects-normal/arm64/ArcCore-Swift.h -working-directory /Users/admin/builder/spi-builder-workspace/.swiftpm/xcode -experimental-emit-module-separately -disable-cmo
SwiftCompile normal arm64 Compiling\ ProgressStep.swift,\ SingleChoicePrompt.swift,\ PaginatedTable.swift /Users/admin/builder/spi-builder-workspace/.dependencies/checkouts/Noora/cli/Sources/Noora/Components/ProgressStep.swift /Users/admin/builder/spi-builder-workspace/.dependencies/checkouts/Noora/cli/Sources/Noora/Components/SingleChoicePrompt.swift /Users/admin/builder/spi-builder-workspace/.dependencies/checkouts/Noora/cli/Sources/Noora/Components/Table/PaginatedTable.swift (in target 'Noora' from project 'Noora')
SwiftCompile normal arm64 /Users/admin/builder/spi-builder-workspace/.dependencies/checkouts/Noora/cli/Sources/Noora/Components/ProgressStep.swift (in target 'Noora' from project 'Noora')
    cd /Users/admin/builder/spi-builder-workspace/.swiftpm/xcode
    builtin-SwiftPerFileCompile ProgressStep.swift
SwiftCompile normal arm64 /Users/admin/builder/spi-builder-workspace/.dependencies/checkouts/Noora/cli/Sources/Noora/Components/SingleChoicePrompt.swift (in target 'Noora' from project 'Noora')
    cd /Users/admin/builder/spi-builder-workspace/.swiftpm/xcode
    builtin-SwiftPerFileCompile SingleChoicePrompt.swift
SwiftCompile normal arm64 /Users/admin/builder/spi-builder-workspace/.dependencies/checkouts/Noora/cli/Sources/Noora/Components/Table/PaginatedTable.swift (in target 'Noora' from project 'Noora')
    cd /Users/admin/builder/spi-builder-workspace/.swiftpm/xcode
    builtin-SwiftPerFileCompile PaginatedTable.swift
SwiftCompile normal arm64 Compiling\ Noora.swift,\ NooraError.swift,\ NooraMock.swift /Users/admin/builder/spi-builder-workspace/.dependencies/checkouts/Noora/cli/Sources/Noora/Noora.swift /Users/admin/builder/spi-builder-workspace/.dependencies/checkouts/Noora/cli/Sources/Noora/NooraError.swift /Users/admin/builder/spi-builder-workspace/.dependencies/checkouts/Noora/cli/Sources/Noora/NooraMock.swift (in target 'Noora' from project 'Noora')
SwiftCompile normal arm64 /Users/admin/builder/spi-builder-workspace/.dependencies/checkouts/Noora/cli/Sources/Noora/Noora.swift (in target 'Noora' from project 'Noora')
    cd /Users/admin/builder/spi-builder-workspace/.swiftpm/xcode
    builtin-SwiftPerFileCompile Noora.swift
SwiftCompile normal arm64 /Users/admin/builder/spi-builder-workspace/.dependencies/checkouts/Noora/cli/Sources/Noora/NooraError.swift (in target 'Noora' from project 'Noora')
    cd /Users/admin/builder/spi-builder-workspace/.swiftpm/xcode
    builtin-SwiftPerFileCompile NooraError.swift
SwiftCompile normal arm64 /Users/admin/builder/spi-builder-workspace/.dependencies/checkouts/Noora/cli/Sources/Noora/NooraMock.swift (in target 'Noora' from project 'Noora')
    cd /Users/admin/builder/spi-builder-workspace/.swiftpm/xcode
    builtin-SwiftPerFileCompile NooraMock.swift
SwiftCompile normal arm64 Compiling\ SelectableTable.swift,\ Table.swift,\ TableColumn.swift /Users/admin/builder/spi-builder-workspace/.dependencies/checkouts/Noora/cli/Sources/Noora/Components/Table/SelectableTable.swift /Users/admin/builder/spi-builder-workspace/.dependencies/checkouts/Noora/cli/Sources/Noora/Components/Table/Table.swift /Users/admin/builder/spi-builder-workspace/.dependencies/checkouts/Noora/cli/Sources/Noora/Components/Table/TableColumn.swift (in target 'Noora' from project 'Noora')
SwiftCompile normal arm64 /Users/admin/builder/spi-builder-workspace/.dependencies/checkouts/Noora/cli/Sources/Noora/Components/Table/SelectableTable.swift (in target 'Noora' from project 'Noora')
    cd /Users/admin/builder/spi-builder-workspace/.swiftpm/xcode
    builtin-SwiftPerFileCompile SelectableTable.swift
SwiftCompile normal arm64 /Users/admin/builder/spi-builder-workspace/.dependencies/checkouts/Noora/cli/Sources/Noora/Components/Table/Table.swift (in target 'Noora' from project 'Noora')
    cd /Users/admin/builder/spi-builder-workspace/.swiftpm/xcode
    builtin-SwiftPerFileCompile Table.swift
SwiftCompile normal arm64 /Users/admin/builder/spi-builder-workspace/.dependencies/checkouts/Noora/cli/Sources/Noora/Components/Table/TableColumn.swift (in target 'Noora' from project 'Noora')
    cd /Users/admin/builder/spi-builder-workspace/.swiftpm/xcode
    builtin-SwiftPerFileCompile TableColumn.swift
SwiftCompile normal arm64 Compiling\ TableData.swift,\ TableRenderer.swift,\ TableStyle.swift /Users/admin/builder/spi-builder-workspace/.dependencies/checkouts/Noora/cli/Sources/Noora/Components/Table/TableData.swift /Users/admin/builder/spi-builder-workspace/.dependencies/checkouts/Noora/cli/Sources/Noora/Components/Table/TableRenderer.swift /Users/admin/builder/spi-builder-workspace/.dependencies/checkouts/Noora/cli/Sources/Noora/Components/Table/TableStyle.swift (in target 'Noora' from project 'Noora')
SwiftCompile normal arm64 /Users/admin/builder/spi-builder-workspace/.dependencies/checkouts/Noora/cli/Sources/Noora/Components/Table/TableData.swift (in target 'Noora' from project 'Noora')
    cd /Users/admin/builder/spi-builder-workspace/.swiftpm/xcode
    builtin-SwiftPerFileCompile TableData.swift
SwiftCompile normal arm64 /Users/admin/builder/spi-builder-workspace/.dependencies/checkouts/Noora/cli/Sources/Noora/Components/Table/TableRenderer.swift (in target 'Noora' from project 'Noora')
    cd /Users/admin/builder/spi-builder-workspace/.swiftpm/xcode
    builtin-SwiftPerFileCompile TableRenderer.swift
SwiftCompile normal arm64 /Users/admin/builder/spi-builder-workspace/.dependencies/checkouts/Noora/cli/Sources/Noora/Components/Table/TableStyle.swift (in target 'Noora' from project 'Noora')
    cd /Users/admin/builder/spi-builder-workspace/.swiftpm/xcode
    builtin-SwiftPerFileCompile TableStyle.swift
SwiftCompile normal arm64 Compiling\ Alert.swift,\ CollapsibleStep.swift,\ MultipleChoicePrompt.swift,\ ProgressBarStep.swift /Users/admin/builder/spi-builder-workspace/.dependencies/checkouts/Noora/cli/Sources/Noora/Components/Alert.swift /Users/admin/builder/spi-builder-workspace/.dependencies/checkouts/Noora/cli/Sources/Noora/Components/CollapsibleStep.swift /Users/admin/builder/spi-builder-workspace/.dependencies/checkouts/Noora/cli/Sources/Noora/Components/MultipleChoicePrompt.swift /Users/admin/builder/spi-builder-workspace/.dependencies/checkouts/Noora/cli/Sources/Noora/Components/ProgressBarStep.swift (in target 'Noora' from project 'Noora')
SwiftCompile normal arm64 /Users/admin/builder/spi-builder-workspace/.dependencies/checkouts/Noora/cli/Sources/Noora/Components/Alert.swift (in target 'Noora' from project 'Noora')
    cd /Users/admin/builder/spi-builder-workspace/.swiftpm/xcode
    builtin-SwiftPerFileCompile Alert.swift
SwiftCompile normal arm64 /Users/admin/builder/spi-builder-workspace/.dependencies/checkouts/Noora/cli/Sources/Noora/Components/CollapsibleStep.swift (in target 'Noora' from project 'Noora')
    cd /Users/admin/builder/spi-builder-workspace/.swiftpm/xcode
    builtin-SwiftPerFileCompile CollapsibleStep.swift
SwiftCompile normal arm64 /Users/admin/builder/spi-builder-workspace/.dependencies/checkouts/Noora/cli/Sources/Noora/Components/MultipleChoicePrompt.swift (in target 'Noora' from project 'Noora')
    cd /Users/admin/builder/spi-builder-workspace/.swiftpm/xcode
    builtin-SwiftPerFileCompile MultipleChoicePrompt.swift
SwiftCompile normal arm64 /Users/admin/builder/spi-builder-workspace/.dependencies/checkouts/Noora/cli/Sources/Noora/Components/ProgressBarStep.swift (in target 'Noora' from project 'Noora')
    cd /Users/admin/builder/spi-builder-workspace/.swiftpm/xcode
    builtin-SwiftPerFileCompile ProgressBarStep.swift
SwiftEmitModule normal arm64 Emitting\ module\ for\ Noora (in target 'Noora' from project 'Noora')
SwiftCompile normal arm64 (in target 'Noora' from project 'Noora')
    cd /Users/admin/builder/spi-builder-workspace/.swiftpm/xcode

SwiftEmitModule normal arm64 Emitting\ module\ for\ NIOCore (in target 'NIOCore' from project 'swift-nio')
SwiftCompile normal arm64 (in target 'NIOCore' from project 'swift-nio')
    cd /Users/admin/builder/spi-builder-workspace/.swiftpm/xcode

SwiftCompile normal arm64 Compiling\ StandardPipelineType.swift,\ Theme.swift,\ LengthValidationRule.swift /Users/admin/builder/spi-builder-workspace/.dependencies/checkouts/Noora/cli/Sources/Noora/StandardPipelineType.swift /Users/admin/builder/spi-builder-workspace/.dependencies/checkouts/Noora/cli/Sources/Noora/Theme.swift /Users/admin/builder/spi-builder-workspace/.dependencies/checkouts/Noora/cli/Sources/Noora/Validator/Rules/LengthValidationRule.swift (in target 'Noora' from project 'Noora')
SwiftCompile normal arm64 /Users/admin/builder/spi-builder-workspace/.dependencies/checkouts/Noora/cli/Sources/Noora/StandardPipelineType.swift (in target 'Noora' from project 'Noora')
    cd /Users/admin/builder/spi-builder-workspace/.swiftpm/xcode
    builtin-SwiftPerFileCompile StandardPipelineType.swift
SwiftCompile normal arm64 /Users/admin/builder/spi-builder-workspace/.dependencies/checkouts/Noora/cli/Sources/Noora/Theme.swift (in target 'Noora' from project 'Noora')
    cd /Users/admin/builder/spi-builder-workspace/.swiftpm/xcode
    builtin-SwiftPerFileCompile Theme.swift
SwiftCompile normal arm64 /Users/admin/builder/spi-builder-workspace/.dependencies/checkouts/Noora/cli/Sources/Noora/Validator/Rules/LengthValidationRule.swift (in target 'Noora' from project 'Noora')
    cd /Users/admin/builder/spi-builder-workspace/.swiftpm/xcode
    builtin-SwiftPerFileCompile LengthValidationRule.swift
SwiftEmitModule normal arm64 Emitting\ module\ for\ ArcCore (in target 'ArcCore' from project 'arc')
SwiftCompile normal arm64 (in target 'ArcCore' from project 'arc')
    cd /Users/admin/builder/spi-builder-workspace/.swiftpm/xcode

SwiftDriverJobDiscovery normal arm64 Compiling StandardPipelineType.swift, Theme.swift, LengthValidationRule.swift (in target 'Noora' from project 'Noora')
SwiftCompile normal arm64 Compiling\ TerminalText.swift /Users/admin/builder/spi-builder-workspace/.dependencies/checkouts/Noora/cli/Sources/Noora/Utilities/TerminalText.swift (in target 'Noora' from project 'Noora')
SwiftCompile normal arm64 /Users/admin/builder/spi-builder-workspace/.dependencies/checkouts/Noora/cli/Sources/Noora/Utilities/TerminalText.swift (in target 'Noora' from project 'Noora')
    cd /Users/admin/builder/spi-builder-workspace/.swiftpm/xcode
    builtin-SwiftPerFileCompile TerminalText.swift
SwiftCompile normal arm64 Compiling\ NonEmptyValidationRule.swift,\ RegexValidationRule.swift,\ Validator.swift /Users/admin/builder/spi-builder-workspace/.dependencies/checkouts/Noora/cli/Sources/Noora/Validator/Rules/NonEmptyValidationRule.swift /Users/admin/builder/spi-builder-workspace/.dependencies/checkouts/Noora/cli/Sources/Noora/Validator/Rules/RegexValidationRule.swift /Users/admin/builder/spi-builder-workspace/.dependencies/checkouts/Noora/cli/Sources/Noora/Validator/Validator.swift (in target 'Noora' from project 'Noora')
/Users/admin/builder/spi-builder-workspace/.dependencies/checkouts/Noora/cli/Sources/Noora/Validator/Rules/RegexValidationRule.swift:36:36: error: 'Regex' is only available in tvOS 16.0 or newer
 2 |
 3 | /// A validation rule that checks if a string input matches a specified regular expression pattern.
 4 | public struct RegexValidationRule: ValidatableRule {
   |               `- note: add '@available' attribute to enclosing struct
 5 |     // MARK: Properties
 6 |
   :
30 |     ///
31 |     /// - Returns: A Boolean indicating whether the input matches the pattern.
32 |     public func validate(input: String) -> Bool {
   |                 `- note: add '@available' attribute to enclosing instance method
33 |         guard !input.isEmpty else { return false }
34 |
35 |         if #available(macOS 13.0, *) {
36 |             guard let regex = try? Regex(pattern) else {
   |                                    |- error: 'Regex' is only available in tvOS 16.0 or newer
   |                                    `- note: add 'if #available' version check
37 |                 preconditionFailure("Illegal regular expression: \(pattern).")
38 |             }
/Users/admin/builder/spi-builder-workspace/.dependencies/checkouts/Noora/cli/Sources/Noora/Validator/Rules/RegexValidationRule.swift:36:36: error: 'init(_:)' is only available in tvOS 16.0 or newer
 2 |
 3 | /// A validation rule that checks if a string input matches a specified regular expression pattern.
 4 | public struct RegexValidationRule: ValidatableRule {
   |               `- note: add '@available' attribute to enclosing struct
 5 |     // MARK: Properties
 6 |
   :
30 |     ///
31 |     /// - Returns: A Boolean indicating whether the input matches the pattern.
32 |     public func validate(input: String) -> Bool {
   |                 `- note: add '@available' attribute to enclosing instance method
33 |         guard !input.isEmpty else { return false }
34 |
35 |         if #available(macOS 13.0, *) {
36 |             guard let regex = try? Regex(pattern) else {
   |                                    |- error: 'init(_:)' is only available in tvOS 16.0 or newer
   |                                    `- note: add 'if #available' version check
37 |                 preconditionFailure("Illegal regular expression: \(pattern).")
38 |             }
/Users/admin/builder/spi-builder-workspace/.dependencies/checkouts/Noora/cli/Sources/Noora/Validator/Rules/RegexValidationRule.swift:39:26: error: 'firstMatch(of:)' is only available in tvOS 16.0 or newer
 2 |
 3 | /// A validation rule that checks if a string input matches a specified regular expression pattern.
 4 | public struct RegexValidationRule: ValidatableRule {
   |               `- note: add '@available' attribute to enclosing struct
 5 |     // MARK: Properties
 6 |
   :
30 |     ///
31 |     /// - Returns: A Boolean indicating whether the input matches the pattern.
32 |     public func validate(input: String) -> Bool {
   |                 `- note: add '@available' attribute to enclosing instance method
33 |         guard !input.isEmpty else { return false }
34 |
   :
37 |                 preconditionFailure("Illegal regular expression: \(pattern).")
38 |             }
39 |             return input.firstMatch(of: regex) != nil
   |                          |- error: 'firstMatch(of:)' is only available in tvOS 16.0 or newer
   |                          `- note: add 'if #available' version check
40 |         } else {
41 |             do {
Failed frontend command:
/Applications/Xcode-27.0.0-Release.Candidate.app/Contents/Developer/Toolchains/XcodeDefault.xctoolchain/usr/bin/swift-frontend -frontend -c /Users/admin/builder/spi-builder-workspace/.dependencies/checkouts/Noora/cli/Sources/Noora/Components/Alert.swift /Users/admin/builder/spi-builder-workspace/.dependencies/checkouts/Noora/cli/Sources/Noora/Components/CollapsibleStep.swift /Users/admin/builder/spi-builder-workspace/.dependencies/checkouts/Noora/cli/Sources/Noora/Components/MultipleChoicePrompt.swift /Users/admin/builder/spi-builder-workspace/.dependencies/checkouts/Noora/cli/Sources/Noora/Components/ProgressBarStep.swift /Users/admin/builder/spi-builder-workspace/.dependencies/checkouts/Noora/cli/Sources/Noora/Components/ProgressStep.swift /Users/admin/builder/spi-builder-workspace/.dependencies/checkouts/Noora/cli/Sources/Noora/Components/SingleChoicePrompt.swift /Users/admin/builder/spi-builder-workspace/.dependencies/checkouts/Noora/cli/Sources/Noora/Components/Table/PaginatedTable.swift /Users/admin/builder/spi-builder-workspace/.dependencies/checkouts/Noora/cli/Sources/Noora/Components/Table/SelectableTable.swift /Users/admin/builder/spi-builder-workspace/.dependencies/checkouts/Noora/cli/Sources/Noora/Components/Table/Table.swift /Users/admin/builder/spi-builder-workspace/.dependencies/checkouts/Noora/cli/Sources/Noora/Components/Table/TableColumn.swift /Users/admin/builder/spi-builder-workspace/.dependencies/checkouts/Noora/cli/Sources/Noora/Components/Table/TableData.swift /Users/admin/builder/spi-builder-workspace/.dependencies/checkouts/Noora/cli/Sources/Noora/Components/Table/TableRenderer.swift /Users/admin/builder/spi-builder-workspace/.dependencies/checkouts/Noora/cli/Sources/Noora/Components/Table/TableStyle.swift /Users/admin/builder/spi-builder-workspace/.dependencies/checkouts/Noora/cli/Sources/Noora/Components/Table/UpdatingSelectableTable.swift /Users/admin/builder/spi-builder-workspace/.dependencies/checkouts/Noora/cli/Sources/Noora/Components/Table/UpdatingTable.swift /Users/admin/builder/spi-builder-workspace/.dependencies/checkouts/Noora/cli/Sources/Noora/Components/TextPrompt.swift /Users/admin/builder/spi-builder-workspace/.dependencies/checkouts/Noora/cli/Sources/Noora/Components/YesOrNoChoicePrompt.swift /Users/admin/builder/spi-builder-workspace/.dependencies/checkouts/Noora/cli/Sources/Noora/Content.swift /Users/admin/builder/spi-builder-workspace/.dependencies/checkouts/Noora/cli/Sources/Noora/DataStructures/Stack.swift /Users/admin/builder/spi-builder-workspace/.dependencies/checkouts/Noora/cli/Sources/Noora/Extensions/Character+isPrintable.swift /Users/admin/builder/spi-builder-workspace/.dependencies/checkouts/Noora/cli/Sources/Noora/Extensions/String+Rainbow.swift /Users/admin/builder/spi-builder-workspace/.dependencies/checkouts/Noora/cli/Sources/Noora/Extensions/String+ValidatableError.swift /Users/admin/builder/spi-builder-workspace/.dependencies/checkouts/Noora/cli/Sources/Noora/Noora.swift /Users/admin/builder/spi-builder-workspace/.dependencies/checkouts/Noora/cli/Sources/Noora/NooraError.swift /Users/admin/builder/spi-builder-workspace/.dependencies/checkouts/Noora/cli/Sources/Noora/NooraMock.swift /Users/admin/builder/spi-builder-workspace/.dependencies/checkouts/Noora/cli/Sources/Noora/StandardPipelineType.swift /Users/admin/builder/spi-builder-workspace/.dependencies/checkouts/Noora/cli/Sources/Noora/Theme.swift /Users/admin/builder/spi-builder-workspace/.dependencies/checkouts/Noora/cli/Sources/Noora/Utilities/KeyStrokeListener.swift /Users/admin/builder/spi-builder-workspace/.dependencies/checkouts/Noora/cli/Sources/Noora/Utilities/LockIsolated.swift /Users/admin/builder/spi-builder-workspace/.dependencies/checkouts/Noora/cli/Sources/Noora/Utilities/Renderer.swift /Users/admin/builder/spi-builder-workspace/.dependencies/checkouts/Noora/cli/Sources/Noora/Utilities/Spinner.swift /Users/admin/builder/spi-builder-workspace/.dependencies/checkouts/Noora/cli/Sources/Noora/Utilities/StandardPipelines.swift /Users/admin/builder/spi-builder-workspace/.dependencies/checkouts/Noora/cli/Sources/Noora/Utilities/Terminal.swift /Users/admin/builder/spi-builder-workspace/.dependencies/checkouts/Noora/cli/Sources/Noora/Utilities/TerminalText+DisplayWidth.swift /Users/admin/builder/spi-builder-workspace/.dependencies/checkouts/Noora/cli/Sources/Noora/Utilities/TerminalText.swift /Users/admin/builder/spi-builder-workspace/.dependencies/checkouts/Noora/cli/Sources/Noora/Validator/Core/ValidatableError.swift /Users/admin/builder/spi-builder-workspace/.dependencies/checkouts/Noora/cli/Sources/Noora/Validator/Core/ValidatableRule.swift /Users/admin/builder/spi-builder-workspace/.dependencies/checkouts/Noora/cli/Sources/Noora/Validator/Core/ValidationError.swift /Users/admin/builder/spi-builder-workspace/.dependencies/checkouts/Noora/cli/Sources/Noora/Validator/InputValidating.swift /Users/admin/builder/spi-builder-workspace/.dependencies/checkouts/Noora/cli/Sources/Noora/Validator/Rules/LengthValidationRule.swift -primary-file /Users/admin/builder/spi-builder-workspace/.dependencies/checkouts/Noora/cli/Sources/Noora/Validator/Rules/NonEmptyValidationRule.swift -primary-file /Users/admin/builder/spi-builder-workspace/.dependencies/checkouts/Noora/cli/Sources/Noora/Validator/Rules/RegexValidationRule.swift -primary-file /Users/admin/builder/spi-builder-workspace/.dependencies/checkouts/Noora/cli/Sources/Noora/Validator/Validator.swift -supplementary-output-file-map /Users/admin/builder/spi-builder-workspace/.derivedData/Build/Intermediates.noindex/Noora.build/Debug-appletvos/Noora-t.build/Objects-normal/arm64/supplementaryOutputs-10 -target arm64-apple-tvos15.0 -disable-cross-import-overlay-search -swift-module-cross-import Darwin /Applications/Xcode-27.0.0-Release.Candidate.app/Contents/Developer/Platforms/AppleTVOS.platform/Developer/SDKs/AppleTVOS.sdk/usr/include/Darwin.swiftcrossimport/xlocale.swiftoverlay -load-resolved-plugin /Applications/Xcode-27.0.0-Release.Candidate.app/Contents/Developer/Platforms/AppleTVOS.platform/Developer/usr/lib/swift/host/plugins/libFoundationMacros.dylib\#/Applications/Xcode-27.0.0-Release.Candidate.app/Contents/Developer/Platforms/AppleTVOS.platform/Developer/usr/bin/swift-plugin-server\#FoundationMacros -load-resolved-plugin /Applications/Xcode-27.0.0-Release.Candidate.app/Contents/Developer/Platforms/AppleTVOS.platform/Developer/usr/lib/swift/host/plugins/libObservationMacros.dylib\#/Applications/Xcode-27.0.0-Release.Candidate.app/Contents/Developer/Platforms/AppleTVOS.platform/Developer/usr/bin/swift-plugin-server\#ObservationMacros -load-resolved-plugin /Applications/Xcode-27.0.0-Release.Candidate.app/Contents/Developer/Platforms/AppleTVOS.platform/Developer/usr/lib/swift/host/plugins/libSwiftMacros.dylib\#/Applications/Xcode-27.0.0-Release.Candidate.app/Contents/Developer/Platforms/AppleTVOS.platform/Developer/usr/bin/swift-plugin-server\#SwiftMacros -disable-implicit-swift-modules -Xcc -fno-implicit-modules -Xcc -fno-implicit-module-maps -explicit-swift-module-map-file /Users/admin/builder/spi-builder-workspace/.derivedData/Build/Intermediates.noindex/Noora.build/Debug-appletvos/Noora-t.build/Objects-normal/arm64/Noora-dependencies-1.json -Xllvm -aarch64-use-tbi -enable-objc-interop -stack-check -sdk /Applications/Xcode-27.0.0-Release.Candidate.app/Contents/Developer/Platforms/AppleTVOS.platform/Developer/SDKs/AppleTVOS27.0.sdk -I /Users/admin/builder/spi-builder-workspace/.derivedData/Build/Products/Debug-appletvos -Isystem /Applications/Xcode-27.0.0-Release.Candidate.app/Contents/Developer/Platforms/AppleTVOS.platform/Developer/usr/lib -F /Users/admin/builder/spi-builder-workspace/.derivedData/Build/Products/Debug-appletvos/PackageFrameworks -F /Users/admin/builder/spi-builder-workspace/.derivedData/Build/Products/Debug-appletvos -F /Applications/Xcode-27.0.0-Release.Candidate.app/Contents/Developer/Platforms/AppleTVOS.platform/Developer/Library/Frameworks -F /Applications/Xcode-27.0.0-Release.Candidate.app/Contents/Developer/Platforms/AppleTVOS.platform/Developer/SDKs/AppleTVOS27.0.sdk/Developer/Library/Frameworks -module-cache-path /Users/admin/builder/spi-builder-workspace/.derivedData/Build/Intermediates.noindex/SwiftExplicitPrecompiledModules -no-color-diagnostics -Xcc -fno-color-diagnostics -enable-testing -g -debug-info-format\=dwarf -dwarf-version\=4 -suppress-warnings -profile-generate -profile-coverage-mapping -swift-version 5 -Onone -D SWIFT_PACKAGE -D DEBUG -D SWIFT_MODULE_RESOURCE_BUNDLE_UNAVAILABLE -D MOCKING -D Xcode -serialize-debugging-options -enable-experimental-feature DebugDescriptionMacro -empty-abi-descriptor -validate-clang-modules-once -clang-build-session-file /Users/admin/builder/spi-builder-workspace/.derivedData/ModuleCache.noindex/Session.modulevalidation -Xcc -working-directory -Xcc /Users/admin/builder/spi-builder-workspace/.swiftpm/xcode -enable-anonymous-context-mangled-names -file-compilation-dir /Users/admin/builder/spi-builder-workspace/.swiftpm/xcode -Xcc -D_LIBCPP_HARDENING_MODE\=_LIBCPP_HARDENING_MODE_DEBUG -Xcc -ivfsstatcache -Xcc /Users/admin/builder/spi-builder-workspace/.derivedData/SDKStatCaches.noindex/appletvos27.0-24J360-e829b21a6f8c9b70876ba0858053c044b32bfd8d43560033f8d89884cdb90028.sdkstatcache -Xcc -fmodules-prune-interval\=86400 -Xcc -fmodules-prune-after\=345600 -Xcc -I/Users/admin/builder/spi-builder-workspace/.derivedData/Build/Products/Debug-appletvos/include -Xcc -I/Users/admin/builder/spi-builder-workspace/.derivedData/Build/Intermediates.noindex/Noora.build/Debug-appletvos/Noora-t.build/DerivedSources-normal/arm64 -Xcc -I/Users/admin/builder/spi-builder-workspace/.derivedData/Build/Intermediates.noindex/Noora.build/Debug-appletvos/Noora-t.build/DerivedSources/arm64 -Xcc -I/Users/admin/builder/spi-builder-workspace/.derivedData/Build/Intermediates.noindex/Noora.build/Debug-appletvos/Noora-t.build/DerivedSources -Xcc -DSWIFT_PACKAGE -Xcc -DDEBUG\=1 -no-auto-bridging-header-chaining -module-name Noora -const-gather-protocols-file /Users/admin/builder/spi-builder-workspace/.derivedData/Build/Intermediates.noindex/Noora.build/Debug-appletvos/Noora-t.build/Objects-normal/arm64/Noora_const_extract_protocols.json -disable-clang-spi -clang-target arm64-apple-tvos27.0 -target-sdk-version 27.0 -target-sdk-name appletvos27.0 -in-process-plugin-server-path /Applications/Xcode-27.0.0-Release.Candidate.app/Contents/Developer/Toolchains/XcodeDefault.xctoolchain/usr/lib/swift/host/libSwiftInProcPluginServer.dylib -parse-as-library -o /Users/admin/builder/spi-builder-workspace/.derivedData/Build/Intermediates.noindex/Noora.build/Debug-appletvos/Noora-t.build/Objects-normal/arm64/NonEmptyValidationRule.o -o /Users/admin/builder/spi-builder-workspace/.derivedData/Build/Intermediates.noindex/Noora.build/Debug-appletvos/Noora-t.build/Objects-normal/arm64/RegexValidationRule.o -o /Users/admin/builder/spi-builder-workspace/.derivedData/Build/Intermediates.noindex/Noora.build/Debug-appletvos/Noora-t.build/Objects-normal/arm64/Validator.o -debug-module-path /Users/admin/builder/spi-builder-workspace/.derivedData/Build/Intermediates.noindex/Noora.build/Debug-appletvos/Noora-t.build/Objects-normal/arm64/Noora.swiftmodule -index-unit-output-path /Noora.build/Debug-appletvos/Noora-t.build/Objects-normal/arm64/NonEmptyValidationRule.o -index-unit-output-path /Noora.build/Debug-appletvos/Noora-t.build/Objects-normal/arm64/RegexValidationRule.o -index-unit-output-path /Noora.build/Debug-appletvos/Noora-t.build/Objects-normal/arm64/Validator.o -index-store-path /Users/admin/builder/spi-builder-workspace/.derivedData/Index.noindex/DataStore -index-system-modules
SwiftCompile normal arm64 /Users/admin/builder/spi-builder-workspace/.dependencies/checkouts/Noora/cli/Sources/Noora/Validator/Rules/NonEmptyValidationRule.swift (in target 'Noora' from project 'Noora')
    cd /Users/admin/builder/spi-builder-workspace/.swiftpm/xcode
    builtin-SwiftPerFileCompile NonEmptyValidationRule.swift
SwiftCompile normal arm64 /Users/admin/builder/spi-builder-workspace/.dependencies/checkouts/Noora/cli/Sources/Noora/Validator/Rules/RegexValidationRule.swift (in target 'Noora' from project 'Noora')
    cd /Users/admin/builder/spi-builder-workspace/.swiftpm/xcode
    builtin-SwiftPerFileCompile RegexValidationRule.swift
SwiftCompile normal arm64 /Users/admin/builder/spi-builder-workspace/.dependencies/checkouts/Noora/cli/Sources/Noora/Validator/Validator.swift (in target 'Noora' from project 'Noora')
    cd /Users/admin/builder/spi-builder-workspace/.swiftpm/xcode
    builtin-SwiftPerFileCompile Validator.swift
SwiftDriverJobDiscovery normal arm64 Compiling TableData.swift, TableRenderer.swift, TableStyle.swift (in target 'Noora' from project 'Noora')
SwiftCompile normal arm64 Compiling\ Character+isPrintable.swift,\ String+Rainbow.swift,\ String+ValidatableError.swift /Users/admin/builder/spi-builder-workspace/.dependencies/checkouts/Noora/cli/Sources/Noora/Extensions/Character+isPrintable.swift /Users/admin/builder/spi-builder-workspace/.dependencies/checkouts/Noora/cli/Sources/Noora/Extensions/String+Rainbow.swift /Users/admin/builder/spi-builder-workspace/.dependencies/checkouts/Noora/cli/Sources/Noora/Extensions/String+ValidatableError.swift (in target 'Noora' from project 'Noora')
SwiftCompile normal arm64 /Users/admin/builder/spi-builder-workspace/.dependencies/checkouts/Noora/cli/Sources/Noora/Extensions/Character+isPrintable.swift (in target 'Noora' from project 'Noora')
    cd /Users/admin/builder/spi-builder-workspace/.swiftpm/xcode
    builtin-SwiftPerFileCompile Character+isPrintable.swift
SwiftCompile normal arm64 /Users/admin/builder/spi-builder-workspace/.dependencies/checkouts/Noora/cli/Sources/Noora/Extensions/String+Rainbow.swift (in target 'Noora' from project 'Noora')
    cd /Users/admin/builder/spi-builder-workspace/.swiftpm/xcode
    builtin-SwiftPerFileCompile String+Rainbow.swift
SwiftCompile normal arm64 /Users/admin/builder/spi-builder-workspace/.dependencies/checkouts/Noora/cli/Sources/Noora/Extensions/String+ValidatableError.swift (in target 'Noora' from project 'Noora')
    cd /Users/admin/builder/spi-builder-workspace/.swiftpm/xcode
    builtin-SwiftPerFileCompile String+ValidatableError.swift
SwiftDriverJobDiscovery normal arm64 Compiling SelectableTable.swift, Table.swift, TableColumn.swift (in target 'Noora' from project 'Noora')
SwiftCompile normal arm64 Compiling\ UpdatingSelectableTable.swift,\ UpdatingTable.swift,\ TextPrompt.swift /Users/admin/builder/spi-builder-workspace/.dependencies/checkouts/Noora/cli/Sources/Noora/Components/Table/UpdatingSelectableTable.swift /Users/admin/builder/spi-builder-workspace/.dependencies/checkouts/Noora/cli/Sources/Noora/Components/Table/UpdatingTable.swift /Users/admin/builder/spi-builder-workspace/.dependencies/checkouts/Noora/cli/Sources/Noora/Components/TextPrompt.swift (in target 'Noora' from project 'Noora')
SwiftCompile normal arm64 /Users/admin/builder/spi-builder-workspace/.dependencies/checkouts/Noora/cli/Sources/Noora/Components/Table/UpdatingSelectableTable.swift (in target 'Noora' from project 'Noora')
    cd /Users/admin/builder/spi-builder-workspace/.swiftpm/xcode
    builtin-SwiftPerFileCompile UpdatingSelectableTable.swift
SwiftCompile normal arm64 /Users/admin/builder/spi-builder-workspace/.dependencies/checkouts/Noora/cli/Sources/Noora/Components/Table/UpdatingTable.swift (in target 'Noora' from project 'Noora')
    cd /Users/admin/builder/spi-builder-workspace/.swiftpm/xcode
    builtin-SwiftPerFileCompile UpdatingTable.swift
SwiftCompile normal arm64 /Users/admin/builder/spi-builder-workspace/.dependencies/checkouts/Noora/cli/Sources/Noora/Components/TextPrompt.swift (in target 'Noora' from project 'Noora')
    cd /Users/admin/builder/spi-builder-workspace/.swiftpm/xcode
    builtin-SwiftPerFileCompile TextPrompt.swift
SwiftDriverJobDiscovery normal arm64 Emitting module for ArcCore (in target 'ArcCore' from project 'arc')
SwiftDriver\ Compilation\ Requirements ArcCore normal arm64 com.apple.xcode.tools.swift.compiler (in target 'ArcCore' from project 'arc')
    cd /Users/admin/builder/spi-builder-workspace/.swiftpm/xcode
    builtin-Swift-Compilation-Requirements -- /Applications/Xcode-27.0.0-Release.Candidate.app/Contents/Developer/Toolchains/XcodeDefault.xctoolchain/usr/bin/swiftc -parse-as-library -module-name ArcCore -Onone @/Users/admin/builder/spi-builder-workspace/.derivedData/Build/Intermediates.noindex/arc.build/Debug-appletvos/ArcCore-t.build/Objects-normal/arm64/ArcCore.SwiftFileList -DSWIFT_PACKAGE -DDEBUG -DSWIFT_MODULE_RESOURCE_BUNDLE_UNAVAILABLE -DXcode -plugin-path /Applications/Xcode-27.0.0-Release.Candidate.app/Contents/Developer/Toolchains/XcodeDefault.xctoolchain/usr/lib/swift/host/plugins/testing -enable-experimental-feature DebugDescriptionMacro -sdk /Applications/Xcode-27.0.0-Release.Candidate.app/Contents/Developer/Platforms/AppleTVOS.platform/Developer/SDKs/AppleTVOS27.0.sdk -target arm64-apple-tvos15.0 -g -module-cache-path /Users/admin/builder/spi-builder-workspace/.derivedData/ModuleCache.noindex -Xfrontend -serialize-debugging-options -profile-coverage-mapping -profile-generate -enable-testing -index-store-path /Users/admin/builder/spi-builder-workspace/.derivedData/Index.noindex/DataStore -Xcc -D_LIBCPP_HARDENING_MODE\=_LIBCPP_HARDENING_MODE_DEBUG -swift-version 6 -I /Users/admin/builder/spi-builder-workspace/.derivedData/Build/Products/Debug-appletvos -Isystem /Applications/Xcode-27.0.0-Release.Candidate.app/Contents/Developer/Platforms/AppleTVOS.platform/Developer/usr/lib -F /Users/admin/builder/spi-builder-workspace/.derivedData/Build/Products/Debug-appletvos/PackageFrameworks -F /Users/admin/builder/spi-builder-workspace/.derivedData/Build/Products/Debug-appletvos -F /Applications/Xcode-27.0.0-Release.Candidate.app/Contents/Developer/Platforms/AppleTVOS.platform/Developer/Library/Frameworks -F /Applications/Xcode-27.0.0-Release.Candidate.app/Contents/Developer/Platforms/AppleTVOS.platform/Developer/SDKs/AppleTVOS27.0.sdk/Developer/Library/Frameworks -c -j10 -enable-batch-mode -incremental -Xcc -ivfsstatcache -Xcc /Users/admin/builder/spi-builder-workspace/.derivedData/SDKStatCaches.noindex/appletvos27.0-24J360-e829b21a6f8c9b70876ba0858053c044b32bfd8d43560033f8d89884cdb90028.sdkstatcache -output-file-map /Users/admin/builder/spi-builder-workspace/.derivedData/Build/Intermediates.noindex/arc.build/Debug-appletvos/ArcCore-t.build/Objects-normal/arm64/ArcCore-OutputFileMap.json -save-temps -no-color-diagnostics -explicit-module-build -module-cache-path /Users/admin/builder/spi-builder-workspace/.derivedData/Build/Intermediates.noindex/SwiftExplicitPrecompiledModules -clang-scanner-module-cache-path /Users/admin/builder/spi-builder-workspace/.derivedData/ModuleCache.noindex -sdk-module-cache-path /Users/admin/builder/spi-builder-workspace/.derivedData/SDKExplicitPrecompiledModules -emit-dependencies -emit-module -emit-module-path /Users/admin/builder/spi-builder-workspace/.derivedData/Build/Intermediates.noindex/arc.build/Debug-appletvos/ArcCore-t.build/Objects-normal/arm64/ArcCore.swiftmodule -serialize-diagnostics -dependency-scan-serialize-diagnostics-path /Users/admin/builder/spi-builder-workspace/.derivedData/Build/Intermediates.noindex/arc.build/Debug-appletvos/ArcCore-t.build/Objects-normal/arm64/ArcCore-dependency-scan.dia -validate-clang-modules-once -clang-build-session-file /Users/admin/builder/spi-builder-workspace/.derivedData/ModuleCache.noindex/Session.modulevalidation -Xcc -fmodules-prune-interval\=86400 -Xcc -fmodules-prune-after\=345600 -package-name spi_builder_workspace -emit-const-values -const-gather-protocols-list /Users/admin/builder/spi-builder-workspace/.derivedData/Build/Intermediates.noindex/arc.build/Debug-appletvos/ArcCore-t.build/Objects-normal/arm64/ArcCore_const_extract_protocols.json -Xcc -I/Users/admin/builder/spi-builder-workspace/.derivedData/Build/Products/Debug-appletvos/include -Xcc -I/Users/admin/builder/spi-builder-workspace/.derivedData/Build/Intermediates.noindex/arc.build/Debug-appletvos/ArcCore-t.build/DerivedSources-normal/arm64 -Xcc -I/Users/admin/builder/spi-builder-workspace/.derivedData/Build/Intermediates.noindex/arc.build/Debug-appletvos/ArcCore-t.build/DerivedSources/arm64 -Xcc -I/Users/admin/builder/spi-builder-workspace/.derivedData/Build/Intermediates.noindex/arc.build/Debug-appletvos/ArcCore-t.build/DerivedSources -Xcc -DSWIFT_PACKAGE -Xcc -DDEBUG\=1 -emit-objc-header -emit-objc-header-path /Users/admin/builder/spi-builder-workspace/.derivedData/Build/Intermediates.noindex/arc.build/Debug-appletvos/ArcCore-t.build/Objects-normal/arm64/ArcCore-Swift.h -working-directory /Users/admin/builder/spi-builder-workspace/.swiftpm/xcode -experimental-emit-module-separately -disable-cmo
SwiftDriverJobDiscovery normal arm64 Compiling Character+isPrintable.swift, String+Rainbow.swift, String+ValidatableError.swift (in target 'Noora' from project 'Noora')
SwiftCompile normal arm64 Compiling\ YesOrNoChoicePrompt.swift,\ Content.swift,\ Stack.swift /Users/admin/builder/spi-builder-workspace/.dependencies/checkouts/Noora/cli/Sources/Noora/Components/YesOrNoChoicePrompt.swift /Users/admin/builder/spi-builder-workspace/.dependencies/checkouts/Noora/cli/Sources/Noora/Content.swift /Users/admin/builder/spi-builder-workspace/.dependencies/checkouts/Noora/cli/Sources/Noora/DataStructures/Stack.swift (in target 'Noora' from project 'Noora')
SwiftCompile normal arm64 /Users/admin/builder/spi-builder-workspace/.dependencies/checkouts/Noora/cli/Sources/Noora/Components/YesOrNoChoicePrompt.swift (in target 'Noora' from project 'Noora')
    cd /Users/admin/builder/spi-builder-workspace/.swiftpm/xcode
    builtin-SwiftPerFileCompile YesOrNoChoicePrompt.swift
SwiftCompile normal arm64 /Users/admin/builder/spi-builder-workspace/.dependencies/checkouts/Noora/cli/Sources/Noora/Content.swift (in target 'Noora' from project 'Noora')
    cd /Users/admin/builder/spi-builder-workspace/.swiftpm/xcode
    builtin-SwiftPerFileCompile Content.swift
SwiftCompile normal arm64 /Users/admin/builder/spi-builder-workspace/.dependencies/checkouts/Noora/cli/Sources/Noora/DataStructures/Stack.swift (in target 'Noora' from project 'Noora')
    cd /Users/admin/builder/spi-builder-workspace/.swiftpm/xcode
    builtin-SwiftPerFileCompile Stack.swift
PruneExplicitPrecompiledModules /Users/admin/builder/spi-builder-workspace/.derivedData/SDKExplicitPrecompiledModules
PruneExplicitPrecompiledModules /Users/admin/builder/spi-builder-workspace/.derivedData/Build/Intermediates.noindex/ExplicitPrecompiledModules
PruneExplicitPrecompiledModules /Users/admin/builder/spi-builder-workspace/.derivedData/Build/Intermediates.noindex/SwiftExplicitPrecompiledModules
2026-09-23 22:28:15.216 xcodebuild[2033:11433] [MT] IDERunDestination: Supported platforms for the buildables in the current scheme is empty.
** BUILD FAILED **
The following build commands failed:
	SwiftCompile normal arm64 Compiling\ NonEmptyValidationRule.swift,\ RegexValidationRule.swift,\ Validator.swift /Users/admin/builder/spi-builder-workspace/.dependencies/checkouts/Noora/cli/Sources/Noora/Validator/Rules/NonEmptyValidationRule.swift /Users/admin/builder/spi-builder-workspace/.dependencies/checkouts/Noora/cli/Sources/Noora/Validator/Rules/RegexValidationRule.swift /Users/admin/builder/spi-builder-workspace/.dependencies/checkouts/Noora/cli/Sources/Noora/Validator/Validator.swift (in target 'Noora' from project 'Noora')
	SwiftCompile normal arm64 /Users/admin/builder/spi-builder-workspace/.dependencies/checkouts/Noora/cli/Sources/Noora/Validator/Rules/RegexValidationRule.swift (in target 'Noora' from project 'Noora')
	Building workspace arc with scheme arc-Package
(3 failures)
BUILD FAILURE 6.4 tvOS