The Swift Package Index logo.Swift Package Index

Build Information

Failed to build MongoDB, reference main (beaee9), with Swift 6.4 for Wasm on 19 Sep 2026 00:09:33 UTC.

Build Command

bash -c docker run --pull=always --rm -v "checkouts-54344844-0":/host -w "$PWD" -e JAVA_HOME="/root/.sdkman/candidates/java/current" -e SPI_BUILD="1" -e SPI_PROCESSING="1" registry.gitlab.com/saguaro1/spi-images:wasm-6.4-latest swift build --swift-sdk swift-6.4.x-DEVELOPMENT-SNAPSHOT-2026-09-04-a_wasm 2>&1

Build Log

========================================
RunAll
========================================
Builder version: 5.1.0
Interrupt handler set up.
========================================
Checkout
========================================
Clone URL: https://github.com/swift-cloud/MongoDB.git
Reference: main
Initialized empty Git repository in /host/spi-builder-workspace/.git/
hint: Using 'master' as the name for the initial branch. This default branch name
hint: is subject to change. To configure the initial branch name to use in all
hint: of your new repositories, which will suppress this warning, call:
hint:
hint: 	git config --global init.defaultBranch <name>
hint:
hint: Names commonly chosen instead of 'master' are 'main', 'trunk' and
hint: 'development'. The just-created branch can be renamed via this command:
hint:
hint: 	git branch -m <name>
From https://github.com/swift-cloud/MongoDB
 * branch            main       -> FETCH_HEAD
 * [new branch]      main       -> origin/main
HEAD is now at beaee95 Update README.md
Cloned https://github.com/swift-cloud/MongoDB.git
Revision (git rev-parse @):
beaee95758d6085b9c971365295eb49f681d0a69
SPI manifest file found: $PWD/.spi.yml
SUCCESS checkout https://github.com/swift-cloud/MongoDB.git at main
========================================
Build
========================================
Selected platform:         wasm
Swift version:             6.4
Building package at path:  $PWD
https://github.com/swift-cloud/MongoDB.git
Running build ...
bash -c docker run --pull=always --rm -v "checkouts-54344844-0":/host -w "$PWD" -e JAVA_HOME="/root/.sdkman/candidates/java/current" -e SPI_BUILD="1" -e SPI_PROCESSING="1" registry.gitlab.com/saguaro1/spi-images:wasm-6.4-latest swift build --swift-sdk swift-6.4.x-DEVELOPMENT-SNAPSHOT-2026-09-04-a_wasm 2>&1
wasm-6.4-latest: Pulling from saguaro1/spi-images
Digest: sha256:4328fdb43c680d205c1d6761b1e3267aa38277eefdda9ddfb17b6a0f1a77857a
Status: Image is up to date for registry.gitlab.com/saguaro1/spi-images:wasm-6.4-latest
Fetching https://github.com/swift-cloud/Compute
[1/17126] Fetching compute
Fetched https://github.com/swift-cloud/Compute (0.66s)
Computing version for https://github.com/swift-cloud/Compute
Computed https://github.com/swift-cloud/Compute at 2.19.0 (0.87s)
Fetching https://github.com/apple/swift-crypto
[1/18542] Fetching swift-crypto
Fetched https://github.com/apple/swift-crypto (1.15s)
Computing version for https://github.com/apple/swift-crypto
Computed https://github.com/apple/swift-crypto at 3.15.1 (1.42s)
Fetching https://github.com/apple/swift-asn1.git
[1/1983] Fetching swift-asn1
Fetched https://github.com/apple/swift-asn1.git (1.15s)
Computing version for https://github.com/apple/swift-asn1.git
Computed https://github.com/apple/swift-asn1.git at 1.7.3 (2.25s)
Creating working copy for https://github.com/swift-cloud/Compute
Working copy of https://github.com/swift-cloud/Compute resolved at 2.19.0
Creating working copy for https://github.com/apple/swift-crypto
Working copy of https://github.com/apple/swift-crypto resolved at 3.15.1
Creating working copy for https://github.com/apple/swift-asn1.git
Working copy of https://github.com/apple/swift-asn1.git resolved at 1.7.3
Building for debugging...
[Computing dependencies]
[Pre-planning 1 / 245]
[Planning deferred tasks]
[53 / 445] CCryptoBoringSSL
[54 / 445] CCryptoBoringSSL
[59 / 445] CCryptoBoringSSL
[63 / 445] CCryptoBoringSSL
[67 / 445] CCryptoBoringSSL
[70 / 445] CCryptoBoringSSL
[73 / 445] CCryptoBoringSSL
[75 / 445] CCryptoBoringSSL
[83 / 445] CCryptoBoringSSL
[86 / 445] CCryptoBoringSSL
[88 / 445] CCryptoBoringSSL
[92 / 445] CCryptoBoringSSL
[100 / 445] CCryptoBoringSSL
[104 / 445] CCryptoBoringSSL
[106 / 445] CCryptoBoringSSL
[107 / 445] CCryptoBoringSSL
[110 / 445] CCryptoBoringSSL
[112 / 445] CCryptoBoringSSL
[114 / 445] CCryptoBoringSSL
[116 / 445] CCryptoBoringSSL
[118 / 445] CCryptoBoringSSL
[120 / 445] CCryptoBoringSSL
[122 / 445] CCryptoBoringSSL
[123 / 445] CCryptoBoringSSL
[128 / 445] CCryptoBoringSSL
[131 / 445] CCryptoBoringSSL
[133 / 445] CCryptoBoringSSL
[137 / 445] CCryptoBoringSSL
[140 / 445] CCryptoBoringSSL
[145 / 445] CCryptoBoringSSL
[146 / 445] CCryptoBoringSSL
[150 / 445] CCryptoBoringSSL
[157 / 445] CCryptoBoringSSL
[165 / 445] CCryptoBoringSSL
[181 / 445] CCryptoBoringSSL
[184 / 445] CCryptoBoringSSL
[185 / 445] CCryptoBoringSSL
[189 / 445] CCryptoBoringSSL
[193 / 445] CCryptoBoringSSL
[194 / 445] CCryptoBoringSSL
[199 / 445] CCryptoBoringSSL
[201 / 445] CCryptoBoringSSL
[202 / 445] CCryptoBoringSSL
[206 / 445] CCryptoBoringSSL
[208 / 445] CCryptoBoringSSL
[211 / 445] CCryptoBoringSSL
[215 / 445] CCryptoBoringSSL
[218 / 445] CCryptoBoringSSL
[221 / 445] CCryptoBoringSSL
[223 / 445] CCryptoBoringSSL
[226 / 445] CCryptoBoringSSL
[229 / 445] CCryptoBoringSSL
[233 / 445] CCryptoBoringSSL
[241 / 445] CCryptoBoringSSL
[246 / 445] CCryptoBoringSSL
[249 / 445] CCryptoBoringSSL
[253 / 445] CCryptoBoringSSL
[256 / 445] CCryptoBoringSSL
[262 / 445] CCryptoBoringSSL
[274 / 445] CCryptoBoringSSL
[281 / 445] CCryptoBoringSSL
[282 / 445] CCryptoBoringSSL
[288 / 445] CCryptoBoringSSL
[290 / 445] CCryptoBoringSSL
[291 / 445] CCryptoBoringSSL
[294 / 445] CCryptoBoringSSL
[299 / 445] CCryptoBoringSSL
[303 / 445] CCryptoBoringSSL
[306 / 445] CCryptoBoringSSL
[309 / 445] CCryptoBoringSSL
[310 / 445] CCryptoBoringSSL
[313 / 445] CCryptoBoringSSL
[316 / 445] CCryptoBoringSSL
[319 / 445] CCryptoBoringSSL
[320 / 445] CCryptoBoringSSL
[324 / 445] CCryptoBoringSSL
[327 / 445] CCryptoBoringSSL
[335 / 445] CCryptoBoringSSL
[341 / 445] CCryptoBoringSSL
[349 / 445] CCryptoBoringSSL
[351 / 445] CCryptoBoringSSL
[355 / 445] CCryptoBoringSSL
[360 / 445] CCryptoBoringSSL
[363 / 445] CCryptoBoringSSL
[364 / 445] CCryptoBoringSSL
[368 / 445] CCryptoBoringSSL
[369 / 445] CCryptoBoringSSL
[374 / 445] CCryptoBoringSSL
[384 / 445] CCryptoBoringSSL
[392 / 445] CCryptoBoringSSL
[399 / 445] CCryptoBoringSSL
[402 / 445] CCryptoBoringSSL
[406 / 445] CCryptoBoringSSL
[408 / 445] CCryptoBoringSSL
[411 / 445] CCryptoBoringSSL
[413 / 445] CCryptoBoringSSL
[416 / 445] CCryptoBoringSSL
[419 / 445] Crypto
[421 / 446] ComputeRuntime
[423 / 455] Crypto
[424 / 455] Crypto
[431 / 455] Crypto-product
[435 / 455] ComputeRuntime
[440 / 457] Compute
[443 / 466] Compute
error: SwiftCompile normal wasm32 /host/spi-builder-workspace/.build/checkouts/Compute/Sources/Compute/Headers.swift failed with a nonzero exit code. Command line:     cd /host
    builtin-SwiftPerFileCompile Headers.swift
error: SwiftCompile normal wasm32 /host/spi-builder-workspace/.build/checkouts/Compute/Sources/Compute/IncomingRequest.swift failed with a nonzero exit code. Command line:     cd /host
    builtin-SwiftPerFileCompile IncomingRequest.swift
error: SwiftCompile normal wasm32 /host/spi-builder-workspace/.build/checkouts/Compute/Sources/Compute/JWT/JWT.swift failed with a nonzero exit code. Command line:     cd /host
    builtin-SwiftPerFileCompile JWT.swift
error: SwiftCompile normal wasm32 /host/spi-builder-workspace/.build/checkouts/Compute/Sources/Compute/JWT/JWTClaim.swift failed with a nonzero exit code. Command line:     cd /host
    builtin-SwiftPerFileCompile JWTClaim.swift
error: SwiftCompile normal wasm32 /host/spi-builder-workspace/.build/checkouts/Compute/Sources/Compute/JWT/JWTError.swift failed with a nonzero exit code. Command line:     cd /host
    builtin-SwiftPerFileCompile JWTError.swift
error: SwiftCompile normal wasm32 /host/spi-builder-workspace/.build/checkouts/Compute/Sources/Compute/KVStore.swift failed with a nonzero exit code. Command line:     cd /host
    builtin-SwiftPerFileCompile KVStore.swift
/root/.swiftpm/swift-sdks/swift-6.4.x-DEVELOPMENT-SNAPSHOT-2026-09-04-a_wasm.artifactbundle/swift-6.4.x-DEVELOPMENT-SNAPSHOT-2026-09-04-a_wasm/wasm32-unknown-wasip1/swift.xctoolchain/usr/lib/swift_static/CoreFoundation/CoreFoundation.h:28:10: note: while building module 'wasi_emulated_signal' imported from /root/.swiftpm/swift-sdks/swift-6.4.x-DEVELOPMENT-SNAPSHOT-2026-09-04-a_wasm.artifactbundle/swift-6.4.x-DEVELOPMENT-SNAPSHOT-2026-09-04-a_wasm/wasm32-unknown-wasip1/swift.xctoolchain/usr/lib/swift_static/CoreFoundation/CoreFoundation.h:28:
 26 | #include <setjmp.h>
 27 | #endif
 28 | #include <signal.h>
    |          `- note: while building module 'wasi_emulated_signal' imported from /root/.swiftpm/swift-sdks/swift-6.4.x-DEVELOPMENT-SNAPSHOT-2026-09-04-a_wasm.artifactbundle/swift-6.4.x-DEVELOPMENT-SNAPSHOT-2026-09-04-a_wasm/wasm32-unknown-wasip1/swift.xctoolchain/usr/lib/swift_static/CoreFoundation/CoreFoundation.h:28:
 29 | #include <stddef.h>
 30 | #include <stdio.h>
<module-includes>:1:10: note: in file included from <module-includes>:1:
1 | #include "signal.h"
  |          `- note: in file included from <module-includes>:1:
2 |
/root/.swiftpm/swift-sdks/swift-6.4.x-DEVELOPMENT-SNAPSHOT-2026-09-04-a_wasm.artifactbundle/swift-6.4.x-DEVELOPMENT-SNAPSHOT-2026-09-04-a_wasm/wasm32-unknown-wasip1/WASI.sdk/include/wasm32-wasip1/signal.h:2:2: error: "wasm lacks signal support; to enable minimal signal emulation, compile with -D_WASI_EMULATED_SIGNAL and link with -lwasi-emulated-signal"
  1 | #ifndef _WASI_EMULATED_SIGNAL
  2 | #error "wasm lacks signal support; to enable minimal signal emulation, \
    |  `- error: "wasm lacks signal support; to enable minimal signal emulation, compile with -D_WASI_EMULATED_SIGNAL and link with -lwasi-emulated-signal"
  3 | compile with -D_WASI_EMULATED_SIGNAL and link with -lwasi-emulated-signal"
  4 | #else
<module-includes>:1:10: note: in file included from <module-includes>:1:
1 | #include "CoreFoundation.h"
  |          `- note: in file included from <module-includes>:1:
2 |
/root/.swiftpm/swift-sdks/swift-6.4.x-DEVELOPMENT-SNAPSHOT-2026-09-04-a_wasm.artifactbundle/swift-6.4.x-DEVELOPMENT-SNAPSHOT-2026-09-04-a_wasm/wasm32-unknown-wasip1/swift.xctoolchain/usr/lib/swift_static/CoreFoundation/CoreFoundation.h:28:10: error: could not build module 'wasi_emulated_signal'
 26 | #include <setjmp.h>
 27 | #endif
 28 | #include <signal.h>
    |          `- error: could not build module 'wasi_emulated_signal'
 29 | #include <stddef.h>
 30 | #include <stdio.h>
/root/.swiftpm/swift-sdks/swift-6.4.x-DEVELOPMENT-SNAPSHOT-2026-09-04-a_wasm.artifactbundle/swift-6.4.x-DEVELOPMENT-SNAPSHOT-2026-09-04-a_wasm/wasm32-unknown-wasip1/swift.xctoolchain/usr/lib/swift_static/CoreFoundation/ForSwiftFoundationOnly.h:86:10: note: while building module 'wasi_emulated_mman' imported from /root/.swiftpm/swift-sdks/swift-6.4.x-DEVELOPMENT-SNAPSHOT-2026-09-04-a_wasm.artifactbundle/swift-6.4.x-DEVELOPMENT-SNAPSHOT-2026-09-04-a_wasm/wasm32-unknown-wasip1/swift.xctoolchain/usr/lib/swift_static/CoreFoundation/ForSwiftFoundationOnly.h:86:
 84 | #undef _WASI_EMULATED_MMAN
 85 | #define _WASI_EMULATED_MMAN
 86 | #include <sys/mman.h>
    |          `- note: while building module 'wasi_emulated_mman' imported from /root/.swiftpm/swift-sdks/swift-6.4.x-DEVELOPMENT-SNAPSHOT-2026-09-04-a_wasm.artifactbundle/swift-6.4.x-DEVELOPMENT-SNAPSHOT-2026-09-04-a_wasm/wasm32-unknown-wasip1/swift.xctoolchain/usr/lib/swift_static/CoreFoundation/ForSwiftFoundationOnly.h:86:
 87 | #elif TARGET_OS_LINUX
 88 | #include <errno.h>
<module-includes>:1:10: note: in file included from <module-includes>:1:
1 | #include "sys/mman.h"
  |          `- note: in file included from <module-includes>:1:
2 |
/root/.swiftpm/swift-sdks/swift-6.4.x-DEVELOPMENT-SNAPSHOT-2026-09-04-a_wasm.artifactbundle/swift-6.4.x-DEVELOPMENT-SNAPSHOT-2026-09-04-a_wasm/wasm32-unknown-wasip1/WASI.sdk/include/wasm32-wasip1/sys/mman.h:2:2: error: "WASI lacks a true mmap; to enable minimal mmap emulation, compile with -D_WASI_EMULATED_MMAN and link with -lwasi-emulated-mman"
  1 | #ifndef _WASI_EMULATED_MMAN
  2 | #error "WASI lacks a true mmap; to enable minimal mmap emulation, \
    |  `- error: "WASI lacks a true mmap; to enable minimal mmap emulation, compile with -D_WASI_EMULATED_MMAN and link with -lwasi-emulated-mman"
  3 | compile with -D_WASI_EMULATED_MMAN and link with -lwasi-emulated-mman"
  4 | #else
/host/spi-builder-workspace/.build/checkouts/Compute/Sources/Compute/Fastly/FastlyUtils.swift:8:8: error: could not build C module 'CoreFoundation'
 6 | //
 7 |
 8 | import CoreFoundation
   |        `- error: could not build C module 'CoreFoundation'
 9 |
10 | internal typealias WasiBufferReader = (_ buffer: UnsafeMutablePointer<UInt8>?, _ maxLength: Int, _ length: inout Int) -> Int32
Failed frontend command:
/usr/bin/swift-frontend -frontend -c /host/spi-builder-workspace/.build/checkouts/Compute/Sources/Compute/Cache.swift /host/spi-builder-workspace/.build/checkouts/Compute/Sources/Compute/Compute.swift /host/spi-builder-workspace/.build/checkouts/Compute/Sources/Compute/Concurrency.swift /host/spi-builder-workspace/.build/checkouts/Compute/Sources/Compute/ConfigStore.swift /host/spi-builder-workspace/.build/checkouts/Compute/Sources/Compute/Console.swift /host/spi-builder-workspace/.build/checkouts/Compute/Sources/Compute/Crypto.swift /host/spi-builder-workspace/.build/checkouts/Compute/Sources/Compute/Fanout/FanoutClient.swift /host/spi-builder-workspace/.build/checkouts/Compute/Sources/Compute/Fanout/FanoutMessage.swift /host/spi-builder-workspace/.build/checkouts/Compute/Sources/Compute/Fanout/IncomingRequest+Fanout.swift /host/spi-builder-workspace/.build/checkouts/Compute/Sources/Compute/Fanout/OutgoingResponse+Fanout.swift /host/spi-builder-workspace/.build/checkouts/Compute/Sources/Compute/Fastly/Fastly.swift /host/spi-builder-workspace/.build/checkouts/Compute/Sources/Compute/Fastly/FastlyABI.swift /host/spi-builder-workspace/.build/checkouts/Compute/Sources/Compute/Fastly/FastlyBody.swift /host/spi-builder-workspace/.build/checkouts/Compute/Sources/Compute/Fastly/FastlyCache.swift /host/spi-builder-workspace/.build/checkouts/Compute/Sources/Compute/Fastly/FastlyConfigStore.swift /host/spi-builder-workspace/.build/checkouts/Compute/Sources/Compute/Fastly/FastlyEnvironment.swift /host/spi-builder-workspace/.build/checkouts/Compute/Sources/Compute/Fastly/FastlyError.swift /host/spi-builder-workspace/.build/checkouts/Compute/Sources/Compute/Fastly/FastlyGeoLocation.swift /host/spi-builder-workspace/.build/checkouts/Compute/Sources/Compute/Fastly/FastlyKVStore.swift /host/spi-builder-workspace/.build/checkouts/Compute/Sources/Compute/Fastly/FastlyLogger.swift /host/spi-builder-workspace/.build/checkouts/Compute/Sources/Compute/Fastly/FastlyPendingRequest.swift /host/spi-builder-workspace/.build/checkouts/Compute/Sources/Compute/Fastly/FastlyRequest.swift /host/spi-builder-workspace/.build/checkouts/Compute/Sources/Compute/Fastly/FastlyResponse.swift /host/spi-builder-workspace/.build/checkouts/Compute/Sources/Compute/Fastly/FastlySecretStore.swift /host/spi-builder-workspace/.build/checkouts/Compute/Sources/Compute/Fastly/FastlyStubs.swift /host/spi-builder-workspace/.build/checkouts/Compute/Sources/Compute/Fastly/FastlyTypes.swift /host/spi-builder-workspace/.build/checkouts/Compute/Sources/Compute/Fastly/FastlyUtils.swift /host/spi-builder-workspace/.build/checkouts/Compute/Sources/Compute/Fetch/Fetch+URLSession.swift /host/spi-builder-workspace/.build/checkouts/Compute/Sources/Compute/Fetch/Fetch+Wasi.swift /host/spi-builder-workspace/.build/checkouts/Compute/Sources/Compute/Fetch/Fetch.swift /host/spi-builder-workspace/.build/checkouts/Compute/Sources/Compute/Fetch/FetchRequest.swift /host/spi-builder-workspace/.build/checkouts/Compute/Sources/Compute/Fetch/FetchResponse.swift -primary-file /host/spi-builder-workspace/.build/checkouts/Compute/Sources/Compute/Headers.swift -primary-file /host/spi-builder-workspace/.build/checkouts/Compute/Sources/Compute/IncomingRequest.swift -primary-file /host/spi-builder-workspace/.build/checkouts/Compute/Sources/Compute/JWT/JWT.swift -primary-file /host/spi-builder-workspace/.build/checkouts/Compute/Sources/Compute/JWT/JWTClaim.swift -primary-file /host/spi-builder-workspace/.build/checkouts/Compute/Sources/Compute/JWT/JWTError.swift -primary-file /host/spi-builder-workspace/.build/checkouts/Compute/Sources/Compute/KVStore.swift /host/spi-builder-workspace/.build/checkouts/Compute/Sources/Compute/OutgoingResponse.swift /host/spi-builder-workspace/.build/checkouts/Compute/Sources/Compute/Range.swift /host/spi-builder-workspace/.build/checkouts/Compute/Sources/Compute/ReadableBody/ReadableBody+Data.swift /host/spi-builder-workspace/.build/checkouts/Compute/Sources/Compute/ReadableBody/ReadableBody+Wasi.swift /host/spi-builder-workspace/.build/checkouts/Compute/Sources/Compute/ReadableBody/ReadableBody.swift /host/spi-builder-workspace/.build/checkouts/Compute/Sources/Compute/Router/Parameters.swift /host/spi-builder-workspace/.build/checkouts/Compute/Sources/Compute/Router/PathComponent.swift /host/spi-builder-workspace/.build/checkouts/Compute/Sources/Compute/Router/Routable.swift /host/spi-builder-workspace/.build/checkouts/Compute/Sources/Compute/Router/Router.swift /host/spi-builder-workspace/.build/checkouts/Compute/Sources/Compute/Router/TrieRouter.swift /host/spi-builder-workspace/.build/checkouts/Compute/Sources/Compute/SecretStore.swift /host/spi-builder-workspace/.build/checkouts/Compute/Sources/Compute/WritableBody.swift -supplementary-output-file-map /host/spi-builder-workspace/.build/out/Intermediates.noindex/Compute.build/Debug-webassembly-wasm32/Compute-t.build/Objects-normal/wasm32/supplementaryOutputs-14 -target wasm32-unknown-wasip1 -disable-objc-interop -sdk /root/.swiftpm/swift-sdks/swift-6.4.x-DEVELOPMENT-SNAPSHOT-2026-09-04-a_wasm.artifactbundle/swift-6.4.x-DEVELOPMENT-SNAPSHOT-2026-09-04-a_wasm/wasm32-unknown-wasip1/WASI.sdk -sysroot /root/.swiftpm/swift-sdks/swift-6.4.x-DEVELOPMENT-SNAPSHOT-2026-09-04-a_wasm.artifactbundle/swift-6.4.x-DEVELOPMENT-SNAPSHOT-2026-09-04-a_wasm/wasm32-unknown-wasip1/WASI.sdk -I /host/spi-builder-workspace/.build/out/Products/Debug-webassembly-wasm32 -module-cache-path /host/spi-builder-workspace/.build/out/ModuleCache.noindex -color-diagnostics -Xcc -fcolor-diagnostics -enable-testing -g -debug-info-format\=dwarf -dwarf-version\=4 -suppress-warnings -swift-version 5 -Onone -D SWIFT_PACKAGE -D DEBUG -D SWIFT_MODULE_RESOURCE_BUNDLE_UNAVAILABLE -D Xcode -serialize-debugging-options -enable-experimental-feature DebugDescriptionMacro -empty-abi-descriptor -external-plugin-path /usr/lib/swift/host/plugins/testing\#/usr/bin/swift-plugin-server -validate-clang-modules-once -clang-build-session-file /host/spi-builder-workspace/.build/out/ModuleCache.noindex/Session.modulevalidation -Xcc -working-directory -Xcc /host -resource-dir /root/.swiftpm/swift-sdks/swift-6.4.x-DEVELOPMENT-SNAPSHOT-2026-09-04-a_wasm.artifactbundle/swift-6.4.x-DEVELOPMENT-SNAPSHOT-2026-09-04-a_wasm/wasm32-unknown-wasip1/swift.xctoolchain/usr/lib/swift_static -use-static-resource-dir -enable-anonymous-context-mangled-names -file-compilation-dir /host -Xcc -resource-dir -Xcc /root/.swiftpm/swift-sdks/swift-6.4.x-DEVELOPMENT-SNAPSHOT-2026-09-04-a_wasm.artifactbundle/swift-6.4.x-DEVELOPMENT-SNAPSHOT-2026-09-04-a_wasm/wasm32-unknown-wasip1/swift.xctoolchain/usr/lib/swift_static/clang -Xcc -fmodule-map-file\=/host/spi-builder-workspace/.build/checkouts/swift-crypto/Sources/CCryptoBoringSSLShims/include/module.modulemap -Xcc -fmodule-map-file\=/host/spi-builder-workspace/.build/checkouts/swift-crypto/Sources/CCryptoBoringSSL/include/module.modulemap -Xcc -fmodule-map-file\=/host/spi-builder-workspace/.build/checkouts/Compute/Sources/ComputeRuntime/include/module.modulemap -Xcc -D_LIBCPP_HARDENING_MODE\=_LIBCPP_HARDENING_MODE_DEBUG -Xcc -fmodules-prune-interval\=86400 -Xcc -fmodules-prune-after\=345600 -Xcc -I/host/spi-builder-workspace/.build/checkouts/swift-crypto/Sources/CCryptoBoringSSLShims/include -Xcc -I/host/spi-builder-workspace/.build/checkouts/swift-crypto/Sources/CCryptoBoringSSL/include -Xcc -I/host/spi-builder-workspace/.build/checkouts/Compute/Sources/ComputeRuntime/include -Xcc -I/host/spi-builder-workspace/.build/out/Products/Debug-webassembly-wasm32/include -Xcc -I/host/spi-builder-workspace/.build/out/Intermediates.noindex/Compute.build/Debug-webassembly-wasm32/Compute-t.build/DerivedSources-normal/wasm32 -Xcc -I/host/spi-builder-workspace/.build/out/Intermediates.noindex/Compute.build/Debug-webassembly-wasm32/Compute-t.build/DerivedSources/wasm32 -Xcc -I/host/spi-builder-workspace/.build/out/Intermediates.noindex/Compute.build/Debug-webassembly-wasm32/Compute-t.build/DerivedSources -Xcc -DSWIFT_PACKAGE -Xcc -DDEBUG\=1 -no-auto-bridging-header-chaining -module-name Compute -const-gather-protocols-file /host/spi-builder-workspace/.build/out/Intermediates.noindex/Compute.build/Debug-webassembly-wasm32/Compute-t.build/Objects-normal/wasm32/Compute_const_extract_protocols.json -in-process-plugin-server-path /usr/lib/swift/host/libSwiftInProcPluginServer.so -plugin-path /usr/lib/swift/host/plugins -plugin-path /usr/local/lib/swift/host/plugins -parse-as-library -o /host/spi-builder-workspace/.build/out/Intermediates.noindex/Compute.build/Debug-webassembly-wasm32/Compute-t.build/Objects-normal/wasm32/Headers.o -o /host/spi-builder-workspace/.build/out/Intermediates.noindex/Compute.build/Debug-webassembly-wasm32/Compute-t.build/Objects-normal/wasm32/IncomingRequest.o -o /host/spi-builder-workspace/.build/out/Intermediates.noindex/Compute.build/Debug-webassembly-wasm32/Compute-t.build/Objects-normal/wasm32/JWT.o -o /host/spi-builder-workspace/.build/out/Intermediates.noindex/Compute.build/Debug-webassembly-wasm32/Compute-t.build/Objects-normal/wasm32/JWTClaim.o -o /host/spi-builder-workspace/.build/out/Intermediates.noindex/Compute.build/Debug-webassembly-wasm32/Compute-t.build/Objects-normal/wasm32/JWTError.o -o /host/spi-builder-workspace/.build/out/Intermediates.noindex/Compute.build/Debug-webassembly-wasm32/Compute-t.build/Objects-normal/wasm32/KVStore.o -index-unit-output-path /Compute.build/Debug-webassembly-wasm32/Compute-t.build/Objects-normal/wasm32/Headers.o -index-unit-output-path /Compute.build/Debug-webassembly-wasm32/Compute-t.build/Objects-normal/wasm32/IncomingRequest.o -index-unit-output-path /Compute.build/Debug-webassembly-wasm32/Compute-t.build/Objects-normal/wasm32/JWT.o -index-unit-output-path /Compute.build/Debug-webassembly-wasm32/Compute-t.build/Objects-normal/wasm32/JWTClaim.o -index-unit-output-path /Compute.build/Debug-webassembly-wasm32/Compute-t.build/Objects-normal/wasm32/JWTError.o -index-unit-output-path /Compute.build/Debug-webassembly-wasm32/Compute-t.build/Objects-normal/wasm32/KVStore.o -index-store-path /host/spi-builder-workspace/.build/out -index-system-modules
[445 / 466] Compute
error: Build failed
BUILD FAILURE 6.4 wasm