The Swift Package Index logo.Swift Package Index

Build Information

Failed to build SwiftyGFX, reference master (130c17), with Swift 6.4 for macOS (Xcode) using Xcode 27.0 on 16 Sep 2026 12:40:57 UTC.

Build Command

env DEVELOPER_DIR=/Applications/Xcode-27.0.0-Release.Candidate.app xcrun xcodebuild -IDEClonedSourcePackagesDirPathOverride=$PWD/.dependencies -skipMacroValidation -skipPackagePluginValidation -derivedDataPath $PWD/.derivedData build -scheme SwiftyGFX-Package -destination platform=macOS,arch=arm64

Build Log

========================================
RunAll
========================================
Builder version: 5.1.0
Interrupt handler set up.
========================================
Checkout
========================================
Clone URL: https://github.com/3qax/swiftygfx.git
Reference: master
Initialized empty Git repository in /Users/admin/builder/spi-builder-workspace/.git/
From https://github.com/3qax/swiftygfx
 * branch            master     -> FETCH_HEAD
 * [new branch]      master     -> origin/master
HEAD is now at 130c172 Update README.md with link to SwiftyOLED
Cloned https://github.com/3qax/swiftygfx.git
Revision (git rev-parse @):
130c1722ce435396c9813176a568b6666540e8d8
SUCCESS checkout https://github.com/3qax/swiftygfx.git at master
========================================
Build
========================================
Selected platform:         macosXcodebuild
Swift version:             6.4
Building package at path:  $PWD
https://github.com/3qax/swiftygfx.git
Command line invocation:
    /Applications/Xcode-27.0.0-Release.Candidate.app/Contents/Developer/usr/bin/xcodebuild -IDEClonedSourcePackagesDirPathOverride=/Users/admin/builder/spi-builder-workspace/.dependencies -resolvePackageDependencies
resolved source packages:
{
  "dependencies" : [
  ],
  "manifest_display_name" : "SwiftyGFX",
  "name" : "SwiftyGFX",
  "path" : "/Users/admin/builder/spi-builder-workspace",
  "platforms" : [
  ],
  "products" : [
    {
      "name" : "SwiftyGFX",
      "targets" : [
        "SwiftyGFX"
      ],
      "type" : {
        "library" : [
          "automatic"
        ]
      }
    }
  ],
  "targets" : [
    {
      "c99name" : "SwiftyGFXTests",
      "module_type" : "SwiftTarget",
      "name" : "SwiftyGFXTests",
      "path" : "Tests/SwiftyGFXTests",
      "sources" : [
        "SwiftyGFXTests.swift",
        "XCTestManifests.swift"
      ],
      "target_dependencies" : [
        "SwiftyGFX"
      ],
      "type" : "test"
    },
    {
      "c99name" : "SwiftyGFX",
      "module_type" : "SwiftTarget",
      "name" : "SwiftyGFX",
      "path" : "Sources/SwiftyGFX",
      "product_memberships" : [
        "SwiftyGFX"
      ],
      "sources" : [
        "SwiftyGFX.swift"
      ],
      "target_dependencies" : [
        "CFreeType"
      ],
      "type" : "library"
    },
    {
      "c99name" : "CFreeType",
      "module_type" : "SystemLibraryTarget",
      "name" : "CFreeType",
      "path" : "Sources/CFreeType",
      "product_memberships" : [
        "SwiftyGFX"
      ],
      "sources" : [
      ],
      "type" : "system-target"
    }
  ],
  "tools_version" : "5.0"
}
{
  "project" : {
    "configurations" : [
      "Debug",
      "Release"
    ],
    "name" : "SwiftyGFX",
    "schemes" : [
      "SwiftyGFX-Package",
      "SwiftyGFXPackageDescription",
      "SwiftyGFXPackageTests"
    ],
    "targets" : [
      "SwiftyGFX",
      "SwiftyGFXPackageDescription",
      "SwiftyGFXPackageTests",
      "SwiftyGFXTests"
    ]
  }
}
Running build ...
env DEVELOPER_DIR=/Applications/Xcode-27.0.0-Release.Candidate.app xcrun xcodebuild -IDEClonedSourcePackagesDirPathOverride=$PWD/.dependencies -skipMacroValidation -skipPackagePluginValidation -derivedDataPath $PWD/.derivedData build -scheme SwiftyGFX-Package -destination platform=macOS,arch=arm64
Command line invocation:
    /Applications/Xcode-27.0.0-Release.Candidate.app/Contents/Developer/usr/bin/xcodebuild -IDEClonedSourcePackagesDirPathOverride=/Users/admin/builder/spi-builder-workspace/.dependencies -skipMacroValidation -skipPackagePluginValidation -derivedDataPath /Users/admin/builder/spi-builder-workspace/.derivedData build -scheme SwiftyGFX-Package -destination platform=macOS,arch=arm64
ComputePackagePrebuildTargetDependencyGraph
Prepare packages
CreateBuildRequest
SendProjectDescription
CreateBuildOperation
ComputeTargetDependencyGraph
note: Building targets in dependency order
note: Target dependency graph (1 target)
    Target 'SwiftyGFX' in project 'SwiftyGFX' (no dependencies)
GatherProvisioningInputs
CreateBuildDescription
ExecuteExternalTool /Applications/Xcode-27.0.0-Release.Candidate.app/Contents/Developer/Toolchains/XcodeDefault.xctoolchain/usr/bin/clang -v -E -dM -isysroot /Applications/Xcode-27.0.0-Release.Candidate.app/Contents/Developer/Platforms/MacOSX.platform/Developer/SDKs/MacOSX27.0.sdk -x c -c /dev/null
ExecuteExternalTool /Applications/Xcode-27.0.0-Release.Candidate.app/Contents/Developer/Toolchains/XcodeDefault.xctoolchain/usr/bin/swiftc --version
ExecuteExternalTool /Applications/Xcode-27.0.0-Release.Candidate.app/Contents/Developer/Toolchains/XcodeDefault.xctoolchain/usr/bin/ld -version_details
Build description signature: 639d279bf993acc35c9c0169587a13d6
Build description path: /Users/admin/builder/spi-builder-workspace/.derivedData/Build/Intermediates.noindex/XCBuildData/639d279bf993acc35c9c0169587a13d6.xcbuilddata
/Users/admin/builder/spi-builder-workspace/SwiftyGFX.xcodeproj: error: The macOS deployment target 'MACOSX_DEPLOYMENT_TARGET' is set to 10.10, but the range of supported deployment target versions is 12.0 to 27.0.x. (in target 'SwiftyGFX' from project 'SwiftyGFX')
** BUILD FAILED **
The following build commands failed:
	Building project SwiftyGFX with scheme SwiftyGFX-Package
(1 failure)
Command line invocation:
    /Applications/Xcode-27.0.0-Release.Candidate.app/Contents/Developer/usr/bin/xcodebuild -IDEClonedSourcePackagesDirPathOverride=/Users/admin/builder/spi-builder-workspace/.dependencies -resolvePackageDependencies
resolved source packages:
{
  "dependencies" : [
  ],
  "manifest_display_name" : "SwiftyGFX",
  "name" : "SwiftyGFX",
  "path" : "/Users/admin/builder/spi-builder-workspace",
  "platforms" : [
  ],
  "products" : [
    {
      "name" : "SwiftyGFX",
      "targets" : [
        "SwiftyGFX"
      ],
      "type" : {
        "library" : [
          "automatic"
        ]
      }
    }
  ],
  "targets" : [
    {
      "c99name" : "SwiftyGFXTests",
      "module_type" : "SwiftTarget",
      "name" : "SwiftyGFXTests",
      "path" : "Tests/SwiftyGFXTests",
      "sources" : [
        "SwiftyGFXTests.swift",
        "XCTestManifests.swift"
      ],
      "target_dependencies" : [
        "SwiftyGFX"
      ],
      "type" : "test"
    },
    {
      "c99name" : "SwiftyGFX",
      "module_type" : "SwiftTarget",
      "name" : "SwiftyGFX",
      "path" : "Sources/SwiftyGFX",
      "product_memberships" : [
        "SwiftyGFX"
      ],
      "sources" : [
        "SwiftyGFX.swift"
      ],
      "target_dependencies" : [
        "CFreeType"
      ],
      "type" : "library"
    },
    {
      "c99name" : "CFreeType",
      "module_type" : "SystemLibraryTarget",
      "name" : "CFreeType",
      "path" : "Sources/CFreeType",
      "product_memberships" : [
        "SwiftyGFX"
      ],
      "sources" : [
      ],
      "type" : "system-target"
    }
  ],
  "tools_version" : "5.0"
}
{
  "project" : {
    "configurations" : [
      "Debug",
      "Release"
    ],
    "name" : "SwiftyGFX",
    "schemes" : [
      "SwiftyGFX-Package",
      "SwiftyGFXPackageDescription",
      "SwiftyGFXPackageTests"
    ],
    "targets" : [
      "SwiftyGFX",
      "SwiftyGFXPackageDescription",
      "SwiftyGFXPackageTests",
      "SwiftyGFXTests"
    ]
  }
}
Running build ...
env DEVELOPER_DIR=/Applications/Xcode-27.0.0-Release.Candidate.app xcrun xcodebuild -IDEClonedSourcePackagesDirPathOverride=$PWD/.dependencies -skipMacroValidation -skipPackagePluginValidation -derivedDataPath $PWD/.derivedData build -scheme SwiftyGFX-Package -destination platform=macOS,arch=arm64
Command line invocation:
    /Applications/Xcode-27.0.0-Release.Candidate.app/Contents/Developer/usr/bin/xcodebuild -IDEClonedSourcePackagesDirPathOverride=/Users/admin/builder/spi-builder-workspace/.dependencies -skipMacroValidation -skipPackagePluginValidation -derivedDataPath /Users/admin/builder/spi-builder-workspace/.derivedData build -scheme SwiftyGFX-Package -destination platform=macOS,arch=arm64
ComputePackagePrebuildTargetDependencyGraph
Prepare packages
CreateBuildRequest
SendProjectDescription
CreateBuildOperation
ComputeTargetDependencyGraph
note: Building targets in dependency order
note: Target dependency graph (1 target)
    Target 'SwiftyGFX' in project 'SwiftyGFX' (no dependencies)
GatherProvisioningInputs
CreateBuildDescription
/Users/admin/builder/spi-builder-workspace/SwiftyGFX.xcodeproj: error: The macOS deployment target 'MACOSX_DEPLOYMENT_TARGET' is set to 10.10, but the range of supported deployment target versions is 12.0 to 27.0.x. (in target 'SwiftyGFX' from project 'SwiftyGFX')
** BUILD FAILED **
The following build commands failed:
	Building project SwiftyGFX with scheme SwiftyGFX-Package
(1 failure)
BUILD FAILURE 6.4 macosXcodebuild