The Swift Package Index logo.Swift Package Index

Build Information

Failed to build InnoRouter, reference 7.0.1 (482587), with Swift 6.3 for Wasm on 17 Oct 2026 21:47:44 UTC.

Build Command

bash -c docker run --pull=always --rm -v "checkouts-54344849-0":/host -w "$PWD" -e JAVA_HOME="/root/.sdkman/candidates/java/current" -e SPI_BUILD="1" -e SPI_PROCESSING="1" registry.gitlab.com/saguaro1/spi-images:wasm-6.3-latest swift build --swift-sdk swift-6.3.2-RELEASE_wasm 2>&1

Build Log

========================================
RunAll
========================================
Builder version: 5.1.3
Interrupt handler set up.
========================================
Checkout
========================================
Clone URL: https://github.com/InnoSquadCorp/InnoRouter.git
Reference: 7.0.1
Initialized empty Git repository in /host/spi-builder-workspace/.git/
hint: Using 'master' as the name for the initial branch. This default branch name
hint: is subject to change. To configure the initial branch name to use in all
hint: of your new repositories, which will suppress this warning, call:
hint:
hint: 	git config --global init.defaultBranch <name>
hint:
hint: Names commonly chosen instead of 'master' are 'main', 'trunk' and
hint: 'development'. The just-created branch can be renamed via this command:
hint:
hint: 	git branch -m <name>
From https://github.com/InnoSquadCorp/InnoRouter
 * tag               7.0.1      -> FETCH_HEAD
HEAD is now at 482587b release: prepare InnoRouter 7.0.1 (#75)
Cloned https://github.com/InnoSquadCorp/InnoRouter.git
Revision (git rev-parse @):
482587bcac8347857fd521ff38f169c010f48b83
SPI manifest file found: $PWD/.spi.yml
SUCCESS checkout https://github.com/InnoSquadCorp/InnoRouter.git at 7.0.1
========================================
Build
========================================
Selected platform:         wasm
Swift version:             6.3
Building package at path:  $PWD
https://github.com/InnoSquadCorp/InnoRouter.git
Running build ...
bash -c docker run --pull=always --rm -v "checkouts-54344849-0":/host -w "$PWD" -e JAVA_HOME="/root/.sdkman/candidates/java/current" -e SPI_BUILD="1" -e SPI_PROCESSING="1" registry.gitlab.com/saguaro1/spi-images:wasm-6.3-latest swift build --swift-sdk swift-6.3.2-RELEASE_wasm 2>&1
wasm-6.3-latest: Pulling from saguaro1/spi-images
Digest: sha256:11aa8e4a9dbcd813ae44128d01e945c51d260b4dfda77b6bb7d997d0cc236164
Status: Image is up to date for registry.gitlab.com/saguaro1/spi-images:wasm-6.3-latest
Fetching https://github.com/swiftlang/swift-syntax.git
[1/80802] Fetching swift-syntax
Fetched https://github.com/swiftlang/swift-syntax.git from cache (3.93s)
Computing version for https://github.com/swiftlang/swift-syntax.git
Computed https://github.com/swiftlang/swift-syntax.git at 604.0.0 (4.90s)
Creating working copy for https://github.com/swiftlang/swift-syntax.git
Working copy of https://github.com/swiftlang/swift-syntax.git resolved at 604.0.0
Building for debugging...
[0/124] Write sources
[19/124] Copying PrivacyInfo.xcprivacy
[20/124] Copying Info.plist
[21/124] Copying PrivacyInfo.xcprivacy
[21/124] Copying Info.plist
[21/124] Copying PrivacyInfo.xcprivacy
[21/124] Copying Info.plist
[21/124] Copying PrivacyInfo.xcprivacy
[27/124] Copying Info.plist
[27/124] Copying Localizable.xcstrings
[29/124] Copying Info.plist
[29/124] Copying PrivacyInfo.xcprivacy
[29/124] Write sources
[29/124] Copying Info.plist
[29/124] Copying PrivacyInfo.xcprivacy
[29/124] Copying Info.plist
[29/124] Write sources
[45/124] Copying PrivacyInfo.xcprivacy
[45/124] Copying Info.plist
[45/124] Copying PrivacyInfo.xcprivacy
[45/124] Copying Info.plist
[45/124] Copying PrivacyInfo.xcprivacy
[45/124] Copying Info.plist
[45/124] Copying PrivacyInfo.xcprivacy
[45/124] Copying Localizable.xcstrings
[45/124] Copying Info.plist
[45/124] Copying PrivacyInfo.xcprivacy
[45/124] Write sources
[57/124] Copying PrivacyInfo.xcprivacy
[57/124] Copying Info.plist
[60/124] Copying PrivacyInfo.xcprivacy
[60/124] Copying Info.plist
[63/124] Write sources
[82/124] Compiling _SwiftSyntaxCShims PlatformMutex.c
[83/124] Write swift-version-24593BA9C3E375BF.txt
[85/140] Emitting module SwiftSyntax604
[86/140] Emitting module SwiftSyntax603
[87/140] Compiling SwiftSyntax510 Empty.swift
[88/140] Emitting module SwiftSyntax510
[89/141] Compiling SwiftSyntax603 Empty.swift
[90/142] Emitting module SwiftSyntax600
[91/142] Compiling SwiftSyntax600 Empty.swift
[94/143] Compiling SwiftSyntax602 Empty.swift
[95/143] Emitting module SwiftSyntax602
[98/146] Compiling SwiftSyntax601 Empty.swift
[99/146] Emitting module SwiftSyntax601
[99/169] Wrapping AST for SwiftSyntax603 for debugging
[101/192] Compiling SwiftSyntax509 Empty.swift
[102/192] Emitting module SwiftSyntax509
[104/236] Wrapping AST for SwiftSyntax602 for debugging
[105/236] Wrapping AST for SwiftSyntax600 for debugging
[106/236] Wrapping AST for SwiftSyntax510 for debugging
[107/236] Wrapping AST for SwiftSyntax601 for debugging
[109/236] Emitting module InnoRouterPatternSupport
[110/236] Compiling SwiftSyntax604 Empty.swift
[110/237] Wrapping AST for SwiftSyntax509 for debugging
[112/237] Wrapping AST for SwiftSyntax604 for debugging
[114/237] Compiling InnoRouterPatternSupport RoutePattern.swift
[115/237] Emitting module InnoRouterPatternSupport
[116/302] Wrapping AST for InnoRouterPatternSupport for debugging
[118/302] Compiling SwiftSyntax AbsolutePosition.swift
[119/302] Compiling SwiftSyntax AbsoluteSyntaxInfo.swift
[120/302] Compiling SwiftSyntax ArenaAllocatedBuffer.swift
[121/302] Compiling SwiftSyntax Assert.swift
[122/302] Compiling SwiftSyntax BumpPtrAllocator.swift
[123/302] Compiling SwiftSyntax CommonAncestor.swift
[124/302] Compiling SwiftSyntax Convenience.swift
[125/302] Compiling SwiftSyntax CustomTraits.swift
[126/302] Compiling SwiftSyntax EditorPlaceholder.swift
[127/310] Compiling SwiftSyntax Identifier.swift
[128/310] Compiling SwiftSyntax MemoryLayout.swift
[129/310] Compiling SwiftSyntax MissingNodeInitializers.swift
[130/310] Compiling SwiftSyntax RawSyntax.swift
[131/310] Compiling SwiftSyntax RawSyntaxArena.swift
[132/310] Compiling SwiftSyntax RawSyntaxLayoutView.swift
[133/310] Compiling SwiftSyntax RawSyntaxNodeProtocol.swift
[134/310] Compiling SwiftSyntax RawSyntaxTokenView.swift
[135/310] Compiling SwiftSyntax SourceEdit.swift
[136/310] Emitting module InnoRouterCore
[138/316] Compiling SwiftSyntax SourceLength.swift
[139/316] Compiling SwiftSyntax SourceLocation.swift
[140/316] Compiling SwiftSyntax SourcePresence.swift
[141/316] Compiling SwiftSyntax SwiftSyntaxCompatibility.swift
[142/316] Compiling SwiftSyntax Syntax.swift
[143/316] Compiling SwiftSyntax SyntaxChildren.swift
[144/316] Compiling SwiftSyntax SyntaxCollection.swift
[145/316] Compiling SwiftSyntax SyntaxHashable.swift
[146/316] Compiling SwiftSyntax SyntaxIdentifier.swift
[147/322] Compiling SwiftSyntax SyntaxProtocol.swift
/host/spi-builder-workspace/Sources/InnoRouterCore/RouterPlatform.swift:89:8: error: InnoRouter supports only declared Apple platforms
 87 |         declared(for: .visionOS)
 88 | #else
 89 | #error("InnoRouter supports only declared Apple platforms")
    |        `- error: InnoRouter supports only declared Apple platforms
 90 | #endif
 91 |     }
[148/322] Compiling SwiftSyntax SyntaxText.swift
/host/spi-builder-workspace/Sources/InnoRouterCore/RouterPlatform.swift:89:8: error: InnoRouter supports only declared Apple platforms
 87 |         declared(for: .visionOS)
 88 | #else
 89 | #error("InnoRouter supports only declared Apple platforms")
    |        `- error: InnoRouter supports only declared Apple platforms
 90 | #endif
 91 |     }
[149/322] Compiling SwiftSyntax SyntaxTreeViewMode.swift
/host/spi-builder-workspace/Sources/InnoRouterCore/RouterPlatform.swift:89:8: error: InnoRouter supports only declared Apple platforms
 87 |         declared(for: .visionOS)
 88 | #else
 89 | #error("InnoRouter supports only declared Apple platforms")
    |        `- error: InnoRouter supports only declared Apple platforms
 90 | #endif
 91 |     }
[150/322] Compiling SwiftSyntax TokenDiagnostic.swift
/host/spi-builder-workspace/Sources/InnoRouterCore/RouterPlatform.swift:89:8: error: InnoRouter supports only declared Apple platforms
 87 |         declared(for: .visionOS)
 88 | #else
 89 | #error("InnoRouter supports only declared Apple platforms")
    |        `- error: InnoRouter supports only declared Apple platforms
 90 | #endif
 91 |     }
[151/322] Compiling SwiftSyntax TokenSequence.swift
/host/spi-builder-workspace/Sources/InnoRouterCore/RouterPlatform.swift:89:8: error: InnoRouter supports only declared Apple platforms
 87 |         declared(for: .visionOS)
 88 | #else
 89 | #error("InnoRouter supports only declared Apple platforms")
    |        `- error: InnoRouter supports only declared Apple platforms
 90 | #endif
 91 |     }
[152/322] Compiling SwiftSyntax TokenSyntax.swift
/host/spi-builder-workspace/Sources/InnoRouterCore/RouterPlatform.swift:89:8: error: InnoRouter supports only declared Apple platforms
 87 |         declared(for: .visionOS)
 88 | #else
 89 | #error("InnoRouter supports only declared Apple platforms")
    |        `- error: InnoRouter supports only declared Apple platforms
 90 | #endif
 91 |     }
[153/322] Compiling InnoRouterPatternSupport RoutePattern.swift
[155/323] Compiling SwiftSyntax RawSyntaxNodesEF.swift
[156/323] Compiling SwiftSyntax RawSyntaxNodesGHI.swift
[157/323] Compiling SwiftSyntax RawSyntaxNodesJKLMN.swift
[158/323] Compiling SwiftSyntax RawSyntaxNodesOP.swift
[159/323] Compiling SwiftSyntax RawSyntaxNodesQRS.swift
[160/323] Compiling SwiftSyntax RawSyntaxNodesTUVWXYZ.swift
[172/323] Compiling SwiftSyntax SyntaxNodeStructure.swift
[185/323] Compiling SwiftSyntax RawSyntaxNodesD.swift
[186/323] Compiling InnoRouterCore RouterTimeoutRace.swift
[187/323] Compiling InnoRouterCore RouterTransientDescriptorTransport.swift
[188/323] Compiling InnoRouterCore RouterTransientPresentationPersistence.swift
[189/323] Compiling InnoRouterCore RouterTransientPresentationRequest.swift
[190/323] Compiling InnoRouterCore RouterTransition.swift
[191/323] Compiling InnoRouterCore resource_bundle_accessor.swift
/host/spi-builder-workspace/Sources/InnoRouterCore/RouterPlatform.swift:89:8: error: InnoRouter supports only declared Apple platforms
 87 |         declared(for: .visionOS)
 88 | #else
 89 | #error("InnoRouter supports only declared Apple platforms")
    |        `- error: InnoRouter supports only declared Apple platforms
 90 | #endif
 91 |     }
/host/spi-builder-workspace/Sources/InnoRouterCore/RouterPlatform.swift:89:8: error: InnoRouter supports only declared Apple platforms
 87 |         declared(for: .visionOS)
 88 | #else
 89 | #error("InnoRouter supports only declared Apple platforms")
    |        `- error: InnoRouter supports only declared Apple platforms
 90 | #endif
 91 |     }
/host/spi-builder-workspace/Sources/InnoRouterCore/RouterPlatform.swift:89:8: error: InnoRouter supports only declared Apple platforms
 87 |         declared(for: .visionOS)
 88 | #else
 89 | #error("InnoRouter supports only declared Apple platforms")
    |        `- error: InnoRouter supports only declared Apple platforms
 90 | #endif
 91 |     }
/host/spi-builder-workspace/Sources/InnoRouterCore/RouterPlatform.swift:89:8: error: InnoRouter supports only declared Apple platforms
 87 |         declared(for: .visionOS)
 88 | #else
 89 | #error("InnoRouter supports only declared Apple platforms")
    |        `- error: InnoRouter supports only declared Apple platforms
 90 | #endif
 91 |     }
/host/spi-builder-workspace/Sources/InnoRouterCore/RouterPlatform.swift:89:8: error: InnoRouter supports only declared Apple platforms
 87 |         declared(for: .visionOS)
 88 | #else
 89 | #error("InnoRouter supports only declared Apple platforms")
    |        `- error: InnoRouter supports only declared Apple platforms
 90 | #endif
 91 |     }
/host/spi-builder-workspace/Sources/InnoRouterCore/RouterPlatform.swift:89:8: error: InnoRouter supports only declared Apple platforms
 87 |         declared(for: .visionOS)
 88 | #else
 89 | #error("InnoRouter supports only declared Apple platforms")
    |        `- error: InnoRouter supports only declared Apple platforms
 90 | #endif
 91 |     }
[229/323] Compiling SwiftSyntax Trivia+commentValue.swift
[230/323] Compiling SwiftSyntax Trivia.swift
BUILD FAILURE 6.3 wasm