Build Information
Failed to build Roadmap, reference 1.0.0 (474ac9), with Swift 6.4 for tvOS using Xcode 27.0 on 23 Sep 2026 00:05:32 UTC.
Build Command
env DEVELOPER_DIR=/Applications/Xcode-27.0.0-Release.Candidate.app xcrun xcodebuild -IDEClonedSourcePackagesDirPathOverride=$PWD/.dependencies -skipMacroValidation -skipPackagePluginValidation -derivedDataPath $PWD/.derivedData build -scheme Roadmap -destination generic/platform=tvOSBuild Log
========================================
RunAll
========================================
Builder version: 5.1.0
Interrupt handler set up.
========================================
Checkout
========================================
Clone URL: https://github.com/AvdLee/Roadmap.git
Reference: 1.0.0
Initialized empty Git repository in /Users/admin/builder/spi-builder-workspace/.git/
From https://github.com/AvdLee/Roadmap
* tag 1.0.0 -> FETCH_HEAD
HEAD is now at 474ac9f Merge pull request #94 from AvdLee/feature/swift-6
Cloned https://github.com/AvdLee/Roadmap.git
Revision (git rev-parse @):
474ac9fe7be291f9be72d6813d72e8102bf1554b
SUCCESS checkout https://github.com/AvdLee/Roadmap.git at 1.0.0
========================================
Build
========================================
Selected platform: tvOS
Swift version: 6.4
Building package at path: $PWD
https://github.com/AvdLee/Roadmap.git
Command line invocation:
/Applications/Xcode-27.0.0-Release.Candidate.app/Contents/Developer/usr/bin/xcodebuild -IDEClonedSourcePackagesDirPathOverride=/Users/admin/builder/spi-builder-workspace/.dependencies -resolvePackageDependencies
Resolve Package Graph
Resolve Package Graph
Resolved source packages:
Roadmap: /Users/admin/builder/spi-builder-workspace
resolved source packages: Roadmap
2026-09-22 20:04:44.807 xcodebuild[525:2989] [MT] IDERunDestination: Supported platforms for the buildables in the current scheme is empty.
{
"dependencies" : [
],
"manifest_display_name" : "Roadmap",
"name" : "Roadmap",
"path" : "/Users/admin/builder/spi-builder-workspace",
"platforms" : [
{
"name" : "ios",
"version" : "17.0"
},
{
"name" : "macos",
"version" : "14.0"
},
{
"name" : "visionos",
"version" : "1.0"
}
],
"products" : [
{
"name" : "Roadmap",
"targets" : [
"Roadmap"
],
"type" : {
"library" : [
"automatic"
]
}
}
],
"targets" : [
{
"c99name" : "RoadmapTests",
"module_type" : "SwiftTarget",
"name" : "RoadmapTests",
"path" : "Tests/RoadmapTests",
"sources" : [
"RoadmapTests.swift"
],
"target_dependencies" : [
"Roadmap"
],
"type" : "test"
},
{
"c99name" : "Roadmap",
"module_type" : "SwiftTarget",
"name" : "Roadmap",
"path" : "Sources/Roadmap",
"product_memberships" : [
"Roadmap"
],
"sources" : [
"DataProviders/FeatureVoter.swift",
"DataProviders/FeatureVoterCountAPI.swift",
"DataProviders/FeatureVoterSidetrack.swift",
"DataProviders/FeaturesFetcher.swift",
"DataProviders/JSONDataFetcher.swift",
"Extensions/ArrayExtensions.swift",
"Extensions/ColorExtensions.swift",
"Extensions/Logger.swift",
"Extensions/MaterialExtensions.swift",
"Extensions/ViewExtensions.swift",
"Language.swift",
"Models/RoadmapFeature.swift",
"Models/RoadmapFeatureVotingCount.swift",
"RoadmapConfiguration.swift",
"RoadmapFeatureView.swift",
"RoadmapFeatureViewModel.swift",
"RoadmapView.swift",
"RoadmapViewModel.swift",
"RoadmapVoteButton.swift",
"Styling/RoadmapStyle.swift",
"Styling/RoadmapTemplates.swift"
],
"type" : "library"
}
],
"tools_version" : "6.0"
}
{
"workspace" : {
"name" : "Roadmap",
"schemes" : [
"Roadmap"
]
}
}
2026-09-22 20:05:17.389 xcodebuild[622:3784] [MT] IDERunDestination: Supported platforms for the buildables in the current scheme is empty.
Running build ...
env DEVELOPER_DIR=/Applications/Xcode-27.0.0-Release.Candidate.app xcrun xcodebuild -IDEClonedSourcePackagesDirPathOverride=$PWD/.dependencies -skipMacroValidation -skipPackagePluginValidation -derivedDataPath $PWD/.derivedData build -scheme Roadmap -destination generic/platform=tvOS
Command line invocation:
/Applications/Xcode-27.0.0-Release.Candidate.app/Contents/Developer/usr/bin/xcodebuild -IDEClonedSourcePackagesDirPathOverride=/Users/admin/builder/spi-builder-workspace/.dependencies -skipMacroValidation -skipPackagePluginValidation -derivedDataPath /Users/admin/builder/spi-builder-workspace/.derivedData build -scheme Roadmap -destination generic/platform=tvOS
Resolve Package Graph
Resolved source packages:
Roadmap: /Users/admin/builder/spi-builder-workspace
ComputePackagePrebuildTargetDependencyGraph
Prepare packages
CreateBuildRequest
SendProjectDescription
CreateBuildOperation
ComputeTargetDependencyGraph
note: Building targets in dependency order
note: Target dependency graph (2 targets)
Target 'Roadmap-product' in project 'Roadmap'
➜ Explicit dependency on target 'Roadmap' in project 'Roadmap'
Target 'Roadmap' in project 'Roadmap' (no dependencies)
GatherProvisioningInputs
CreateBuildDescription
ExecuteExternalTool /Applications/Xcode-27.0.0-Release.Candidate.app/Contents/Developer/Toolchains/XcodeDefault.xctoolchain/usr/bin/clang -v -E -dM -isysroot /Applications/Xcode-27.0.0-Release.Candidate.app/Contents/Developer/Platforms/AppleTVOS.platform/Developer/SDKs/AppleTVOS27.0.sdk -x c -c /dev/null
ExecuteExternalTool /Applications/Xcode-27.0.0-Release.Candidate.app/Contents/Developer/Toolchains/XcodeDefault.xctoolchain/usr/bin/swiftc --version
ExecuteExternalTool /Applications/Xcode-27.0.0-Release.Candidate.app/Contents/Developer/Toolchains/XcodeDefault.xctoolchain/usr/bin/ld -version_details
Build description signature: 56030bceced96d0983f43f513921bdd4
Build description path: /Users/admin/builder/spi-builder-workspace/.derivedData/Build/Intermediates.noindex/XCBuildData/56030bceced96d0983f43f513921bdd4.xcbuilddata
CreateBuildDirectory /Users/admin/builder/spi-builder-workspace/.derivedData/SDKExplicitPrecompiledModules
cd /Users/admin/builder/spi-builder-workspace/.swiftpm/xcode
builtin-create-build-directory /Users/admin/builder/spi-builder-workspace/.derivedData/SDKExplicitPrecompiledModules
CreateBuildDirectory /Users/admin/builder/spi-builder-workspace/.derivedData/ModuleCache.noindex
cd /Users/admin/builder/spi-builder-workspace/.swiftpm/xcode
builtin-create-build-directory /Users/admin/builder/spi-builder-workspace/.derivedData/ModuleCache.noindex
CreateBuildDirectory /Users/admin/builder/spi-builder-workspace/.derivedData/CompilationCache.noindex
cd /Users/admin/builder/spi-builder-workspace/.swiftpm/xcode
builtin-create-build-directory /Users/admin/builder/spi-builder-workspace/.derivedData/CompilationCache.noindex
CreateBuildDirectory /Users/admin/builder/spi-builder-workspace/.derivedData/Build/Products
cd /Users/admin/builder/spi-builder-workspace/.swiftpm/xcode
builtin-create-build-directory /Users/admin/builder/spi-builder-workspace/.derivedData/Build/Products
CreateBuildDirectory /Users/admin/builder/spi-builder-workspace/.derivedData/Build/Intermediates.noindex
cd /Users/admin/builder/spi-builder-workspace/.swiftpm/xcode
builtin-create-build-directory /Users/admin/builder/spi-builder-workspace/.derivedData/Build/Intermediates.noindex
ClangStatCache /Applications/Xcode-27.0.0-Release.Candidate.app/Contents/Developer/Toolchains/XcodeDefault.xctoolchain/usr/bin/clang-stat-cache /Applications/Xcode-27.0.0-Release.Candidate.app/Contents/Developer/Platforms/AppleTVOS.platform/Developer/SDKs/AppleTVOS27.0.sdk /Users/admin/builder/spi-builder-workspace/.derivedData/SDKStatCaches.noindex/appletvos27.0-24J360-e829b21a6f8c9b70876ba0858053c044b32bfd8d43560033f8d89884cdb90028.sdkstatcache
cd /Users/admin/builder/spi-builder-workspace/.swiftpm/xcode
/Applications/Xcode-27.0.0-Release.Candidate.app/Contents/Developer/Toolchains/XcodeDefault.xctoolchain/usr/bin/clang-stat-cache /Applications/Xcode-27.0.0-Release.Candidate.app/Contents/Developer/Platforms/AppleTVOS.platform/Developer/SDKs/AppleTVOS27.0.sdk -o /Users/admin/builder/spi-builder-workspace/.derivedData/SDKStatCaches.noindex/appletvos27.0-24J360-e829b21a6f8c9b70876ba0858053c044b32bfd8d43560033f8d89884cdb90028.sdkstatcache
CreateBuildDirectory /Users/admin/builder/spi-builder-workspace/.derivedData/Build/Products/Debug-appletvos
cd /Users/admin/builder/spi-builder-workspace/.swiftpm/xcode
builtin-create-build-directory /Users/admin/builder/spi-builder-workspace/.derivedData/Build/Products/Debug-appletvos
CreateBuildDirectory /Users/admin/builder/spi-builder-workspace/.derivedData/Build/Intermediates.noindex/SwiftExplicitPrecompiledModules
cd /Users/admin/builder/spi-builder-workspace/.swiftpm/xcode
builtin-create-build-directory /Users/admin/builder/spi-builder-workspace/.derivedData/Build/Intermediates.noindex/SwiftExplicitPrecompiledModules
CreateBuildDirectory /Users/admin/builder/spi-builder-workspace/.derivedData/Build/Intermediates.noindex/PrecompiledHeaders
cd /Users/admin/builder/spi-builder-workspace/.swiftpm/xcode
builtin-create-build-directory /Users/admin/builder/spi-builder-workspace/.derivedData/Build/Intermediates.noindex/PrecompiledHeaders
CreateBuildDirectory /Users/admin/builder/spi-builder-workspace/.derivedData/Build/Intermediates.noindex/ExplicitPrecompiledModules
cd /Users/admin/builder/spi-builder-workspace/.swiftpm/xcode
builtin-create-build-directory /Users/admin/builder/spi-builder-workspace/.derivedData/Build/Intermediates.noindex/ExplicitPrecompiledModules
CreateBuildDirectory /Users/admin/builder/spi-builder-workspace/.derivedData/Build/Intermediates.noindex/EagerLinkingTBDs/Debug-appletvos
cd /Users/admin/builder/spi-builder-workspace/.swiftpm/xcode
builtin-create-build-directory /Users/admin/builder/spi-builder-workspace/.derivedData/Build/Intermediates.noindex/EagerLinkingTBDs/Debug-appletvos
CreateBuildDirectory /Users/admin/builder/spi-builder-workspace/.derivedData/Build/Products/Debug-appletvos/PackageFrameworks
cd /Users/admin/builder/spi-builder-workspace/.swiftpm/xcode
builtin-create-build-directory /Users/admin/builder/spi-builder-workspace/.derivedData/Build/Products/Debug-appletvos/PackageFrameworks
WriteAuxiliaryFile /Users/admin/builder/spi-builder-workspace/.derivedData/Build/Intermediates.noindex/Roadmap.build/Debug-appletvos/Roadmap-t.build/Roadmap.modulemap (in target 'Roadmap' from project 'Roadmap')
cd /Users/admin/builder/spi-builder-workspace
write-file /Users/admin/builder/spi-builder-workspace/.derivedData/Build/Intermediates.noindex/Roadmap.build/Debug-appletvos/Roadmap-t.build/Roadmap.modulemap
WriteAuxiliaryFile /Users/admin/builder/spi-builder-workspace/.derivedData/Build/Intermediates.noindex/Roadmap.build/Debug-appletvos/Roadmap-t.build/Roadmap.DependencyMetadataFileList (in target 'Roadmap' from project 'Roadmap')
cd /Users/admin/builder/spi-builder-workspace
write-file /Users/admin/builder/spi-builder-workspace/.derivedData/Build/Intermediates.noindex/Roadmap.build/Debug-appletvos/Roadmap-t.build/Roadmap.DependencyMetadataFileList
WriteAuxiliaryFile /Users/admin/builder/spi-builder-workspace/.derivedData/Build/Intermediates.noindex/Roadmap.build/Debug-appletvos/Roadmap-t.build/Roadmap.DependencyStaticMetadataFileList (in target 'Roadmap' from project 'Roadmap')
cd /Users/admin/builder/spi-builder-workspace
write-file /Users/admin/builder/spi-builder-workspace/.derivedData/Build/Intermediates.noindex/Roadmap.build/Debug-appletvos/Roadmap-t.build/Roadmap.DependencyStaticMetadataFileList
WriteAuxiliaryFile /Users/admin/builder/spi-builder-workspace/.derivedData/Build/Intermediates.noindex/Roadmap.build/Debug-appletvos/Roadmap-t.build/Objects-normal/arm64/Roadmap.LinkFileList (in target 'Roadmap' from project 'Roadmap')
cd /Users/admin/builder/spi-builder-workspace
write-file /Users/admin/builder/spi-builder-workspace/.derivedData/Build/Intermediates.noindex/Roadmap.build/Debug-appletvos/Roadmap-t.build/Objects-normal/arm64/Roadmap.LinkFileList
WriteAuxiliaryFile /Users/admin/builder/spi-builder-workspace/.derivedData/Build/Intermediates.noindex/Roadmap.build/Debug-appletvos/Roadmap-t.build/Objects-normal/arm64/Roadmap.SwiftConstValuesFileList (in target 'Roadmap' from project 'Roadmap')
cd /Users/admin/builder/spi-builder-workspace
write-file /Users/admin/builder/spi-builder-workspace/.derivedData/Build/Intermediates.noindex/Roadmap.build/Debug-appletvos/Roadmap-t.build/Objects-normal/arm64/Roadmap.SwiftConstValuesFileList
WriteAuxiliaryFile /Users/admin/builder/spi-builder-workspace/.derivedData/Build/Intermediates.noindex/Roadmap.build/Debug-appletvos/Roadmap-t.build/Objects-normal/arm64/Roadmap_const_extract_protocols.json (in target 'Roadmap' from project 'Roadmap')
cd /Users/admin/builder/spi-builder-workspace
write-file /Users/admin/builder/spi-builder-workspace/.derivedData/Build/Intermediates.noindex/Roadmap.build/Debug-appletvos/Roadmap-t.build/Objects-normal/arm64/Roadmap_const_extract_protocols.json
WriteAuxiliaryFile /Users/admin/builder/spi-builder-workspace/.derivedData/Build/Intermediates.noindex/Roadmap.build/Debug-appletvos/Roadmap-t.build/Objects-normal/arm64/Roadmap.SwiftFileList (in target 'Roadmap' from project 'Roadmap')
cd /Users/admin/builder/spi-builder-workspace
write-file /Users/admin/builder/spi-builder-workspace/.derivedData/Build/Intermediates.noindex/Roadmap.build/Debug-appletvos/Roadmap-t.build/Objects-normal/arm64/Roadmap.SwiftFileList
WriteAuxiliaryFile /Users/admin/builder/spi-builder-workspace/.derivedData/Build/Intermediates.noindex/Roadmap.build/Debug-appletvos/Roadmap-t.build/Objects-normal/arm64/Roadmap-OutputFileMap.json (in target 'Roadmap' from project 'Roadmap')
cd /Users/admin/builder/spi-builder-workspace
write-file /Users/admin/builder/spi-builder-workspace/.derivedData/Build/Intermediates.noindex/Roadmap.build/Debug-appletvos/Roadmap-t.build/Objects-normal/arm64/Roadmap-OutputFileMap.json
Copy /Users/admin/builder/spi-builder-workspace/.derivedData/Build/Intermediates.noindex/GeneratedModuleMaps-appletvos/Roadmap.modulemap /Users/admin/builder/spi-builder-workspace/.derivedData/Build/Intermediates.noindex/Roadmap.build/Debug-appletvos/Roadmap-t.build/Roadmap.modulemap (in target 'Roadmap' from project 'Roadmap')
cd /Users/admin/builder/spi-builder-workspace
builtin-copy -exclude .DS_Store -exclude CVS -exclude .svn -exclude .git -exclude .hg -resolve-src-symlinks /Users/admin/builder/spi-builder-workspace/.derivedData/Build/Intermediates.noindex/Roadmap.build/Debug-appletvos/Roadmap-t.build/Roadmap.modulemap /Users/admin/builder/spi-builder-workspace/.derivedData/Build/Intermediates.noindex/GeneratedModuleMaps-appletvos
SwiftDriver Roadmap normal arm64 com.apple.xcode.tools.swift.compiler (in target 'Roadmap' from project 'Roadmap')
cd /Users/admin/builder/spi-builder-workspace/.swiftpm/xcode
builtin-SwiftDriver -- /Applications/Xcode-27.0.0-Release.Candidate.app/Contents/Developer/Toolchains/XcodeDefault.xctoolchain/usr/bin/swiftc -parse-as-library -module-name Roadmap -Onone @/Users/admin/builder/spi-builder-workspace/.derivedData/Build/Intermediates.noindex/Roadmap.build/Debug-appletvos/Roadmap-t.build/Objects-normal/arm64/Roadmap.SwiftFileList -DSWIFT_PACKAGE -DDEBUG -DSWIFT_MODULE_RESOURCE_BUNDLE_UNAVAILABLE -DXcode -plugin-path /Applications/Xcode-27.0.0-Release.Candidate.app/Contents/Developer/Toolchains/XcodeDefault.xctoolchain/usr/lib/swift/host/plugins/testing -enable-experimental-feature DebugDescriptionMacro -sdk /Applications/Xcode-27.0.0-Release.Candidate.app/Contents/Developer/Platforms/AppleTVOS.platform/Developer/SDKs/AppleTVOS27.0.sdk -target arm64-apple-tvos17.0 -g -module-cache-path /Users/admin/builder/spi-builder-workspace/.derivedData/ModuleCache.noindex -Xfrontend -serialize-debugging-options -profile-coverage-mapping -profile-generate -enable-testing -index-store-path /Users/admin/builder/spi-builder-workspace/.derivedData/Index.noindex/DataStore -Xcc -D_LIBCPP_HARDENING_MODE\=_LIBCPP_HARDENING_MODE_DEBUG -swift-version 6 -I /Users/admin/builder/spi-builder-workspace/.derivedData/Build/Products/Debug-appletvos -Isystem /Applications/Xcode-27.0.0-Release.Candidate.app/Contents/Developer/Platforms/AppleTVOS.platform/Developer/usr/lib -F /Users/admin/builder/spi-builder-workspace/.derivedData/Build/Products/Debug-appletvos -F /Applications/Xcode-27.0.0-Release.Candidate.app/Contents/Developer/Platforms/AppleTVOS.platform/Developer/Library/Frameworks -F /Applications/Xcode-27.0.0-Release.Candidate.app/Contents/Developer/Platforms/AppleTVOS.platform/Developer/SDKs/AppleTVOS27.0.sdk/Developer/Library/Frameworks -c -j10 -enable-batch-mode -incremental -Xcc -ivfsstatcache -Xcc /Users/admin/builder/spi-builder-workspace/.derivedData/SDKStatCaches.noindex/appletvos27.0-24J360-e829b21a6f8c9b70876ba0858053c044b32bfd8d43560033f8d89884cdb90028.sdkstatcache -output-file-map /Users/admin/builder/spi-builder-workspace/.derivedData/Build/Intermediates.noindex/Roadmap.build/Debug-appletvos/Roadmap-t.build/Objects-normal/arm64/Roadmap-OutputFileMap.json -save-temps -no-color-diagnostics -explicit-module-build -module-cache-path /Users/admin/builder/spi-builder-workspace/.derivedData/Build/Intermediates.noindex/SwiftExplicitPrecompiledModules -clang-scanner-module-cache-path /Users/admin/builder/spi-builder-workspace/.derivedData/ModuleCache.noindex -sdk-module-cache-path /Users/admin/builder/spi-builder-workspace/.derivedData/SDKExplicitPrecompiledModules -emit-dependencies -emit-module -emit-module-path /Users/admin/builder/spi-builder-workspace/.derivedData/Build/Intermediates.noindex/Roadmap.build/Debug-appletvos/Roadmap-t.build/Objects-normal/arm64/Roadmap.swiftmodule -serialize-diagnostics -dependency-scan-serialize-diagnostics-path /Users/admin/builder/spi-builder-workspace/.derivedData/Build/Intermediates.noindex/Roadmap.build/Debug-appletvos/Roadmap-t.build/Objects-normal/arm64/Roadmap-dependency-scan.dia -validate-clang-modules-once -clang-build-session-file /Users/admin/builder/spi-builder-workspace/.derivedData/ModuleCache.noindex/Session.modulevalidation -Xcc -fmodules-prune-interval\=86400 -Xcc -fmodules-prune-after\=345600 -package-name spi_builder_workspace -emit-const-values -const-gather-protocols-list /Users/admin/builder/spi-builder-workspace/.derivedData/Build/Intermediates.noindex/Roadmap.build/Debug-appletvos/Roadmap-t.build/Objects-normal/arm64/Roadmap_const_extract_protocols.json -Xcc -I/Users/admin/builder/spi-builder-workspace/.derivedData/Build/Products/Debug-appletvos/include -Xcc -I/Users/admin/builder/spi-builder-workspace/.derivedData/Build/Intermediates.noindex/Roadmap.build/Debug-appletvos/Roadmap-t.build/DerivedSources-normal/arm64 -Xcc -I/Users/admin/builder/spi-builder-workspace/.derivedData/Build/Intermediates.noindex/Roadmap.build/Debug-appletvos/Roadmap-t.build/DerivedSources/arm64 -Xcc -I/Users/admin/builder/spi-builder-workspace/.derivedData/Build/Intermediates.noindex/Roadmap.build/Debug-appletvos/Roadmap-t.build/DerivedSources -Xcc -DSWIFT_PACKAGE -Xcc -DDEBUG\=1 -emit-objc-header -emit-objc-header-path /Users/admin/builder/spi-builder-workspace/.derivedData/Build/Intermediates.noindex/Roadmap.build/Debug-appletvos/Roadmap-t.build/Objects-normal/arm64/Roadmap-Swift.h -working-directory /Users/admin/builder/spi-builder-workspace/.swiftpm/xcode -experimental-emit-module-separately -disable-cmo
SwiftExplicitDependencyGeneratePcm arm64 /Users/admin/builder/spi-builder-workspace/.derivedData/SDKExplicitPrecompiledModules/_AvailabilityInternal-99L1JVU5TYE8S0FGGB7E09QQS.pcm
SwiftExplicitDependencyGeneratePcm arm64 /Users/admin/builder/spi-builder-workspace/.derivedData/SDKExplicitPrecompiledModules/ptrcheck-BA65H1NXYZJ0BLLWO9HZOAZ6Y.pcm
SwiftExplicitDependencyGeneratePcm arm64 /Users/admin/builder/spi-builder-workspace/.derivedData/SDKExplicitPrecompiledModules/_SwiftConcurrencyShims-3HZGHPZQL3GY71QUHDRB0P39S.pcm
SwiftExplicitDependencyGeneratePcm arm64 /Users/admin/builder/spi-builder-workspace/.derivedData/SDKExplicitPrecompiledModules/SwiftShims-73G9EXEO9PVWB6PL1BR4TAJ0B.pcm
SwiftExplicitDependencyGeneratePcm arm64 /Users/admin/builder/spi-builder-workspace/.derivedData/SDKExplicitPrecompiledModules/_Builtin_stdarg-719DH4G2R3NRP3HRX5HE8WX08.pcm
SwiftExplicitDependencyGeneratePcm arm64 /Users/admin/builder/spi-builder-workspace/.derivedData/SDKExplicitPrecompiledModules/DeveloperToolsSupport-CJV8SY9BXJUTONPFWMLQEGTXA.pcm
SwiftExplicitDependencyGeneratePcm arm64 /Users/admin/builder/spi-builder-workspace/.derivedData/SDKExplicitPrecompiledModules/ptrauth-EMKXYE8GN9BK4M3ODSTVDUJU2.pcm
SwiftExplicitDependencyGeneratePcm arm64 /Users/admin/builder/spi-builder-workspace/.derivedData/SDKExplicitPrecompiledModules/_Builtin_stdbool-4UUPXTY52W6RPSB0N2WGGLTJT.pcm
SwiftExplicitDependencyGeneratePcm arm64 /Users/admin/builder/spi-builder-workspace/.derivedData/SDKExplicitPrecompiledModules/_Builtin_stddef-1MAO6P3OSQFGZFQEPM31XXNSS.pcm
SwiftExplicitDependencyGeneratePcm arm64 /Users/admin/builder/spi-builder-workspace/.derivedData/SDKExplicitPrecompiledModules/_Builtin_float-3RF4B70MBHPP952AX3GNZ8W3H.pcm
SwiftExplicitDependencyGeneratePcm arm64 /Users/admin/builder/spi-builder-workspace/.derivedData/SDKExplicitPrecompiledModules/_DarwinFoundation1-90NUFDXQ765U5FR62173FT21A.pcm
SwiftExplicitDependencyGeneratePcm arm64 /Users/admin/builder/spi-builder-workspace/.derivedData/SDKExplicitPrecompiledModules/_DarwinFoundation2-EPKSYG5WMVE7WSPFQB4C0UC59.pcm
SwiftExplicitDependencyGeneratePcm arm64 /Users/admin/builder/spi-builder-workspace/.derivedData/SDKExplicitPrecompiledModules/_Builtin_limits-3JICJWOCEYXXXNXAMEJBF6UQN.pcm
SwiftExplicitDependencyGeneratePcm arm64 /Users/admin/builder/spi-builder-workspace/.derivedData/SDKExplicitPrecompiledModules/_Builtin_tgmath-320K271Z6IM134IWIB7S3LTD.pcm
SwiftExplicitDependencyGeneratePcm arm64 /Users/admin/builder/spi-builder-workspace/.derivedData/SDKExplicitPrecompiledModules/_Builtin_stdint-A8OKY0NXO26BZ4GWYKP79TKL9.pcm
SwiftExplicitDependencyGeneratePcm arm64 /Users/admin/builder/spi-builder-workspace/.derivedData/SDKExplicitPrecompiledModules/sys_types-CATSGLJDZ8UZUMKHO6M4I4PJT.pcm
SwiftExplicitDependencyGeneratePcm arm64 /Users/admin/builder/spi-builder-workspace/.derivedData/SDKExplicitPrecompiledModules/string_h-B6D36UOVIZC2Y0YE3KEZLZAP6.pcm
SwiftExplicitDependencyGeneratePcm arm64 /Users/admin/builder/spi-builder-workspace/.derivedData/SDKExplicitPrecompiledModules/_Builtin_intrinsics-AQDFY8KQQX9Z38C6EI15S53EQ.pcm
SwiftExplicitDependencyGeneratePcm arm64 /Users/admin/builder/spi-builder-workspace/.derivedData/SDKExplicitPrecompiledModules/_Builtin_stdatomic-71DQV8BR56LNANL900GGEC9KO.pcm
SwiftExplicitDependencyGeneratePcm arm64 /Users/admin/builder/spi-builder-workspace/.derivedData/SDKExplicitPrecompiledModules/_DarwinFoundation3-63L5I5VCGX6CLI6HI7OWUXJN6.pcm
SwiftExplicitDependencyGeneratePcm arm64 /Users/admin/builder/spi-builder-workspace/.derivedData/SDKExplicitPrecompiledModules/_Builtin_inttypes-80RS02PM2X81SP8N0Q7X05540.pcm
SwiftExplicitDependencyGeneratePcm arm64 /Users/admin/builder/spi-builder-workspace/.derivedData/SDKExplicitPrecompiledModules/Darwin-1VTILT8KA42CNDAUB0H1FM7MC.pcm
SwiftExplicitDependencyGeneratePcm arm64 /Users/admin/builder/spi-builder-workspace/.derivedData/SDKExplicitPrecompiledModules/simd-D50CDGAQRFNF5E2BA2UWCCHLJ.pcm
SwiftExplicitDependencyGeneratePcm arm64 /Users/admin/builder/spi-builder-workspace/.derivedData/SDKExplicitPrecompiledModules/ObjectiveC-CC0BYHG21IQMMT48PGDNSK7G6.pcm
SwiftExplicitDependencyGeneratePcm arm64 /Users/admin/builder/spi-builder-workspace/.derivedData/SDKExplicitPrecompiledModules/MachO-A5KLTMTLJD1DPHEYPZHUSRJ4O.pcm
SwiftExplicitDependencyGeneratePcm arm64 /Users/admin/builder/spi-builder-workspace/.derivedData/SDKExplicitPrecompiledModules/os_object-1TJLDNS7X3UT7Y5TM4QQ2RN6G.pcm
SwiftExplicitDependencyGeneratePcm arm64 /Users/admin/builder/spi-builder-workspace/.derivedData/SDKExplicitPrecompiledModules/os_workgroup-E61GF9E8FAHZGKXVOV9QHUD27.pcm
SwiftExplicitDependencyGeneratePcm arm64 /Users/admin/builder/spi-builder-workspace/.derivedData/SDKExplicitPrecompiledModules/Dispatch-F564M6B2H1RRD83XZ8EBWFSHE.pcm
SwiftExplicitDependencyGeneratePcm arm64 /Users/admin/builder/spi-builder-workspace/.derivedData/SDKExplicitPrecompiledModules/Spatial-2KZFBWN278VTZL619Y96SAJC9.pcm
SwiftExplicitDependencyGeneratePcm arm64 /Users/admin/builder/spi-builder-workspace/.derivedData/SDKExplicitPrecompiledModules/CoreFoundation-A4LOYEEJIFQKOPZRDOG9M3N2K.pcm
SwiftExplicitDependencyGeneratePcm arm64 /Users/admin/builder/spi-builder-workspace/.derivedData/SDKExplicitPrecompiledModules/XPC-2WVXL0UION0MYZOZAJZC6DUXD.pcm
SwiftExplicitDependencyGeneratePcm arm64 /Users/admin/builder/spi-builder-workspace/.derivedData/SDKExplicitPrecompiledModules/os-4NLIUP5HHN7FW5ML70YLEU8QE.pcm
SwiftExplicitDependencyGeneratePcm arm64 /Users/admin/builder/spi-builder-workspace/.derivedData/SDKExplicitPrecompiledModules/CoreGraphics-D8Y0X4J52BHG7HHUQLTX6SXE1.pcm
SwiftExplicitDependencyGeneratePcm arm64 /Users/admin/builder/spi-builder-workspace/.derivedData/SDKExplicitPrecompiledModules/CoreAudioTypes-3D575H9KXE9GWSK6ZWEWBV9TM.pcm
SwiftExplicitDependencyGeneratePcm arm64 /Users/admin/builder/spi-builder-workspace/.derivedData/SDKExplicitPrecompiledModules/Security-6KU6X9W8QDIJW83JUF0DRES83.pcm
SwiftExplicitDependencyGeneratePcm arm64 /Users/admin/builder/spi-builder-workspace/.derivedData/SDKExplicitPrecompiledModules/CFNetwork-8S7XZ5SI3TWM2JOZPDZPRY8W9.pcm
SwiftExplicitDependencyGeneratePcm arm64 /Users/admin/builder/spi-builder-workspace/.derivedData/SDKExplicitPrecompiledModules/CoreAudio-46JNU59TK6U76A9ILN06CT9NS.pcm
SwiftExplicitDependencyGeneratePcm arm64 /Users/admin/builder/spi-builder-workspace/.derivedData/SDKExplicitPrecompiledModules/Foundation-1AS5K10MY6XENLLR2NDUCKYTM.pcm
SwiftExplicitDependencyGeneratePcm arm64 /Users/admin/builder/spi-builder-workspace/.derivedData/SDKExplicitPrecompiledModules/CoreText-E0GG8D3D527TJX7D2QEHFQLM2.pcm
SwiftExplicitDependencyGeneratePcm arm64 /Users/admin/builder/spi-builder-workspace/.derivedData/SDKExplicitPrecompiledModules/ImageIO-48DA7ET77Q34HPZP9CPHI9VS4.pcm
SwiftExplicitDependencyGeneratePcm arm64 /Users/admin/builder/spi-builder-workspace/.derivedData/SDKExplicitPrecompiledModules/DataDetection-9IX0C1MAX33MS6TCZDSNKXEO8.pcm
SwiftExplicitDependencyGeneratePcm arm64 /Users/admin/builder/spi-builder-workspace/.derivedData/SDKExplicitPrecompiledModules/IOSurface-DEQULTJ8SC21O986FDCNTM8FX.pcm
SwiftExplicitDependencyGeneratePcm arm64 /Users/admin/builder/spi-builder-workspace/.derivedData/SDKExplicitPrecompiledModules/_LocationEssentials-2OY9351FRBO717MIULOKMYA9E.pcm
SwiftExplicitDependencyGeneratePcm arm64 /Users/admin/builder/spi-builder-workspace/.derivedData/SDKExplicitPrecompiledModules/CoreData-3R0N6HKKQMVS32U7KOKR14383.pcm
SwiftExplicitDependencyGeneratePcm arm64 /Users/admin/builder/spi-builder-workspace/.derivedData/SDKExplicitPrecompiledModules/UniformTypeIdentifiers-DQ77M7R0D7VCBK0YUO3VHCRB1.pcm
SwiftExplicitDependencyGeneratePcm arm64 /Users/admin/builder/spi-builder-workspace/.derivedData/SDKExplicitPrecompiledModules/OSLog-1UX1YGRJSIOEO9YC3MNFFD818.pcm
SwiftExplicitDependencyGeneratePcm arm64 /Users/admin/builder/spi-builder-workspace/.derivedData/SDKExplicitPrecompiledModules/UserNotifications-AKH3GC0FQWUK55FNTW4WEMFQE.pcm
SwiftExplicitDependencyGeneratePcm arm64 /Users/admin/builder/spi-builder-workspace/.derivedData/SDKExplicitPrecompiledModules/CoreTransferable-84B3V3M9DHRIQERK179SSQO5U.pcm
SwiftExplicitDependencyGeneratePcm arm64 /Users/admin/builder/spi-builder-workspace/.derivedData/SDKExplicitPrecompiledModules/UIUtilities-9NQVCWATNLLVY125LB74695HY.pcm
SwiftExplicitDependencyGeneratePcm arm64 /Users/admin/builder/spi-builder-workspace/.derivedData/SDKExplicitPrecompiledModules/Accessibility-EAPB6A95K5V0S27QNKR6ATG7F.pcm
SwiftExplicitDependencyGeneratePcm arm64 /Users/admin/builder/spi-builder-workspace/.derivedData/SDKExplicitPrecompiledModules/Symbols-9TNA7JIKOEYVTYC7A16HCS4Z8.pcm
SwiftExplicitDependencyGeneratePcm arm64 /Users/admin/builder/spi-builder-workspace/.derivedData/SDKExplicitPrecompiledModules/CoreLocation-6939X9DMB2SA43P0TYB7Z14Z5.pcm
SwiftExplicitDependencyGeneratePcm arm64 /Users/admin/builder/spi-builder-workspace/.derivedData/SDKExplicitPrecompiledModules/OpenGLES-6Y33D4DDPO1R82EJXT1SIGNPS.pcm
SwiftExplicitDependencyGeneratePcm arm64 /Users/admin/builder/spi-builder-workspace/.derivedData/SDKExplicitPrecompiledModules/Metal-52GB3RCZ6A2WEZ7RWCXV2WL0N.pcm
SwiftExplicitDependencyGeneratePcm arm64 /Users/admin/builder/spi-builder-workspace/.derivedData/SDKExplicitPrecompiledModules/CoreVideo-5G4VAY32QMJB00PUALI6188LK.pcm
SwiftExplicitDependencyGeneratePcm arm64 /Users/admin/builder/spi-builder-workspace/.derivedData/SDKExplicitPrecompiledModules/QuartzCore-DSNZZA81DYNK4OK1ANRR6HM7G.pcm
SwiftExplicitDependencyGeneratePcm arm64 /Users/admin/builder/spi-builder-workspace/.derivedData/SDKExplicitPrecompiledModules/CoreMedia-43BPYBY7ZACBDCUTAJXJFLTBP.pcm
SwiftExplicitDependencyGeneratePcm arm64 /Users/admin/builder/spi-builder-workspace/.derivedData/SDKExplicitPrecompiledModules/CoreImage-ATUQ374FIDJPA1DF5BLR644CG.pcm
SwiftExplicitDependencyGeneratePcm arm64 /Users/admin/builder/spi-builder-workspace/.derivedData/SDKExplicitPrecompiledModules/SwiftUICore-7SJQ9GB90ACGZV5NB09LFJIRX.pcm
SwiftExplicitDependencyGeneratePcm arm64 /Users/admin/builder/spi-builder-workspace/.derivedData/SDKExplicitPrecompiledModules/UIKit-42T2ZGON9LDZUXRIAUKELQ554.pcm
SwiftExplicitDependencyGeneratePcm arm64 /Users/admin/builder/spi-builder-workspace/.derivedData/SDKExplicitPrecompiledModules/SwiftUI-B634212FU5XQXG1OEBY2WYYH3.pcm
SwiftCompile normal arm64 Compiling\ RoadmapConfiguration.swift,\ RoadmapFeatureView.swift /Users/admin/builder/spi-builder-workspace/Sources/Roadmap/RoadmapConfiguration.swift /Users/admin/builder/spi-builder-workspace/Sources/Roadmap/RoadmapFeatureView.swift (in target 'Roadmap' from project 'Roadmap')
SwiftCompile normal arm64 /Users/admin/builder/spi-builder-workspace/Sources/Roadmap/RoadmapConfiguration.swift (in target 'Roadmap' from project 'Roadmap')
cd /Users/admin/builder/spi-builder-workspace/.swiftpm/xcode
builtin-SwiftPerFileCompile RoadmapConfiguration.swift
SwiftCompile normal arm64 /Users/admin/builder/spi-builder-workspace/Sources/Roadmap/RoadmapFeatureView.swift (in target 'Roadmap' from project 'Roadmap')
cd /Users/admin/builder/spi-builder-workspace/.swiftpm/xcode
builtin-SwiftPerFileCompile RoadmapFeatureView.swift
SwiftCompile normal arm64 Compiling\ RoadmapFeatureViewModel.swift,\ RoadmapView.swift /Users/admin/builder/spi-builder-workspace/Sources/Roadmap/RoadmapFeatureViewModel.swift /Users/admin/builder/spi-builder-workspace/Sources/Roadmap/RoadmapView.swift (in target 'Roadmap' from project 'Roadmap')
SwiftCompile normal arm64 /Users/admin/builder/spi-builder-workspace/Sources/Roadmap/RoadmapFeatureViewModel.swift (in target 'Roadmap' from project 'Roadmap')
cd /Users/admin/builder/spi-builder-workspace/.swiftpm/xcode
builtin-SwiftPerFileCompile RoadmapFeatureViewModel.swift
SwiftCompile normal arm64 /Users/admin/builder/spi-builder-workspace/Sources/Roadmap/RoadmapView.swift (in target 'Roadmap' from project 'Roadmap')
cd /Users/admin/builder/spi-builder-workspace/.swiftpm/xcode
builtin-SwiftPerFileCompile RoadmapView.swift
SwiftCompile normal arm64 Compiling\ RoadmapStyle.swift,\ RoadmapTemplates.swift /Users/admin/builder/spi-builder-workspace/Sources/Roadmap/Styling/RoadmapStyle.swift /Users/admin/builder/spi-builder-workspace/Sources/Roadmap/Styling/RoadmapTemplates.swift (in target 'Roadmap' from project 'Roadmap')
SwiftCompile normal arm64 /Users/admin/builder/spi-builder-workspace/Sources/Roadmap/Styling/RoadmapStyle.swift (in target 'Roadmap' from project 'Roadmap')
cd /Users/admin/builder/spi-builder-workspace/.swiftpm/xcode
builtin-SwiftPerFileCompile RoadmapStyle.swift
SwiftCompile normal arm64 /Users/admin/builder/spi-builder-workspace/Sources/Roadmap/Styling/RoadmapTemplates.swift (in target 'Roadmap' from project 'Roadmap')
cd /Users/admin/builder/spi-builder-workspace/.swiftpm/xcode
builtin-SwiftPerFileCompile RoadmapTemplates.swift
SwiftCompile normal arm64 Compiling\ RoadmapFeature.swift,\ RoadmapFeatureVotingCount.swift /Users/admin/builder/spi-builder-workspace/Sources/Roadmap/Models/RoadmapFeature.swift /Users/admin/builder/spi-builder-workspace/Sources/Roadmap/Models/RoadmapFeatureVotingCount.swift (in target 'Roadmap' from project 'Roadmap')
SwiftCompile normal arm64 /Users/admin/builder/spi-builder-workspace/Sources/Roadmap/Models/RoadmapFeature.swift (in target 'Roadmap' from project 'Roadmap')
cd /Users/admin/builder/spi-builder-workspace/.swiftpm/xcode
builtin-SwiftPerFileCompile RoadmapFeature.swift
SwiftCompile normal arm64 /Users/admin/builder/spi-builder-workspace/Sources/Roadmap/Models/RoadmapFeatureVotingCount.swift (in target 'Roadmap' from project 'Roadmap')
cd /Users/admin/builder/spi-builder-workspace/.swiftpm/xcode
builtin-SwiftPerFileCompile RoadmapFeatureVotingCount.swift
SwiftEmitModule normal arm64 Emitting\ module\ for\ Roadmap (in target 'Roadmap' from project 'Roadmap')
SwiftCompile normal arm64 (in target 'Roadmap' from project 'Roadmap')
cd /Users/admin/builder/spi-builder-workspace/.swiftpm/xcode
SwiftCompile normal arm64 Compiling\ RoadmapViewModel.swift,\ RoadmapVoteButton.swift /Users/admin/builder/spi-builder-workspace/Sources/Roadmap/RoadmapViewModel.swift /Users/admin/builder/spi-builder-workspace/Sources/Roadmap/RoadmapVoteButton.swift (in target 'Roadmap' from project 'Roadmap')
/Users/admin/builder/spi-builder-workspace/Sources/Roadmap/RoadmapVoteButton.swift:117:10: error: 'onHover(perform:)' is unavailable in tvOS
115 | }
116 | }
117 | .onHover { newHover in
| `- error: 'onHover(perform:)' is unavailable in tvOS
118 | if viewModel.canVote && !hasVoted {
119 | withAnimation(.spring(response: 0.4, dampingFraction: 0.7, blendDuration: 0)) {
SwiftUI.View.onHover:2:36: note: 'onHover(perform:)' has been explicitly marked unavailable here
1 | protocol View {
2 | @inlinable nonisolated public func onHover(perform action: @escaping (Bool) -> Void) -> some View
| `- note: 'onHover(perform:)' has been explicitly marked unavailable here
3 | }
4 |
Failed frontend command:
/Applications/Xcode-27.0.0-Release.Candidate.app/Contents/Developer/Toolchains/XcodeDefault.xctoolchain/usr/bin/swift-frontend -frontend -c /Users/admin/builder/spi-builder-workspace/Sources/Roadmap/DataProviders/FeatureVoter.swift /Users/admin/builder/spi-builder-workspace/Sources/Roadmap/DataProviders/FeatureVoterCountAPI.swift /Users/admin/builder/spi-builder-workspace/Sources/Roadmap/DataProviders/FeatureVoterSidetrack.swift /Users/admin/builder/spi-builder-workspace/Sources/Roadmap/DataProviders/FeaturesFetcher.swift /Users/admin/builder/spi-builder-workspace/Sources/Roadmap/DataProviders/JSONDataFetcher.swift /Users/admin/builder/spi-builder-workspace/Sources/Roadmap/Extensions/ArrayExtensions.swift /Users/admin/builder/spi-builder-workspace/Sources/Roadmap/Extensions/ColorExtensions.swift /Users/admin/builder/spi-builder-workspace/Sources/Roadmap/Extensions/Logger.swift /Users/admin/builder/spi-builder-workspace/Sources/Roadmap/Extensions/MaterialExtensions.swift /Users/admin/builder/spi-builder-workspace/Sources/Roadmap/Extensions/ViewExtensions.swift /Users/admin/builder/spi-builder-workspace/Sources/Roadmap/Language.swift /Users/admin/builder/spi-builder-workspace/Sources/Roadmap/Models/RoadmapFeature.swift /Users/admin/builder/spi-builder-workspace/Sources/Roadmap/Models/RoadmapFeatureVotingCount.swift /Users/admin/builder/spi-builder-workspace/Sources/Roadmap/RoadmapConfiguration.swift /Users/admin/builder/spi-builder-workspace/Sources/Roadmap/RoadmapFeatureView.swift /Users/admin/builder/spi-builder-workspace/Sources/Roadmap/RoadmapFeatureViewModel.swift /Users/admin/builder/spi-builder-workspace/Sources/Roadmap/RoadmapView.swift -primary-file /Users/admin/builder/spi-builder-workspace/Sources/Roadmap/RoadmapViewModel.swift -primary-file /Users/admin/builder/spi-builder-workspace/Sources/Roadmap/RoadmapVoteButton.swift /Users/admin/builder/spi-builder-workspace/Sources/Roadmap/Styling/RoadmapStyle.swift /Users/admin/builder/spi-builder-workspace/Sources/Roadmap/Styling/RoadmapTemplates.swift -emit-dependencies-path /Users/admin/builder/spi-builder-workspace/.derivedData/Build/Intermediates.noindex/Roadmap.build/Debug-appletvos/Roadmap-t.build/Objects-normal/arm64/RoadmapViewModel.d -emit-const-values-path /Users/admin/builder/spi-builder-workspace/.derivedData/Build/Intermediates.noindex/Roadmap.build/Debug-appletvos/Roadmap-t.build/Objects-normal/arm64/RoadmapViewModel.swiftconstvalues -emit-reference-dependencies-path /Users/admin/builder/spi-builder-workspace/.derivedData/Build/Intermediates.noindex/Roadmap.build/Debug-appletvos/Roadmap-t.build/Objects-normal/arm64/RoadmapViewModel.swiftdeps -serialize-diagnostics-path /Users/admin/builder/spi-builder-workspace/.derivedData/Build/Intermediates.noindex/Roadmap.build/Debug-appletvos/Roadmap-t.build/Objects-normal/arm64/RoadmapViewModel.dia -emit-dependencies-path /Users/admin/builder/spi-builder-workspace/.derivedData/Build/Intermediates.noindex/Roadmap.build/Debug-appletvos/Roadmap-t.build/Objects-normal/arm64/RoadmapVoteButton.d -emit-const-values-path /Users/admin/builder/spi-builder-workspace/.derivedData/Build/Intermediates.noindex/Roadmap.build/Debug-appletvos/Roadmap-t.build/Objects-normal/arm64/RoadmapVoteButton.swiftconstvalues -emit-reference-dependencies-path /Users/admin/builder/spi-builder-workspace/.derivedData/Build/Intermediates.noindex/Roadmap.build/Debug-appletvos/Roadmap-t.build/Objects-normal/arm64/RoadmapVoteButton.swiftdeps -serialize-diagnostics-path /Users/admin/builder/spi-builder-workspace/.derivedData/Build/Intermediates.noindex/Roadmap.build/Debug-appletvos/Roadmap-t.build/Objects-normal/arm64/RoadmapVoteButton.dia -target arm64-apple-tvos17.0 -disable-cross-import-overlay-search -load-resolved-plugin /Applications/Xcode-27.0.0-Release.Candidate.app/Contents/Developer/Platforms/AppleTVOS.platform/Developer/usr/lib/swift/host/plugins/libFoundationMacros.dylib\#/Applications/Xcode-27.0.0-Release.Candidate.app/Contents/Developer/Platforms/AppleTVOS.platform/Developer/usr/bin/swift-plugin-server\#FoundationMacros -load-resolved-plugin /Applications/Xcode-27.0.0-Release.Candidate.app/Contents/Developer/Platforms/AppleTVOS.platform/Developer/usr/lib/swift/host/plugins/libObservationMacros.dylib\#/Applications/Xcode-27.0.0-Release.Candidate.app/Contents/Developer/Platforms/AppleTVOS.platform/Developer/usr/bin/swift-plugin-server\#ObservationMacros -load-resolved-plugin /Applications/Xcode-27.0.0-Release.Candidate.app/Contents/Developer/Platforms/AppleTVOS.platform/Developer/usr/lib/swift/host/plugins/libPreviewsMacros.dylib\#/Applications/Xcode-27.0.0-Release.Candidate.app/Contents/Developer/Platforms/AppleTVOS.platform/Developer/usr/bin/swift-plugin-server\#PreviewsMacros -load-resolved-plugin /Applications/Xcode-27.0.0-Release.Candidate.app/Contents/Developer/Platforms/AppleTVOS.platform/Developer/usr/lib/swift/host/plugins/libSwiftMacros.dylib\#/Applications/Xcode-27.0.0-Release.Candidate.app/Contents/Developer/Platforms/AppleTVOS.platform/Developer/usr/bin/swift-plugin-server\#SwiftMacros -load-resolved-plugin /Applications/Xcode-27.0.0-Release.Candidate.app/Contents/Developer/Platforms/AppleTVOS.platform/Developer/usr/lib/swift/host/plugins/libSwiftUIMacros.dylib\#/Applications/Xcode-27.0.0-Release.Candidate.app/Contents/Developer/Platforms/AppleTVOS.platform/Developer/usr/bin/swift-plugin-server\#SwiftUIMacros -disable-implicit-swift-modules -Xcc -fno-implicit-modules -Xcc -fno-implicit-module-maps -explicit-swift-module-map-file /Users/admin/builder/spi-builder-workspace/.derivedData/Build/Intermediates.noindex/Roadmap.build/Debug-appletvos/Roadmap-t.build/Objects-normal/arm64/Roadmap-dependencies-1.json -Xllvm -aarch64-use-tbi -enable-objc-interop -stack-check -sdk /Applications/Xcode-27.0.0-Release.Candidate.app/Contents/Developer/Platforms/AppleTVOS.platform/Developer/SDKs/AppleTVOS27.0.sdk -I /Users/admin/builder/spi-builder-workspace/.derivedData/Build/Products/Debug-appletvos -Isystem /Applications/Xcode-27.0.0-Release.Candidate.app/Contents/Developer/Platforms/AppleTVOS.platform/Developer/usr/lib -F /Users/admin/builder/spi-builder-workspace/.derivedData/Build/Products/Debug-appletvos -F /Applications/Xcode-27.0.0-Release.Candidate.app/Contents/Developer/Platforms/AppleTVOS.platform/Developer/Library/Frameworks -F /Applications/Xcode-27.0.0-Release.Candidate.app/Contents/Developer/Platforms/AppleTVOS.platform/Developer/SDKs/AppleTVOS27.0.sdk/Developer/Library/Frameworks -module-cache-path /Users/admin/builder/spi-builder-workspace/.derivedData/Build/Intermediates.noindex/SwiftExplicitPrecompiledModules -no-color-diagnostics -Xcc -fno-color-diagnostics -enable-testing -g -debug-info-format\=dwarf -dwarf-version\=4 -profile-generate -profile-coverage-mapping -swift-version 6 -Onone -D SWIFT_PACKAGE -D DEBUG -D SWIFT_MODULE_RESOURCE_BUNDLE_UNAVAILABLE -D Xcode -serialize-debugging-options -enable-experimental-feature DebugDescriptionMacro -empty-abi-descriptor -validate-clang-modules-once -clang-build-session-file /Users/admin/builder/spi-builder-workspace/.derivedData/ModuleCache.noindex/Session.modulevalidation -Xcc -working-directory -Xcc /Users/admin/builder/spi-builder-workspace/.swiftpm/xcode -enable-anonymous-context-mangled-names -file-compilation-dir /Users/admin/builder/spi-builder-workspace/.swiftpm/xcode -Xcc -D_LIBCPP_HARDENING_MODE\=_LIBCPP_HARDENING_MODE_DEBUG -Xcc -ivfsstatcache -Xcc /Users/admin/builder/spi-builder-workspace/.derivedData/SDKStatCaches.noindex/appletvos27.0-24J360-e829b21a6f8c9b70876ba0858053c044b32bfd8d43560033f8d89884cdb90028.sdkstatcache -Xcc -fmodules-prune-interval\=86400 -Xcc -fmodules-prune-after\=345600 -Xcc -I/Users/admin/builder/spi-builder-workspace/.derivedData/Build/Products/Debug-appletvos/include -Xcc -I/Users/admin/builder/spi-builder-workspace/.derivedData/Build/Intermediates.noindex/Roadmap.build/Debug-appletvos/Roadmap-t.build/DerivedSources-normal/arm64 -Xcc -I/Users/admin/builder/spi-builder-workspace/.derivedData/Build/Intermediates.noindex/Roadmap.build/Debug-appletvos/Roadmap-t.build/DerivedSources/arm64 -Xcc -I/Users/admin/builder/spi-builder-workspace/.derivedData/Build/Intermediates.noindex/Roadmap.build/Debug-appletvos/Roadmap-t.build/DerivedSources -Xcc -DSWIFT_PACKAGE -Xcc -DDEBUG\=1 -no-auto-bridging-header-chaining -module-name Roadmap -package-name spi_builder_workspace -const-gather-protocols-file /Users/admin/builder/spi-builder-workspace/.derivedData/Build/Intermediates.noindex/Roadmap.build/Debug-appletvos/Roadmap-t.build/Objects-normal/arm64/Roadmap_const_extract_protocols.json -disable-clang-spi -clang-target arm64-apple-tvos27.0 -target-sdk-version 27.0 -target-sdk-name appletvos27.0 -in-process-plugin-server-path /Applications/Xcode-27.0.0-Release.Candidate.app/Contents/Developer/Toolchains/XcodeDefault.xctoolchain/usr/lib/swift/host/libSwiftInProcPluginServer.dylib -parse-as-library -o /Users/admin/builder/spi-builder-workspace/.derivedData/Build/Intermediates.noindex/Roadmap.build/Debug-appletvos/Roadmap-t.build/Objects-normal/arm64/RoadmapViewModel.o -o /Users/admin/builder/spi-builder-workspace/.derivedData/Build/Intermediates.noindex/Roadmap.build/Debug-appletvos/Roadmap-t.build/Objects-normal/arm64/RoadmapVoteButton.o -debug-module-path /Users/admin/builder/spi-builder-workspace/.derivedData/Build/Intermediates.noindex/Roadmap.build/Debug-appletvos/Roadmap-t.build/Objects-normal/arm64/Roadmap.swiftmodule -index-unit-output-path /Roadmap.build/Debug-appletvos/Roadmap-t.build/Objects-normal/arm64/RoadmapViewModel.o -index-unit-output-path /Roadmap.build/Debug-appletvos/Roadmap-t.build/Objects-normal/arm64/RoadmapVoteButton.o -index-store-path /Users/admin/builder/spi-builder-workspace/.derivedData/Index.noindex/DataStore -index-system-modules
SwiftCompile normal arm64 /Users/admin/builder/spi-builder-workspace/Sources/Roadmap/RoadmapViewModel.swift (in target 'Roadmap' from project 'Roadmap')
cd /Users/admin/builder/spi-builder-workspace/.swiftpm/xcode
builtin-SwiftPerFileCompile RoadmapViewModel.swift
SwiftCompile normal arm64 /Users/admin/builder/spi-builder-workspace/Sources/Roadmap/RoadmapVoteButton.swift (in target 'Roadmap' from project 'Roadmap')
cd /Users/admin/builder/spi-builder-workspace/.swiftpm/xcode
builtin-SwiftPerFileCompile RoadmapVoteButton.swift
SwiftCompile normal arm64 Compiling\ ArrayExtensions.swift,\ ColorExtensions.swift /Users/admin/builder/spi-builder-workspace/Sources/Roadmap/Extensions/ArrayExtensions.swift /Users/admin/builder/spi-builder-workspace/Sources/Roadmap/Extensions/ColorExtensions.swift (in target 'Roadmap' from project 'Roadmap')
/Users/admin/builder/spi-builder-workspace/Sources/Roadmap/Extensions/ColorExtensions.swift:16:36: error: 'secondarySystemFill' is unavailable in tvOS
14 | return Color.primary.opacity(0.08)
15 | #else
16 | return Color(uiColor: .secondarySystemFill)
| `- error: 'secondarySystemFill' is unavailable in tvOS
17 | #endif
18 | }
/Applications/Xcode-27.0.0-Release.Candidate.app/Contents/Developer/Platforms/AppleTVOS.platform/Developer/SDKs/AppleTVOS27.0.sdk/System/Library/Frameworks/UIKit.framework/Headers/UIInterface.h:234:49: note: 'secondarySystemFill' has been explicitly marked unavailable here
232 | * Example: The background of a switch.
233 | */
234 | @property (class, nonatomic, readonly) UIColor *secondarySystemFillColor API_AVAILABLE(ios(13.0)) API_UNAVAILABLE(tvos, watchos);
| `- note: 'secondarySystemFill' has been explicitly marked unavailable here
235 |
236 | /* tertiarySystemFillColor is appropriate for filling large shapes.
Failed frontend command:
/Applications/Xcode-27.0.0-Release.Candidate.app/Contents/Developer/Toolchains/XcodeDefault.xctoolchain/usr/bin/swift-frontend -frontend -c /Users/admin/builder/spi-builder-workspace/Sources/Roadmap/DataProviders/FeatureVoter.swift /Users/admin/builder/spi-builder-workspace/Sources/Roadmap/DataProviders/FeatureVoterCountAPI.swift /Users/admin/builder/spi-builder-workspace/Sources/Roadmap/DataProviders/FeatureVoterSidetrack.swift /Users/admin/builder/spi-builder-workspace/Sources/Roadmap/DataProviders/FeaturesFetcher.swift /Users/admin/builder/spi-builder-workspace/Sources/Roadmap/DataProviders/JSONDataFetcher.swift -primary-file /Users/admin/builder/spi-builder-workspace/Sources/Roadmap/Extensions/ArrayExtensions.swift -primary-file /Users/admin/builder/spi-builder-workspace/Sources/Roadmap/Extensions/ColorExtensions.swift /Users/admin/builder/spi-builder-workspace/Sources/Roadmap/Extensions/Logger.swift /Users/admin/builder/spi-builder-workspace/Sources/Roadmap/Extensions/MaterialExtensions.swift /Users/admin/builder/spi-builder-workspace/Sources/Roadmap/Extensions/ViewExtensions.swift /Users/admin/builder/spi-builder-workspace/Sources/Roadmap/Language.swift /Users/admin/builder/spi-builder-workspace/Sources/Roadmap/Models/RoadmapFeature.swift /Users/admin/builder/spi-builder-workspace/Sources/Roadmap/Models/RoadmapFeatureVotingCount.swift /Users/admin/builder/spi-builder-workspace/Sources/Roadmap/RoadmapConfiguration.swift /Users/admin/builder/spi-builder-workspace/Sources/Roadmap/RoadmapFeatureView.swift /Users/admin/builder/spi-builder-workspace/Sources/Roadmap/RoadmapFeatureViewModel.swift /Users/admin/builder/spi-builder-workspace/Sources/Roadmap/RoadmapView.swift /Users/admin/builder/spi-builder-workspace/Sources/Roadmap/RoadmapViewModel.swift /Users/admin/builder/spi-builder-workspace/Sources/Roadmap/RoadmapVoteButton.swift /Users/admin/builder/spi-builder-workspace/Sources/Roadmap/Styling/RoadmapStyle.swift /Users/admin/builder/spi-builder-workspace/Sources/Roadmap/Styling/RoadmapTemplates.swift -emit-dependencies-path /Users/admin/builder/spi-builder-workspace/.derivedData/Build/Intermediates.noindex/Roadmap.build/Debug-appletvos/Roadmap-t.build/Objects-normal/arm64/ArrayExtensions.d -emit-const-values-path /Users/admin/builder/spi-builder-workspace/.derivedData/Build/Intermediates.noindex/Roadmap.build/Debug-appletvos/Roadmap-t.build/Objects-normal/arm64/ArrayExtensions.swiftconstvalues -emit-reference-dependencies-path /Users/admin/builder/spi-builder-workspace/.derivedData/Build/Intermediates.noindex/Roadmap.build/Debug-appletvos/Roadmap-t.build/Objects-normal/arm64/ArrayExtensions.swiftdeps -serialize-diagnostics-path /Users/admin/builder/spi-builder-workspace/.derivedData/Build/Intermediates.noindex/Roadmap.build/Debug-appletvos/Roadmap-t.build/Objects-normal/arm64/ArrayExtensions.dia -emit-dependencies-path /Users/admin/builder/spi-builder-workspace/.derivedData/Build/Intermediates.noindex/Roadmap.build/Debug-appletvos/Roadmap-t.build/Objects-normal/arm64/ColorExtensions.d -emit-const-values-path /Users/admin/builder/spi-builder-workspace/.derivedData/Build/Intermediates.noindex/Roadmap.build/Debug-appletvos/Roadmap-t.build/Objects-normal/arm64/ColorExtensions.swiftconstvalues -emit-reference-dependencies-path /Users/admin/builder/spi-builder-workspace/.derivedData/Build/Intermediates.noindex/Roadmap.build/Debug-appletvos/Roadmap-t.build/Objects-normal/arm64/ColorExtensions.swiftdeps -serialize-diagnostics-path /Users/admin/builder/spi-builder-workspace/.derivedData/Build/Intermediates.noindex/Roadmap.build/Debug-appletvos/Roadmap-t.build/Objects-normal/arm64/ColorExtensions.dia -target arm64-apple-tvos17.0 -disable-cross-import-overlay-search -load-resolved-plugin /Applications/Xcode-27.0.0-Release.Candidate.app/Contents/Developer/Platforms/AppleTVOS.platform/Developer/usr/lib/swift/host/plugins/libFoundationMacros.dylib\#/Applications/Xcode-27.0.0-Release.Candidate.app/Contents/Developer/Platforms/AppleTVOS.platform/Developer/usr/bin/swift-plugin-server\#FoundationMacros -load-resolved-plugin /Applications/Xcode-27.0.0-Release.Candidate.app/Contents/Developer/Platforms/AppleTVOS.platform/Developer/usr/lib/swift/host/plugins/libObservationMacros.dylib\#/Applications/Xcode-27.0.0-Release.Candidate.app/Contents/Developer/Platforms/AppleTVOS.platform/Developer/usr/bin/swift-plugin-server\#ObservationMacros -load-resolved-plugin /Applications/Xcode-27.0.0-Release.Candidate.app/Contents/Developer/Platforms/AppleTVOS.platform/Developer/usr/lib/swift/host/plugins/libPreviewsMacros.dylib\#/Applications/Xcode-27.0.0-Release.Candidate.app/Contents/Developer/Platforms/AppleTVOS.platform/Developer/usr/bin/swift-plugin-server\#PreviewsMacros -load-resolved-plugin /Applications/Xcode-27.0.0-Release.Candidate.app/Contents/Developer/Platforms/AppleTVOS.platform/Developer/usr/lib/swift/host/plugins/libSwiftMacros.dylib\#/Applications/Xcode-27.0.0-Release.Candidate.app/Contents/Developer/Platforms/AppleTVOS.platform/Developer/usr/bin/swift-plugin-server\#SwiftMacros -load-resolved-plugin /Applications/Xcode-27.0.0-Release.Candidate.app/Contents/Developer/Platforms/AppleTVOS.platform/Developer/usr/lib/swift/host/plugins/libSwiftUIMacros.dylib\#/Applications/Xcode-27.0.0-Release.Candidate.app/Contents/Developer/Platforms/AppleTVOS.platform/Developer/usr/bin/swift-plugin-server\#SwiftUIMacros -disable-implicit-swift-modules -Xcc -fno-implicit-modules -Xcc -fno-implicit-module-maps -explicit-swift-module-map-file /Users/admin/builder/spi-builder-workspace/.derivedData/Build/Intermediates.noindex/Roadmap.build/Debug-appletvos/Roadmap-t.build/Objects-normal/arm64/Roadmap-dependencies-1.json -Xllvm -aarch64-use-tbi -enable-objc-interop -stack-check -sdk /Applications/Xcode-27.0.0-Release.Candidate.app/Contents/Developer/Platforms/AppleTVOS.platform/Developer/SDKs/AppleTVOS27.0.sdk -I /Users/admin/builder/spi-builder-workspace/.derivedData/Build/Products/Debug-appletvos -Isystem /Applications/Xcode-27.0.0-Release.Candidate.app/Contents/Developer/Platforms/AppleTVOS.platform/Developer/usr/lib -F /Users/admin/builder/spi-builder-workspace/.derivedData/Build/Products/Debug-appletvos -F /Applications/Xcode-27.0.0-Release.Candidate.app/Contents/Developer/Platforms/AppleTVOS.platform/Developer/Library/Frameworks -F /Applications/Xcode-27.0.0-Release.Candidate.app/Contents/Developer/Platforms/AppleTVOS.platform/Developer/SDKs/AppleTVOS27.0.sdk/Developer/Library/Frameworks -module-cache-path /Users/admin/builder/spi-builder-workspace/.derivedData/Build/Intermediates.noindex/SwiftExplicitPrecompiledModules -no-color-diagnostics -Xcc -fno-color-diagnostics -enable-testing -g -debug-info-format\=dwarf -dwarf-version\=4 -profile-generate -profile-coverage-mapping -swift-version 6 -Onone -D SWIFT_PACKAGE -D DEBUG -D SWIFT_MODULE_RESOURCE_BUNDLE_UNAVAILABLE -D Xcode -serialize-debugging-options -enable-experimental-feature DebugDescriptionMacro -empty-abi-descriptor -validate-clang-modules-once -clang-build-session-file /Users/admin/builder/spi-builder-workspace/.derivedData/ModuleCache.noindex/Session.modulevalidation -Xcc -working-directory -Xcc /Users/admin/builder/spi-builder-workspace/.swiftpm/xcode -enable-anonymous-context-mangled-names -file-compilation-dir /Users/admin/builder/spi-builder-workspace/.swiftpm/xcode -Xcc -D_LIBCPP_HARDENING_MODE\=_LIBCPP_HARDENING_MODE_DEBUG -Xcc -ivfsstatcache -Xcc /Users/admin/builder/spi-builder-workspace/.derivedData/SDKStatCaches.noindex/appletvos27.0-24J360-e829b21a6f8c9b70876ba0858053c044b32bfd8d43560033f8d89884cdb90028.sdkstatcache -Xcc -fmodules-prune-interval\=86400 -Xcc -fmodules-prune-after\=345600 -Xcc -I/Users/admin/builder/spi-builder-workspace/.derivedData/Build/Products/Debug-appletvos/include -Xcc -I/Users/admin/builder/spi-builder-workspace/.derivedData/Build/Intermediates.noindex/Roadmap.build/Debug-appletvos/Roadmap-t.build/DerivedSources-normal/arm64 -Xcc -I/Users/admin/builder/spi-builder-workspace/.derivedData/Build/Intermediates.noindex/Roadmap.build/Debug-appletvos/Roadmap-t.build/DerivedSources/arm64 -Xcc -I/Users/admin/builder/spi-builder-workspace/.derivedData/Build/Intermediates.noindex/Roadmap.build/Debug-appletvos/Roadmap-t.build/DerivedSources -Xcc -DSWIFT_PACKAGE -Xcc -DDEBUG\=1 -no-auto-bridging-header-chaining -module-name Roadmap -package-name spi_builder_workspace -const-gather-protocols-file /Users/admin/builder/spi-builder-workspace/.derivedData/Build/Intermediates.noindex/Roadmap.build/Debug-appletvos/Roadmap-t.build/Objects-normal/arm64/Roadmap_const_extract_protocols.json -disable-clang-spi -clang-target arm64-apple-tvos27.0 -target-sdk-version 27.0 -target-sdk-name appletvos27.0 -in-process-plugin-server-path /Applications/Xcode-27.0.0-Release.Candidate.app/Contents/Developer/Toolchains/XcodeDefault.xctoolchain/usr/lib/swift/host/libSwiftInProcPluginServer.dylib -parse-as-library -o /Users/admin/builder/spi-builder-workspace/.derivedData/Build/Intermediates.noindex/Roadmap.build/Debug-appletvos/Roadmap-t.build/Objects-normal/arm64/ArrayExtensions.o -o /Users/admin/builder/spi-builder-workspace/.derivedData/Build/Intermediates.noindex/Roadmap.build/Debug-appletvos/Roadmap-t.build/Objects-normal/arm64/ColorExtensions.o -debug-module-path /Users/admin/builder/spi-builder-workspace/.derivedData/Build/Intermediates.noindex/Roadmap.build/Debug-appletvos/Roadmap-t.build/Objects-normal/arm64/Roadmap.swiftmodule -index-unit-output-path /Roadmap.build/Debug-appletvos/Roadmap-t.build/Objects-normal/arm64/ArrayExtensions.o -index-unit-output-path /Roadmap.build/Debug-appletvos/Roadmap-t.build/Objects-normal/arm64/ColorExtensions.o -index-store-path /Users/admin/builder/spi-builder-workspace/.derivedData/Index.noindex/DataStore -index-system-modules
SwiftCompile normal arm64 /Users/admin/builder/spi-builder-workspace/Sources/Roadmap/Extensions/ArrayExtensions.swift (in target 'Roadmap' from project 'Roadmap')
cd /Users/admin/builder/spi-builder-workspace/.swiftpm/xcode
builtin-SwiftPerFileCompile ArrayExtensions.swift
SwiftCompile normal arm64 /Users/admin/builder/spi-builder-workspace/Sources/Roadmap/Extensions/ColorExtensions.swift (in target 'Roadmap' from project 'Roadmap')
cd /Users/admin/builder/spi-builder-workspace/.swiftpm/xcode
builtin-SwiftPerFileCompile ColorExtensions.swift
SwiftCompile normal arm64 Compiling\ FeatureVoter.swift,\ FeatureVoterCountAPI.swift,\ FeatureVoterSidetrack.swift /Users/admin/builder/spi-builder-workspace/Sources/Roadmap/DataProviders/FeatureVoter.swift /Users/admin/builder/spi-builder-workspace/Sources/Roadmap/DataProviders/FeatureVoterCountAPI.swift /Users/admin/builder/spi-builder-workspace/Sources/Roadmap/DataProviders/FeatureVoterSidetrack.swift (in target 'Roadmap' from project 'Roadmap')
SwiftCompile normal arm64 /Users/admin/builder/spi-builder-workspace/Sources/Roadmap/DataProviders/FeatureVoter.swift (in target 'Roadmap' from project 'Roadmap')
cd /Users/admin/builder/spi-builder-workspace/.swiftpm/xcode
builtin-SwiftPerFileCompile FeatureVoter.swift
SwiftCompile normal arm64 /Users/admin/builder/spi-builder-workspace/Sources/Roadmap/DataProviders/FeatureVoterCountAPI.swift (in target 'Roadmap' from project 'Roadmap')
cd /Users/admin/builder/spi-builder-workspace/.swiftpm/xcode
builtin-SwiftPerFileCompile FeatureVoterCountAPI.swift
SwiftCompile normal arm64 /Users/admin/builder/spi-builder-workspace/Sources/Roadmap/DataProviders/FeatureVoterSidetrack.swift (in target 'Roadmap' from project 'Roadmap')
cd /Users/admin/builder/spi-builder-workspace/.swiftpm/xcode
builtin-SwiftPerFileCompile FeatureVoterSidetrack.swift
SwiftCompile normal arm64 Compiling\ FeaturesFetcher.swift,\ JSONDataFetcher.swift /Users/admin/builder/spi-builder-workspace/Sources/Roadmap/DataProviders/FeaturesFetcher.swift /Users/admin/builder/spi-builder-workspace/Sources/Roadmap/DataProviders/JSONDataFetcher.swift (in target 'Roadmap' from project 'Roadmap')
SwiftCompile normal arm64 /Users/admin/builder/spi-builder-workspace/Sources/Roadmap/DataProviders/FeaturesFetcher.swift (in target 'Roadmap' from project 'Roadmap')
cd /Users/admin/builder/spi-builder-workspace/.swiftpm/xcode
builtin-SwiftPerFileCompile FeaturesFetcher.swift
SwiftCompile normal arm64 /Users/admin/builder/spi-builder-workspace/Sources/Roadmap/DataProviders/JSONDataFetcher.swift (in target 'Roadmap' from project 'Roadmap')
cd /Users/admin/builder/spi-builder-workspace/.swiftpm/xcode
builtin-SwiftPerFileCompile JSONDataFetcher.swift
SwiftCompile normal arm64 Compiling\ Logger.swift,\ MaterialExtensions.swift /Users/admin/builder/spi-builder-workspace/Sources/Roadmap/Extensions/Logger.swift /Users/admin/builder/spi-builder-workspace/Sources/Roadmap/Extensions/MaterialExtensions.swift (in target 'Roadmap' from project 'Roadmap')
SwiftCompile normal arm64 /Users/admin/builder/spi-builder-workspace/Sources/Roadmap/Extensions/Logger.swift (in target 'Roadmap' from project 'Roadmap')
cd /Users/admin/builder/spi-builder-workspace/.swiftpm/xcode
builtin-SwiftPerFileCompile Logger.swift
SwiftCompile normal arm64 /Users/admin/builder/spi-builder-workspace/Sources/Roadmap/Extensions/MaterialExtensions.swift (in target 'Roadmap' from project 'Roadmap')
cd /Users/admin/builder/spi-builder-workspace/.swiftpm/xcode
builtin-SwiftPerFileCompile MaterialExtensions.swift
SwiftCompile normal arm64 Compiling\ ViewExtensions.swift,\ Language.swift /Users/admin/builder/spi-builder-workspace/Sources/Roadmap/Extensions/ViewExtensions.swift /Users/admin/builder/spi-builder-workspace/Sources/Roadmap/Language.swift (in target 'Roadmap' from project 'Roadmap')
/Users/admin/builder/spi-builder-workspace/Sources/Roadmap/Extensions/ViewExtensions.swift:18:18: error: 'scrollContentBackground' is unavailable in tvOS
16 | func scrollContentHidden() -> some View {
17 | if #available(iOS 16.0, *), #available(macOS 13.0, *) {
18 | self.scrollContentBackground(.hidden)
| `- error: 'scrollContentBackground' is unavailable in tvOS
19 | } else {
20 | self
SwiftUI.View.scrollContentBackground:2:25: note: 'scrollContentBackground' has been explicitly marked unavailable here
1 | protocol View {
2 | nonisolated public func scrollContentBackground(_ visibility: Visibility) -> some View
| `- note: 'scrollContentBackground' has been explicitly marked unavailable here
3 | }
4 |
/Users/admin/builder/spi-builder-workspace/Sources/Roadmap/Extensions/ViewExtensions.swift:27:18: error: 'listRowSeparator(_:edges:)' is unavailable in tvOS
25 | func macOSListRowSeparatorHidden() -> some View {
26 | if #available(macOS 13.0, *) {
27 | self.listRowSeparator(.hidden)
| `- error: 'listRowSeparator(_:edges:)' is unavailable in tvOS
28 | } else {
29 | self
SwiftUI.View.listRowSeparator:2:25: note: 'listRowSeparator(_:edges:)' has been explicitly marked unavailable here
1 | protocol View {
2 | nonisolated public func listRowSeparator(_ visibility: Visibility, edges: VerticalEdge.Set = .all) -> some View
| `- note: 'listRowSeparator(_:edges:)' has been explicitly marked unavailable here
3 | }
4 |
Failed frontend command:
/Applications/Xcode-27.0.0-Release.Candidate.app/Contents/Developer/Toolchains/XcodeDefault.xctoolchain/usr/bin/swift-frontend -frontend -c /Users/admin/builder/spi-builder-workspace/Sources/Roadmap/DataProviders/FeatureVoter.swift /Users/admin/builder/spi-builder-workspace/Sources/Roadmap/DataProviders/FeatureVoterCountAPI.swift /Users/admin/builder/spi-builder-workspace/Sources/Roadmap/DataProviders/FeatureVoterSidetrack.swift /Users/admin/builder/spi-builder-workspace/Sources/Roadmap/DataProviders/FeaturesFetcher.swift /Users/admin/builder/spi-builder-workspace/Sources/Roadmap/DataProviders/JSONDataFetcher.swift /Users/admin/builder/spi-builder-workspace/Sources/Roadmap/Extensions/ArrayExtensions.swift /Users/admin/builder/spi-builder-workspace/Sources/Roadmap/Extensions/ColorExtensions.swift /Users/admin/builder/spi-builder-workspace/Sources/Roadmap/Extensions/Logger.swift /Users/admin/builder/spi-builder-workspace/Sources/Roadmap/Extensions/MaterialExtensions.swift -primary-file /Users/admin/builder/spi-builder-workspace/Sources/Roadmap/Extensions/ViewExtensions.swift -primary-file /Users/admin/builder/spi-builder-workspace/Sources/Roadmap/Language.swift /Users/admin/builder/spi-builder-workspace/Sources/Roadmap/Models/RoadmapFeature.swift /Users/admin/builder/spi-builder-workspace/Sources/Roadmap/Models/RoadmapFeatureVotingCount.swift /Users/admin/builder/spi-builder-workspace/Sources/Roadmap/RoadmapConfiguration.swift /Users/admin/builder/spi-builder-workspace/Sources/Roadmap/RoadmapFeatureView.swift /Users/admin/builder/spi-builder-workspace/Sources/Roadmap/RoadmapFeatureViewModel.swift /Users/admin/builder/spi-builder-workspace/Sources/Roadmap/RoadmapView.swift /Users/admin/builder/spi-builder-workspace/Sources/Roadmap/RoadmapViewModel.swift /Users/admin/builder/spi-builder-workspace/Sources/Roadmap/RoadmapVoteButton.swift /Users/admin/builder/spi-builder-workspace/Sources/Roadmap/Styling/RoadmapStyle.swift /Users/admin/builder/spi-builder-workspace/Sources/Roadmap/Styling/RoadmapTemplates.swift -emit-dependencies-path /Users/admin/builder/spi-builder-workspace/.derivedData/Build/Intermediates.noindex/Roadmap.build/Debug-appletvos/Roadmap-t.build/Objects-normal/arm64/ViewExtensions.d -emit-const-values-path /Users/admin/builder/spi-builder-workspace/.derivedData/Build/Intermediates.noindex/Roadmap.build/Debug-appletvos/Roadmap-t.build/Objects-normal/arm64/ViewExtensions.swiftconstvalues -emit-reference-dependencies-path /Users/admin/builder/spi-builder-workspace/.derivedData/Build/Intermediates.noindex/Roadmap.build/Debug-appletvos/Roadmap-t.build/Objects-normal/arm64/ViewExtensions.swiftdeps -serialize-diagnostics-path /Users/admin/builder/spi-builder-workspace/.derivedData/Build/Intermediates.noindex/Roadmap.build/Debug-appletvos/Roadmap-t.build/Objects-normal/arm64/ViewExtensions.dia -emit-dependencies-path /Users/admin/builder/spi-builder-workspace/.derivedData/Build/Intermediates.noindex/Roadmap.build/Debug-appletvos/Roadmap-t.build/Objects-normal/arm64/Language.d -emit-const-values-path /Users/admin/builder/spi-builder-workspace/.derivedData/Build/Intermediates.noindex/Roadmap.build/Debug-appletvos/Roadmap-t.build/Objects-normal/arm64/Language.swiftconstvalues -emit-reference-dependencies-path /Users/admin/builder/spi-builder-workspace/.derivedData/Build/Intermediates.noindex/Roadmap.build/Debug-appletvos/Roadmap-t.build/Objects-normal/arm64/Language.swiftdeps -serialize-diagnostics-path /Users/admin/builder/spi-builder-workspace/.derivedData/Build/Intermediates.noindex/Roadmap.build/Debug-appletvos/Roadmap-t.build/Objects-normal/arm64/Language.dia -target arm64-apple-tvos17.0 -disable-cross-import-overlay-search -load-resolved-plugin /Applications/Xcode-27.0.0-Release.Candidate.app/Contents/Developer/Platforms/AppleTVOS.platform/Developer/usr/lib/swift/host/plugins/libFoundationMacros.dylib\#/Applications/Xcode-27.0.0-Release.Candidate.app/Contents/Developer/Platforms/AppleTVOS.platform/Developer/usr/bin/swift-plugin-server\#FoundationMacros -load-resolved-plugin /Applications/Xcode-27.0.0-Release.Candidate.app/Contents/Developer/Platforms/AppleTVOS.platform/Developer/usr/lib/swift/host/plugins/libObservationMacros.dylib\#/Applications/Xcode-27.0.0-Release.Candidate.app/Contents/Developer/Platforms/AppleTVOS.platform/Developer/usr/bin/swift-plugin-server\#ObservationMacros -load-resolved-plugin /Applications/Xcode-27.0.0-Release.Candidate.app/Contents/Developer/Platforms/AppleTVOS.platform/Developer/usr/lib/swift/host/plugins/libPreviewsMacros.dylib\#/Applications/Xcode-27.0.0-Release.Candidate.app/Contents/Developer/Platforms/AppleTVOS.platform/Developer/usr/bin/swift-plugin-server\#PreviewsMacros -load-resolved-plugin /Applications/Xcode-27.0.0-Release.Candidate.app/Contents/Developer/Platforms/AppleTVOS.platform/Developer/usr/lib/swift/host/plugins/libSwiftMacros.dylib\#/Applications/Xcode-27.0.0-Release.Candidate.app/Contents/Developer/Platforms/AppleTVOS.platform/Developer/usr/bin/swift-plugin-server\#SwiftMacros -load-resolved-plugin /Applications/Xcode-27.0.0-Release.Candidate.app/Contents/Developer/Platforms/AppleTVOS.platform/Developer/usr/lib/swift/host/plugins/libSwiftUIMacros.dylib\#/Applications/Xcode-27.0.0-Release.Candidate.app/Contents/Developer/Platforms/AppleTVOS.platform/Developer/usr/bin/swift-plugin-server\#SwiftUIMacros -disable-implicit-swift-modules -Xcc -fno-implicit-modules -Xcc -fno-implicit-module-maps -explicit-swift-module-map-file /Users/admin/builder/spi-builder-workspace/.derivedData/Build/Intermediates.noindex/Roadmap.build/Debug-appletvos/Roadmap-t.build/Objects-normal/arm64/Roadmap-dependencies-1.json -Xllvm -aarch64-use-tbi -enable-objc-interop -stack-check -sdk /Applications/Xcode-27.0.0-Release.Candidate.app/Contents/Developer/Platforms/AppleTVOS.platform/Developer/SDKs/AppleTVOS27.0.sdk -I /Users/admin/builder/spi-builder-workspace/.derivedData/Build/Products/Debug-appletvos -Isystem /Applications/Xcode-27.0.0-Release.Candidate.app/Contents/Developer/Platforms/AppleTVOS.platform/Developer/usr/lib -F /Users/admin/builder/spi-builder-workspace/.derivedData/Build/Products/Debug-appletvos -F /Applications/Xcode-27.0.0-Release.Candidate.app/Contents/Developer/Platforms/AppleTVOS.platform/Developer/Library/Frameworks -F /Applications/Xcode-27.0.0-Release.Candidate.app/Contents/Developer/Platforms/AppleTVOS.platform/Developer/SDKs/AppleTVOS27.0.sdk/Developer/Library/Frameworks -module-cache-path /Users/admin/builder/spi-builder-workspace/.derivedData/Build/Intermediates.noindex/SwiftExplicitPrecompiledModules -no-color-diagnostics -Xcc -fno-color-diagnostics -enable-testing -g -debug-info-format\=dwarf -dwarf-version\=4 -profile-generate -profile-coverage-mapping -swift-version 6 -Onone -D SWIFT_PACKAGE -D DEBUG -D SWIFT_MODULE_RESOURCE_BUNDLE_UNAVAILABLE -D Xcode -serialize-debugging-options -enable-experimental-feature DebugDescriptionMacro -empty-abi-descriptor -validate-clang-modules-once -clang-build-session-file /Users/admin/builder/spi-builder-workspace/.derivedData/ModuleCache.noindex/Session.modulevalidation -Xcc -working-directory -Xcc /Users/admin/builder/spi-builder-workspace/.swiftpm/xcode -enable-anonymous-context-mangled-names -file-compilation-dir /Users/admin/builder/spi-builder-workspace/.swiftpm/xcode -Xcc -D_LIBCPP_HARDENING_MODE\=_LIBCPP_HARDENING_MODE_DEBUG -Xcc -ivfsstatcache -Xcc /Users/admin/builder/spi-builder-workspace/.derivedData/SDKStatCaches.noindex/appletvos27.0-24J360-e829b21a6f8c9b70876ba0858053c044b32bfd8d43560033f8d89884cdb90028.sdkstatcache -Xcc -fmodules-prune-interval\=86400 -Xcc -fmodules-prune-after\=345600 -Xcc -I/Users/admin/builder/spi-builder-workspace/.derivedData/Build/Products/Debug-appletvos/include -Xcc -I/Users/admin/builder/spi-builder-workspace/.derivedData/Build/Intermediates.noindex/Roadmap.build/Debug-appletvos/Roadmap-t.build/DerivedSources-normal/arm64 -Xcc -I/Users/admin/builder/spi-builder-workspace/.derivedData/Build/Intermediates.noindex/Roadmap.build/Debug-appletvos/Roadmap-t.build/DerivedSources/arm64 -Xcc -I/Users/admin/builder/spi-builder-workspace/.derivedData/Build/Intermediates.noindex/Roadmap.build/Debug-appletvos/Roadmap-t.build/DerivedSources -Xcc -DSWIFT_PACKAGE -Xcc -DDEBUG\=1 -no-auto-bridging-header-chaining -module-name Roadmap -package-name spi_builder_workspace -const-gather-protocols-file /Users/admin/builder/spi-builder-workspace/.derivedData/Build/Intermediates.noindex/Roadmap.build/Debug-appletvos/Roadmap-t.build/Objects-normal/arm64/Roadmap_const_extract_protocols.json -disable-clang-spi -clang-target arm64-apple-tvos27.0 -target-sdk-version 27.0 -target-sdk-name appletvos27.0 -in-process-plugin-server-path /Applications/Xcode-27.0.0-Release.Candidate.app/Contents/Developer/Toolchains/XcodeDefault.xctoolchain/usr/lib/swift/host/libSwiftInProcPluginServer.dylib -parse-as-library -o /Users/admin/builder/spi-builder-workspace/.derivedData/Build/Intermediates.noindex/Roadmap.build/Debug-appletvos/Roadmap-t.build/Objects-normal/arm64/ViewExtensions.o -o /Users/admin/builder/spi-builder-workspace/.derivedData/Build/Intermediates.noindex/Roadmap.build/Debug-appletvos/Roadmap-t.build/Objects-normal/arm64/Language.o -debug-module-path /Users/admin/builder/spi-builder-workspace/.derivedData/Build/Intermediates.noindex/Roadmap.build/Debug-appletvos/Roadmap-t.build/Objects-normal/arm64/Roadmap.swiftmodule -index-unit-output-path /Roadmap.build/Debug-appletvos/Roadmap-t.build/Objects-normal/arm64/ViewExtensions.o -index-unit-output-path /Roadmap.build/Debug-appletvos/Roadmap-t.build/Objects-normal/arm64/Language.o -index-store-path /Users/admin/builder/spi-builder-workspace/.derivedData/Index.noindex/DataStore -index-system-modules
SwiftCompile normal arm64 /Users/admin/builder/spi-builder-workspace/Sources/Roadmap/Extensions/ViewExtensions.swift (in target 'Roadmap' from project 'Roadmap')
cd /Users/admin/builder/spi-builder-workspace/.swiftpm/xcode
builtin-SwiftPerFileCompile ViewExtensions.swift
SwiftCompile normal arm64 /Users/admin/builder/spi-builder-workspace/Sources/Roadmap/Language.swift (in target 'Roadmap' from project 'Roadmap')
cd /Users/admin/builder/spi-builder-workspace/.swiftpm/xcode
builtin-SwiftPerFileCompile Language.swift
SwiftDriverJobDiscovery normal arm64 Emitting module for Roadmap (in target 'Roadmap' from project 'Roadmap')
SwiftDriver\ Compilation\ Requirements Roadmap normal arm64 com.apple.xcode.tools.swift.compiler (in target 'Roadmap' from project 'Roadmap')
cd /Users/admin/builder/spi-builder-workspace/.swiftpm/xcode
builtin-Swift-Compilation-Requirements -- /Applications/Xcode-27.0.0-Release.Candidate.app/Contents/Developer/Toolchains/XcodeDefault.xctoolchain/usr/bin/swiftc -parse-as-library -module-name Roadmap -Onone @/Users/admin/builder/spi-builder-workspace/.derivedData/Build/Intermediates.noindex/Roadmap.build/Debug-appletvos/Roadmap-t.build/Objects-normal/arm64/Roadmap.SwiftFileList -DSWIFT_PACKAGE -DDEBUG -DSWIFT_MODULE_RESOURCE_BUNDLE_UNAVAILABLE -DXcode -plugin-path /Applications/Xcode-27.0.0-Release.Candidate.app/Contents/Developer/Toolchains/XcodeDefault.xctoolchain/usr/lib/swift/host/plugins/testing -enable-experimental-feature DebugDescriptionMacro -sdk /Applications/Xcode-27.0.0-Release.Candidate.app/Contents/Developer/Platforms/AppleTVOS.platform/Developer/SDKs/AppleTVOS27.0.sdk -target arm64-apple-tvos17.0 -g -module-cache-path /Users/admin/builder/spi-builder-workspace/.derivedData/ModuleCache.noindex -Xfrontend -serialize-debugging-options -profile-coverage-mapping -profile-generate -enable-testing -index-store-path /Users/admin/builder/spi-builder-workspace/.derivedData/Index.noindex/DataStore -Xcc -D_LIBCPP_HARDENING_MODE\=_LIBCPP_HARDENING_MODE_DEBUG -swift-version 6 -I /Users/admin/builder/spi-builder-workspace/.derivedData/Build/Products/Debug-appletvos -Isystem /Applications/Xcode-27.0.0-Release.Candidate.app/Contents/Developer/Platforms/AppleTVOS.platform/Developer/usr/lib -F /Users/admin/builder/spi-builder-workspace/.derivedData/Build/Products/Debug-appletvos -F /Applications/Xcode-27.0.0-Release.Candidate.app/Contents/Developer/Platforms/AppleTVOS.platform/Developer/Library/Frameworks -F /Applications/Xcode-27.0.0-Release.Candidate.app/Contents/Developer/Platforms/AppleTVOS.platform/Developer/SDKs/AppleTVOS27.0.sdk/Developer/Library/Frameworks -c -j10 -enable-batch-mode -incremental -Xcc -ivfsstatcache -Xcc /Users/admin/builder/spi-builder-workspace/.derivedData/SDKStatCaches.noindex/appletvos27.0-24J360-e829b21a6f8c9b70876ba0858053c044b32bfd8d43560033f8d89884cdb90028.sdkstatcache -output-file-map /Users/admin/builder/spi-builder-workspace/.derivedData/Build/Intermediates.noindex/Roadmap.build/Debug-appletvos/Roadmap-t.build/Objects-normal/arm64/Roadmap-OutputFileMap.json -save-temps -no-color-diagnostics -explicit-module-build -module-cache-path /Users/admin/builder/spi-builder-workspace/.derivedData/Build/Intermediates.noindex/SwiftExplicitPrecompiledModules -clang-scanner-module-cache-path /Users/admin/builder/spi-builder-workspace/.derivedData/ModuleCache.noindex -sdk-module-cache-path /Users/admin/builder/spi-builder-workspace/.derivedData/SDKExplicitPrecompiledModules -emit-dependencies -emit-module -emit-module-path /Users/admin/builder/spi-builder-workspace/.derivedData/Build/Intermediates.noindex/Roadmap.build/Debug-appletvos/Roadmap-t.build/Objects-normal/arm64/Roadmap.swiftmodule -serialize-diagnostics -dependency-scan-serialize-diagnostics-path /Users/admin/builder/spi-builder-workspace/.derivedData/Build/Intermediates.noindex/Roadmap.build/Debug-appletvos/Roadmap-t.build/Objects-normal/arm64/Roadmap-dependency-scan.dia -validate-clang-modules-once -clang-build-session-file /Users/admin/builder/spi-builder-workspace/.derivedData/ModuleCache.noindex/Session.modulevalidation -Xcc -fmodules-prune-interval\=86400 -Xcc -fmodules-prune-after\=345600 -package-name spi_builder_workspace -emit-const-values -const-gather-protocols-list /Users/admin/builder/spi-builder-workspace/.derivedData/Build/Intermediates.noindex/Roadmap.build/Debug-appletvos/Roadmap-t.build/Objects-normal/arm64/Roadmap_const_extract_protocols.json -Xcc -I/Users/admin/builder/spi-builder-workspace/.derivedData/Build/Products/Debug-appletvos/include -Xcc -I/Users/admin/builder/spi-builder-workspace/.derivedData/Build/Intermediates.noindex/Roadmap.build/Debug-appletvos/Roadmap-t.build/DerivedSources-normal/arm64 -Xcc -I/Users/admin/builder/spi-builder-workspace/.derivedData/Build/Intermediates.noindex/Roadmap.build/Debug-appletvos/Roadmap-t.build/DerivedSources/arm64 -Xcc -I/Users/admin/builder/spi-builder-workspace/.derivedData/Build/Intermediates.noindex/Roadmap.build/Debug-appletvos/Roadmap-t.build/DerivedSources -Xcc -DSWIFT_PACKAGE -Xcc -DDEBUG\=1 -emit-objc-header -emit-objc-header-path /Users/admin/builder/spi-builder-workspace/.derivedData/Build/Intermediates.noindex/Roadmap.build/Debug-appletvos/Roadmap-t.build/Objects-normal/arm64/Roadmap-Swift.h -working-directory /Users/admin/builder/spi-builder-workspace/.swiftpm/xcode -experimental-emit-module-separately -disable-cmo
SwiftDriverJobDiscovery normal arm64 Compiling RoadmapFeature.swift, RoadmapFeatureVotingCount.swift (in target 'Roadmap' from project 'Roadmap')
SwiftMergeGeneratedHeaders /Users/admin/builder/spi-builder-workspace/.derivedData/Build/Intermediates.noindex/GeneratedModuleMaps-appletvos/Roadmap-Swift.h /Users/admin/builder/spi-builder-workspace/.derivedData/Build/Intermediates.noindex/Roadmap.build/Debug-appletvos/Roadmap-t.build/Objects-normal/arm64/Roadmap-Swift.h (in target 'Roadmap' from project 'Roadmap')
cd /Users/admin/builder/spi-builder-workspace
builtin-swiftHeaderTool -arch arm64 /Users/admin/builder/spi-builder-workspace/.derivedData/Build/Intermediates.noindex/Roadmap.build/Debug-appletvos/Roadmap-t.build/Objects-normal/arm64/Roadmap-Swift.h -o /Users/admin/builder/spi-builder-workspace/.derivedData/Build/Intermediates.noindex/GeneratedModuleMaps-appletvos/Roadmap-Swift.h
Copy /Users/admin/builder/spi-builder-workspace/.derivedData/Build/Products/Debug-appletvos/Roadmap.swiftmodule/arm64-apple-tvos.swiftmodule /Users/admin/builder/spi-builder-workspace/.derivedData/Build/Intermediates.noindex/Roadmap.build/Debug-appletvos/Roadmap-t.build/Objects-normal/arm64/Roadmap.swiftmodule (in target 'Roadmap' from project 'Roadmap')
cd /Users/admin/builder/spi-builder-workspace
builtin-copy -exclude .DS_Store -exclude CVS -exclude .svn -exclude .git -exclude .hg -resolve-src-symlinks -rename /Users/admin/builder/spi-builder-workspace/.derivedData/Build/Intermediates.noindex/Roadmap.build/Debug-appletvos/Roadmap-t.build/Objects-normal/arm64/Roadmap.swiftmodule /Users/admin/builder/spi-builder-workspace/.derivedData/Build/Products/Debug-appletvos/Roadmap.swiftmodule/arm64-apple-tvos.swiftmodule
Copy /Users/admin/builder/spi-builder-workspace/.derivedData/Build/Products/Debug-appletvos/Roadmap.swiftmodule/arm64-apple-tvos.swiftdoc /Users/admin/builder/spi-builder-workspace/.derivedData/Build/Intermediates.noindex/Roadmap.build/Debug-appletvos/Roadmap-t.build/Objects-normal/arm64/Roadmap.swiftdoc (in target 'Roadmap' from project 'Roadmap')
cd /Users/admin/builder/spi-builder-workspace
builtin-copy -exclude .DS_Store -exclude CVS -exclude .svn -exclude .git -exclude .hg -resolve-src-symlinks -rename /Users/admin/builder/spi-builder-workspace/.derivedData/Build/Intermediates.noindex/Roadmap.build/Debug-appletvos/Roadmap-t.build/Objects-normal/arm64/Roadmap.swiftdoc /Users/admin/builder/spi-builder-workspace/.derivedData/Build/Products/Debug-appletvos/Roadmap.swiftmodule/arm64-apple-tvos.swiftdoc
SwiftDriverJobDiscovery normal arm64 Compiling FeatureVoter.swift, FeatureVoterCountAPI.swift, FeatureVoterSidetrack.swift (in target 'Roadmap' from project 'Roadmap')
Copy /Users/admin/builder/spi-builder-workspace/.derivedData/Build/Products/Debug-appletvos/Roadmap.swiftmodule/arm64-apple-tvos.abi.json /Users/admin/builder/spi-builder-workspace/.derivedData/Build/Intermediates.noindex/Roadmap.build/Debug-appletvos/Roadmap-t.build/Objects-normal/arm64/Roadmap.abi.json (in target 'Roadmap' from project 'Roadmap')
cd /Users/admin/builder/spi-builder-workspace
builtin-copy -exclude .DS_Store -exclude CVS -exclude .svn -exclude .git -exclude .hg -resolve-src-symlinks -rename /Users/admin/builder/spi-builder-workspace/.derivedData/Build/Intermediates.noindex/Roadmap.build/Debug-appletvos/Roadmap-t.build/Objects-normal/arm64/Roadmap.abi.json /Users/admin/builder/spi-builder-workspace/.derivedData/Build/Products/Debug-appletvos/Roadmap.swiftmodule/arm64-apple-tvos.abi.json
Copy /Users/admin/builder/spi-builder-workspace/.derivedData/Build/Products/Debug-appletvos/Roadmap.swiftmodule/Project/arm64-apple-tvos.swiftsourceinfo /Users/admin/builder/spi-builder-workspace/.derivedData/Build/Intermediates.noindex/Roadmap.build/Debug-appletvos/Roadmap-t.build/Objects-normal/arm64/Roadmap.swiftsourceinfo (in target 'Roadmap' from project 'Roadmap')
cd /Users/admin/builder/spi-builder-workspace
builtin-copy -exclude .DS_Store -exclude CVS -exclude .svn -exclude .git -exclude .hg -resolve-src-symlinks -rename /Users/admin/builder/spi-builder-workspace/.derivedData/Build/Intermediates.noindex/Roadmap.build/Debug-appletvos/Roadmap-t.build/Objects-normal/arm64/Roadmap.swiftsourceinfo /Users/admin/builder/spi-builder-workspace/.derivedData/Build/Products/Debug-appletvos/Roadmap.swiftmodule/Project/arm64-apple-tvos.swiftsourceinfo
SwiftDriverJobDiscovery normal arm64 Compiling FeaturesFetcher.swift, JSONDataFetcher.swift (in target 'Roadmap' from project 'Roadmap')
PruneExplicitPrecompiledModules /Users/admin/builder/spi-builder-workspace/.derivedData/Build/Intermediates.noindex/ExplicitPrecompiledModules
PruneExplicitPrecompiledModules /Users/admin/builder/spi-builder-workspace/.derivedData/Build/Intermediates.noindex/SwiftExplicitPrecompiledModules
PruneExplicitPrecompiledModules /Users/admin/builder/spi-builder-workspace/.derivedData/SDKExplicitPrecompiledModules
2026-09-22 20:05:18.878 xcodebuild[623:3826] [MT] IDERunDestination: Supported platforms for the buildables in the current scheme is empty.
** BUILD FAILED **
The following build commands failed:
SwiftCompile normal arm64 Compiling\ RoadmapViewModel.swift,\ RoadmapVoteButton.swift /Users/admin/builder/spi-builder-workspace/Sources/Roadmap/RoadmapViewModel.swift /Users/admin/builder/spi-builder-workspace/Sources/Roadmap/RoadmapVoteButton.swift (in target 'Roadmap' from project 'Roadmap')
SwiftCompile normal arm64 /Users/admin/builder/spi-builder-workspace/Sources/Roadmap/RoadmapVoteButton.swift (in target 'Roadmap' from project 'Roadmap')
SwiftCompile normal arm64 Compiling\ ArrayExtensions.swift,\ ColorExtensions.swift /Users/admin/builder/spi-builder-workspace/Sources/Roadmap/Extensions/ArrayExtensions.swift /Users/admin/builder/spi-builder-workspace/Sources/Roadmap/Extensions/ColorExtensions.swift (in target 'Roadmap' from project 'Roadmap')
SwiftCompile normal arm64 /Users/admin/builder/spi-builder-workspace/Sources/Roadmap/Extensions/ColorExtensions.swift (in target 'Roadmap' from project 'Roadmap')
SwiftCompile normal arm64 Compiling\ ViewExtensions.swift,\ Language.swift /Users/admin/builder/spi-builder-workspace/Sources/Roadmap/Extensions/ViewExtensions.swift /Users/admin/builder/spi-builder-workspace/Sources/Roadmap/Language.swift (in target 'Roadmap' from project 'Roadmap')
SwiftCompile normal arm64 /Users/admin/builder/spi-builder-workspace/Sources/Roadmap/Extensions/ViewExtensions.swift (in target 'Roadmap' from project 'Roadmap')
Building workspace Roadmap with scheme Roadmap
(7 failures)
Command line invocation:
/Applications/Xcode-27.0.0-Release.Candidate.app/Contents/Developer/usr/bin/xcodebuild -IDEClonedSourcePackagesDirPathOverride=/Users/admin/builder/spi-builder-workspace/.dependencies -resolvePackageDependencies
Resolve Package Graph
Resolved source packages:
Roadmap: /Users/admin/builder/spi-builder-workspace
resolved source packages: Roadmap
2026-09-22 20:05:28.835 xcodebuild[741:4410] [MT] IDERunDestination: Supported platforms for the buildables in the current scheme is empty.
{
"dependencies" : [
],
"manifest_display_name" : "Roadmap",
"name" : "Roadmap",
"path" : "/Users/admin/builder/spi-builder-workspace",
"platforms" : [
{
"name" : "ios",
"version" : "17.0"
},
{
"name" : "macos",
"version" : "14.0"
},
{
"name" : "visionos",
"version" : "1.0"
}
],
"products" : [
{
"name" : "Roadmap",
"targets" : [
"Roadmap"
],
"type" : {
"library" : [
"automatic"
]
}
}
],
"targets" : [
{
"c99name" : "RoadmapTests",
"module_type" : "SwiftTarget",
"name" : "RoadmapTests",
"path" : "Tests/RoadmapTests",
"sources" : [
"RoadmapTests.swift"
],
"target_dependencies" : [
"Roadmap"
],
"type" : "test"
},
{
"c99name" : "Roadmap",
"module_type" : "SwiftTarget",
"name" : "Roadmap",
"path" : "Sources/Roadmap",
"product_memberships" : [
"Roadmap"
],
"sources" : [
"DataProviders/FeatureVoter.swift",
"DataProviders/FeatureVoterCountAPI.swift",
"DataProviders/FeatureVoterSidetrack.swift",
"DataProviders/FeaturesFetcher.swift",
"DataProviders/JSONDataFetcher.swift",
"Extensions/ArrayExtensions.swift",
"Extensions/ColorExtensions.swift",
"Extensions/Logger.swift",
"Extensions/MaterialExtensions.swift",
"Extensions/ViewExtensions.swift",
"Language.swift",
"Models/RoadmapFeature.swift",
"Models/RoadmapFeatureVotingCount.swift",
"RoadmapConfiguration.swift",
"RoadmapFeatureView.swift",
"RoadmapFeatureViewModel.swift",
"RoadmapView.swift",
"RoadmapViewModel.swift",
"RoadmapVoteButton.swift",
"Styling/RoadmapStyle.swift",
"Styling/RoadmapTemplates.swift"
],
"type" : "library"
}
],
"tools_version" : "6.0"
}
{
"workspace" : {
"name" : "Roadmap",
"schemes" : [
"Roadmap"
]
}
}
2026-09-22 20:05:30.198 xcodebuild[749:4479] [MT] IDERunDestination: Supported platforms for the buildables in the current scheme is empty.
Running build ...
env DEVELOPER_DIR=/Applications/Xcode-27.0.0-Release.Candidate.app xcrun xcodebuild -IDEClonedSourcePackagesDirPathOverride=$PWD/.dependencies -skipMacroValidation -skipPackagePluginValidation -derivedDataPath $PWD/.derivedData build -scheme Roadmap -destination generic/platform=tvOS
Command line invocation:
/Applications/Xcode-27.0.0-Release.Candidate.app/Contents/Developer/usr/bin/xcodebuild -IDEClonedSourcePackagesDirPathOverride=/Users/admin/builder/spi-builder-workspace/.dependencies -skipMacroValidation -skipPackagePluginValidation -derivedDataPath /Users/admin/builder/spi-builder-workspace/.derivedData build -scheme Roadmap -destination generic/platform=tvOS
Resolve Package Graph
Resolved source packages:
Roadmap: /Users/admin/builder/spi-builder-workspace
ComputePackagePrebuildTargetDependencyGraph
Prepare packages
CreateBuildRequest
SendProjectDescription
CreateBuildOperation
ComputeTargetDependencyGraph
note: Building targets in dependency order
note: Target dependency graph (2 targets)
Target 'Roadmap-product' in project 'Roadmap'
➜ Explicit dependency on target 'Roadmap' in project 'Roadmap'
Target 'Roadmap' in project 'Roadmap' (no dependencies)
GatherProvisioningInputs
CreateBuildDescription
ClangStatCache /Applications/Xcode-27.0.0-Release.Candidate.app/Contents/Developer/Toolchains/XcodeDefault.xctoolchain/usr/bin/clang-stat-cache /Applications/Xcode-27.0.0-Release.Candidate.app/Contents/Developer/Platforms/AppleTVOS.platform/Developer/SDKs/AppleTVOS27.0.sdk /Users/admin/builder/spi-builder-workspace/.derivedData/SDKStatCaches.noindex/appletvos27.0-24J360-e829b21a6f8c9b70876ba0858053c044b32bfd8d43560033f8d89884cdb90028.sdkstatcache
cd /Users/admin/builder/spi-builder-workspace/.swiftpm/xcode
/Applications/Xcode-27.0.0-Release.Candidate.app/Contents/Developer/Toolchains/XcodeDefault.xctoolchain/usr/bin/clang-stat-cache /Applications/Xcode-27.0.0-Release.Candidate.app/Contents/Developer/Platforms/AppleTVOS.platform/Developer/SDKs/AppleTVOS27.0.sdk -o /Users/admin/builder/spi-builder-workspace/.derivedData/SDKStatCaches.noindex/appletvos27.0-24J360-e829b21a6f8c9b70876ba0858053c044b32bfd8d43560033f8d89884cdb90028.sdkstatcache
SwiftDriver Roadmap normal arm64 com.apple.xcode.tools.swift.compiler (in target 'Roadmap' from project 'Roadmap')
cd /Users/admin/builder/spi-builder-workspace/.swiftpm/xcode
builtin-SwiftDriver -- /Applications/Xcode-27.0.0-Release.Candidate.app/Contents/Developer/Toolchains/XcodeDefault.xctoolchain/usr/bin/swiftc -parse-as-library -module-name Roadmap -Onone @/Users/admin/builder/spi-builder-workspace/.derivedData/Build/Intermediates.noindex/Roadmap.build/Debug-appletvos/Roadmap-t.build/Objects-normal/arm64/Roadmap.SwiftFileList -DSWIFT_PACKAGE -DDEBUG -DSWIFT_MODULE_RESOURCE_BUNDLE_UNAVAILABLE -DXcode -plugin-path /Applications/Xcode-27.0.0-Release.Candidate.app/Contents/Developer/Toolchains/XcodeDefault.xctoolchain/usr/lib/swift/host/plugins/testing -enable-experimental-feature DebugDescriptionMacro -sdk /Applications/Xcode-27.0.0-Release.Candidate.app/Contents/Developer/Platforms/AppleTVOS.platform/Developer/SDKs/AppleTVOS27.0.sdk -target arm64-apple-tvos17.0 -g -module-cache-path /Users/admin/builder/spi-builder-workspace/.derivedData/ModuleCache.noindex -Xfrontend -serialize-debugging-options -profile-coverage-mapping -profile-generate -enable-testing -index-store-path /Users/admin/builder/spi-builder-workspace/.derivedData/Index.noindex/DataStore -Xcc -D_LIBCPP_HARDENING_MODE\=_LIBCPP_HARDENING_MODE_DEBUG -swift-version 6 -I /Users/admin/builder/spi-builder-workspace/.derivedData/Build/Products/Debug-appletvos -Isystem /Applications/Xcode-27.0.0-Release.Candidate.app/Contents/Developer/Platforms/AppleTVOS.platform/Developer/usr/lib -F /Users/admin/builder/spi-builder-workspace/.derivedData/Build/Products/Debug-appletvos -F /Applications/Xcode-27.0.0-Release.Candidate.app/Contents/Developer/Platforms/AppleTVOS.platform/Developer/Library/Frameworks -F /Applications/Xcode-27.0.0-Release.Candidate.app/Contents/Developer/Platforms/AppleTVOS.platform/Developer/SDKs/AppleTVOS27.0.sdk/Developer/Library/Frameworks -c -j10 -enable-batch-mode -incremental -Xcc -ivfsstatcache -Xcc /Users/admin/builder/spi-builder-workspace/.derivedData/SDKStatCaches.noindex/appletvos27.0-24J360-e829b21a6f8c9b70876ba0858053c044b32bfd8d43560033f8d89884cdb90028.sdkstatcache -output-file-map /Users/admin/builder/spi-builder-workspace/.derivedData/Build/Intermediates.noindex/Roadmap.build/Debug-appletvos/Roadmap-t.build/Objects-normal/arm64/Roadmap-OutputFileMap.json -save-temps -no-color-diagnostics -explicit-module-build -module-cache-path /Users/admin/builder/spi-builder-workspace/.derivedData/Build/Intermediates.noindex/SwiftExplicitPrecompiledModules -clang-scanner-module-cache-path /Users/admin/builder/spi-builder-workspace/.derivedData/ModuleCache.noindex -sdk-module-cache-path /Users/admin/builder/spi-builder-workspace/.derivedData/SDKExplicitPrecompiledModules -emit-dependencies -emit-module -emit-module-path /Users/admin/builder/spi-builder-workspace/.derivedData/Build/Intermediates.noindex/Roadmap.build/Debug-appletvos/Roadmap-t.build/Objects-normal/arm64/Roadmap.swiftmodule -serialize-diagnostics -dependency-scan-serialize-diagnostics-path /Users/admin/builder/spi-builder-workspace/.derivedData/Build/Intermediates.noindex/Roadmap.build/Debug-appletvos/Roadmap-t.build/Objects-normal/arm64/Roadmap-dependency-scan.dia -validate-clang-modules-once -clang-build-session-file /Users/admin/builder/spi-builder-workspace/.derivedData/ModuleCache.noindex/Session.modulevalidation -Xcc -fmodules-prune-interval\=86400 -Xcc -fmodules-prune-after\=345600 -package-name spi_builder_workspace -emit-const-values -const-gather-protocols-list /Users/admin/builder/spi-builder-workspace/.derivedData/Build/Intermediates.noindex/Roadmap.build/Debug-appletvos/Roadmap-t.build/Objects-normal/arm64/Roadmap_const_extract_protocols.json -Xcc -I/Users/admin/builder/spi-builder-workspace/.derivedData/Build/Products/Debug-appletvos/include -Xcc -I/Users/admin/builder/spi-builder-workspace/.derivedData/Build/Intermediates.noindex/Roadmap.build/Debug-appletvos/Roadmap-t.build/DerivedSources-normal/arm64 -Xcc -I/Users/admin/builder/spi-builder-workspace/.derivedData/Build/Intermediates.noindex/Roadmap.build/Debug-appletvos/Roadmap-t.build/DerivedSources/arm64 -Xcc -I/Users/admin/builder/spi-builder-workspace/.derivedData/Build/Intermediates.noindex/Roadmap.build/Debug-appletvos/Roadmap-t.build/DerivedSources -Xcc -DSWIFT_PACKAGE -Xcc -DDEBUG\=1 -emit-objc-header -emit-objc-header-path /Users/admin/builder/spi-builder-workspace/.derivedData/Build/Intermediates.noindex/Roadmap.build/Debug-appletvos/Roadmap-t.build/Objects-normal/arm64/Roadmap-Swift.h -working-directory /Users/admin/builder/spi-builder-workspace/.swiftpm/xcode -experimental-emit-module-separately -disable-cmo
SwiftCompile normal arm64 Compiling\ ArrayExtensions.swift,\ ColorExtensions.swift /Users/admin/builder/spi-builder-workspace/Sources/Roadmap/Extensions/ArrayExtensions.swift /Users/admin/builder/spi-builder-workspace/Sources/Roadmap/Extensions/ColorExtensions.swift (in target 'Roadmap' from project 'Roadmap')
/Users/admin/builder/spi-builder-workspace/Sources/Roadmap/Extensions/ColorExtensions.swift:16:36: error: 'secondarySystemFill' is unavailable in tvOS
14 | return Color.primary.opacity(0.08)
15 | #else
16 | return Color(uiColor: .secondarySystemFill)
| `- error: 'secondarySystemFill' is unavailable in tvOS
17 | #endif
18 | }
/Applications/Xcode-27.0.0-Release.Candidate.app/Contents/Developer/Platforms/AppleTVOS.platform/Developer/SDKs/AppleTVOS27.0.sdk/System/Library/Frameworks/UIKit.framework/Headers/UIInterface.h:234:49: note: 'secondarySystemFill' has been explicitly marked unavailable here
232 | * Example: The background of a switch.
233 | */
234 | @property (class, nonatomic, readonly) UIColor *secondarySystemFillColor API_AVAILABLE(ios(13.0)) API_UNAVAILABLE(tvos, watchos);
| `- note: 'secondarySystemFill' has been explicitly marked unavailable here
235 |
236 | /* tertiarySystemFillColor is appropriate for filling large shapes.
Failed frontend command:
SwiftCompile normal arm64 /Users/admin/builder/spi-builder-workspace/Sources/Roadmap/Extensions/ArrayExtensions.swift (in target 'Roadmap' from project 'Roadmap')
cd /Users/admin/builder/spi-builder-workspace/.swiftpm/xcode
builtin-SwiftPerFileCompile ArrayExtensions.swift
SwiftCompile normal arm64 /Users/admin/builder/spi-builder-workspace/Sources/Roadmap/Extensions/ColorExtensions.swift (in target 'Roadmap' from project 'Roadmap')
cd /Users/admin/builder/spi-builder-workspace/.swiftpm/xcode
builtin-SwiftPerFileCompile ColorExtensions.swift
/Applications/Xcode-27.0.0-Release.Candidate.app/Contents/Developer/Toolchains/XcodeDefault.xctoolchain/usr/bin/swift-frontend -frontend -c /Users/admin/builder/spi-builder-workspace/Sources/Roadmap/DataProviders/FeatureVoter.swift /Users/admin/builder/spi-builder-workspace/Sources/Roadmap/DataProviders/FeatureVoterCountAPI.swift /Users/admin/builder/spi-builder-workspace/Sources/Roadmap/DataProviders/FeatureVoterSidetrack.swift /Users/admin/builder/spi-builder-workspace/Sources/Roadmap/DataProviders/FeaturesFetcher.swift /Users/admin/builder/spi-builder-workspace/Sources/Roadmap/DataProviders/JSONDataFetcher.swift -primary-file /Users/admin/builder/spi-builder-workspace/Sources/Roadmap/Extensions/ArrayExtensions.swift -primary-file /Users/admin/builder/spi-builder-workspace/Sources/Roadmap/Extensions/ColorExtensions.swift /Users/admin/builder/spi-builder-workspace/Sources/Roadmap/Extensions/Logger.swift /Users/admin/builder/spi-builder-workspace/Sources/Roadmap/Extensions/MaterialExtensions.swift /Users/admin/builder/spi-builder-workspace/Sources/Roadmap/Extensions/ViewExtensions.swift /Users/admin/builder/spi-builder-workspace/Sources/Roadmap/Language.swift /Users/admin/builder/spi-builder-workspace/Sources/Roadmap/Models/RoadmapFeature.swift /Users/admin/builder/spi-builder-workspace/Sources/Roadmap/Models/RoadmapFeatureVotingCount.swift /Users/admin/builder/spi-builder-workspace/Sources/Roadmap/RoadmapConfiguration.swift /Users/admin/builder/spi-builder-workspace/Sources/Roadmap/RoadmapFeatureView.swift /Users/admin/builder/spi-builder-workspace/Sources/Roadmap/RoadmapFeatureViewModel.swift /Users/admin/builder/spi-builder-workspace/Sources/Roadmap/RoadmapView.swift /Users/admin/builder/spi-builder-workspace/Sources/Roadmap/RoadmapViewModel.swift /Users/admin/builder/spi-builder-workspace/Sources/Roadmap/RoadmapVoteButton.swift /Users/admin/builder/spi-builder-workspace/Sources/Roadmap/Styling/RoadmapStyle.swift /Users/admin/builder/spi-builder-workspace/Sources/Roadmap/Styling/RoadmapTemplates.swift -emit-dependencies-path /Users/admin/builder/spi-builder-workspace/.derivedData/Build/Intermediates.noindex/Roadmap.build/Debug-appletvos/Roadmap-t.build/Objects-normal/arm64/ArrayExtensions.d -emit-const-values-path /Users/admin/builder/spi-builder-workspace/.derivedData/Build/Intermediates.noindex/Roadmap.build/Debug-appletvos/Roadmap-t.build/Objects-normal/arm64/ArrayExtensions.swiftconstvalues -emit-reference-dependencies-path /Users/admin/builder/spi-builder-workspace/.derivedData/Build/Intermediates.noindex/Roadmap.build/Debug-appletvos/Roadmap-t.build/Objects-normal/arm64/ArrayExtensions.swiftdeps -serialize-diagnostics-path /Users/admin/builder/spi-builder-workspace/.derivedData/Build/Intermediates.noindex/Roadmap.build/Debug-appletvos/Roadmap-t.build/Objects-normal/arm64/ArrayExtensions.dia -emit-dependencies-path /Users/admin/builder/spi-builder-workspace/.derivedData/Build/Intermediates.noindex/Roadmap.build/Debug-appletvos/Roadmap-t.build/Objects-normal/arm64/ColorExtensions.d -emit-const-values-path /Users/admin/builder/spi-builder-workspace/.derivedData/Build/Intermediates.noindex/Roadmap.build/Debug-appletvos/Roadmap-t.build/Objects-normal/arm64/ColorExtensions.swiftconstvalues -emit-reference-dependencies-path /Users/admin/builder/spi-builder-workspace/.derivedData/Build/Intermediates.noindex/Roadmap.build/Debug-appletvos/Roadmap-t.build/Objects-normal/arm64/ColorExtensions.swiftdeps -serialize-diagnostics-path /Users/admin/builder/spi-builder-workspace/.derivedData/Build/Intermediates.noindex/Roadmap.build/Debug-appletvos/Roadmap-t.build/Objects-normal/arm64/ColorExtensions.dia -target arm64-apple-tvos17.0 -disable-cross-import-overlay-search -load-resolved-plugin /Applications/Xcode-27.0.0-Release.Candidate.app/Contents/Developer/Platforms/AppleTVOS.platform/Developer/usr/lib/swift/host/plugins/libFoundationMacros.dylib\#/Applications/Xcode-27.0.0-Release.Candidate.app/Contents/Developer/Platforms/AppleTVOS.platform/Developer/usr/bin/swift-plugin-server\#FoundationMacros -load-resolved-plugin /Applications/Xcode-27.0.0-Release.Candidate.app/Contents/Developer/Platforms/AppleTVOS.platform/Developer/usr/lib/swift/host/plugins/libObservationMacros.dylib\#/Applications/Xcode-27.0.0-Release.Candidate.app/Contents/Developer/Platforms/AppleTVOS.platform/Developer/usr/bin/swift-plugin-server\#ObservationMacros -load-resolved-plugin /Applications/Xcode-27.0.0-Release.Candidate.app/Contents/Developer/Platforms/AppleTVOS.platform/Developer/usr/lib/swift/host/plugins/libPreviewsMacros.dylib\#/Applications/Xcode-27.0.0-Release.Candidate.app/Contents/Developer/Platforms/AppleTVOS.platform/Developer/usr/bin/swift-plugin-server\#PreviewsMacros -load-resolved-plugin /Applications/Xcode-27.0.0-Release.Candidate.app/Contents/Developer/Platforms/AppleTVOS.platform/Developer/usr/lib/swift/host/plugins/libSwiftMacros.dylib\#/Applications/Xcode-27.0.0-Release.Candidate.app/Contents/Developer/Platforms/AppleTVOS.platform/Developer/usr/bin/swift-plugin-server\#SwiftMacros -load-resolved-plugin /Applications/Xcode-27.0.0-Release.Candidate.app/Contents/Developer/Platforms/AppleTVOS.platform/Developer/usr/lib/swift/host/plugins/libSwiftUIMacros.dylib\#/Applications/Xcode-27.0.0-Release.Candidate.app/Contents/Developer/Platforms/AppleTVOS.platform/Developer/usr/bin/swift-plugin-server\#SwiftUIMacros -disable-implicit-swift-modules -Xcc -fno-implicit-modules -Xcc -fno-implicit-module-maps -explicit-swift-module-map-file /Users/admin/builder/spi-builder-workspace/.derivedData/Build/Intermediates.noindex/Roadmap.build/Debug-appletvos/Roadmap-t.build/Objects-normal/arm64/Roadmap-dependencies-1.json -Xllvm -aarch64-use-tbi -enable-objc-interop -stack-check -sdk /Applications/Xcode-27.0.0-Release.Candidate.app/Contents/Developer/Platforms/AppleTVOS.platform/Developer/SDKs/AppleTVOS27.0.sdk -I /Users/admin/builder/spi-builder-workspace/.derivedData/Build/Products/Debug-appletvos -Isystem /Applications/Xcode-27.0.0-Release.Candidate.app/Contents/Developer/Platforms/AppleTVOS.platform/Developer/usr/lib -F /Users/admin/builder/spi-builder-workspace/.derivedData/Build/Products/Debug-appletvos -F /Applications/Xcode-27.0.0-Release.Candidate.app/Contents/Developer/Platforms/AppleTVOS.platform/Developer/Library/Frameworks -F /Applications/Xcode-27.0.0-Release.Candidate.app/Contents/Developer/Platforms/AppleTVOS.platform/Developer/SDKs/AppleTVOS27.0.sdk/Developer/Library/Frameworks -module-cache-path /Users/admin/builder/spi-builder-workspace/.derivedData/Build/Intermediates.noindex/SwiftExplicitPrecompiledModules -no-color-diagnostics -Xcc -fno-color-diagnostics -enable-testing -g -debug-info-format\=dwarf -dwarf-version\=4 -profile-generate -profile-coverage-mapping -swift-version 6 -Onone -D SWIFT_PACKAGE -D DEBUG -D SWIFT_MODULE_RESOURCE_BUNDLE_UNAVAILABLE -D Xcode -serialize-debugging-options -enable-experimental-feature DebugDescriptionMacro -empty-abi-descriptor -validate-clang-modules-once -clang-build-session-file /Users/admin/builder/spi-builder-workspace/.derivedData/ModuleCache.noindex/Session.modulevalidation -Xcc -working-directory -Xcc /Users/admin/builder/spi-builder-workspace/.swiftpm/xcode -enable-anonymous-context-mangled-names -file-compilation-dir /Users/admin/builder/spi-builder-workspace/.swiftpm/xcode -Xcc -D_LIBCPP_HARDENING_MODE\=_LIBCPP_HARDENING_MODE_DEBUG -Xcc -ivfsstatcache -Xcc /Users/admin/builder/spi-builder-workspace/.derivedData/SDKStatCaches.noindex/appletvos27.0-24J360-e829b21a6f8c9b70876ba0858053c044b32bfd8d43560033f8d89884cdb90028.sdkstatcache -Xcc -fmodules-prune-interval\=86400 -Xcc -fmodules-prune-after\=345600 -Xcc -I/Users/admin/builder/spi-builder-workspace/.derivedData/Build/Products/Debug-appletvos/include -Xcc -I/Users/admin/builder/spi-builder-workspace/.derivedData/Build/Intermediates.noindex/Roadmap.build/Debug-appletvos/Roadmap-t.build/DerivedSources-normal/arm64 -Xcc -I/Users/admin/builder/spi-builder-workspace/.derivedData/Build/Intermediates.noindex/Roadmap.build/Debug-appletvos/Roadmap-t.build/DerivedSources/arm64 -Xcc -I/Users/admin/builder/spi-builder-workspace/.derivedData/Build/Intermediates.noindex/Roadmap.build/Debug-appletvos/Roadmap-t.build/DerivedSources -Xcc -DSWIFT_PACKAGE -Xcc -DDEBUG\=1 -no-auto-bridging-header-chaining -module-name Roadmap -package-name spi_builder_workspace -const-gather-protocols-file /Users/admin/builder/spi-builder-workspace/.derivedData/Build/Intermediates.noindex/Roadmap.build/Debug-appletvos/Roadmap-t.build/Objects-normal/arm64/Roadmap_const_extract_protocols.json -disable-clang-spi -clang-target arm64-apple-tvos27.0 -target-sdk-version 27.0 -target-sdk-name appletvos27.0 -in-process-plugin-server-path /Applications/Xcode-27.0.0-Release.Candidate.app/Contents/Developer/Toolchains/XcodeDefault.xctoolchain/usr/lib/swift/host/libSwiftInProcPluginServer.dylib -parse-as-library -o /Users/admin/builder/spi-builder-workspace/.derivedData/Build/Intermediates.noindex/Roadmap.build/Debug-appletvos/Roadmap-t.build/Objects-normal/arm64/ArrayExtensions.o -o /Users/admin/builder/spi-builder-workspace/.derivedData/Build/Intermediates.noindex/Roadmap.build/Debug-appletvos/Roadmap-t.build/Objects-normal/arm64/ColorExtensions.o -debug-module-path /Users/admin/builder/spi-builder-workspace/.derivedData/Build/Intermediates.noindex/Roadmap.build/Debug-appletvos/Roadmap-t.build/Objects-normal/arm64/Roadmap.swiftmodule -index-unit-output-path /Roadmap.build/Debug-appletvos/Roadmap-t.build/Objects-normal/arm64/ArrayExtensions.o -index-unit-output-path /Roadmap.build/Debug-appletvos/Roadmap-t.build/Objects-normal/arm64/ColorExtensions.o -index-store-path /Users/admin/builder/spi-builder-workspace/.derivedData/Index.noindex/DataStore -index-system-modules
SwiftCompile normal arm64 Compiling\ RoadmapView.swift /Users/admin/builder/spi-builder-workspace/Sources/Roadmap/RoadmapView.swift (in target 'Roadmap' from project 'Roadmap')
SwiftCompile normal arm64 /Users/admin/builder/spi-builder-workspace/Sources/Roadmap/RoadmapView.swift (in target 'Roadmap' from project 'Roadmap')
cd /Users/admin/builder/spi-builder-workspace/.swiftpm/xcode
builtin-SwiftPerFileCompile RoadmapView.swift
SwiftCompile normal arm64 Compiling\ ViewExtensions.swift,\ Language.swift /Users/admin/builder/spi-builder-workspace/Sources/Roadmap/Extensions/ViewExtensions.swift /Users/admin/builder/spi-builder-workspace/Sources/Roadmap/Language.swift (in target 'Roadmap' from project 'Roadmap')
SwiftCompile normal arm64 /Users/admin/builder/spi-builder-workspace/Sources/Roadmap/Extensions/ViewExtensions.swift (in target 'Roadmap' from project 'Roadmap')
cd /Users/admin/builder/spi-builder-workspace/.swiftpm/xcode
builtin-SwiftPerFileCompile ViewExtensions.swift
SwiftCompile normal arm64 /Users/admin/builder/spi-builder-workspace/Sources/Roadmap/Language.swift (in target 'Roadmap' from project 'Roadmap')
cd /Users/admin/builder/spi-builder-workspace/.swiftpm/xcode
builtin-SwiftPerFileCompile Language.swift
/Users/admin/builder/spi-builder-workspace/Sources/Roadmap/Extensions/ViewExtensions.swift:18:18: error: 'scrollContentBackground' is unavailable in tvOS
16 | func scrollContentHidden() -> some View {
17 | if #available(iOS 16.0, *), #available(macOS 13.0, *) {
18 | self.scrollContentBackground(.hidden)
| `- error: 'scrollContentBackground' is unavailable in tvOS
19 | } else {
20 | self
SwiftUI.View.scrollContentBackground:2:25: note: 'scrollContentBackground' has been explicitly marked unavailable here
1 | protocol View {
2 | nonisolated public func scrollContentBackground(_ visibility: Visibility) -> some View
| `- note: 'scrollContentBackground' has been explicitly marked unavailable here
3 | }
4 |
SwiftCompile normal arm64 Compiling\ RoadmapFeatureViewModel.swift /Users/admin/builder/spi-builder-workspace/Sources/Roadmap/RoadmapFeatureViewModel.swift (in target 'Roadmap' from project 'Roadmap')
SwiftCompile normal arm64 /Users/admin/builder/spi-builder-workspace/Sources/Roadmap/RoadmapFeatureViewModel.swift (in target 'Roadmap' from project 'Roadmap')
cd /Users/admin/builder/spi-builder-workspace/.swiftpm/xcode
builtin-SwiftPerFileCompile RoadmapFeatureViewModel.swift
SwiftCompile normal arm64 Compiling\ RoadmapVoteButton.swift /Users/admin/builder/spi-builder-workspace/Sources/Roadmap/RoadmapVoteButton.swift (in target 'Roadmap' from project 'Roadmap')
SwiftCompile normal arm64 /Users/admin/builder/spi-builder-workspace/Sources/Roadmap/RoadmapVoteButton.swift (in target 'Roadmap' from project 'Roadmap')
cd /Users/admin/builder/spi-builder-workspace/.swiftpm/xcode
builtin-SwiftPerFileCompile RoadmapVoteButton.swift
SwiftCompile normal arm64 Compiling\ RoadmapViewModel.swift /Users/admin/builder/spi-builder-workspace/Sources/Roadmap/RoadmapViewModel.swift (in target 'Roadmap' from project 'Roadmap')
SwiftCompile normal arm64 /Users/admin/builder/spi-builder-workspace/Sources/Roadmap/RoadmapViewModel.swift (in target 'Roadmap' from project 'Roadmap')
cd /Users/admin/builder/spi-builder-workspace/.swiftpm/xcode
builtin-SwiftPerFileCompile RoadmapViewModel.swift
SwiftCompile normal arm64 Compiling\ Logger.swift,\ MaterialExtensions.swift /Users/admin/builder/spi-builder-workspace/Sources/Roadmap/Extensions/Logger.swift /Users/admin/builder/spi-builder-workspace/Sources/Roadmap/Extensions/MaterialExtensions.swift (in target 'Roadmap' from project 'Roadmap')
SwiftCompile normal arm64 /Users/admin/builder/spi-builder-workspace/Sources/Roadmap/Extensions/Logger.swift (in target 'Roadmap' from project 'Roadmap')
cd /Users/admin/builder/spi-builder-workspace/.swiftpm/xcode
builtin-SwiftPerFileCompile Logger.swift
SwiftCompile normal arm64 /Users/admin/builder/spi-builder-workspace/Sources/Roadmap/Extensions/MaterialExtensions.swift (in target 'Roadmap' from project 'Roadmap')
cd /Users/admin/builder/spi-builder-workspace/.swiftpm/xcode
builtin-SwiftPerFileCompile MaterialExtensions.swift
SwiftCompile normal arm64 Compiling\ RoadmapConfiguration.swift,\ RoadmapFeatureView.swift /Users/admin/builder/spi-builder-workspace/Sources/Roadmap/RoadmapConfiguration.swift /Users/admin/builder/spi-builder-workspace/Sources/Roadmap/RoadmapFeatureView.swift (in target 'Roadmap' from project 'Roadmap')
SwiftCompile normal arm64 /Users/admin/builder/spi-builder-workspace/Sources/Roadmap/RoadmapConfiguration.swift (in target 'Roadmap' from project 'Roadmap')
cd /Users/admin/builder/spi-builder-workspace/.swiftpm/xcode
builtin-SwiftPerFileCompile RoadmapConfiguration.swift
SwiftCompile normal arm64 /Users/admin/builder/spi-builder-workspace/Sources/Roadmap/RoadmapFeatureView.swift (in target 'Roadmap' from project 'Roadmap')
cd /Users/admin/builder/spi-builder-workspace/.swiftpm/xcode
builtin-SwiftPerFileCompile RoadmapFeatureView.swift
SwiftCompile normal arm64 Compiling\ RoadmapStyle.swift /Users/admin/builder/spi-builder-workspace/Sources/Roadmap/Styling/RoadmapStyle.swift (in target 'Roadmap' from project 'Roadmap')
SwiftCompile normal arm64 /Users/admin/builder/spi-builder-workspace/Sources/Roadmap/Styling/RoadmapStyle.swift (in target 'Roadmap' from project 'Roadmap')
cd /Users/admin/builder/spi-builder-workspace/.swiftpm/xcode
builtin-SwiftPerFileCompile RoadmapStyle.swift
SwiftEmitModule normal arm64 Emitting\ module\ for\ Roadmap (in target 'Roadmap' from project 'Roadmap')
SwiftCompile normal arm64 (in target 'Roadmap' from project 'Roadmap')
cd /Users/admin/builder/spi-builder-workspace/.swiftpm/xcode
SwiftCompile normal arm64 Compiling\ RoadmapTemplates.swift /Users/admin/builder/spi-builder-workspace/Sources/Roadmap/Styling/RoadmapTemplates.swift (in target 'Roadmap' from project 'Roadmap')
SwiftCompile normal arm64 /Users/admin/builder/spi-builder-workspace/Sources/Roadmap/Styling/RoadmapTemplates.swift (in target 'Roadmap' from project 'Roadmap')
cd /Users/admin/builder/spi-builder-workspace/.swiftpm/xcode
builtin-SwiftPerFileCompile RoadmapTemplates.swift
PruneExplicitPrecompiledModules /Users/admin/builder/spi-builder-workspace/.derivedData/SDKExplicitPrecompiledModules
PruneExplicitPrecompiledModules /Users/admin/builder/spi-builder-workspace/.derivedData/Build/Intermediates.noindex/ExplicitPrecompiledModules
PruneExplicitPrecompiledModules /Users/admin/builder/spi-builder-workspace/.derivedData/Build/Intermediates.noindex/SwiftExplicitPrecompiledModules
2026-09-22 20:05:31.210 xcodebuild[750:4504] [MT] IDERunDestination: Supported platforms for the buildables in the current scheme is empty.
** BUILD FAILED **
The following build commands failed:
SwiftCompile normal arm64 /Users/admin/builder/spi-builder-workspace/Sources/Roadmap/Extensions/ColorExtensions.swift (in target 'Roadmap' from project 'Roadmap')
SwiftCompile normal arm64 Compiling\ ArrayExtensions.swift,\ ColorExtensions.swift /Users/admin/builder/spi-builder-workspace/Sources/Roadmap/Extensions/ArrayExtensions.swift /Users/admin/builder/spi-builder-workspace/Sources/Roadmap/Extensions/ColorExtensions.swift (in target 'Roadmap' from project 'Roadmap')
Building workspace Roadmap with scheme Roadmap
(3 failures)
BUILD FAILURE 6.4 tvOS