The Swift Package Index logo.Swift Package Index

Build Information

Failed to build leveldb, reference 1.22.5 (a0bc79), with Swift 6.4 for Wasm on 20 Sep 2026 13:31:51 UTC.

Build Command

bash -c docker run --pull=always --rm -v "checkouts-54344843-3":/host -w "$PWD" -e JAVA_HOME="/root/.sdkman/candidates/java/current" -e SPI_BUILD="1" -e SPI_PROCESSING="1" registry.gitlab.com/saguaro1/spi-images:wasm-6.4-latest swift build --swift-sdk swift-6.4.x-DEVELOPMENT-SNAPSHOT-2026-09-04-a_wasm 2>&1

Build Log

========================================
RunAll
========================================
Builder version: 5.1.0
Interrupt handler set up.
========================================
Checkout
========================================
Clone URL: https://github.com/firebase/leveldb.git
Reference: 1.22.5
Initialized empty Git repository in /host/spi-builder-workspace/.git/
hint: Using 'master' as the name for the initial branch. This default branch name
hint: is subject to change. To configure the initial branch name to use in all
hint: of your new repositories, which will suppress this warning, call:
hint:
hint: 	git config --global init.defaultBranch <name>
hint:
hint: Names commonly chosen instead of 'master' are 'main', 'trunk' and
hint: 'development'. The just-created branch can be renamed via this command:
hint:
hint: 	git branch -m <name>
From https://github.com/firebase/leveldb
 * tag               1.22.5     -> FETCH_HEAD
HEAD is now at a0bc799 [Release] Bump podspec to 1.22.5 (#13)
Cloned https://github.com/firebase/leveldb.git
Revision (git rev-parse @):
a0bc79961d7be727d258d33d5a6b2f1023270ba1
SUCCESS checkout https://github.com/firebase/leveldb.git at 1.22.5
========================================
Build
========================================
Selected platform:         wasm
Swift version:             6.4
Building package at path:  $PWD
https://github.com/firebase/leveldb.git
Running build ...
bash -c docker run --pull=always --rm -v "checkouts-54344843-3":/host -w "$PWD" -e JAVA_HOME="/root/.sdkman/candidates/java/current" -e SPI_BUILD="1" -e SPI_PROCESSING="1" registry.gitlab.com/saguaro1/spi-images:wasm-6.4-latest swift build --swift-sdk swift-6.4.x-DEVELOPMENT-SNAPSHOT-2026-09-04-a_wasm 2>&1
wasm-6.4-latest: Pulling from saguaro1/spi-images
Digest: sha256:4328fdb43c680d205c1d6761b1e3267aa38277eefdda9ddfb17b6a0f1a77857a
Status: Image is up to date for registry.gitlab.com/saguaro1/spi-images:wasm-6.4-latest
Building for debugging...
[Pre-planning 1 / 96]
[Starting]
In file included from /host/spi-builder-workspace/util/status.cc:9:
In file included from /host/spi-builder-workspace/port/port.h:14:
/host/spi-builder-workspace/port/port_stdcxx.h:61:3: error: no type named 'mutex' in namespace 'std'; did you mean 'Mutex'?
   61 |   std::mutex mu_;
      |   ^~~~~~~~~~
      |   Mutex
/host/spi-builder-workspace/port/port_stdcxx.h:47:16: note: 'Mutex' declared here
   47 | class LOCKABLE Mutex {
      |                ^
/host/spi-builder-workspace/port/port_stdcxx.h:82:8: error: no type named 'condition_variable' in namespace 'std'
   82 |   std::condition_variable cv_;
      |   ~~~~~^
/host/spi-builder-workspace/port/port_stdcxx.h:74:27: error: no member named 'mutex' in namespace 'std'
   74 |     std::unique_lock<std::mutex> lock(mu_->mu_, std::adopt_lock);
      |                           ^~~~~
3 errors generated.
[28 / 60] leveldb
error: CompileC /host/spi-builder-workspace/.build/out/Intermediates.noindex/leveldb.build/Debug-webassembly-wasm32/leveldb-t.build/Objects-normal/wasm32/status.o /host/spi-builder-workspace/util/status.cc normal wasm32 c++ com.apple.compilers.llvm.clang.1_0.compiler failed with a nonzero exit code. Command line:     cd /host

    Using response file: /host/spi-builder-workspace/.build/out/Intermediates.noindex/leveldb.build/Debug-webassembly-wasm32/leveldb-t.build/Objects-normal/wasm32/11b881b950eb02e21769317df93e9b41d1d7f0348e4e0901ae810dce93ca1a57-common-args.resp

    /usr/bin/clang -x c++ -target wasm32-unknown-wasip1 -fmessage-length\=0 -fdiagnostics-show-note-include-stack -fmacro-backtrace-limit\=0 -fcolor-diagnostics -Wno-trigraphs -Wno-missing-field-initializers -Wno-missing-prototypes -Wno-return-type -Wno-non-virtual-dtor -Wno-overloaded-virtual -Wno-exit-time-destructors -Wno-missing-braces -Wparentheses -Wswitch -Wno-unused-function -Wno-unused-label -Wno-unused-parameter -Wno-unused-variable -Wunused-value -Wno-empty-body -Wno-uninitialized -Wno-unknown-pragmas -Wno-shadow -Wno-four-char-constants -Wno-conversion -Wno-constant-conversion -Wno-int-conversion -Wno-bool-conversion -Wno-enum-conversion -Wno-float-conversion -Wno-non-literal-null-conversion -Wno-objc-literal-conversion -Wno-shorten-64-to-32 -Wno-newline-eof -Wno-c++11-extensions -Wno-implicit-fallthrough -fstrict-aliasing -Wdeprecated-declarations -Winvalid-offsetof -Wno-sign-conversion -Wno-infinite-recursion -Wno-move -Wno-comma -Wno-block-capture-autoreleasing -Wno-strict-prototypes -Wno-range-loop-analysis -Wno-semicolon-before-method-body --sysroot /root/.swiftpm/swift-sdks/swift-6.4.x-DEVELOPMENT-SNAPSHOT-2026-09-04-a_wasm.artifactbundle/swift-6.4.x-DEVELOPMENT-SNAPSHOT-2026-09-04-a_wasm/wasm32-unknown-wasip1/WASI.sdk @/host/spi-builder-workspace/.build/out/Intermediates.noindex/leveldb.build/Debug-webassembly-wasm32/leveldb-t.build/Objects-normal/wasm32/11b881b950eb02e21769317df93e9b41d1d7f0348e4e0901ae810dce93ca1a57-common-args.resp -MMD -MT dependencies -MF /host/spi-builder-workspace/.build/out/Intermediates.noindex/leveldb.build/Debug-webassembly-wasm32/leveldb-t.build/Objects-normal/wasm32/status.d --serialize-diagnostics /host/spi-builder-workspace/.build/out/Intermediates.noindex/leveldb.build/Debug-webassembly-wasm32/leveldb-t.build/Objects-normal/wasm32/status.dia -c /host/spi-builder-workspace/util/status.cc -o /host/spi-builder-workspace/.build/out/Intermediates.noindex/leveldb.build/Debug-webassembly-wasm32/leveldb-t.build/Objects-normal/wasm32/status.o
error: Build failed
BUILD FAILURE 6.4 wasm