The Swift Package Index logo.Swift Package Index

Build Information

Failed to build SwiftECC, reference 5.5.0 (85c529), with Swift 6.4 for watchOS using Xcode 27.0 on 22 Sep 2026 04:24:57 UTC.

Build Command

env DEVELOPER_DIR=/Applications/Xcode-27.0.0-Release.Candidate.app xcrun xcodebuild -IDEClonedSourcePackagesDirPathOverride=$PWD/.dependencies -skipMacroValidation -skipPackagePluginValidation -derivedDataPath $PWD/.derivedData build -scheme SwiftECC -destination generic/platform=watchOS

Build Log

========================================
RunAll
========================================
Builder version: 5.1.0
Interrupt handler set up.
========================================
Checkout
========================================
Clone URL: https://github.com/leif-ibsen/SwiftECC.git
Reference: 5.5.0
Initialized empty Git repository in /Users/admin/builder/spi-builder-workspace/.git/
From https://github.com/leif-ibsen/SwiftECC
 * tag               5.5.0      -> FETCH_HEAD
HEAD is now at 85c529c Release 5.5.0
Cloned https://github.com/leif-ibsen/SwiftECC.git
Revision (git rev-parse @):
85c529c9c56b649a8d8edcef60aab3925ab0f69f
SUCCESS checkout https://github.com/leif-ibsen/SwiftECC.git at 5.5.0
========================================
Build
========================================
Selected platform:         watchOS
Swift version:             6.4
Building package at path:  $PWD
https://github.com/leif-ibsen/SwiftECC.git
Command line invocation:
    /Applications/Xcode-27.0.0-Release.Candidate.app/Contents/Developer/usr/bin/xcodebuild -IDEClonedSourcePackagesDirPathOverride=/Users/admin/builder/spi-builder-workspace/.dependencies -resolvePackageDependencies
Resolve Package Graph
Fetching from https://github.com/leif-ibsen/ASN1
Fetching from https://github.com/leif-ibsen/Digest
Fetching from https://github.com/leif-ibsen/BigInt
Creating working copy of package ‘BigInt’
Checking out 1.24.0 of package ‘BigInt’
Creating working copy of package ‘Digest’
Checking out 1.13.0 of package ‘Digest’
Creating working copy of package ‘ASN1’
Checking out 2.7.0 of package ‘ASN1’
Resolve Package Graph
Resolved source packages:
  Digest: https://github.com/leif-ibsen/Digest @ 1.13.0
  BigInt: https://github.com/leif-ibsen/BigInt @ 1.24.0
  SwiftECC: /Users/admin/builder/spi-builder-workspace
  ASN1: https://github.com/leif-ibsen/ASN1 @ 2.7.0
resolved source packages: Digest, BigInt, SwiftECC, ASN1
2026-09-22 00:24:11.807 xcodebuild[524:3000] [MT] IDERunDestination: Supported platforms for the buildables in the current scheme is empty.
{
  "dependencies" : [
    {
      "identity" : "asn1",
      "requirement" : {
        "range" : [
          {
            "lower_bound" : "2.7.0",
            "upper_bound" : "3.0.0"
          }
        ]
      },
      "type" : "sourceControl",
      "url" : "https://github.com/leif-ibsen/ASN1"
    },
    {
      "identity" : "bigint",
      "requirement" : {
        "range" : [
          {
            "lower_bound" : "1.21.0",
            "upper_bound" : "2.0.0"
          }
        ]
      },
      "type" : "sourceControl",
      "url" : "https://github.com/leif-ibsen/BigInt"
    },
    {
      "identity" : "digest",
      "requirement" : {
        "range" : [
          {
            "lower_bound" : "1.13.0",
            "upper_bound" : "2.0.0"
          }
        ]
      },
      "type" : "sourceControl",
      "url" : "https://github.com/leif-ibsen/Digest"
    }
  ],
  "manifest_display_name" : "SwiftECC",
  "name" : "SwiftECC",
  "path" : "/Users/admin/builder/spi-builder-workspace",
  "platforms" : [
    {
      "name" : "macos",
      "version" : "10.15"
    },
    {
      "name" : "ios",
      "version" : "13.0"
    },
    {
      "name" : "watchos",
      "version" : "8.0"
    }
  ],
  "products" : [
    {
      "name" : "SwiftECC",
      "targets" : [
        "SwiftECC"
      ],
      "type" : {
        "library" : [
          "automatic"
        ]
      }
    }
  ],
  "targets" : [
    {
      "c99name" : "SwiftECCTests",
      "module_type" : "SwiftTarget",
      "name" : "SwiftECCTests",
      "path" : "Tests/SwiftECCTests",
      "sources" : [
        "BlueTest.swift",
        "BrainpoolTest.swift",
        "CipherTest.swift",
        "CryptoKitTest.swift",
        "DomainTest.swift",
        "ECDHTest.swift",
        "EciesAESGCMTest.swift",
        "EciesChaChaTest.swift",
        "EciesTest.swift",
        "ExceptionTest.swift",
        "FuzzTest.swift",
        "GCMTest.swift",
        "KeysEncryptedTest.swift",
        "KeysTest.swift",
        "PEMTest.swift",
        "PointTest.swift",
        "SignatureDetTest.swift",
        "SignatureTest.swift",
        "Test29.swift",
        "Test4.swift",
        "VerifyTest.swift",
        "ZTest.swift"
      ],
      "target_dependencies" : [
        "SwiftECC"
      ],
      "type" : "test"
    },
    {
      "c99name" : "SwiftECC",
      "module_type" : "SwiftTarget",
      "name" : "SwiftECC",
      "path" : "Sources/SwiftECC",
      "product_dependencies" : [
        "BigInt",
        "ASN1",
        "Digest"
      ],
      "product_memberships" : [
        "SwiftECC"
      ],
      "sources" : [
        "Cipher/AES.swift",
        "Cipher/CBCCipher.swift",
        "Cipher/CFBCipher.swift",
        "Cipher/CTRCipher.swift",
        "Cipher/Cipher.swift",
        "Cipher/DeterministicK.swift",
        "Cipher/ECBCipher.swift",
        "Cipher/GCMCipher.swift",
        "Cipher/OFBCipher.swift",
        "Cipher/PBE.swift",
        "Curve.swift",
        "Domain.swift",
        "Domain2/BitVector.swift",
        "Domain2/Domain2.swift",
        "Domain2/EC163.swift",
        "Domain2/EC233.swift",
        "Domain2/EC283.swift",
        "Domain2/EC409.swift",
        "Domain2/EC571.swift",
        "Domain2/Point2.swift",
        "DomainP/BP160.swift",
        "DomainP/BP192.swift",
        "DomainP/BP224.swift",
        "DomainP/BP256.swift",
        "DomainP/BP320.swift",
        "DomainP/BP384.swift",
        "DomainP/BP512.swift",
        "DomainP/DomainP.swift",
        "DomainP/EC192.swift",
        "DomainP/EC224.swift",
        "DomainP/EC256.swift",
        "DomainP/EC384.swift",
        "DomainP/EC521.swift",
        "Exception.swift",
        "Point.swift",
        "PrivateKey.swift",
        "PublicKey.swift",
        "RP.swift",
        "Signature.swift"
      ],
      "type" : "library"
    }
  ],
  "tools_version" : "5.9"
}
{
  "workspace" : {
    "name" : "SwiftECC",
    "schemes" : [
      "SwiftECC"
    ]
  }
}
2026-09-22 00:24:43.737 xcodebuild[733:4282] [MT] IDERunDestination: Supported platforms for the buildables in the current scheme is empty.
Running build ...
env DEVELOPER_DIR=/Applications/Xcode-27.0.0-Release.Candidate.app xcrun xcodebuild -IDEClonedSourcePackagesDirPathOverride=$PWD/.dependencies -skipMacroValidation -skipPackagePluginValidation -derivedDataPath $PWD/.derivedData build -scheme SwiftECC -destination generic/platform=watchOS
Command line invocation:
    /Applications/Xcode-27.0.0-Release.Candidate.app/Contents/Developer/usr/bin/xcodebuild -IDEClonedSourcePackagesDirPathOverride=/Users/admin/builder/spi-builder-workspace/.dependencies -skipMacroValidation -skipPackagePluginValidation -derivedDataPath /Users/admin/builder/spi-builder-workspace/.derivedData build -scheme SwiftECC -destination generic/platform=watchOS
Resolve Package Graph
Resolve Package Graph
Resolved source packages:
  SwiftECC: /Users/admin/builder/spi-builder-workspace
  ASN1: https://github.com/leif-ibsen/ASN1 @ 2.7.0
  BigInt: https://github.com/leif-ibsen/BigInt @ 1.24.0
  Digest: https://github.com/leif-ibsen/Digest @ 1.13.0
ComputePackagePrebuildTargetDependencyGraph
Prepare packages
CreateBuildRequest
SendProjectDescription
CreateBuildOperation
ComputeTargetDependencyGraph
note: Building targets in dependency order
note: Target dependency graph (8 targets)
    Target 'SwiftECC-product' in project 'SwiftECC'
        ➜ Explicit dependency on target 'SwiftECC' in project 'SwiftECC'
        ➜ Explicit dependency on target 'BigInt-product' in project 'BigInt'
        ➜ Explicit dependency on target 'ASN1-product' in project 'ASN1'
        ➜ Explicit dependency on target 'Digest-product' in project 'Digest'
    Target 'SwiftECC' in project 'SwiftECC'
        ➜ Explicit dependency on target 'BigInt-product' in project 'BigInt'
        ➜ Explicit dependency on target 'ASN1-product' in project 'ASN1'
        ➜ Explicit dependency on target 'Digest-product' in project 'Digest'
    Target 'Digest-product' in project 'Digest'
        ➜ Explicit dependency on target 'Digest' in project 'Digest'
    Target 'Digest' in project 'Digest' (no dependencies)
    Target 'ASN1-product' in project 'ASN1'
        ➜ Explicit dependency on target 'ASN1' in project 'ASN1'
        ➜ Explicit dependency on target 'BigInt-product' in project 'BigInt'
    Target 'ASN1' in project 'ASN1'
        ➜ Explicit dependency on target 'BigInt-product' in project 'BigInt'
    Target 'BigInt-product' in project 'BigInt'
        ➜ Explicit dependency on target 'BigInt' in project 'BigInt'
    Target 'BigInt' in project 'BigInt' (no dependencies)
GatherProvisioningInputs
CreateBuildDescription
ExecuteExternalTool /Applications/Xcode-27.0.0-Release.Candidate.app/Contents/Developer/Toolchains/XcodeDefault.xctoolchain/usr/bin/swiftc --version
ExecuteExternalTool /Applications/Xcode-27.0.0-Release.Candidate.app/Contents/Developer/Toolchains/XcodeDefault.xctoolchain/usr/bin/clang -v -E -dM -isysroot /Applications/Xcode-27.0.0-Release.Candidate.app/Contents/Developer/Platforms/WatchOS.platform/Developer/SDKs/WatchOS27.0.sdk -x c -c /dev/null
ExecuteExternalTool /Applications/Xcode-27.0.0-Release.Candidate.app/Contents/Developer/Toolchains/XcodeDefault.xctoolchain/usr/bin/ld -version_details
ReadFileContents /Applications/Xcode-27.0.0-Release.Candidate.app/Contents/Developer/Toolchains/XcodeDefault.xctoolchain/usr/share/docc/features.json
Build description signature: 017d5aae7d3363c0b4bab44c45bdecb6
Build description path: /Users/admin/builder/spi-builder-workspace/.derivedData/Build/Intermediates.noindex/XCBuildData/017d5aae7d3363c0b4bab44c45bdecb6.xcbuilddata
CreateBuildDirectory /Users/admin/builder/spi-builder-workspace/.derivedData/SDKExplicitPrecompiledModules
    cd /Users/admin/builder/spi-builder-workspace/.swiftpm/xcode
    builtin-create-build-directory /Users/admin/builder/spi-builder-workspace/.derivedData/SDKExplicitPrecompiledModules
CreateBuildDirectory /Users/admin/builder/spi-builder-workspace/.derivedData/ModuleCache.noindex
    cd /Users/admin/builder/spi-builder-workspace/.swiftpm/xcode
    builtin-create-build-directory /Users/admin/builder/spi-builder-workspace/.derivedData/ModuleCache.noindex
CreateBuildDirectory /Users/admin/builder/spi-builder-workspace/.derivedData/CompilationCache.noindex
    cd /Users/admin/builder/spi-builder-workspace/.swiftpm/xcode
    builtin-create-build-directory /Users/admin/builder/spi-builder-workspace/.derivedData/CompilationCache.noindex
ClangStatCache /Applications/Xcode-27.0.0-Release.Candidate.app/Contents/Developer/Toolchains/XcodeDefault.xctoolchain/usr/bin/clang-stat-cache /Applications/Xcode-27.0.0-Release.Candidate.app/Contents/Developer/Platforms/WatchOS.platform/Developer/SDKs/WatchOS27.0.sdk /Users/admin/builder/spi-builder-workspace/.derivedData/SDKStatCaches.noindex/watchos27.0-24R360-e829b21a6f8c9b70876ba0858053c04477534ef55a1706bf4c1112bbb242f0a2.sdkstatcache
    cd /Users/admin/builder/spi-builder-workspace/.swiftpm/xcode
    /Applications/Xcode-27.0.0-Release.Candidate.app/Contents/Developer/Toolchains/XcodeDefault.xctoolchain/usr/bin/clang-stat-cache /Applications/Xcode-27.0.0-Release.Candidate.app/Contents/Developer/Platforms/WatchOS.platform/Developer/SDKs/WatchOS27.0.sdk -o /Users/admin/builder/spi-builder-workspace/.derivedData/SDKStatCaches.noindex/watchos27.0-24R360-e829b21a6f8c9b70876ba0858053c04477534ef55a1706bf4c1112bbb242f0a2.sdkstatcache
CreateBuildDirectory /Users/admin/builder/spi-builder-workspace/.derivedData/Build/Products
    cd /Users/admin/builder/spi-builder-workspace/.swiftpm/xcode
    builtin-create-build-directory /Users/admin/builder/spi-builder-workspace/.derivedData/Build/Products
CreateBuildDirectory /Users/admin/builder/spi-builder-workspace/.derivedData/Build/Intermediates.noindex
    cd /Users/admin/builder/spi-builder-workspace/.swiftpm/xcode
    builtin-create-build-directory /Users/admin/builder/spi-builder-workspace/.derivedData/Build/Intermediates.noindex
CreateBuildDirectory /Users/admin/builder/spi-builder-workspace/.derivedData/Build/Products/Debug-watchos
    cd /Users/admin/builder/spi-builder-workspace/.swiftpm/xcode
    builtin-create-build-directory /Users/admin/builder/spi-builder-workspace/.derivedData/Build/Products/Debug-watchos
CreateBuildDirectory /Users/admin/builder/spi-builder-workspace/.derivedData/Build/Intermediates.noindex/ExplicitPrecompiledModules
    cd /Users/admin/builder/spi-builder-workspace/.swiftpm/xcode
    builtin-create-build-directory /Users/admin/builder/spi-builder-workspace/.derivedData/Build/Intermediates.noindex/ExplicitPrecompiledModules
CreateBuildDirectory /Users/admin/builder/spi-builder-workspace/.derivedData/Build/Intermediates.noindex/SwiftExplicitPrecompiledModules
    cd /Users/admin/builder/spi-builder-workspace/.swiftpm/xcode
    builtin-create-build-directory /Users/admin/builder/spi-builder-workspace/.derivedData/Build/Intermediates.noindex/SwiftExplicitPrecompiledModules
CreateBuildDirectory /Users/admin/builder/spi-builder-workspace/.derivedData/Build/Intermediates.noindex/PrecompiledHeaders
    cd /Users/admin/builder/spi-builder-workspace/.swiftpm/xcode
    builtin-create-build-directory /Users/admin/builder/spi-builder-workspace/.derivedData/Build/Intermediates.noindex/PrecompiledHeaders
CreateBuildDirectory /Users/admin/builder/spi-builder-workspace/.derivedData/Build/Intermediates.noindex/EagerLinkingTBDs/Debug-watchos
    cd /Users/admin/builder/spi-builder-workspace/.swiftpm/xcode
    builtin-create-build-directory /Users/admin/builder/spi-builder-workspace/.derivedData/Build/Intermediates.noindex/EagerLinkingTBDs/Debug-watchos
CreateBuildDirectory /Users/admin/builder/spi-builder-workspace/.derivedData/Build/Products/Debug-watchos/PackageFrameworks
    cd /Users/admin/builder/spi-builder-workspace/.swiftpm/xcode
    builtin-create-build-directory /Users/admin/builder/spi-builder-workspace/.derivedData/Build/Products/Debug-watchos/PackageFrameworks
WriteAuxiliaryFile /Users/admin/builder/spi-builder-workspace/.derivedData/Build/Intermediates.noindex/SwiftECC.build/Debug-watchos/SwiftECC-t.build/SwiftECC.DependencyStaticMetadataFileList (in target 'SwiftECC' from project 'SwiftECC')
    cd /Users/admin/builder/spi-builder-workspace
    write-file /Users/admin/builder/spi-builder-workspace/.derivedData/Build/Intermediates.noindex/SwiftECC.build/Debug-watchos/SwiftECC-t.build/SwiftECC.DependencyStaticMetadataFileList
WriteAuxiliaryFile /Users/admin/builder/spi-builder-workspace/.derivedData/Build/Intermediates.noindex/SwiftECC.build/Debug-watchos/SwiftECC-t.build/SwiftECC.DependencyMetadataFileList (in target 'SwiftECC' from project 'SwiftECC')
    cd /Users/admin/builder/spi-builder-workspace
    write-file /Users/admin/builder/spi-builder-workspace/.derivedData/Build/Intermediates.noindex/SwiftECC.build/Debug-watchos/SwiftECC-t.build/SwiftECC.DependencyMetadataFileList
WriteAuxiliaryFile /Users/admin/builder/spi-builder-workspace/.derivedData/Build/Intermediates.noindex/SwiftECC.build/Debug-watchos/SwiftECC-t.build/SwiftECC.modulemap (in target 'SwiftECC' from project 'SwiftECC')
    cd /Users/admin/builder/spi-builder-workspace
    write-file /Users/admin/builder/spi-builder-workspace/.derivedData/Build/Intermediates.noindex/SwiftECC.build/Debug-watchos/SwiftECC-t.build/SwiftECC.modulemap
WriteAuxiliaryFile /Users/admin/builder/spi-builder-workspace/.derivedData/Build/Intermediates.noindex/SwiftECC.build/Debug-watchos/SwiftECC-t.build/Objects-normal/arm64_32/SwiftECC.LinkFileList (in target 'SwiftECC' from project 'SwiftECC')
    cd /Users/admin/builder/spi-builder-workspace
    write-file /Users/admin/builder/spi-builder-workspace/.derivedData/Build/Intermediates.noindex/SwiftECC.build/Debug-watchos/SwiftECC-t.build/Objects-normal/arm64_32/SwiftECC.LinkFileList
WriteAuxiliaryFile /Users/admin/builder/spi-builder-workspace/.derivedData/Build/Intermediates.noindex/SwiftECC.build/Debug-watchos/SwiftECC-t.build/Objects-normal/arm64_32/SwiftECC-OutputFileMap.json (in target 'SwiftECC' from project 'SwiftECC')
    cd /Users/admin/builder/spi-builder-workspace
    write-file /Users/admin/builder/spi-builder-workspace/.derivedData/Build/Intermediates.noindex/SwiftECC.build/Debug-watchos/SwiftECC-t.build/Objects-normal/arm64_32/SwiftECC-OutputFileMap.json
WriteAuxiliaryFile /Users/admin/builder/spi-builder-workspace/.derivedData/Build/Intermediates.noindex/SwiftECC.build/Debug-watchos/SwiftECC-t.build/Objects-normal/arm64_32/SwiftECC.SwiftConstValuesFileList (in target 'SwiftECC' from project 'SwiftECC')
    cd /Users/admin/builder/spi-builder-workspace
    write-file /Users/admin/builder/spi-builder-workspace/.derivedData/Build/Intermediates.noindex/SwiftECC.build/Debug-watchos/SwiftECC-t.build/Objects-normal/arm64_32/SwiftECC.SwiftConstValuesFileList
WriteAuxiliaryFile /Users/admin/builder/spi-builder-workspace/.derivedData/Build/Intermediates.noindex/SwiftECC.build/Debug-watchos/SwiftECC-t.build/Objects-normal/arm64_32/SwiftECC_const_extract_protocols.json (in target 'SwiftECC' from project 'SwiftECC')
    cd /Users/admin/builder/spi-builder-workspace
    write-file /Users/admin/builder/spi-builder-workspace/.derivedData/Build/Intermediates.noindex/SwiftECC.build/Debug-watchos/SwiftECC-t.build/Objects-normal/arm64_32/SwiftECC_const_extract_protocols.json
WriteAuxiliaryFile /Users/admin/builder/spi-builder-workspace/.derivedData/Build/Intermediates.noindex/SwiftECC.build/Debug-watchos/SwiftECC-t.build/Objects-normal/arm64_32/SwiftECC.SwiftFileList (in target 'SwiftECC' from project 'SwiftECC')
    cd /Users/admin/builder/spi-builder-workspace
    write-file /Users/admin/builder/spi-builder-workspace/.derivedData/Build/Intermediates.noindex/SwiftECC.build/Debug-watchos/SwiftECC-t.build/Objects-normal/arm64_32/SwiftECC.SwiftFileList
WriteAuxiliaryFile /Users/admin/builder/spi-builder-workspace/.derivedData/Build/Intermediates.noindex/SwiftECC.build/Debug-watchos/SwiftECC-t.build/Objects-normal/arm64/SwiftECC_const_extract_protocols.json (in target 'SwiftECC' from project 'SwiftECC')
    cd /Users/admin/builder/spi-builder-workspace
    write-file /Users/admin/builder/spi-builder-workspace/.derivedData/Build/Intermediates.noindex/SwiftECC.build/Debug-watchos/SwiftECC-t.build/Objects-normal/arm64/SwiftECC_const_extract_protocols.json
WriteAuxiliaryFile /Users/admin/builder/spi-builder-workspace/.derivedData/Build/Intermediates.noindex/SwiftECC.build/Debug-watchos/SwiftECC-t.build/Objects-normal/arm64/SwiftECC.SwiftFileList (in target 'SwiftECC' from project 'SwiftECC')
    cd /Users/admin/builder/spi-builder-workspace
    write-file /Users/admin/builder/spi-builder-workspace/.derivedData/Build/Intermediates.noindex/SwiftECC.build/Debug-watchos/SwiftECC-t.build/Objects-normal/arm64/SwiftECC.SwiftFileList
WriteAuxiliaryFile /Users/admin/builder/spi-builder-workspace/.derivedData/Build/Intermediates.noindex/SwiftECC.build/Debug-watchos/SwiftECC-t.build/Objects-normal/arm64/SwiftECC.SwiftConstValuesFileList (in target 'SwiftECC' from project 'SwiftECC')
    cd /Users/admin/builder/spi-builder-workspace
    write-file /Users/admin/builder/spi-builder-workspace/.derivedData/Build/Intermediates.noindex/SwiftECC.build/Debug-watchos/SwiftECC-t.build/Objects-normal/arm64/SwiftECC.SwiftConstValuesFileList
WriteAuxiliaryFile /Users/admin/builder/spi-builder-workspace/.derivedData/Build/Intermediates.noindex/SwiftECC.build/Debug-watchos/SwiftECC-t.build/Objects-normal/arm64/SwiftECC.LinkFileList (in target 'SwiftECC' from project 'SwiftECC')
    cd /Users/admin/builder/spi-builder-workspace
    write-file /Users/admin/builder/spi-builder-workspace/.derivedData/Build/Intermediates.noindex/SwiftECC.build/Debug-watchos/SwiftECC-t.build/Objects-normal/arm64/SwiftECC.LinkFileList
WriteAuxiliaryFile /Users/admin/builder/spi-builder-workspace/.derivedData/Build/Intermediates.noindex/SwiftECC.build/Debug-watchos/SwiftECC-t.build/Objects-normal/arm64/SwiftECC-OutputFileMap.json (in target 'SwiftECC' from project 'SwiftECC')
    cd /Users/admin/builder/spi-builder-workspace
    write-file /Users/admin/builder/spi-builder-workspace/.derivedData/Build/Intermediates.noindex/SwiftECC.build/Debug-watchos/SwiftECC-t.build/Objects-normal/arm64/SwiftECC-OutputFileMap.json
Copy /Users/admin/builder/spi-builder-workspace/.derivedData/Build/Intermediates.noindex/GeneratedModuleMaps-watchos/SwiftECC.modulemap /Users/admin/builder/spi-builder-workspace/.derivedData/Build/Intermediates.noindex/SwiftECC.build/Debug-watchos/SwiftECC-t.build/SwiftECC.modulemap (in target 'SwiftECC' from project 'SwiftECC')
    cd /Users/admin/builder/spi-builder-workspace
    builtin-copy -exclude .DS_Store -exclude CVS -exclude .svn -exclude .git -exclude .hg -resolve-src-symlinks /Users/admin/builder/spi-builder-workspace/.derivedData/Build/Intermediates.noindex/SwiftECC.build/Debug-watchos/SwiftECC-t.build/SwiftECC.modulemap /Users/admin/builder/spi-builder-workspace/.derivedData/Build/Intermediates.noindex/GeneratedModuleMaps-watchos
WriteAuxiliaryFile /Users/admin/builder/spi-builder-workspace/.derivedData/Build/Intermediates.noindex/Digest.build/Debug-watchos/Digest-t.build/Objects-normal/arm64_32/Digest_const_extract_protocols.json (in target 'Digest' from project 'Digest')
    cd /Users/admin/builder/spi-builder-workspace/.dependencies/checkouts/Digest
    write-file /Users/admin/builder/spi-builder-workspace/.derivedData/Build/Intermediates.noindex/Digest.build/Debug-watchos/Digest-t.build/Objects-normal/arm64_32/Digest_const_extract_protocols.json
WriteAuxiliaryFile /Users/admin/builder/spi-builder-workspace/.derivedData/Build/Intermediates.noindex/Digest.build/Debug-watchos/Digest-t.build/Objects-normal/arm64_32/Digest-OutputFileMap.json (in target 'Digest' from project 'Digest')
    cd /Users/admin/builder/spi-builder-workspace/.dependencies/checkouts/Digest
    write-file /Users/admin/builder/spi-builder-workspace/.derivedData/Build/Intermediates.noindex/Digest.build/Debug-watchos/Digest-t.build/Objects-normal/arm64_32/Digest-OutputFileMap.json
WriteAuxiliaryFile /Users/admin/builder/spi-builder-workspace/.derivedData/Build/Intermediates.noindex/Digest.build/Debug-watchos/Digest-t.build/Objects-normal/arm64_32/Digest.LinkFileList (in target 'Digest' from project 'Digest')
    cd /Users/admin/builder/spi-builder-workspace/.dependencies/checkouts/Digest
    write-file /Users/admin/builder/spi-builder-workspace/.derivedData/Build/Intermediates.noindex/Digest.build/Debug-watchos/Digest-t.build/Objects-normal/arm64_32/Digest.LinkFileList
WriteAuxiliaryFile /Users/admin/builder/spi-builder-workspace/.derivedData/Build/Intermediates.noindex/Digest.build/Debug-watchos/Digest-t.build/Objects-normal/arm64_32/Digest.SwiftFileList (in target 'Digest' from project 'Digest')
    cd /Users/admin/builder/spi-builder-workspace/.dependencies/checkouts/Digest
    write-file /Users/admin/builder/spi-builder-workspace/.derivedData/Build/Intermediates.noindex/Digest.build/Debug-watchos/Digest-t.build/Objects-normal/arm64_32/Digest.SwiftFileList
WriteAuxiliaryFile /Users/admin/builder/spi-builder-workspace/.derivedData/Build/Intermediates.noindex/Digest.build/Debug-watchos/Digest-t.build/Objects-normal/arm64_32/Digest.SwiftConstValuesFileList (in target 'Digest' from project 'Digest')
    cd /Users/admin/builder/spi-builder-workspace/.dependencies/checkouts/Digest
    write-file /Users/admin/builder/spi-builder-workspace/.derivedData/Build/Intermediates.noindex/Digest.build/Debug-watchos/Digest-t.build/Objects-normal/arm64_32/Digest.SwiftConstValuesFileList
WriteAuxiliaryFile /Users/admin/builder/spi-builder-workspace/.derivedData/Build/Intermediates.noindex/Digest.build/Debug-watchos/Digest-t.build/Objects-normal/arm64/Digest_const_extract_protocols.json (in target 'Digest' from project 'Digest')
    cd /Users/admin/builder/spi-builder-workspace/.dependencies/checkouts/Digest
    write-file /Users/admin/builder/spi-builder-workspace/.derivedData/Build/Intermediates.noindex/Digest.build/Debug-watchos/Digest-t.build/Objects-normal/arm64/Digest_const_extract_protocols.json
WriteAuxiliaryFile /Users/admin/builder/spi-builder-workspace/.derivedData/Build/Intermediates.noindex/Digest.build/Debug-watchos/Digest-t.build/Objects-normal/arm64/Digest.SwiftFileList (in target 'Digest' from project 'Digest')
    cd /Users/admin/builder/spi-builder-workspace/.dependencies/checkouts/Digest
    write-file /Users/admin/builder/spi-builder-workspace/.derivedData/Build/Intermediates.noindex/Digest.build/Debug-watchos/Digest-t.build/Objects-normal/arm64/Digest.SwiftFileList
WriteAuxiliaryFile /Users/admin/builder/spi-builder-workspace/.derivedData/Build/Intermediates.noindex/Digest.build/Debug-watchos/Digest-t.build/Objects-normal/arm64/Digest.SwiftConstValuesFileList (in target 'Digest' from project 'Digest')
    cd /Users/admin/builder/spi-builder-workspace/.dependencies/checkouts/Digest
    write-file /Users/admin/builder/spi-builder-workspace/.derivedData/Build/Intermediates.noindex/Digest.build/Debug-watchos/Digest-t.build/Objects-normal/arm64/Digest.SwiftConstValuesFileList
WriteAuxiliaryFile /Users/admin/builder/spi-builder-workspace/.derivedData/Build/Intermediates.noindex/Digest.build/Debug-watchos/Digest-t.build/Objects-normal/arm64/Digest.LinkFileList (in target 'Digest' from project 'Digest')
    cd /Users/admin/builder/spi-builder-workspace/.dependencies/checkouts/Digest
    write-file /Users/admin/builder/spi-builder-workspace/.derivedData/Build/Intermediates.noindex/Digest.build/Debug-watchos/Digest-t.build/Objects-normal/arm64/Digest.LinkFileList
WriteAuxiliaryFile /Users/admin/builder/spi-builder-workspace/.derivedData/Build/Intermediates.noindex/Digest.build/Debug-watchos/Digest-t.build/Objects-normal/arm64/Digest-OutputFileMap.json (in target 'Digest' from project 'Digest')
    cd /Users/admin/builder/spi-builder-workspace/.dependencies/checkouts/Digest
    write-file /Users/admin/builder/spi-builder-workspace/.derivedData/Build/Intermediates.noindex/Digest.build/Debug-watchos/Digest-t.build/Objects-normal/arm64/Digest-OutputFileMap.json
WriteAuxiliaryFile /Users/admin/builder/spi-builder-workspace/.derivedData/Build/Intermediates.noindex/Digest.build/Debug-watchos/Digest-t.build/Digest.modulemap (in target 'Digest' from project 'Digest')
    cd /Users/admin/builder/spi-builder-workspace/.dependencies/checkouts/Digest
    write-file /Users/admin/builder/spi-builder-workspace/.derivedData/Build/Intermediates.noindex/Digest.build/Debug-watchos/Digest-t.build/Digest.modulemap
WriteAuxiliaryFile /Users/admin/builder/spi-builder-workspace/.derivedData/Build/Intermediates.noindex/Digest.build/Debug-watchos/Digest-t.build/Digest.DependencyStaticMetadataFileList (in target 'Digest' from project 'Digest')
    cd /Users/admin/builder/spi-builder-workspace/.dependencies/checkouts/Digest
    write-file /Users/admin/builder/spi-builder-workspace/.derivedData/Build/Intermediates.noindex/Digest.build/Debug-watchos/Digest-t.build/Digest.DependencyStaticMetadataFileList
WriteAuxiliaryFile /Users/admin/builder/spi-builder-workspace/.derivedData/Build/Intermediates.noindex/Digest.build/Debug-watchos/Digest-t.build/Digest.DependencyMetadataFileList (in target 'Digest' from project 'Digest')
    cd /Users/admin/builder/spi-builder-workspace/.dependencies/checkouts/Digest
    write-file /Users/admin/builder/spi-builder-workspace/.derivedData/Build/Intermediates.noindex/Digest.build/Debug-watchos/Digest-t.build/Digest.DependencyMetadataFileList
WriteAuxiliaryFile /Users/admin/builder/spi-builder-workspace/.derivedData/Build/Intermediates.noindex/BigInt.build/Debug-watchos/BigInt-t.build/Objects-normal/arm64_32/BigInt.SwiftFileList (in target 'BigInt' from project 'BigInt')
    cd /Users/admin/builder/spi-builder-workspace/.dependencies/checkouts/BigInt
    write-file /Users/admin/builder/spi-builder-workspace/.derivedData/Build/Intermediates.noindex/BigInt.build/Debug-watchos/BigInt-t.build/Objects-normal/arm64_32/BigInt.SwiftFileList
WriteAuxiliaryFile /Users/admin/builder/spi-builder-workspace/.derivedData/Build/Intermediates.noindex/BigInt.build/Debug-watchos/BigInt-t.build/Objects-normal/arm64_32/BigInt_const_extract_protocols.json (in target 'BigInt' from project 'BigInt')
    cd /Users/admin/builder/spi-builder-workspace/.dependencies/checkouts/BigInt
    write-file /Users/admin/builder/spi-builder-workspace/.derivedData/Build/Intermediates.noindex/BigInt.build/Debug-watchos/BigInt-t.build/Objects-normal/arm64_32/BigInt_const_extract_protocols.json
WriteAuxiliaryFile /Users/admin/builder/spi-builder-workspace/.derivedData/Build/Intermediates.noindex/BigInt.build/Debug-watchos/BigInt-t.build/Objects-normal/arm64_32/BigInt.SwiftConstValuesFileList (in target 'BigInt' from project 'BigInt')
    cd /Users/admin/builder/spi-builder-workspace/.dependencies/checkouts/BigInt
    write-file /Users/admin/builder/spi-builder-workspace/.derivedData/Build/Intermediates.noindex/BigInt.build/Debug-watchos/BigInt-t.build/Objects-normal/arm64_32/BigInt.SwiftConstValuesFileList
WriteAuxiliaryFile /Users/admin/builder/spi-builder-workspace/.derivedData/Build/Intermediates.noindex/BigInt.build/Debug-watchos/BigInt-t.build/Objects-normal/arm64_32/BigInt.LinkFileList (in target 'BigInt' from project 'BigInt')
    cd /Users/admin/builder/spi-builder-workspace/.dependencies/checkouts/BigInt
    write-file /Users/admin/builder/spi-builder-workspace/.derivedData/Build/Intermediates.noindex/BigInt.build/Debug-watchos/BigInt-t.build/Objects-normal/arm64_32/BigInt.LinkFileList
WriteAuxiliaryFile /Users/admin/builder/spi-builder-workspace/.derivedData/Build/Intermediates.noindex/BigInt.build/Debug-watchos/BigInt-t.build/Objects-normal/arm64_32/BigInt-OutputFileMap.json (in target 'BigInt' from project 'BigInt')
    cd /Users/admin/builder/spi-builder-workspace/.dependencies/checkouts/BigInt
    write-file /Users/admin/builder/spi-builder-workspace/.derivedData/Build/Intermediates.noindex/BigInt.build/Debug-watchos/BigInt-t.build/Objects-normal/arm64_32/BigInt-OutputFileMap.json
WriteAuxiliaryFile /Users/admin/builder/spi-builder-workspace/.derivedData/Build/Intermediates.noindex/BigInt.build/Debug-watchos/BigInt-t.build/Objects-normal/arm64/BigInt.LinkFileList (in target 'BigInt' from project 'BigInt')
    cd /Users/admin/builder/spi-builder-workspace/.dependencies/checkouts/BigInt
    write-file /Users/admin/builder/spi-builder-workspace/.derivedData/Build/Intermediates.noindex/BigInt.build/Debug-watchos/BigInt-t.build/Objects-normal/arm64/BigInt.LinkFileList
WriteAuxiliaryFile /Users/admin/builder/spi-builder-workspace/.derivedData/Build/Intermediates.noindex/BigInt.build/Debug-watchos/BigInt-t.build/Objects-normal/arm64/BigInt.SwiftFileList (in target 'BigInt' from project 'BigInt')
    cd /Users/admin/builder/spi-builder-workspace/.dependencies/checkouts/BigInt
    write-file /Users/admin/builder/spi-builder-workspace/.derivedData/Build/Intermediates.noindex/BigInt.build/Debug-watchos/BigInt-t.build/Objects-normal/arm64/BigInt.SwiftFileList
WriteAuxiliaryFile /Users/admin/builder/spi-builder-workspace/.derivedData/Build/Intermediates.noindex/BigInt.build/Debug-watchos/BigInt-t.build/Objects-normal/arm64/BigInt_const_extract_protocols.json (in target 'BigInt' from project 'BigInt')
    cd /Users/admin/builder/spi-builder-workspace/.dependencies/checkouts/BigInt
    write-file /Users/admin/builder/spi-builder-workspace/.derivedData/Build/Intermediates.noindex/BigInt.build/Debug-watchos/BigInt-t.build/Objects-normal/arm64/BigInt_const_extract_protocols.json
WriteAuxiliaryFile /Users/admin/builder/spi-builder-workspace/.derivedData/Build/Intermediates.noindex/BigInt.build/Debug-watchos/BigInt-t.build/Objects-normal/arm64/BigInt.SwiftConstValuesFileList (in target 'BigInt' from project 'BigInt')
    cd /Users/admin/builder/spi-builder-workspace/.dependencies/checkouts/BigInt
    write-file /Users/admin/builder/spi-builder-workspace/.derivedData/Build/Intermediates.noindex/BigInt.build/Debug-watchos/BigInt-t.build/Objects-normal/arm64/BigInt.SwiftConstValuesFileList
Copy /Users/admin/builder/spi-builder-workspace/.derivedData/Build/Intermediates.noindex/GeneratedModuleMaps-watchos/Digest.modulemap /Users/admin/builder/spi-builder-workspace/.derivedData/Build/Intermediates.noindex/Digest.build/Debug-watchos/Digest-t.build/Digest.modulemap (in target 'Digest' from project 'Digest')
    cd /Users/admin/builder/spi-builder-workspace/.dependencies/checkouts/Digest
    builtin-copy -exclude .DS_Store -exclude CVS -exclude .svn -exclude .git -exclude .hg -resolve-src-symlinks /Users/admin/builder/spi-builder-workspace/.derivedData/Build/Intermediates.noindex/Digest.build/Debug-watchos/Digest-t.build/Digest.modulemap /Users/admin/builder/spi-builder-workspace/.derivedData/Build/Intermediates.noindex/GeneratedModuleMaps-watchos
WriteAuxiliaryFile /Users/admin/builder/spi-builder-workspace/.derivedData/Build/Intermediates.noindex/BigInt.build/Debug-watchos/BigInt-t.build/Objects-normal/arm64/BigInt-OutputFileMap.json (in target 'BigInt' from project 'BigInt')
    cd /Users/admin/builder/spi-builder-workspace/.dependencies/checkouts/BigInt
    write-file /Users/admin/builder/spi-builder-workspace/.derivedData/Build/Intermediates.noindex/BigInt.build/Debug-watchos/BigInt-t.build/Objects-normal/arm64/BigInt-OutputFileMap.json
WriteAuxiliaryFile /Users/admin/builder/spi-builder-workspace/.derivedData/Build/Intermediates.noindex/BigInt.build/Debug-watchos/BigInt-t.build/BigInt.modulemap (in target 'BigInt' from project 'BigInt')
    cd /Users/admin/builder/spi-builder-workspace/.dependencies/checkouts/BigInt
    write-file /Users/admin/builder/spi-builder-workspace/.derivedData/Build/Intermediates.noindex/BigInt.build/Debug-watchos/BigInt-t.build/BigInt.modulemap
WriteAuxiliaryFile /Users/admin/builder/spi-builder-workspace/.derivedData/Build/Intermediates.noindex/BigInt.build/Debug-watchos/BigInt-t.build/BigInt.DependencyStaticMetadataFileList (in target 'BigInt' from project 'BigInt')
    cd /Users/admin/builder/spi-builder-workspace/.dependencies/checkouts/BigInt
    write-file /Users/admin/builder/spi-builder-workspace/.derivedData/Build/Intermediates.noindex/BigInt.build/Debug-watchos/BigInt-t.build/BigInt.DependencyStaticMetadataFileList
WriteAuxiliaryFile /Users/admin/builder/spi-builder-workspace/.derivedData/Build/Intermediates.noindex/BigInt.build/Debug-watchos/BigInt-t.build/BigInt.DependencyMetadataFileList (in target 'BigInt' from project 'BigInt')
    cd /Users/admin/builder/spi-builder-workspace/.dependencies/checkouts/BigInt
    write-file /Users/admin/builder/spi-builder-workspace/.derivedData/Build/Intermediates.noindex/BigInt.build/Debug-watchos/BigInt-t.build/BigInt.DependencyMetadataFileList
WriteAuxiliaryFile /Users/admin/builder/spi-builder-workspace/.derivedData/Build/Intermediates.noindex/ASN1.build/Debug-watchos/ASN1-t.build/Objects-normal/arm64_32/ASN1_const_extract_protocols.json (in target 'ASN1' from project 'ASN1')
    cd /Users/admin/builder/spi-builder-workspace/.dependencies/checkouts/ASN1
    write-file /Users/admin/builder/spi-builder-workspace/.derivedData/Build/Intermediates.noindex/ASN1.build/Debug-watchos/ASN1-t.build/Objects-normal/arm64_32/ASN1_const_extract_protocols.json
WriteAuxiliaryFile /Users/admin/builder/spi-builder-workspace/.derivedData/Build/Intermediates.noindex/ASN1.build/Debug-watchos/ASN1-t.build/Objects-normal/arm64_32/ASN1.SwiftFileList (in target 'ASN1' from project 'ASN1')
    cd /Users/admin/builder/spi-builder-workspace/.dependencies/checkouts/ASN1
    write-file /Users/admin/builder/spi-builder-workspace/.derivedData/Build/Intermediates.noindex/ASN1.build/Debug-watchos/ASN1-t.build/Objects-normal/arm64_32/ASN1.SwiftFileList
WriteAuxiliaryFile /Users/admin/builder/spi-builder-workspace/.derivedData/Build/Intermediates.noindex/ASN1.build/Debug-watchos/ASN1-t.build/Objects-normal/arm64_32/ASN1.SwiftConstValuesFileList (in target 'ASN1' from project 'ASN1')
    cd /Users/admin/builder/spi-builder-workspace/.dependencies/checkouts/ASN1
    write-file /Users/admin/builder/spi-builder-workspace/.derivedData/Build/Intermediates.noindex/ASN1.build/Debug-watchos/ASN1-t.build/Objects-normal/arm64_32/ASN1.SwiftConstValuesFileList
WriteAuxiliaryFile /Users/admin/builder/spi-builder-workspace/.derivedData/Build/Intermediates.noindex/ASN1.build/Debug-watchos/ASN1-t.build/Objects-normal/arm64_32/ASN1.LinkFileList (in target 'ASN1' from project 'ASN1')
    cd /Users/admin/builder/spi-builder-workspace/.dependencies/checkouts/ASN1
    write-file /Users/admin/builder/spi-builder-workspace/.derivedData/Build/Intermediates.noindex/ASN1.build/Debug-watchos/ASN1-t.build/Objects-normal/arm64_32/ASN1.LinkFileList
WriteAuxiliaryFile /Users/admin/builder/spi-builder-workspace/.derivedData/Build/Intermediates.noindex/ASN1.build/Debug-watchos/ASN1-t.build/Objects-normal/arm64_32/ASN1-OutputFileMap.json (in target 'ASN1' from project 'ASN1')
    cd /Users/admin/builder/spi-builder-workspace/.dependencies/checkouts/ASN1
    write-file /Users/admin/builder/spi-builder-workspace/.derivedData/Build/Intermediates.noindex/ASN1.build/Debug-watchos/ASN1-t.build/Objects-normal/arm64_32/ASN1-OutputFileMap.json
WriteAuxiliaryFile /Users/admin/builder/spi-builder-workspace/.derivedData/Build/Intermediates.noindex/ASN1.build/Debug-watchos/ASN1-t.build/Objects-normal/arm64/ASN1_const_extract_protocols.json (in target 'ASN1' from project 'ASN1')
    cd /Users/admin/builder/spi-builder-workspace/.dependencies/checkouts/ASN1
    write-file /Users/admin/builder/spi-builder-workspace/.derivedData/Build/Intermediates.noindex/ASN1.build/Debug-watchos/ASN1-t.build/Objects-normal/arm64/ASN1_const_extract_protocols.json
WriteAuxiliaryFile /Users/admin/builder/spi-builder-workspace/.derivedData/Build/Intermediates.noindex/ASN1.build/Debug-watchos/ASN1-t.build/Objects-normal/arm64/ASN1.LinkFileList (in target 'ASN1' from project 'ASN1')
    cd /Users/admin/builder/spi-builder-workspace/.dependencies/checkouts/ASN1
    write-file /Users/admin/builder/spi-builder-workspace/.derivedData/Build/Intermediates.noindex/ASN1.build/Debug-watchos/ASN1-t.build/Objects-normal/arm64/ASN1.LinkFileList
WriteAuxiliaryFile /Users/admin/builder/spi-builder-workspace/.derivedData/Build/Intermediates.noindex/ASN1.build/Debug-watchos/ASN1-t.build/Objects-normal/arm64/ASN1.SwiftConstValuesFileList (in target 'ASN1' from project 'ASN1')
    cd /Users/admin/builder/spi-builder-workspace/.dependencies/checkouts/ASN1
    write-file /Users/admin/builder/spi-builder-workspace/.derivedData/Build/Intermediates.noindex/ASN1.build/Debug-watchos/ASN1-t.build/Objects-normal/arm64/ASN1.SwiftConstValuesFileList
WriteAuxiliaryFile /Users/admin/builder/spi-builder-workspace/.derivedData/Build/Intermediates.noindex/ASN1.build/Debug-watchos/ASN1-t.build/Objects-normal/arm64/ASN1-OutputFileMap.json (in target 'ASN1' from project 'ASN1')
    cd /Users/admin/builder/spi-builder-workspace/.dependencies/checkouts/ASN1
    write-file /Users/admin/builder/spi-builder-workspace/.derivedData/Build/Intermediates.noindex/ASN1.build/Debug-watchos/ASN1-t.build/Objects-normal/arm64/ASN1-OutputFileMap.json
WriteAuxiliaryFile /Users/admin/builder/spi-builder-workspace/.derivedData/Build/Intermediates.noindex/ASN1.build/Debug-watchos/ASN1-t.build/Objects-normal/arm64/ASN1.SwiftFileList (in target 'ASN1' from project 'ASN1')
    cd /Users/admin/builder/spi-builder-workspace/.dependencies/checkouts/ASN1
    write-file /Users/admin/builder/spi-builder-workspace/.derivedData/Build/Intermediates.noindex/ASN1.build/Debug-watchos/ASN1-t.build/Objects-normal/arm64/ASN1.SwiftFileList
Copy /Users/admin/builder/spi-builder-workspace/.derivedData/Build/Intermediates.noindex/GeneratedModuleMaps-watchos/BigInt.modulemap /Users/admin/builder/spi-builder-workspace/.derivedData/Build/Intermediates.noindex/BigInt.build/Debug-watchos/BigInt-t.build/BigInt.modulemap (in target 'BigInt' from project 'BigInt')
    cd /Users/admin/builder/spi-builder-workspace/.dependencies/checkouts/BigInt
    builtin-copy -exclude .DS_Store -exclude CVS -exclude .svn -exclude .git -exclude .hg -resolve-src-symlinks /Users/admin/builder/spi-builder-workspace/.derivedData/Build/Intermediates.noindex/BigInt.build/Debug-watchos/BigInt-t.build/BigInt.modulemap /Users/admin/builder/spi-builder-workspace/.derivedData/Build/Intermediates.noindex/GeneratedModuleMaps-watchos
WriteAuxiliaryFile /Users/admin/builder/spi-builder-workspace/.derivedData/Build/Intermediates.noindex/ASN1.build/Debug-watchos/ASN1-t.build/ASN1.modulemap (in target 'ASN1' from project 'ASN1')
    cd /Users/admin/builder/spi-builder-workspace/.dependencies/checkouts/ASN1
    write-file /Users/admin/builder/spi-builder-workspace/.derivedData/Build/Intermediates.noindex/ASN1.build/Debug-watchos/ASN1-t.build/ASN1.modulemap
WriteAuxiliaryFile /Users/admin/builder/spi-builder-workspace/.derivedData/Build/Intermediates.noindex/ASN1.build/Debug-watchos/ASN1-t.build/ASN1.DependencyStaticMetadataFileList (in target 'ASN1' from project 'ASN1')
    cd /Users/admin/builder/spi-builder-workspace/.dependencies/checkouts/ASN1
    write-file /Users/admin/builder/spi-builder-workspace/.derivedData/Build/Intermediates.noindex/ASN1.build/Debug-watchos/ASN1-t.build/ASN1.DependencyStaticMetadataFileList
WriteAuxiliaryFile /Users/admin/builder/spi-builder-workspace/.derivedData/Build/Intermediates.noindex/ASN1.build/Debug-watchos/ASN1-t.build/ASN1.DependencyMetadataFileList (in target 'ASN1' from project 'ASN1')
    cd /Users/admin/builder/spi-builder-workspace/.dependencies/checkouts/ASN1
    write-file /Users/admin/builder/spi-builder-workspace/.derivedData/Build/Intermediates.noindex/ASN1.build/Debug-watchos/ASN1-t.build/ASN1.DependencyMetadataFileList
Copy /Users/admin/builder/spi-builder-workspace/.derivedData/Build/Intermediates.noindex/GeneratedModuleMaps-watchos/ASN1.modulemap /Users/admin/builder/spi-builder-workspace/.derivedData/Build/Intermediates.noindex/ASN1.build/Debug-watchos/ASN1-t.build/ASN1.modulemap (in target 'ASN1' from project 'ASN1')
    cd /Users/admin/builder/spi-builder-workspace/.dependencies/checkouts/ASN1
    builtin-copy -exclude .DS_Store -exclude CVS -exclude .svn -exclude .git -exclude .hg -resolve-src-symlinks /Users/admin/builder/spi-builder-workspace/.derivedData/Build/Intermediates.noindex/ASN1.build/Debug-watchos/ASN1-t.build/ASN1.modulemap /Users/admin/builder/spi-builder-workspace/.derivedData/Build/Intermediates.noindex/GeneratedModuleMaps-watchos
SwiftDriver BigInt normal arm64 com.apple.xcode.tools.swift.compiler (in target 'BigInt' from project 'BigInt')
    cd /Users/admin/builder/spi-builder-workspace/.swiftpm/xcode
    builtin-SwiftDriver -- /Applications/Xcode-27.0.0-Release.Candidate.app/Contents/Developer/Toolchains/XcodeDefault.xctoolchain/usr/bin/swiftc -parse-as-library -module-name BigInt -Onone @/Users/admin/builder/spi-builder-workspace/.derivedData/Build/Intermediates.noindex/BigInt.build/Debug-watchos/BigInt-t.build/Objects-normal/arm64/BigInt.SwiftFileList -DSWIFT_PACKAGE -DDEBUG -DSWIFT_MODULE_RESOURCE_BUNDLE_UNAVAILABLE -DXcode -plugin-path /Applications/Xcode-27.0.0-Release.Candidate.app/Contents/Developer/Toolchains/XcodeDefault.xctoolchain/usr/lib/swift/host/plugins/testing -enable-experimental-feature DebugDescriptionMacro -sdk /Applications/Xcode-27.0.0-Release.Candidate.app/Contents/Developer/Platforms/WatchOS.platform/Developer/SDKs/WatchOS27.0.sdk -target arm64-apple-watchos9.0 -g -module-cache-path /Users/admin/builder/spi-builder-workspace/.derivedData/ModuleCache.noindex -Xfrontend -serialize-debugging-options -profile-coverage-mapping -profile-generate -enable-testing -suppress-warnings -index-store-path /Users/admin/builder/spi-builder-workspace/.derivedData/Index.noindex/DataStore -Xcc -D_LIBCPP_HARDENING_MODE\=_LIBCPP_HARDENING_MODE_DEBUG -swift-version 5 -I /Users/admin/builder/spi-builder-workspace/.derivedData/Build/Products/Debug-watchos -Isystem /Applications/Xcode-27.0.0-Release.Candidate.app/Contents/Developer/Platforms/WatchOS.platform/Developer/usr/lib -F /Users/admin/builder/spi-builder-workspace/.derivedData/Build/Products/Debug-watchos -F /Applications/Xcode-27.0.0-Release.Candidate.app/Contents/Developer/Platforms/WatchOS.platform/Developer/Library/Frameworks -F /Applications/Xcode-27.0.0-Release.Candidate.app/Contents/Developer/Platforms/WatchOS.platform/Developer/SDKs/WatchOS27.0.sdk/Developer/Library/Frameworks -c -j10 -enable-batch-mode -incremental -Xcc -ivfsstatcache -Xcc /Users/admin/builder/spi-builder-workspace/.derivedData/SDKStatCaches.noindex/watchos27.0-24R360-e829b21a6f8c9b70876ba0858053c04477534ef55a1706bf4c1112bbb242f0a2.sdkstatcache -output-file-map /Users/admin/builder/spi-builder-workspace/.derivedData/Build/Intermediates.noindex/BigInt.build/Debug-watchos/BigInt-t.build/Objects-normal/arm64/BigInt-OutputFileMap.json -save-temps -no-color-diagnostics -explicit-module-build -module-cache-path /Users/admin/builder/spi-builder-workspace/.derivedData/Build/Intermediates.noindex/SwiftExplicitPrecompiledModules -clang-scanner-module-cache-path /Users/admin/builder/spi-builder-workspace/.derivedData/ModuleCache.noindex -sdk-module-cache-path /Users/admin/builder/spi-builder-workspace/.derivedData/SDKExplicitPrecompiledModules -emit-dependencies -emit-module -emit-module-path /Users/admin/builder/spi-builder-workspace/.derivedData/Build/Intermediates.noindex/BigInt.build/Debug-watchos/BigInt-t.build/Objects-normal/arm64/BigInt.swiftmodule -serialize-diagnostics -dependency-scan-serialize-diagnostics-path /Users/admin/builder/spi-builder-workspace/.derivedData/Build/Intermediates.noindex/BigInt.build/Debug-watchos/BigInt-t.build/Objects-normal/arm64/BigInt-dependency-scan.dia -validate-clang-modules-once -clang-build-session-file /Users/admin/builder/spi-builder-workspace/.derivedData/ModuleCache.noindex/Session.modulevalidation -Xcc -fmodules-prune-interval\=86400 -Xcc -fmodules-prune-after\=345600 -package-name bigint -emit-const-values -const-gather-protocols-list /Users/admin/builder/spi-builder-workspace/.derivedData/Build/Intermediates.noindex/BigInt.build/Debug-watchos/BigInt-t.build/Objects-normal/arm64/BigInt_const_extract_protocols.json -Xcc -I/Users/admin/builder/spi-builder-workspace/.derivedData/Build/Products/Debug-watchos/include -Xcc -I/Users/admin/builder/spi-builder-workspace/.derivedData/Build/Intermediates.noindex/BigInt.build/Debug-watchos/BigInt-t.build/DerivedSources-normal/arm64 -Xcc -I/Users/admin/builder/spi-builder-workspace/.derivedData/Build/Intermediates.noindex/BigInt.build/Debug-watchos/BigInt-t.build/DerivedSources/arm64 -Xcc -I/Users/admin/builder/spi-builder-workspace/.derivedData/Build/Intermediates.noindex/BigInt.build/Debug-watchos/BigInt-t.build/DerivedSources -Xcc -DSWIFT_PACKAGE -Xcc -DDEBUG\=1 -emit-objc-header -emit-objc-header-path /Users/admin/builder/spi-builder-workspace/.derivedData/Build/Intermediates.noindex/BigInt.build/Debug-watchos/BigInt-t.build/Objects-normal/arm64/BigInt-Swift.h -working-directory /Users/admin/builder/spi-builder-workspace/.swiftpm/xcode -experimental-emit-module-separately -disable-cmo
SwiftDriver Digest normal arm64 com.apple.xcode.tools.swift.compiler (in target 'Digest' from project 'Digest')
    cd /Users/admin/builder/spi-builder-workspace/.swiftpm/xcode
    builtin-SwiftDriver -- /Applications/Xcode-27.0.0-Release.Candidate.app/Contents/Developer/Toolchains/XcodeDefault.xctoolchain/usr/bin/swiftc -parse-as-library -module-name Digest -Onone @/Users/admin/builder/spi-builder-workspace/.derivedData/Build/Intermediates.noindex/Digest.build/Debug-watchos/Digest-t.build/Objects-normal/arm64/Digest.SwiftFileList -DSWIFT_PACKAGE -DDEBUG -DSWIFT_MODULE_RESOURCE_BUNDLE_UNAVAILABLE -DXcode -plugin-path /Applications/Xcode-27.0.0-Release.Candidate.app/Contents/Developer/Toolchains/XcodeDefault.xctoolchain/usr/lib/swift/host/plugins/testing -enable-experimental-feature DebugDescriptionMacro -sdk /Applications/Xcode-27.0.0-Release.Candidate.app/Contents/Developer/Platforms/WatchOS.platform/Developer/SDKs/WatchOS27.0.sdk -target arm64-apple-watchos9.0 -g -module-cache-path /Users/admin/builder/spi-builder-workspace/.derivedData/ModuleCache.noindex -Xfrontend -serialize-debugging-options -profile-coverage-mapping -profile-generate -enable-testing -suppress-warnings -index-store-path /Users/admin/builder/spi-builder-workspace/.derivedData/Index.noindex/DataStore -Xcc -D_LIBCPP_HARDENING_MODE\=_LIBCPP_HARDENING_MODE_DEBUG -swift-version 5 -I /Users/admin/builder/spi-builder-workspace/.derivedData/Build/Products/Debug-watchos -Isystem /Applications/Xcode-27.0.0-Release.Candidate.app/Contents/Developer/Platforms/WatchOS.platform/Developer/usr/lib -F /Users/admin/builder/spi-builder-workspace/.derivedData/Build/Products/Debug-watchos -F /Applications/Xcode-27.0.0-Release.Candidate.app/Contents/Developer/Platforms/WatchOS.platform/Developer/Library/Frameworks -F /Applications/Xcode-27.0.0-Release.Candidate.app/Contents/Developer/Platforms/WatchOS.platform/Developer/SDKs/WatchOS27.0.sdk/Developer/Library/Frameworks -c -j10 -enable-batch-mode -incremental -Xcc -ivfsstatcache -Xcc /Users/admin/builder/spi-builder-workspace/.derivedData/SDKStatCaches.noindex/watchos27.0-24R360-e829b21a6f8c9b70876ba0858053c04477534ef55a1706bf4c1112bbb242f0a2.sdkstatcache -output-file-map /Users/admin/builder/spi-builder-workspace/.derivedData/Build/Intermediates.noindex/Digest.build/Debug-watchos/Digest-t.build/Objects-normal/arm64/Digest-OutputFileMap.json -save-temps -no-color-diagnostics -explicit-module-build -module-cache-path /Users/admin/builder/spi-builder-workspace/.derivedData/Build/Intermediates.noindex/SwiftExplicitPrecompiledModules -clang-scanner-module-cache-path /Users/admin/builder/spi-builder-workspace/.derivedData/ModuleCache.noindex -sdk-module-cache-path /Users/admin/builder/spi-builder-workspace/.derivedData/SDKExplicitPrecompiledModules -emit-dependencies -emit-module -emit-module-path /Users/admin/builder/spi-builder-workspace/.derivedData/Build/Intermediates.noindex/Digest.build/Debug-watchos/Digest-t.build/Objects-normal/arm64/Digest.swiftmodule -serialize-diagnostics -dependency-scan-serialize-diagnostics-path /Users/admin/builder/spi-builder-workspace/.derivedData/Build/Intermediates.noindex/Digest.build/Debug-watchos/Digest-t.build/Objects-normal/arm64/Digest-dependency-scan.dia -validate-clang-modules-once -clang-build-session-file /Users/admin/builder/spi-builder-workspace/.derivedData/ModuleCache.noindex/Session.modulevalidation -Xcc -fmodules-prune-interval\=86400 -Xcc -fmodules-prune-after\=345600 -package-name digest -emit-const-values -const-gather-protocols-list /Users/admin/builder/spi-builder-workspace/.derivedData/Build/Intermediates.noindex/Digest.build/Debug-watchos/Digest-t.build/Objects-normal/arm64/Digest_const_extract_protocols.json -Xcc -I/Users/admin/builder/spi-builder-workspace/.derivedData/Build/Products/Debug-watchos/include -Xcc -I/Users/admin/builder/spi-builder-workspace/.derivedData/Build/Intermediates.noindex/Digest.build/Debug-watchos/Digest-t.build/DerivedSources-normal/arm64 -Xcc -I/Users/admin/builder/spi-builder-workspace/.derivedData/Build/Intermediates.noindex/Digest.build/Debug-watchos/Digest-t.build/DerivedSources/arm64 -Xcc -I/Users/admin/builder/spi-builder-workspace/.derivedData/Build/Intermediates.noindex/Digest.build/Debug-watchos/Digest-t.build/DerivedSources -Xcc -DSWIFT_PACKAGE -Xcc -DDEBUG\=1 -emit-objc-header -emit-objc-header-path /Users/admin/builder/spi-builder-workspace/.derivedData/Build/Intermediates.noindex/Digest.build/Debug-watchos/Digest-t.build/Objects-normal/arm64/Digest-Swift.h -working-directory /Users/admin/builder/spi-builder-workspace/.swiftpm/xcode -experimental-emit-module-separately -disable-cmo
SwiftDriver BigInt normal arm64_32 com.apple.xcode.tools.swift.compiler (in target 'BigInt' from project 'BigInt')
    cd /Users/admin/builder/spi-builder-workspace/.swiftpm/xcode
    builtin-SwiftDriver -- /Applications/Xcode-27.0.0-Release.Candidate.app/Contents/Developer/Toolchains/XcodeDefault.xctoolchain/usr/bin/swiftc -parse-as-library -module-name BigInt -Onone @/Users/admin/builder/spi-builder-workspace/.derivedData/Build/Intermediates.noindex/BigInt.build/Debug-watchos/BigInt-t.build/Objects-normal/arm64_32/BigInt.SwiftFileList -DSWIFT_PACKAGE -DDEBUG -DSWIFT_MODULE_RESOURCE_BUNDLE_UNAVAILABLE -DXcode -plugin-path /Applications/Xcode-27.0.0-Release.Candidate.app/Contents/Developer/Toolchains/XcodeDefault.xctoolchain/usr/lib/swift/host/plugins/testing -enable-experimental-feature DebugDescriptionMacro -sdk /Applications/Xcode-27.0.0-Release.Candidate.app/Contents/Developer/Platforms/WatchOS.platform/Developer/SDKs/WatchOS27.0.sdk -target arm64_32-apple-watchos9.0 -g -module-cache-path /Users/admin/builder/spi-builder-workspace/.derivedData/ModuleCache.noindex -Xfrontend -serialize-debugging-options -profile-coverage-mapping -profile-generate -enable-testing -suppress-warnings -index-store-path /Users/admin/builder/spi-builder-workspace/.derivedData/Index.noindex/DataStore -Xcc -D_LIBCPP_HARDENING_MODE\=_LIBCPP_HARDENING_MODE_DEBUG -swift-version 5 -I /Users/admin/builder/spi-builder-workspace/.derivedData/Build/Products/Debug-watchos -Isystem /Applications/Xcode-27.0.0-Release.Candidate.app/Contents/Developer/Platforms/WatchOS.platform/Developer/usr/lib -F /Users/admin/builder/spi-builder-workspace/.derivedData/Build/Products/Debug-watchos -F /Applications/Xcode-27.0.0-Release.Candidate.app/Contents/Developer/Platforms/WatchOS.platform/Developer/Library/Frameworks -F /Applications/Xcode-27.0.0-Release.Candidate.app/Contents/Developer/Platforms/WatchOS.platform/Developer/SDKs/WatchOS27.0.sdk/Developer/Library/Frameworks -c -j10 -enable-batch-mode -incremental -Xcc -ivfsstatcache -Xcc /Users/admin/builder/spi-builder-workspace/.derivedData/SDKStatCaches.noindex/watchos27.0-24R360-e829b21a6f8c9b70876ba0858053c04477534ef55a1706bf4c1112bbb242f0a2.sdkstatcache -output-file-map /Users/admin/builder/spi-builder-workspace/.derivedData/Build/Intermediates.noindex/BigInt.build/Debug-watchos/BigInt-t.build/Objects-normal/arm64_32/BigInt-OutputFileMap.json -save-temps -no-color-diagnostics -explicit-module-build -module-cache-path /Users/admin/builder/spi-builder-workspace/.derivedData/Build/Intermediates.noindex/SwiftExplicitPrecompiledModules -clang-scanner-module-cache-path /Users/admin/builder/spi-builder-workspace/.derivedData/ModuleCache.noindex -sdk-module-cache-path /Users/admin/builder/spi-builder-workspace/.derivedData/SDKExplicitPrecompiledModules -emit-dependencies -emit-module -emit-module-path /Users/admin/builder/spi-builder-workspace/.derivedData/Build/Intermediates.noindex/BigInt.build/Debug-watchos/BigInt-t.build/Objects-normal/arm64_32/BigInt.swiftmodule -serialize-diagnostics -dependency-scan-serialize-diagnostics-path /Users/admin/builder/spi-builder-workspace/.derivedData/Build/Intermediates.noindex/BigInt.build/Debug-watchos/BigInt-t.build/Objects-normal/arm64_32/BigInt-dependency-scan.dia -validate-clang-modules-once -clang-build-session-file /Users/admin/builder/spi-builder-workspace/.derivedData/ModuleCache.noindex/Session.modulevalidation -Xcc -fmodules-prune-interval\=86400 -Xcc -fmodules-prune-after\=345600 -package-name bigint -emit-const-values -const-gather-protocols-list /Users/admin/builder/spi-builder-workspace/.derivedData/Build/Intermediates.noindex/BigInt.build/Debug-watchos/BigInt-t.build/Objects-normal/arm64_32/BigInt_const_extract_protocols.json -Xcc -I/Users/admin/builder/spi-builder-workspace/.derivedData/Build/Products/Debug-watchos/include -Xcc -I/Users/admin/builder/spi-builder-workspace/.derivedData/Build/Intermediates.noindex/BigInt.build/Debug-watchos/BigInt-t.build/DerivedSources-normal/arm64_32 -Xcc -I/Users/admin/builder/spi-builder-workspace/.derivedData/Build/Intermediates.noindex/BigInt.build/Debug-watchos/BigInt-t.build/DerivedSources/arm64_32 -Xcc -I/Users/admin/builder/spi-builder-workspace/.derivedData/Build/Intermediates.noindex/BigInt.build/Debug-watchos/BigInt-t.build/DerivedSources -Xcc -DSWIFT_PACKAGE -Xcc -DDEBUG\=1 -emit-objc-header -emit-objc-header-path /Users/admin/builder/spi-builder-workspace/.derivedData/Build/Intermediates.noindex/BigInt.build/Debug-watchos/BigInt-t.build/Objects-normal/arm64_32/BigInt-Swift.h -working-directory /Users/admin/builder/spi-builder-workspace/.swiftpm/xcode -experimental-emit-module-separately -disable-cmo
SwiftDriver Digest normal arm64_32 com.apple.xcode.tools.swift.compiler (in target 'Digest' from project 'Digest')
    cd /Users/admin/builder/spi-builder-workspace/.swiftpm/xcode
    builtin-SwiftDriver -- /Applications/Xcode-27.0.0-Release.Candidate.app/Contents/Developer/Toolchains/XcodeDefault.xctoolchain/usr/bin/swiftc -parse-as-library -module-name Digest -Onone @/Users/admin/builder/spi-builder-workspace/.derivedData/Build/Intermediates.noindex/Digest.build/Debug-watchos/Digest-t.build/Objects-normal/arm64_32/Digest.SwiftFileList -DSWIFT_PACKAGE -DDEBUG -DSWIFT_MODULE_RESOURCE_BUNDLE_UNAVAILABLE -DXcode -plugin-path /Applications/Xcode-27.0.0-Release.Candidate.app/Contents/Developer/Toolchains/XcodeDefault.xctoolchain/usr/lib/swift/host/plugins/testing -enable-experimental-feature DebugDescriptionMacro -sdk /Applications/Xcode-27.0.0-Release.Candidate.app/Contents/Developer/Platforms/WatchOS.platform/Developer/SDKs/WatchOS27.0.sdk -target arm64_32-apple-watchos9.0 -g -module-cache-path /Users/admin/builder/spi-builder-workspace/.derivedData/ModuleCache.noindex -Xfrontend -serialize-debugging-options -profile-coverage-mapping -profile-generate -enable-testing -suppress-warnings -index-store-path /Users/admin/builder/spi-builder-workspace/.derivedData/Index.noindex/DataStore -Xcc -D_LIBCPP_HARDENING_MODE\=_LIBCPP_HARDENING_MODE_DEBUG -swift-version 5 -I /Users/admin/builder/spi-builder-workspace/.derivedData/Build/Products/Debug-watchos -Isystem /Applications/Xcode-27.0.0-Release.Candidate.app/Contents/Developer/Platforms/WatchOS.platform/Developer/usr/lib -F /Users/admin/builder/spi-builder-workspace/.derivedData/Build/Products/Debug-watchos -F /Applications/Xcode-27.0.0-Release.Candidate.app/Contents/Developer/Platforms/WatchOS.platform/Developer/Library/Frameworks -F /Applications/Xcode-27.0.0-Release.Candidate.app/Contents/Developer/Platforms/WatchOS.platform/Developer/SDKs/WatchOS27.0.sdk/Developer/Library/Frameworks -c -j10 -enable-batch-mode -incremental -Xcc -ivfsstatcache -Xcc /Users/admin/builder/spi-builder-workspace/.derivedData/SDKStatCaches.noindex/watchos27.0-24R360-e829b21a6f8c9b70876ba0858053c04477534ef55a1706bf4c1112bbb242f0a2.sdkstatcache -output-file-map /Users/admin/builder/spi-builder-workspace/.derivedData/Build/Intermediates.noindex/Digest.build/Debug-watchos/Digest-t.build/Objects-normal/arm64_32/Digest-OutputFileMap.json -save-temps -no-color-diagnostics -explicit-module-build -module-cache-path /Users/admin/builder/spi-builder-workspace/.derivedData/Build/Intermediates.noindex/SwiftExplicitPrecompiledModules -clang-scanner-module-cache-path /Users/admin/builder/spi-builder-workspace/.derivedData/ModuleCache.noindex -sdk-module-cache-path /Users/admin/builder/spi-builder-workspace/.derivedData/SDKExplicitPrecompiledModules -emit-dependencies -emit-module -emit-module-path /Users/admin/builder/spi-builder-workspace/.derivedData/Build/Intermediates.noindex/Digest.build/Debug-watchos/Digest-t.build/Objects-normal/arm64_32/Digest.swiftmodule -serialize-diagnostics -dependency-scan-serialize-diagnostics-path /Users/admin/builder/spi-builder-workspace/.derivedData/Build/Intermediates.noindex/Digest.build/Debug-watchos/Digest-t.build/Objects-normal/arm64_32/Digest-dependency-scan.dia -validate-clang-modules-once -clang-build-session-file /Users/admin/builder/spi-builder-workspace/.derivedData/ModuleCache.noindex/Session.modulevalidation -Xcc -fmodules-prune-interval\=86400 -Xcc -fmodules-prune-after\=345600 -package-name digest -emit-const-values -const-gather-protocols-list /Users/admin/builder/spi-builder-workspace/.derivedData/Build/Intermediates.noindex/Digest.build/Debug-watchos/Digest-t.build/Objects-normal/arm64_32/Digest_const_extract_protocols.json -Xcc -I/Users/admin/builder/spi-builder-workspace/.derivedData/Build/Products/Debug-watchos/include -Xcc -I/Users/admin/builder/spi-builder-workspace/.derivedData/Build/Intermediates.noindex/Digest.build/Debug-watchos/Digest-t.build/DerivedSources-normal/arm64_32 -Xcc -I/Users/admin/builder/spi-builder-workspace/.derivedData/Build/Intermediates.noindex/Digest.build/Debug-watchos/Digest-t.build/DerivedSources/arm64_32 -Xcc -I/Users/admin/builder/spi-builder-workspace/.derivedData/Build/Intermediates.noindex/Digest.build/Debug-watchos/Digest-t.build/DerivedSources -Xcc -DSWIFT_PACKAGE -Xcc -DDEBUG\=1 -emit-objc-header -emit-objc-header-path /Users/admin/builder/spi-builder-workspace/.derivedData/Build/Intermediates.noindex/Digest.build/Debug-watchos/Digest-t.build/Objects-normal/arm64_32/Digest-Swift.h -working-directory /Users/admin/builder/spi-builder-workspace/.swiftpm/xcode -experimental-emit-module-separately -disable-cmo
SwiftExplicitDependencyGeneratePcm arm64 /Users/admin/builder/spi-builder-workspace/.derivedData/SDKExplicitPrecompiledModules/_Builtin_stddef-1FU30Y8SWFB7OUUHMJQH5J6FM.pcm
SwiftExplicitDependencyGeneratePcm arm64 /Users/admin/builder/spi-builder-workspace/.derivedData/SDKExplicitPrecompiledModules/_Builtin_stdbool-83J96QSOFE9VX04AAS6310UAE.pcm
SwiftExplicitDependencyGeneratePcm arm64 /Users/admin/builder/spi-builder-workspace/.derivedData/SDKExplicitPrecompiledModules/ptrauth-3TZ9WJCGLYD25HQPWH4968ONX.pcm
SwiftExplicitDependencyGeneratePcm arm64 /Users/admin/builder/spi-builder-workspace/.derivedData/SDKExplicitPrecompiledModules/_Builtin_stdarg-A7UU8LE6MP85SM26YO7PBZNUQ.pcm
SwiftExplicitDependencyGeneratePcm arm64 /Users/admin/builder/spi-builder-workspace/.derivedData/SDKExplicitPrecompiledModules/_SwiftConcurrencyShims-659N52XSKR5F0QSB880BH2FJR.pcm
SwiftExplicitDependencyGeneratePcm arm64 /Users/admin/builder/spi-builder-workspace/.derivedData/SDKExplicitPrecompiledModules/ptrcheck-AIF0NDOYZ8ORBNHQAQR5NNB8M.pcm
SwiftExplicitDependencyGeneratePcm arm64 /Users/admin/builder/spi-builder-workspace/.derivedData/SDKExplicitPrecompiledModules/_AvailabilityInternal-BUNV3UXM65NT37THI4W1AM0SF.pcm
SwiftExplicitDependencyGeneratePcm arm64 /Users/admin/builder/spi-builder-workspace/.derivedData/SDKExplicitPrecompiledModules/SwiftShims-4MXFZPV6FEB0XBYXCGPWAMQGL.pcm
SwiftExplicitDependencyGeneratePcm arm64 /Users/admin/builder/spi-builder-workspace/.derivedData/SDKExplicitPrecompiledModules/_Builtin_float-C0CW5Q4HGBQYKE77TC42IAFB5.pcm
SwiftExplicitDependencyGeneratePcm arm64_32 /Users/admin/builder/spi-builder-workspace/.derivedData/SDKExplicitPrecompiledModules/_Builtin_stdbool-A967K8W8YUYEC9SN52KJ7OO88.pcm
SwiftExplicitDependencyGeneratePcm arm64_32 /Users/admin/builder/spi-builder-workspace/.derivedData/SDKExplicitPrecompiledModules/_AvailabilityInternal-244WAN3Z1QBT7PIA64EZEFY1R.pcm
SwiftExplicitDependencyGeneratePcm arm64_32 /Users/admin/builder/spi-builder-workspace/.derivedData/SDKExplicitPrecompiledModules/ptrauth-BFXF358ME5AK535N5A9Z766WU.pcm
SwiftExplicitDependencyGeneratePcm arm64_32 /Users/admin/builder/spi-builder-workspace/.derivedData/SDKExplicitPrecompiledModules/_SwiftConcurrencyShims-6RTBPQ03V7BM9SPRK8SUE055H.pcm
SwiftExplicitDependencyGeneratePcm arm64_32 /Users/admin/builder/spi-builder-workspace/.derivedData/SDKExplicitPrecompiledModules/_Builtin_stdarg-D305JG44A2WPI6CJY37X3QJE8.pcm
SwiftExplicitDependencyGeneratePcm arm64_32 /Users/admin/builder/spi-builder-workspace/.derivedData/SDKExplicitPrecompiledModules/SwiftShims-9CQQGWTSNTN9EB5NSHDWUJICH.pcm
SwiftExplicitDependencyGeneratePcm arm64_32 /Users/admin/builder/spi-builder-workspace/.derivedData/SDKExplicitPrecompiledModules/_Builtin_float-6KO8O3PEWRCA4WC6PPLOYO6WJ.pcm
SwiftExplicitDependencyGeneratePcm arm64_32 /Users/admin/builder/spi-builder-workspace/.derivedData/SDKExplicitPrecompiledModules/ptrcheck-7ELIH9BTIGVKX3UBITM9N72WD.pcm
SwiftExplicitDependencyGeneratePcm arm64_32 /Users/admin/builder/spi-builder-workspace/.derivedData/SDKExplicitPrecompiledModules/_Builtin_stddef-H44EFHQX6XSS5MZ7QP6YJZ76.pcm
SwiftExplicitDependencyGeneratePcm arm64 /Users/admin/builder/spi-builder-workspace/.derivedData/SDKExplicitPrecompiledModules/_DarwinFoundation1-7SPX3MD0HMP55E4OLNCPNDQ53.pcm
SwiftExplicitDependencyGeneratePcm arm64_32 /Users/admin/builder/spi-builder-workspace/.derivedData/SDKExplicitPrecompiledModules/_DarwinFoundation1-2GWF9RFMPLQW4PDHS3NARVI3G.pcm
SwiftExplicitDependencyGeneratePcm arm64 /Users/admin/builder/spi-builder-workspace/.derivedData/SDKExplicitPrecompiledModules/_DarwinFoundation2-D0XAPJU49S5E9XMKYOFGSTB1Q.pcm
SwiftExplicitDependencyGeneratePcm arm64 /Users/admin/builder/spi-builder-workspace/.derivedData/SDKExplicitPrecompiledModules/_Builtin_limits-9GWPA2B0H20DYUNYHYCWKABJG.pcm
SwiftExplicitDependencyGeneratePcm arm64_32 /Users/admin/builder/spi-builder-workspace/.derivedData/SDKExplicitPrecompiledModules/_DarwinFoundation2-9MY8GOSYRO0M9MKNXF6D3MBNK.pcm
SwiftExplicitDependencyGeneratePcm arm64_32 /Users/admin/builder/spi-builder-workspace/.derivedData/SDKExplicitPrecompiledModules/_Builtin_limits-3VKBU2AFTD65PAJZ5CJ3LHFM2.pcm
SwiftExplicitDependencyGeneratePcm arm64 /Users/admin/builder/spi-builder-workspace/.derivedData/SDKExplicitPrecompiledModules/sys_types-2KXQLI78OUCDP779AE68GZJ2.pcm
SwiftExplicitDependencyGeneratePcm arm64 /Users/admin/builder/spi-builder-workspace/.derivedData/SDKExplicitPrecompiledModules/string_h-E6PRXK75PHIPCZFWOFCQ3QBMK.pcm
SwiftExplicitDependencyGeneratePcm arm64 /Users/admin/builder/spi-builder-workspace/.derivedData/SDKExplicitPrecompiledModules/_Builtin_stdint-8XMILLJZEGRN2XG7XZUXZ5RLX.pcm
SwiftExplicitDependencyGeneratePcm arm64_32 /Users/admin/builder/spi-builder-workspace/.derivedData/SDKExplicitPrecompiledModules/_Builtin_stdint-1HMXWI3V0V4TXHRWZOMZGZ80Y.pcm
SwiftExplicitDependencyGeneratePcm arm64_32 /Users/admin/builder/spi-builder-workspace/.derivedData/SDKExplicitPrecompiledModules/string_h-BFVLUQUSBZWYMLCU9QI7VZALW.pcm
SwiftExplicitDependencyGeneratePcm arm64_32 /Users/admin/builder/spi-builder-workspace/.derivedData/SDKExplicitPrecompiledModules/sys_types-8TLLMW08ZJWDGIIPKOYFGHHZW.pcm
SwiftExplicitDependencyGeneratePcm arm64 /Users/admin/builder/spi-builder-workspace/.derivedData/SDKExplicitPrecompiledModules/_DarwinFoundation3-B97LRG0E9GON2NUE65TVG81HU.pcm
SwiftExplicitDependencyGeneratePcm arm64_32 /Users/admin/builder/spi-builder-workspace/.derivedData/SDKExplicitPrecompiledModules/_DarwinFoundation3-3DUTYQDQSD9HUAAVY947NMWOI.pcm
SwiftExplicitDependencyGeneratePcm arm64 /Users/admin/builder/spi-builder-workspace/.derivedData/SDKExplicitPrecompiledModules/_Builtin_inttypes-3UQSCM7WNM9EK4HZML8TY5J3D.pcm
SwiftExplicitDependencyGeneratePcm arm64_32 /Users/admin/builder/spi-builder-workspace/.derivedData/SDKExplicitPrecompiledModules/_Builtin_inttypes-D2KPCR4PEX9AQA33NGLUT5SBR.pcm
SwiftExplicitDependencyGeneratePcm arm64 /Users/admin/builder/spi-builder-workspace/.derivedData/SDKExplicitPrecompiledModules/Darwin-3984OXKFNSPE77NT743WK8SEX.pcm
SwiftExplicitDependencyGeneratePcm arm64_32 /Users/admin/builder/spi-builder-workspace/.derivedData/SDKExplicitPrecompiledModules/Darwin-3FVT1SKLN2ZQ5RVOABMTQBB34.pcm
SwiftExplicitDependencyGeneratePcm arm64 /Users/admin/builder/spi-builder-workspace/.derivedData/SDKExplicitPrecompiledModules/ObjectiveC-72IVD3VS2RS8Q28D9PIMY0KQP.pcm
SwiftExplicitDependencyGeneratePcm arm64_32 /Users/admin/builder/spi-builder-workspace/.derivedData/SDKExplicitPrecompiledModules/ObjectiveC-6IJNELR2E80E7LUKESVCP2KET.pcm
SwiftExplicitDependencyGeneratePcm arm64 /Users/admin/builder/spi-builder-workspace/.derivedData/SDKExplicitPrecompiledModules/os_object-3SDKD7F87FTZ26OON37DRYT6O.pcm
SwiftExplicitDependencyGeneratePcm arm64_32 /Users/admin/builder/spi-builder-workspace/.derivedData/SDKExplicitPrecompiledModules/os_object-5YWTC6L4756IWSTPGXS5NM0D0.pcm
SwiftExplicitDependencyGeneratePcm arm64 /Users/admin/builder/spi-builder-workspace/.derivedData/SDKExplicitPrecompiledModules/os_workgroup-89GG5G7YC2D0ZTK6AZXXQ20DH.pcm
SwiftExplicitDependencyGeneratePcm arm64_32 /Users/admin/builder/spi-builder-workspace/.derivedData/SDKExplicitPrecompiledModules/os_workgroup-5JHTPDMNBUNHLJI8LPHKQK1JK.pcm
SwiftExplicitDependencyGeneratePcm arm64 /Users/admin/builder/spi-builder-workspace/.derivedData/SDKExplicitPrecompiledModules/Dispatch-1NLJOVAK60XP0DUB05XA59EIM.pcm
SwiftExplicitDependencyGeneratePcm arm64_32 /Users/admin/builder/spi-builder-workspace/.derivedData/SDKExplicitPrecompiledModules/Dispatch-2P62F1T4XV63S4P99TUDTOK2Q.pcm
SwiftExplicitDependencyGeneratePcm arm64 /Users/admin/builder/spi-builder-workspace/.derivedData/SDKExplicitPrecompiledModules/XPC-40DR0X1DHKGCV4J1IOLFS8MOU.pcm
SwiftExplicitDependencyGeneratePcm arm64 /Users/admin/builder/spi-builder-workspace/.derivedData/SDKExplicitPrecompiledModules/CoreFoundation-8T2L24YC5NU7WO6WQJWRY7W08.pcm
SwiftExplicitDependencyGeneratePcm arm64_32 /Users/admin/builder/spi-builder-workspace/.derivedData/SDKExplicitPrecompiledModules/CoreFoundation-8E6Y4BA3EXYKUGJ24GT9LGV3N.pcm
SwiftExplicitDependencyGeneratePcm arm64_32 /Users/admin/builder/spi-builder-workspace/.derivedData/SDKExplicitPrecompiledModules/XPC-81Y45QFY96XYYFCW2GT6FY8S4.pcm
SwiftExplicitDependencyGeneratePcm arm64 /Users/admin/builder/spi-builder-workspace/.derivedData/SDKExplicitPrecompiledModules/Security-6RZ6YBRU8WCUHRFFRVUK5WKMM.pcm
SwiftExplicitDependencyGeneratePcm arm64_32 /Users/admin/builder/spi-builder-workspace/.derivedData/SDKExplicitPrecompiledModules/Security-D7TOWF88VWF67TB9HAFP5UWB1.pcm
SwiftExplicitDependencyGeneratePcm arm64 /Users/admin/builder/spi-builder-workspace/.derivedData/SDKExplicitPrecompiledModules/Foundation-DLBKUSGXN8QHAT8W0OARR9S8A.pcm
SwiftExplicitDependencyGeneratePcm arm64_32 /Users/admin/builder/spi-builder-workspace/.derivedData/SDKExplicitPrecompiledModules/Foundation-BJ2VQGI3OGR34500MEQ1VKHPH.pcm
SwiftEmitModule normal arm64 Emitting\ module\ for\ Digest (in target 'Digest' from project 'Digest')
SwiftCompile normal arm64 (in target 'Digest' from project 'Digest')
    cd /Users/admin/builder/spi-builder-workspace/.swiftpm/xcode

SwiftCompile normal arm64 Compiling\ SHAKE.swift /Users/admin/builder/spi-builder-workspace/.dependencies/checkouts/Digest/Sources/Digest/SHAKE.swift (in target 'Digest' from project 'Digest')
SwiftCompile normal arm64 /Users/admin/builder/spi-builder-workspace/.dependencies/checkouts/Digest/Sources/Digest/SHAKE.swift (in target 'Digest' from project 'Digest')
    cd /Users/admin/builder/spi-builder-workspace/.swiftpm/xcode
    builtin-SwiftPerFileCompile SHAKE.swift
SwiftCompile normal arm64 Compiling\ XOF.swift /Users/admin/builder/spi-builder-workspace/.dependencies/checkouts/Digest/Sources/Digest/XOF.swift (in target 'Digest' from project 'Digest')
SwiftCompile normal arm64 /Users/admin/builder/spi-builder-workspace/.dependencies/checkouts/Digest/Sources/Digest/XOF.swift (in target 'Digest' from project 'Digest')
    cd /Users/admin/builder/spi-builder-workspace/.swiftpm/xcode
    builtin-SwiftPerFileCompile XOF.swift
SwiftCompile normal arm64 Compiling\ SHA2.swift /Users/admin/builder/spi-builder-workspace/.dependencies/checkouts/Digest/Sources/Digest/SHA2.swift (in target 'Digest' from project 'Digest')
SwiftCompile normal arm64 /Users/admin/builder/spi-builder-workspace/.dependencies/checkouts/Digest/Sources/Digest/SHA2.swift (in target 'Digest' from project 'Digest')
    cd /Users/admin/builder/spi-builder-workspace/.swiftpm/xcode
    builtin-SwiftPerFileCompile SHA2.swift
SwiftCompile normal arm64 Compiling\ SHA1.swift /Users/admin/builder/spi-builder-workspace/.dependencies/checkouts/Digest/Sources/Digest/SHA1.swift (in target 'Digest' from project 'Digest')
SwiftCompile normal arm64 /Users/admin/builder/spi-builder-workspace/.dependencies/checkouts/Digest/Sources/Digest/SHA1.swift (in target 'Digest' from project 'Digest')
    cd /Users/admin/builder/spi-builder-workspace/.swiftpm/xcode
    builtin-SwiftPerFileCompile SHA1.swift
SwiftCompile normal arm64 Compiling\ SHA3.swift /Users/admin/builder/spi-builder-workspace/.dependencies/checkouts/Digest/Sources/Digest/SHA3.swift (in target 'Digest' from project 'Digest')
SwiftCompile normal arm64 /Users/admin/builder/spi-builder-workspace/.dependencies/checkouts/Digest/Sources/Digest/SHA3.swift (in target 'Digest' from project 'Digest')
    cd /Users/admin/builder/spi-builder-workspace/.swiftpm/xcode
    builtin-SwiftPerFileCompile SHA3.swift
SwiftEmitModule normal arm64 Emitting\ module\ for\ BigInt (in target 'BigInt' from project 'BigInt')
SwiftCompile normal arm64 (in target 'BigInt' from project 'BigInt')
    cd /Users/admin/builder/spi-builder-workspace/.swiftpm/xcode

SwiftCompile normal arm64 Compiling\ HMAC.swift /Users/admin/builder/spi-builder-workspace/.dependencies/checkouts/Digest/Sources/Digest/HMAC.swift (in target 'Digest' from project 'Digest')
SwiftCompile normal arm64 /Users/admin/builder/spi-builder-workspace/.dependencies/checkouts/Digest/Sources/Digest/HMAC.swift (in target 'Digest' from project 'Digest')
    cd /Users/admin/builder/spi-builder-workspace/.swiftpm/xcode
    builtin-SwiftPerFileCompile HMAC.swift
SwiftCompile normal arm64 Compiling\ Base64.swift /Users/admin/builder/spi-builder-workspace/.dependencies/checkouts/Digest/Sources/Digest/Base64.swift (in target 'Digest' from project 'Digest')
SwiftCompile normal arm64 /Users/admin/builder/spi-builder-workspace/.dependencies/checkouts/Digest/Sources/Digest/Base64.swift (in target 'Digest' from project 'Digest')
    cd /Users/admin/builder/spi-builder-workspace/.swiftpm/xcode
    builtin-SwiftPerFileCompile Base64.swift
SwiftCompile normal arm64 Compiling\ KDF.swift /Users/admin/builder/spi-builder-workspace/.dependencies/checkouts/Digest/Sources/Digest/KDF.swift (in target 'Digest' from project 'Digest')
SwiftCompile normal arm64 /Users/admin/builder/spi-builder-workspace/.dependencies/checkouts/Digest/Sources/Digest/KDF.swift (in target 'Digest' from project 'Digest')
    cd /Users/admin/builder/spi-builder-workspace/.swiftpm/xcode
    builtin-SwiftPerFileCompile KDF.swift
SwiftEmitModule normal arm64_32 Emitting\ module\ for\ Digest (in target 'Digest' from project 'Digest')
SwiftCompile normal arm64_32 (in target 'Digest' from project 'Digest')
    cd /Users/admin/builder/spi-builder-workspace/.swiftpm/xcode

SwiftDriverJobDiscovery normal arm64 Emitting module for Digest (in target 'Digest' from project 'Digest')
SwiftDriver\ Compilation\ Requirements Digest normal arm64 com.apple.xcode.tools.swift.compiler (in target 'Digest' from project 'Digest')
    cd /Users/admin/builder/spi-builder-workspace/.swiftpm/xcode
    builtin-Swift-Compilation-Requirements -- /Applications/Xcode-27.0.0-Release.Candidate.app/Contents/Developer/Toolchains/XcodeDefault.xctoolchain/usr/bin/swiftc -parse-as-library -module-name Digest -Onone @/Users/admin/builder/spi-builder-workspace/.derivedData/Build/Intermediates.noindex/Digest.build/Debug-watchos/Digest-t.build/Objects-normal/arm64/Digest.SwiftFileList -DSWIFT_PACKAGE -DDEBUG -DSWIFT_MODULE_RESOURCE_BUNDLE_UNAVAILABLE -DXcode -plugin-path /Applications/Xcode-27.0.0-Release.Candidate.app/Contents/Developer/Toolchains/XcodeDefault.xctoolchain/usr/lib/swift/host/plugins/testing -enable-experimental-feature DebugDescriptionMacro -sdk /Applications/Xcode-27.0.0-Release.Candidate.app/Contents/Developer/Platforms/WatchOS.platform/Developer/SDKs/WatchOS27.0.sdk -target arm64-apple-watchos9.0 -g -module-cache-path /Users/admin/builder/spi-builder-workspace/.derivedData/ModuleCache.noindex -Xfrontend -serialize-debugging-options -profile-coverage-mapping -profile-generate -enable-testing -suppress-warnings -index-store-path /Users/admin/builder/spi-builder-workspace/.derivedData/Index.noindex/DataStore -Xcc -D_LIBCPP_HARDENING_MODE\=_LIBCPP_HARDENING_MODE_DEBUG -swift-version 5 -I /Users/admin/builder/spi-builder-workspace/.derivedData/Build/Products/Debug-watchos -Isystem /Applications/Xcode-27.0.0-Release.Candidate.app/Contents/Developer/Platforms/WatchOS.platform/Developer/usr/lib -F /Users/admin/builder/spi-builder-workspace/.derivedData/Build/Products/Debug-watchos -F /Applications/Xcode-27.0.0-Release.Candidate.app/Contents/Developer/Platforms/WatchOS.platform/Developer/Library/Frameworks -F /Applications/Xcode-27.0.0-Release.Candidate.app/Contents/Developer/Platforms/WatchOS.platform/Developer/SDKs/WatchOS27.0.sdk/Developer/Library/Frameworks -c -j10 -enable-batch-mode -incremental -Xcc -ivfsstatcache -Xcc /Users/admin/builder/spi-builder-workspace/.derivedData/SDKStatCaches.noindex/watchos27.0-24R360-e829b21a6f8c9b70876ba0858053c04477534ef55a1706bf4c1112bbb242f0a2.sdkstatcache -output-file-map /Users/admin/builder/spi-builder-workspace/.derivedData/Build/Intermediates.noindex/Digest.build/Debug-watchos/Digest-t.build/Objects-normal/arm64/Digest-OutputFileMap.json -save-temps -no-color-diagnostics -explicit-module-build -module-cache-path /Users/admin/builder/spi-builder-workspace/.derivedData/Build/Intermediates.noindex/SwiftExplicitPrecompiledModules -clang-scanner-module-cache-path /Users/admin/builder/spi-builder-workspace/.derivedData/ModuleCache.noindex -sdk-module-cache-path /Users/admin/builder/spi-builder-workspace/.derivedData/SDKExplicitPrecompiledModules -emit-dependencies -emit-module -emit-module-path /Users/admin/builder/spi-builder-workspace/.derivedData/Build/Intermediates.noindex/Digest.build/Debug-watchos/Digest-t.build/Objects-normal/arm64/Digest.swiftmodule -serialize-diagnostics -dependency-scan-serialize-diagnostics-path /Users/admin/builder/spi-builder-workspace/.derivedData/Build/Intermediates.noindex/Digest.build/Debug-watchos/Digest-t.build/Objects-normal/arm64/Digest-dependency-scan.dia -validate-clang-modules-once -clang-build-session-file /Users/admin/builder/spi-builder-workspace/.derivedData/ModuleCache.noindex/Session.modulevalidation -Xcc -fmodules-prune-interval\=86400 -Xcc -fmodules-prune-after\=345600 -package-name digest -emit-const-values -const-gather-protocols-list /Users/admin/builder/spi-builder-workspace/.derivedData/Build/Intermediates.noindex/Digest.build/Debug-watchos/Digest-t.build/Objects-normal/arm64/Digest_const_extract_protocols.json -Xcc -I/Users/admin/builder/spi-builder-workspace/.derivedData/Build/Products/Debug-watchos/include -Xcc -I/Users/admin/builder/spi-builder-workspace/.derivedData/Build/Intermediates.noindex/Digest.build/Debug-watchos/Digest-t.build/DerivedSources-normal/arm64 -Xcc -I/Users/admin/builder/spi-builder-workspace/.derivedData/Build/Intermediates.noindex/Digest.build/Debug-watchos/Digest-t.build/DerivedSources/arm64 -Xcc -I/Users/admin/builder/spi-builder-workspace/.derivedData/Build/Intermediates.noindex/Digest.build/Debug-watchos/Digest-t.build/DerivedSources -Xcc -DSWIFT_PACKAGE -Xcc -DDEBUG\=1 -emit-objc-header -emit-objc-header-path /Users/admin/builder/spi-builder-workspace/.derivedData/Build/Intermediates.noindex/Digest.build/Debug-watchos/Digest-t.build/Objects-normal/arm64/Digest-Swift.h -working-directory /Users/admin/builder/spi-builder-workspace/.swiftpm/xcode -experimental-emit-module-separately -disable-cmo
SwiftDriverJobDiscovery normal arm64 Emitting module for BigInt (in target 'BigInt' from project 'BigInt')
SwiftDriver\ Compilation\ Requirements BigInt normal arm64 com.apple.xcode.tools.swift.compiler (in target 'BigInt' from project 'BigInt')
    cd /Users/admin/builder/spi-builder-workspace/.swiftpm/xcode
    builtin-Swift-Compilation-Requirements -- /Applications/Xcode-27.0.0-Release.Candidate.app/Contents/Developer/Toolchains/XcodeDefault.xctoolchain/usr/bin/swiftc -parse-as-library -module-name BigInt -Onone @/Users/admin/builder/spi-builder-workspace/.derivedData/Build/Intermediates.noindex/BigInt.build/Debug-watchos/BigInt-t.build/Objects-normal/arm64/BigInt.SwiftFileList -DSWIFT_PACKAGE -DDEBUG -DSWIFT_MODULE_RESOURCE_BUNDLE_UNAVAILABLE -DXcode -plugin-path /Applications/Xcode-27.0.0-Release.Candidate.app/Contents/Developer/Toolchains/XcodeDefault.xctoolchain/usr/lib/swift/host/plugins/testing -enable-experimental-feature DebugDescriptionMacro -sdk /Applications/Xcode-27.0.0-Release.Candidate.app/Contents/Developer/Platforms/WatchOS.platform/Developer/SDKs/WatchOS27.0.sdk -target arm64-apple-watchos9.0 -g -module-cache-path /Users/admin/builder/spi-builder-workspace/.derivedData/ModuleCache.noindex -Xfrontend -serialize-debugging-options -profile-coverage-mapping -profile-generate -enable-testing -suppress-warnings -index-store-path /Users/admin/builder/spi-builder-workspace/.derivedData/Index.noindex/DataStore -Xcc -D_LIBCPP_HARDENING_MODE\=_LIBCPP_HARDENING_MODE_DEBUG -swift-version 5 -I /Users/admin/builder/spi-builder-workspace/.derivedData/Build/Products/Debug-watchos -Isystem /Applications/Xcode-27.0.0-Release.Candidate.app/Contents/Developer/Platforms/WatchOS.platform/Developer/usr/lib -F /Users/admin/builder/spi-builder-workspace/.derivedData/Build/Products/Debug-watchos -F /Applications/Xcode-27.0.0-Release.Candidate.app/Contents/Developer/Platforms/WatchOS.platform/Developer/Library/Frameworks -F /Applications/Xcode-27.0.0-Release.Candidate.app/Contents/Developer/Platforms/WatchOS.platform/Developer/SDKs/WatchOS27.0.sdk/Developer/Library/Frameworks -c -j10 -enable-batch-mode -incremental -Xcc -ivfsstatcache -Xcc /Users/admin/builder/spi-builder-workspace/.derivedData/SDKStatCaches.noindex/watchos27.0-24R360-e829b21a6f8c9b70876ba0858053c04477534ef55a1706bf4c1112bbb242f0a2.sdkstatcache -output-file-map /Users/admin/builder/spi-builder-workspace/.derivedData/Build/Intermediates.noindex/BigInt.build/Debug-watchos/BigInt-t.build/Objects-normal/arm64/BigInt-OutputFileMap.json -save-temps -no-color-diagnostics -explicit-module-build -module-cache-path /Users/admin/builder/spi-builder-workspace/.derivedData/Build/Intermediates.noindex/SwiftExplicitPrecompiledModules -clang-scanner-module-cache-path /Users/admin/builder/spi-builder-workspace/.derivedData/ModuleCache.noindex -sdk-module-cache-path /Users/admin/builder/spi-builder-workspace/.derivedData/SDKExplicitPrecompiledModules -emit-dependencies -emit-module -emit-module-path /Users/admin/builder/spi-builder-workspace/.derivedData/Build/Intermediates.noindex/BigInt.build/Debug-watchos/BigInt-t.build/Objects-normal/arm64/BigInt.swiftmodule -serialize-diagnostics -dependency-scan-serialize-diagnostics-path /Users/admin/builder/spi-builder-workspace/.derivedData/Build/Intermediates.noindex/BigInt.build/Debug-watchos/BigInt-t.build/Objects-normal/arm64/BigInt-dependency-scan.dia -validate-clang-modules-once -clang-build-session-file /Users/admin/builder/spi-builder-workspace/.derivedData/ModuleCache.noindex/Session.modulevalidation -Xcc -fmodules-prune-interval\=86400 -Xcc -fmodules-prune-after\=345600 -package-name bigint -emit-const-values -const-gather-protocols-list /Users/admin/builder/spi-builder-workspace/.derivedData/Build/Intermediates.noindex/BigInt.build/Debug-watchos/BigInt-t.build/Objects-normal/arm64/BigInt_const_extract_protocols.json -Xcc -I/Users/admin/builder/spi-builder-workspace/.derivedData/Build/Products/Debug-watchos/include -Xcc -I/Users/admin/builder/spi-builder-workspace/.derivedData/Build/Intermediates.noindex/BigInt.build/Debug-watchos/BigInt-t.build/DerivedSources-normal/arm64 -Xcc -I/Users/admin/builder/spi-builder-workspace/.derivedData/Build/Intermediates.noindex/BigInt.build/Debug-watchos/BigInt-t.build/DerivedSources/arm64 -Xcc -I/Users/admin/builder/spi-builder-workspace/.derivedData/Build/Intermediates.noindex/BigInt.build/Debug-watchos/BigInt-t.build/DerivedSources -Xcc -DSWIFT_PACKAGE -Xcc -DDEBUG\=1 -emit-objc-header -emit-objc-header-path /Users/admin/builder/spi-builder-workspace/.derivedData/Build/Intermediates.noindex/BigInt.build/Debug-watchos/BigInt-t.build/Objects-normal/arm64/BigInt-Swift.h -working-directory /Users/admin/builder/spi-builder-workspace/.swiftpm/xcode -experimental-emit-module-separately -disable-cmo
SwiftEmitModule normal arm64_32 Emitting\ module\ for\ BigInt (in target 'BigInt' from project 'BigInt')
/Users/admin/builder/spi-builder-workspace/.dependencies/checkouts/BigInt/Sources/BigInt/Factorial.swift:15:64: error: integer literal '2432902008176640000' overflows when stored into 'Int'
13 |         1, 1, 2, 6, 24, 120, 720, 5040, 40320, 362880, 3628800, 39916800,
14 |         479001600, 6227020800, 87178291200, 1307674368000, 20922789888000,
15 |         355687428096000, 6402373705728000, 121645100408832000, 2432902008176640000]
   |                                                                `- error: integer literal '2432902008176640000' overflows when stored into 'Int'
16 |
17 |     var N: Limbs = [1]
/Users/admin/builder/spi-builder-workspace/.dependencies/checkouts/BigInt/Sources/BigInt/Factorial.swift:15:44: error: integer literal '121645100408832000' overflows when stored into 'Int'
13 |         1, 1, 2, 6, 24, 120, 720, 5040, 40320, 362880, 3628800, 39916800,
14 |         479001600, 6227020800, 87178291200, 1307674368000, 20922789888000,
15 |         355687428096000, 6402373705728000, 121645100408832000, 2432902008176640000]
   |                                            `- error: integer literal '121645100408832000' overflows when stored into 'Int'
16 |
17 |     var N: Limbs = [1]
/Users/admin/builder/spi-builder-workspace/.dependencies/checkouts/BigInt/Sources/BigInt/Factorial.swift:15:26: error: integer literal '6402373705728000' overflows when stored into 'Int'
13 |         1, 1, 2, 6, 24, 120, 720, 5040, 40320, 362880, 3628800, 39916800,
14 |         479001600, 6227020800, 87178291200, 1307674368000, 20922789888000,
15 |         355687428096000, 6402373705728000, 121645100408832000, 2432902008176640000]
   |                          `- error: integer literal '6402373705728000' overflows when stored into 'Int'
16 |
17 |     var N: Limbs = [1]
/Users/admin/builder/spi-builder-workspace/.dependencies/checkouts/BigInt/Sources/BigInt/Factorial.swift:15:9: error: integer literal '355687428096000' overflows when stored into 'Int'
13 |         1, 1, 2, 6, 24, 120, 720, 5040, 40320, 362880, 3628800, 39916800,
14 |         479001600, 6227020800, 87178291200, 1307674368000, 20922789888000,
15 |         355687428096000, 6402373705728000, 121645100408832000, 2432902008176640000]
   |         `- error: integer literal '355687428096000' overflows when stored into 'Int'
16 |
17 |     var N: Limbs = [1]
/Users/admin/builder/spi-builder-workspace/.dependencies/checkouts/BigInt/Sources/BigInt/Factorial.swift:14:60: error: integer literal '20922789888000' overflows when stored into 'Int'
12 |     static let smallFacs: [Int] = [
13 |         1, 1, 2, 6, 24, 120, 720, 5040, 40320, 362880, 3628800, 39916800,
14 |         479001600, 6227020800, 87178291200, 1307674368000, 20922789888000,
   |                                                            `- error: integer literal '20922789888000' overflows when stored into 'Int'
15 |         355687428096000, 6402373705728000, 121645100408832000, 2432902008176640000]
16 |
/Users/admin/builder/spi-builder-workspace/.dependencies/checkouts/BigInt/Sources/BigInt/Factorial.swift:14:45: error: integer literal '1307674368000' overflows when stored into 'Int'
12 |     static let smallFacs: [Int] = [
13 |         1, 1, 2, 6, 24, 120, 720, 5040, 40320, 362880, 3628800, 39916800,
14 |         479001600, 6227020800, 87178291200, 1307674368000, 20922789888000,
   |                                             `- error: integer literal '1307674368000' overflows when stored into 'Int'
15 |         355687428096000, 6402373705728000, 121645100408832000, 2432902008176640000]
16 |
/Users/admin/builder/spi-builder-workspace/.dependencies/checkouts/BigInt/Sources/BigInt/Factorial.swift:14:32: error: integer literal '87178291200' overflows when stored into 'Int'
12 |     static let smallFacs: [Int] = [
13 |         1, 1, 2, 6, 24, 120, 720, 5040, 40320, 362880, 3628800, 39916800,
14 |         479001600, 6227020800, 87178291200, 1307674368000, 20922789888000,
   |                                `- error: integer literal '87178291200' overflows when stored into 'Int'
15 |         355687428096000, 6402373705728000, 121645100408832000, 2432902008176640000]
16 |
/Users/admin/builder/spi-builder-workspace/.dependencies/checkouts/BigInt/Sources/BigInt/Factorial.swift:14:20: error: integer literal '6227020800' overflows when stored into 'Int'
12 |     static let smallFacs: [Int] = [
13 |         1, 1, 2, 6, 24, 120, 720, 5040, 40320, 362880, 3628800, 39916800,
14 |         479001600, 6227020800, 87178291200, 1307674368000, 20922789888000,
   |                    `- error: integer literal '6227020800' overflows when stored into 'Int'
15 |         355687428096000, 6402373705728000, 121645100408832000, 2432902008176640000]
16 |
Failed frontend command:
/Applications/Xcode-27.0.0-Release.Candidate.app/Contents/Developer/Toolchains/XcodeDefault.xctoolchain/usr/bin/swift-frontend -frontend -emit-module -experimental-skip-non-inlinable-function-bodies-without-types /Users/admin/builder/spi-builder-workspace/.dependencies/checkouts/BigInt/Sources/BigInt/BailliePSW.swift /Users/admin/builder/spi-builder-workspace/.dependencies/checkouts/BigInt/Sources/BigInt/BigFrac.swift /Users/admin/builder/spi-builder-workspace/.dependencies/checkouts/BigInt/Sources/BigInt/BigInt.swift /Users/admin/builder/spi-builder-workspace/.dependencies/checkouts/BigInt/Sources/BigInt/BitSieve.swift /Users/admin/builder/spi-builder-workspace/.dependencies/checkouts/BigInt/Sources/BigInt/BurnikelZiegler.swift /Users/admin/builder/spi-builder-workspace/.dependencies/checkouts/BigInt/Sources/BigInt/CRT.swift /Users/admin/builder/spi-builder-workspace/.dependencies/checkouts/BigInt/Sources/BigInt/ExpMod.swift /Users/admin/builder/spi-builder-workspace/.dependencies/checkouts/BigInt/Sources/BigInt/Factorial.swift /Users/admin/builder/spi-builder-workspace/.dependencies/checkouts/BigInt/Sources/BigInt/GCD.swift /Users/admin/builder/spi-builder-workspace/.dependencies/checkouts/BigInt/Sources/BigInt/Karatsuba.swift /Users/admin/builder/spi-builder-workspace/.dependencies/checkouts/BigInt/Sources/BigInt/Limbs.swift /Users/admin/builder/spi-builder-workspace/.dependencies/checkouts/BigInt/Sources/BigInt/ToomCook.swift -target arm64_32-apple-watchos9.0 -disable-cross-import-overlay-search -load-resolved-plugin /Applications/Xcode-27.0.0-Release.Candidate.app/Contents/Developer/Platforms/WatchOS.platform/Developer/usr/lib/swift/host/plugins/libFoundationMacros.dylib\#/Applications/Xcode-27.0.0-Release.Candidate.app/Contents/Developer/Platforms/WatchOS.platform/Developer/usr/bin/swift-plugin-server\#FoundationMacros -load-resolved-plugin /Applications/Xcode-27.0.0-Release.Candidate.app/Contents/Developer/Platforms/WatchOS.platform/Developer/usr/lib/swift/host/plugins/libObservationMacros.dylib\#/Applications/Xcode-27.0.0-Release.Candidate.app/Contents/Developer/Platforms/WatchOS.platform/Developer/usr/bin/swift-plugin-server\#ObservationMacros -load-resolved-plugin /Applications/Xcode-27.0.0-Release.Candidate.app/Contents/Developer/Platforms/WatchOS.platform/Developer/usr/lib/swift/host/plugins/libSwiftMacros.dylib\#/Applications/Xcode-27.0.0-Release.Candidate.app/Contents/Developer/Platforms/WatchOS.platform/Developer/usr/bin/swift-plugin-server\#SwiftMacros -disable-implicit-swift-modules -Xcc -fno-implicit-modules -Xcc -fno-implicit-module-maps -explicit-swift-module-map-file /Users/admin/builder/spi-builder-workspace/.derivedData/Build/Intermediates.noindex/BigInt.build/Debug-watchos/BigInt-t.build/Objects-normal/arm64_32/BigInt-dependencies-2.json -enable-objc-interop -sdk /Applications/Xcode-27.0.0-Release.Candidate.app/Contents/Developer/Platforms/WatchOS.platform/Developer/SDKs/WatchOS27.0.sdk -I /Users/admin/builder/spi-builder-workspace/.derivedData/Build/Products/Debug-watchos -Isystem /Applications/Xcode-27.0.0-Release.Candidate.app/Contents/Developer/Platforms/WatchOS.platform/Developer/usr/lib -F /Users/admin/builder/spi-builder-workspace/.derivedData/Build/Products/Debug-watchos -F /Applications/Xcode-27.0.0-Release.Candidate.app/Contents/Developer/Platforms/WatchOS.platform/Developer/Library/Frameworks -F /Applications/Xcode-27.0.0-Release.Candidate.app/Contents/Developer/Platforms/WatchOS.platform/Developer/SDKs/WatchOS27.0.sdk/Developer/Library/Frameworks -module-cache-path /Users/admin/builder/spi-builder-workspace/.derivedData/Build/Intermediates.noindex/SwiftExplicitPrecompiledModules -no-color-diagnostics -Xcc -fno-color-diagnostics -enable-testing -g -debug-info-format\=dwarf -dwarf-version\=4 -suppress-warnings -profile-generate -profile-coverage-mapping -swift-version 5 -Onone -D SWIFT_PACKAGE -D DEBUG -D SWIFT_MODULE_RESOURCE_BUNDLE_UNAVAILABLE -D Xcode -serialize-debugging-options -enable-experimental-feature DebugDescriptionMacro -empty-abi-descriptor -validate-clang-modules-once -clang-build-session-file /Users/admin/builder/spi-builder-workspace/.derivedData/ModuleCache.noindex/Session.modulevalidation -Xcc -working-directory -Xcc /Users/admin/builder/spi-builder-workspace/.swiftpm/xcode -enable-anonymous-context-mangled-names -file-compilation-dir /Users/admin/builder/spi-builder-workspace/.swiftpm/xcode -Xcc -D_LIBCPP_HARDENING_MODE\=_LIBCPP_HARDENING_MODE_DEBUG -Xcc -ivfsstatcache -Xcc /Users/admin/builder/spi-builder-workspace/.derivedData/SDKStatCaches.noindex/watchos27.0-24R360-e829b21a6f8c9b70876ba0858053c04477534ef55a1706bf4c1112bbb242f0a2.sdkstatcache -Xcc -fmodules-prune-interval\=86400 -Xcc -fmodules-prune-after\=345600 -Xcc -I/Users/admin/builder/spi-builder-workspace/.derivedData/Build/Products/Debug-watchos/include -Xcc -I/Users/admin/builder/spi-builder-workspace/.derivedData/Build/Intermediates.noindex/BigInt.build/Debug-watchos/BigInt-t.build/DerivedSources-normal/arm64_32 -Xcc -I/Users/admin/builder/spi-builder-workspace/.derivedData/Build/Intermediates.noindex/BigInt.build/Debug-watchos/BigInt-t.build/DerivedSources/arm64_32 -Xcc -I/Users/admin/builder/spi-builder-workspace/.derivedData/Build/Intermediates.noindex/BigInt.build/Debug-watchos/BigInt-t.build/DerivedSources -Xcc -DSWIFT_PACKAGE -Xcc -DDEBUG\=1 -no-auto-bridging-header-chaining -module-name BigInt -package-name bigint -const-gather-protocols-file /Users/admin/builder/spi-builder-workspace/.derivedData/Build/Intermediates.noindex/BigInt.build/Debug-watchos/BigInt-t.build/Objects-normal/arm64_32/BigInt_const_extract_protocols.json -disable-clang-spi -clang-target arm64_32-apple-watchos27.0 -target-sdk-version 27.0 -target-sdk-name watchos27.0 -in-process-plugin-server-path /Applications/Xcode-27.0.0-Release.Candidate.app/Contents/Developer/Toolchains/XcodeDefault.xctoolchain/usr/lib/swift/host/libSwiftInProcPluginServer.dylib -emit-module-doc-path /Users/admin/builder/spi-builder-workspace/.derivedData/Build/Intermediates.noindex/BigInt.build/Debug-watchos/BigInt-t.build/Objects-normal/arm64_32/BigInt.swiftdoc -emit-module-source-info-path /Users/admin/builder/spi-builder-workspace/.derivedData/Build/Intermediates.noindex/BigInt.build/Debug-watchos/BigInt-t.build/Objects-normal/arm64_32/BigInt.swiftsourceinfo -emit-objc-header-path /Users/admin/builder/spi-builder-workspace/.derivedData/Build/Intermediates.noindex/BigInt.build/Debug-watchos/BigInt-t.build/Objects-normal/arm64_32/BigInt-Swift.h -serialize-diagnostics-path /Users/admin/builder/spi-builder-workspace/.derivedData/Build/Intermediates.noindex/BigInt.build/Debug-watchos/BigInt-t.build/Objects-normal/arm64_32/BigInt-primary-emit-module.dia -emit-dependencies-path /Users/admin/builder/spi-builder-workspace/.derivedData/Build/Intermediates.noindex/BigInt.build/Debug-watchos/BigInt-t.build/Objects-normal/arm64_32/BigInt-primary-emit-module.d -parse-as-library -o /Users/admin/builder/spi-builder-workspace/.derivedData/Build/Intermediates.noindex/BigInt.build/Debug-watchos/BigInt-t.build/Objects-normal/arm64_32/BigInt.swiftmodule -emit-abi-descriptor-path /Users/admin/builder/spi-builder-workspace/.derivedData/Build/Intermediates.noindex/BigInt.build/Debug-watchos/BigInt-t.build/Objects-normal/arm64_32/BigInt.abi.json
SwiftCompile normal arm64_32 (in target 'BigInt' from project 'BigInt')
    cd /Users/admin/builder/spi-builder-workspace/.swiftpm/xcode

Copy /Users/admin/builder/spi-builder-workspace/.derivedData/Build/Products/Debug-watchos/Digest.swiftmodule/arm64-apple-watchos.swiftmodule /Users/admin/builder/spi-builder-workspace/.derivedData/Build/Intermediates.noindex/Digest.build/Debug-watchos/Digest-t.build/Objects-normal/arm64/Digest.swiftmodule (in target 'Digest' from project 'Digest')
    cd /Users/admin/builder/spi-builder-workspace/.dependencies/checkouts/Digest
    builtin-copy -exclude .DS_Store -exclude CVS -exclude .svn -exclude .git -exclude .hg -resolve-src-symlinks -rename /Users/admin/builder/spi-builder-workspace/.derivedData/Build/Intermediates.noindex/Digest.build/Debug-watchos/Digest-t.build/Objects-normal/arm64/Digest.swiftmodule /Users/admin/builder/spi-builder-workspace/.derivedData/Build/Products/Debug-watchos/Digest.swiftmodule/arm64-apple-watchos.swiftmodule
SwiftDriverJobDiscovery normal arm64_32 Emitting module for Digest (in target 'Digest' from project 'Digest')
SwiftDriver\ Compilation\ Requirements Digest normal arm64_32 com.apple.xcode.tools.swift.compiler (in target 'Digest' from project 'Digest')
    cd /Users/admin/builder/spi-builder-workspace/.swiftpm/xcode
    builtin-Swift-Compilation-Requirements -- /Applications/Xcode-27.0.0-Release.Candidate.app/Contents/Developer/Toolchains/XcodeDefault.xctoolchain/usr/bin/swiftc -parse-as-library -module-name Digest -Onone @/Users/admin/builder/spi-builder-workspace/.derivedData/Build/Intermediates.noindex/Digest.build/Debug-watchos/Digest-t.build/Objects-normal/arm64_32/Digest.SwiftFileList -DSWIFT_PACKAGE -DDEBUG -DSWIFT_MODULE_RESOURCE_BUNDLE_UNAVAILABLE -DXcode -plugin-path /Applications/Xcode-27.0.0-Release.Candidate.app/Contents/Developer/Toolchains/XcodeDefault.xctoolchain/usr/lib/swift/host/plugins/testing -enable-experimental-feature DebugDescriptionMacro -sdk /Applications/Xcode-27.0.0-Release.Candidate.app/Contents/Developer/Platforms/WatchOS.platform/Developer/SDKs/WatchOS27.0.sdk -target arm64_32-apple-watchos9.0 -g -module-cache-path /Users/admin/builder/spi-builder-workspace/.derivedData/ModuleCache.noindex -Xfrontend -serialize-debugging-options -profile-coverage-mapping -profile-generate -enable-testing -suppress-warnings -index-store-path /Users/admin/builder/spi-builder-workspace/.derivedData/Index.noindex/DataStore -Xcc -D_LIBCPP_HARDENING_MODE\=_LIBCPP_HARDENING_MODE_DEBUG -swift-version 5 -I /Users/admin/builder/spi-builder-workspace/.derivedData/Build/Products/Debug-watchos -Isystem /Applications/Xcode-27.0.0-Release.Candidate.app/Contents/Developer/Platforms/WatchOS.platform/Developer/usr/lib -F /Users/admin/builder/spi-builder-workspace/.derivedData/Build/Products/Debug-watchos -F /Applications/Xcode-27.0.0-Release.Candidate.app/Contents/Developer/Platforms/WatchOS.platform/Developer/Library/Frameworks -F /Applications/Xcode-27.0.0-Release.Candidate.app/Contents/Developer/Platforms/WatchOS.platform/Developer/SDKs/WatchOS27.0.sdk/Developer/Library/Frameworks -c -j10 -enable-batch-mode -incremental -Xcc -ivfsstatcache -Xcc /Users/admin/builder/spi-builder-workspace/.derivedData/SDKStatCaches.noindex/watchos27.0-24R360-e829b21a6f8c9b70876ba0858053c04477534ef55a1706bf4c1112bbb242f0a2.sdkstatcache -output-file-map /Users/admin/builder/spi-builder-workspace/.derivedData/Build/Intermediates.noindex/Digest.build/Debug-watchos/Digest-t.build/Objects-normal/arm64_32/Digest-OutputFileMap.json -save-temps -no-color-diagnostics -explicit-module-build -module-cache-path /Users/admin/builder/spi-builder-workspace/.derivedData/Build/Intermediates.noindex/SwiftExplicitPrecompiledModules -clang-scanner-module-cache-path /Users/admin/builder/spi-builder-workspace/.derivedData/ModuleCache.noindex -sdk-module-cache-path /Users/admin/builder/spi-builder-workspace/.derivedData/SDKExplicitPrecompiledModules -emit-dependencies -emit-module -emit-module-path /Users/admin/builder/spi-builder-workspace/.derivedData/Build/Intermediates.noindex/Digest.build/Debug-watchos/Digest-t.build/Objects-normal/arm64_32/Digest.swiftmodule -serialize-diagnostics -dependency-scan-serialize-diagnostics-path /Users/admin/builder/spi-builder-workspace/.derivedData/Build/Intermediates.noindex/Digest.build/Debug-watchos/Digest-t.build/Objects-normal/arm64_32/Digest-dependency-scan.dia -validate-clang-modules-once -clang-build-session-file /Users/admin/builder/spi-builder-workspace/.derivedData/ModuleCache.noindex/Session.modulevalidation -Xcc -fmodules-prune-interval\=86400 -Xcc -fmodules-prune-after\=345600 -package-name digest -emit-const-values -const-gather-protocols-list /Users/admin/builder/spi-builder-workspace/.derivedData/Build/Intermediates.noindex/Digest.build/Debug-watchos/Digest-t.build/Objects-normal/arm64_32/Digest_const_extract_protocols.json -Xcc -I/Users/admin/builder/spi-builder-workspace/.derivedData/Build/Products/Debug-watchos/include -Xcc -I/Users/admin/builder/spi-builder-workspace/.derivedData/Build/Intermediates.noindex/Digest.build/Debug-watchos/Digest-t.build/DerivedSources-normal/arm64_32 -Xcc -I/Users/admin/builder/spi-builder-workspace/.derivedData/Build/Intermediates.noindex/Digest.build/Debug-watchos/Digest-t.build/DerivedSources/arm64_32 -Xcc -I/Users/admin/builder/spi-builder-workspace/.derivedData/Build/Intermediates.noindex/Digest.build/Debug-watchos/Digest-t.build/DerivedSources -Xcc -DSWIFT_PACKAGE -Xcc -DDEBUG\=1 -emit-objc-header -emit-objc-header-path /Users/admin/builder/spi-builder-workspace/.derivedData/Build/Intermediates.noindex/Digest.build/Debug-watchos/Digest-t.build/Objects-normal/arm64_32/Digest-Swift.h -working-directory /Users/admin/builder/spi-builder-workspace/.swiftpm/xcode -experimental-emit-module-separately -disable-cmo
Copy /Users/admin/builder/spi-builder-workspace/.derivedData/Build/Products/Debug-watchos/Digest.swiftmodule/arm64-apple-watchos.swiftdoc /Users/admin/builder/spi-builder-workspace/.derivedData/Build/Intermediates.noindex/Digest.build/Debug-watchos/Digest-t.build/Objects-normal/arm64/Digest.swiftdoc (in target 'Digest' from project 'Digest')
    cd /Users/admin/builder/spi-builder-workspace/.dependencies/checkouts/Digest
    builtin-copy -exclude .DS_Store -exclude CVS -exclude .svn -exclude .git -exclude .hg -resolve-src-symlinks -rename /Users/admin/builder/spi-builder-workspace/.derivedData/Build/Intermediates.noindex/Digest.build/Debug-watchos/Digest-t.build/Objects-normal/arm64/Digest.swiftdoc /Users/admin/builder/spi-builder-workspace/.derivedData/Build/Products/Debug-watchos/Digest.swiftmodule/arm64-apple-watchos.swiftdoc
SwiftMergeGeneratedHeaders /Users/admin/builder/spi-builder-workspace/.derivedData/Build/Intermediates.noindex/GeneratedModuleMaps-watchos/Digest-Swift.h /Users/admin/builder/spi-builder-workspace/.derivedData/Build/Intermediates.noindex/Digest.build/Debug-watchos/Digest-t.build/Objects-normal/arm64/Digest-Swift.h /Users/admin/builder/spi-builder-workspace/.derivedData/Build/Intermediates.noindex/Digest.build/Debug-watchos/Digest-t.build/Objects-normal/arm64_32/Digest-Swift.h (in target 'Digest' from project 'Digest')
    cd /Users/admin/builder/spi-builder-workspace/.dependencies/checkouts/Digest
    builtin-swiftHeaderTool -arch arm64 /Users/admin/builder/spi-builder-workspace/.derivedData/Build/Intermediates.noindex/Digest.build/Debug-watchos/Digest-t.build/Objects-normal/arm64/Digest-Swift.h -arch arm64_32 /Users/admin/builder/spi-builder-workspace/.derivedData/Build/Intermediates.noindex/Digest.build/Debug-watchos/Digest-t.build/Objects-normal/arm64_32/Digest-Swift.h -o /Users/admin/builder/spi-builder-workspace/.derivedData/Build/Intermediates.noindex/GeneratedModuleMaps-watchos/Digest-Swift.h
Copy /Users/admin/builder/spi-builder-workspace/.derivedData/Build/Products/Debug-watchos/Digest.swiftmodule/arm64_32-apple-watchos.swiftmodule /Users/admin/builder/spi-builder-workspace/.derivedData/Build/Intermediates.noindex/Digest.build/Debug-watchos/Digest-t.build/Objects-normal/arm64_32/Digest.swiftmodule (in target 'Digest' from project 'Digest')
    cd /Users/admin/builder/spi-builder-workspace/.dependencies/checkouts/Digest
    builtin-copy -exclude .DS_Store -exclude CVS -exclude .svn -exclude .git -exclude .hg -resolve-src-symlinks -rename /Users/admin/builder/spi-builder-workspace/.derivedData/Build/Intermediates.noindex/Digest.build/Debug-watchos/Digest-t.build/Objects-normal/arm64_32/Digest.swiftmodule /Users/admin/builder/spi-builder-workspace/.derivedData/Build/Products/Debug-watchos/Digest.swiftmodule/arm64_32-apple-watchos.swiftmodule
Copy /Users/admin/builder/spi-builder-workspace/.derivedData/Build/Products/Debug-watchos/Digest.swiftmodule/arm64_32-apple-watchos.swiftdoc /Users/admin/builder/spi-builder-workspace/.derivedData/Build/Intermediates.noindex/Digest.build/Debug-watchos/Digest-t.build/Objects-normal/arm64_32/Digest.swiftdoc (in target 'Digest' from project 'Digest')
    cd /Users/admin/builder/spi-builder-workspace/.dependencies/checkouts/Digest
    builtin-copy -exclude .DS_Store -exclude CVS -exclude .svn -exclude .git -exclude .hg -resolve-src-symlinks -rename /Users/admin/builder/spi-builder-workspace/.derivedData/Build/Intermediates.noindex/Digest.build/Debug-watchos/Digest-t.build/Objects-normal/arm64_32/Digest.swiftdoc /Users/admin/builder/spi-builder-workspace/.derivedData/Build/Products/Debug-watchos/Digest.swiftmodule/arm64_32-apple-watchos.swiftdoc
Copy /Users/admin/builder/spi-builder-workspace/.derivedData/Build/Products/Debug-watchos/Digest.swiftmodule/arm64_32-apple-watchos.abi.json /Users/admin/builder/spi-builder-workspace/.derivedData/Build/Intermediates.noindex/Digest.build/Debug-watchos/Digest-t.build/Objects-normal/arm64_32/Digest.abi.json (in target 'Digest' from project 'Digest')
    cd /Users/admin/builder/spi-builder-workspace/.dependencies/checkouts/Digest
    builtin-copy -exclude .DS_Store -exclude CVS -exclude .svn -exclude .git -exclude .hg -resolve-src-symlinks -rename /Users/admin/builder/spi-builder-workspace/.derivedData/Build/Intermediates.noindex/Digest.build/Debug-watchos/Digest-t.build/Objects-normal/arm64_32/Digest.abi.json /Users/admin/builder/spi-builder-workspace/.derivedData/Build/Products/Debug-watchos/Digest.swiftmodule/arm64_32-apple-watchos.abi.json
Copy /Users/admin/builder/spi-builder-workspace/.derivedData/Build/Products/Debug-watchos/Digest.swiftmodule/arm64-apple-watchos.abi.json /Users/admin/builder/spi-builder-workspace/.derivedData/Build/Intermediates.noindex/Digest.build/Debug-watchos/Digest-t.build/Objects-normal/arm64/Digest.abi.json (in target 'Digest' from project 'Digest')
    cd /Users/admin/builder/spi-builder-workspace/.dependencies/checkouts/Digest
    builtin-copy -exclude .DS_Store -exclude CVS -exclude .svn -exclude .git -exclude .hg -resolve-src-symlinks -rename /Users/admin/builder/spi-builder-workspace/.derivedData/Build/Intermediates.noindex/Digest.build/Debug-watchos/Digest-t.build/Objects-normal/arm64/Digest.abi.json /Users/admin/builder/spi-builder-workspace/.derivedData/Build/Products/Debug-watchos/Digest.swiftmodule/arm64-apple-watchos.abi.json
Copy /Users/admin/builder/spi-builder-workspace/.derivedData/Build/Products/Debug-watchos/Digest.swiftmodule/Project/arm64_32-apple-watchos.swiftsourceinfo /Users/admin/builder/spi-builder-workspace/.derivedData/Build/Intermediates.noindex/Digest.build/Debug-watchos/Digest-t.build/Objects-normal/arm64_32/Digest.swiftsourceinfo (in target 'Digest' from project 'Digest')
    cd /Users/admin/builder/spi-builder-workspace/.dependencies/checkouts/Digest
    builtin-copy -exclude .DS_Store -exclude CVS -exclude .svn -exclude .git -exclude .hg -resolve-src-symlinks -rename /Users/admin/builder/spi-builder-workspace/.derivedData/Build/Intermediates.noindex/Digest.build/Debug-watchos/Digest-t.build/Objects-normal/arm64_32/Digest.swiftsourceinfo /Users/admin/builder/spi-builder-workspace/.derivedData/Build/Products/Debug-watchos/Digest.swiftmodule/Project/arm64_32-apple-watchos.swiftsourceinfo
Copy /Users/admin/builder/spi-builder-workspace/.derivedData/Build/Products/Debug-watchos/Digest.swiftmodule/Project/arm64-apple-watchos.swiftsourceinfo /Users/admin/builder/spi-builder-workspace/.derivedData/Build/Intermediates.noindex/Digest.build/Debug-watchos/Digest-t.build/Objects-normal/arm64/Digest.swiftsourceinfo (in target 'Digest' from project 'Digest')
    cd /Users/admin/builder/spi-builder-workspace/.dependencies/checkouts/Digest
    builtin-copy -exclude .DS_Store -exclude CVS -exclude .svn -exclude .git -exclude .hg -resolve-src-symlinks -rename /Users/admin/builder/spi-builder-workspace/.derivedData/Build/Intermediates.noindex/Digest.build/Debug-watchos/Digest-t.build/Objects-normal/arm64/Digest.swiftsourceinfo /Users/admin/builder/spi-builder-workspace/.derivedData/Build/Products/Debug-watchos/Digest.swiftmodule/Project/arm64-apple-watchos.swiftsourceinfo
Copy /Users/admin/builder/spi-builder-workspace/.derivedData/Build/Products/Debug-watchos/BigInt.swiftmodule/arm64-apple-watchos.swiftmodule /Users/admin/builder/spi-builder-workspace/.derivedData/Build/Intermediates.noindex/BigInt.build/Debug-watchos/BigInt-t.build/Objects-normal/arm64/BigInt.swiftmodule (in target 'BigInt' from project 'BigInt')
    cd /Users/admin/builder/spi-builder-workspace/.dependencies/checkouts/BigInt
    builtin-copy -exclude .DS_Store -exclude CVS -exclude .svn -exclude .git -exclude .hg -resolve-src-symlinks -rename /Users/admin/builder/spi-builder-workspace/.derivedData/Build/Intermediates.noindex/BigInt.build/Debug-watchos/BigInt-t.build/Objects-normal/arm64/BigInt.swiftmodule /Users/admin/builder/spi-builder-workspace/.derivedData/Build/Products/Debug-watchos/BigInt.swiftmodule/arm64-apple-watchos.swiftmodule
Copy /Users/admin/builder/spi-builder-workspace/.derivedData/Build/Products/Debug-watchos/BigInt.swiftmodule/arm64-apple-watchos.swiftdoc /Users/admin/builder/spi-builder-workspace/.derivedData/Build/Intermediates.noindex/BigInt.build/Debug-watchos/BigInt-t.build/Objects-normal/arm64/BigInt.swiftdoc (in target 'BigInt' from project 'BigInt')
    cd /Users/admin/builder/spi-builder-workspace/.dependencies/checkouts/BigInt
    builtin-copy -exclude .DS_Store -exclude CVS -exclude .svn -exclude .git -exclude .hg -resolve-src-symlinks -rename /Users/admin/builder/spi-builder-workspace/.derivedData/Build/Intermediates.noindex/BigInt.build/Debug-watchos/BigInt-t.build/Objects-normal/arm64/BigInt.swiftdoc /Users/admin/builder/spi-builder-workspace/.derivedData/Build/Products/Debug-watchos/BigInt.swiftmodule/arm64-apple-watchos.swiftdoc
Copy /Users/admin/builder/spi-builder-workspace/.derivedData/Build/Products/Debug-watchos/BigInt.swiftmodule/arm64-apple-watchos.abi.json /Users/admin/builder/spi-builder-workspace/.derivedData/Build/Intermediates.noindex/BigInt.build/Debug-watchos/BigInt-t.build/Objects-normal/arm64/BigInt.abi.json (in target 'BigInt' from project 'BigInt')
    cd /Users/admin/builder/spi-builder-workspace/.dependencies/checkouts/BigInt
    builtin-copy -exclude .DS_Store -exclude CVS -exclude .svn -exclude .git -exclude .hg -resolve-src-symlinks -rename /Users/admin/builder/spi-builder-workspace/.derivedData/Build/Intermediates.noindex/BigInt.build/Debug-watchos/BigInt-t.build/Objects-normal/arm64/BigInt.abi.json /Users/admin/builder/spi-builder-workspace/.derivedData/Build/Products/Debug-watchos/BigInt.swiftmodule/arm64-apple-watchos.abi.json
Copy /Users/admin/builder/spi-builder-workspace/.derivedData/Build/Products/Debug-watchos/BigInt.swiftmodule/Project/arm64-apple-watchos.swiftsourceinfo /Users/admin/builder/spi-builder-workspace/.derivedData/Build/Intermediates.noindex/BigInt.build/Debug-watchos/BigInt-t.build/Objects-normal/arm64/BigInt.swiftsourceinfo (in target 'BigInt' from project 'BigInt')
    cd /Users/admin/builder/spi-builder-workspace/.dependencies/checkouts/BigInt
    builtin-copy -exclude .DS_Store -exclude CVS -exclude .svn -exclude .git -exclude .hg -resolve-src-symlinks -rename /Users/admin/builder/spi-builder-workspace/.derivedData/Build/Intermediates.noindex/BigInt.build/Debug-watchos/BigInt-t.build/Objects-normal/arm64/BigInt.swiftsourceinfo /Users/admin/builder/spi-builder-workspace/.derivedData/Build/Products/Debug-watchos/BigInt.swiftmodule/Project/arm64-apple-watchos.swiftsourceinfo
SwiftCompile normal arm64_32 Compiling\ SHA1.swift /Users/admin/builder/spi-builder-workspace/.dependencies/checkouts/Digest/Sources/Digest/SHA1.swift (in target 'Digest' from project 'Digest')
SwiftCompile normal arm64_32 /Users/admin/builder/spi-builder-workspace/.dependencies/checkouts/Digest/Sources/Digest/SHA1.swift (in target 'Digest' from project 'Digest')
    cd /Users/admin/builder/spi-builder-workspace/.swiftpm/xcode
    builtin-SwiftPerFileCompile SHA1.swift
SwiftCompile normal arm64_32 Compiling\ XOF.swift /Users/admin/builder/spi-builder-workspace/.dependencies/checkouts/Digest/Sources/Digest/XOF.swift (in target 'Digest' from project 'Digest')
SwiftCompile normal arm64_32 /Users/admin/builder/spi-builder-workspace/.dependencies/checkouts/Digest/Sources/Digest/XOF.swift (in target 'Digest' from project 'Digest')
    cd /Users/admin/builder/spi-builder-workspace/.swiftpm/xcode
    builtin-SwiftPerFileCompile XOF.swift
PruneExplicitPrecompiledModules /Users/admin/builder/spi-builder-workspace/.derivedData/SDKExplicitPrecompiledModules
PruneExplicitPrecompiledModules /Users/admin/builder/spi-builder-workspace/.derivedData/Build/Intermediates.noindex/SwiftExplicitPrecompiledModules
PruneExplicitPrecompiledModules /Users/admin/builder/spi-builder-workspace/.derivedData/Build/Intermediates.noindex/ExplicitPrecompiledModules
2026-09-22 00:24:47.000 xcodebuild[734:4325] [MT] IDERunDestination: Supported platforms for the buildables in the current scheme is empty.
** BUILD FAILED **
The following build commands failed:
	SwiftEmitModule normal arm64_32 Emitting\ module\ for\ BigInt (in target 'BigInt' from project 'BigInt')
	SwiftCompile normal arm64_32 (in target 'BigInt' from project 'BigInt')
	Building workspace SwiftECC with scheme SwiftECC
(3 failures)
Command line invocation:
    /Applications/Xcode-27.0.0-Release.Candidate.app/Contents/Developer/usr/bin/xcodebuild -IDEClonedSourcePackagesDirPathOverride=/Users/admin/builder/spi-builder-workspace/.dependencies -resolvePackageDependencies
Resolve Package Graph
Resolved source packages:
  BigInt: https://github.com/leif-ibsen/BigInt @ 1.24.0
  SwiftECC: /Users/admin/builder/spi-builder-workspace
  Digest: https://github.com/leif-ibsen/Digest @ 1.13.0
  ASN1: https://github.com/leif-ibsen/ASN1 @ 2.7.0
resolved source packages: BigInt, SwiftECC, Digest, ASN1
2026-09-22 00:24:53.253 xcodebuild[881:5155] [MT] IDERunDestination: Supported platforms for the buildables in the current scheme is empty.
{
  "dependencies" : [
    {
      "identity" : "asn1",
      "requirement" : {
        "range" : [
          {
            "lower_bound" : "2.7.0",
            "upper_bound" : "3.0.0"
          }
        ]
      },
      "type" : "sourceControl",
      "url" : "https://github.com/leif-ibsen/ASN1"
    },
    {
      "identity" : "bigint",
      "requirement" : {
        "range" : [
          {
            "lower_bound" : "1.21.0",
            "upper_bound" : "2.0.0"
          }
        ]
      },
      "type" : "sourceControl",
      "url" : "https://github.com/leif-ibsen/BigInt"
    },
    {
      "identity" : "digest",
      "requirement" : {
        "range" : [
          {
            "lower_bound" : "1.13.0",
            "upper_bound" : "2.0.0"
          }
        ]
      },
      "type" : "sourceControl",
      "url" : "https://github.com/leif-ibsen/Digest"
    }
  ],
  "manifest_display_name" : "SwiftECC",
  "name" : "SwiftECC",
  "path" : "/Users/admin/builder/spi-builder-workspace",
  "platforms" : [
    {
      "name" : "macos",
      "version" : "10.15"
    },
    {
      "name" : "ios",
      "version" : "13.0"
    },
    {
      "name" : "watchos",
      "version" : "8.0"
    }
  ],
  "products" : [
    {
      "name" : "SwiftECC",
      "targets" : [
        "SwiftECC"
      ],
      "type" : {
        "library" : [
          "automatic"
        ]
      }
    }
  ],
  "targets" : [
    {
      "c99name" : "SwiftECCTests",
      "module_type" : "SwiftTarget",
      "name" : "SwiftECCTests",
      "path" : "Tests/SwiftECCTests",
      "sources" : [
        "BlueTest.swift",
        "BrainpoolTest.swift",
        "CipherTest.swift",
        "CryptoKitTest.swift",
        "DomainTest.swift",
        "ECDHTest.swift",
        "EciesAESGCMTest.swift",
        "EciesChaChaTest.swift",
        "EciesTest.swift",
        "ExceptionTest.swift",
        "FuzzTest.swift",
        "GCMTest.swift",
        "KeysEncryptedTest.swift",
        "KeysTest.swift",
        "PEMTest.swift",
        "PointTest.swift",
        "SignatureDetTest.swift",
        "SignatureTest.swift",
        "Test29.swift",
        "Test4.swift",
        "VerifyTest.swift",
        "ZTest.swift"
      ],
      "target_dependencies" : [
        "SwiftECC"
      ],
      "type" : "test"
    },
    {
      "c99name" : "SwiftECC",
      "module_type" : "SwiftTarget",
      "name" : "SwiftECC",
      "path" : "Sources/SwiftECC",
      "product_dependencies" : [
        "BigInt",
        "ASN1",
        "Digest"
      ],
      "product_memberships" : [
        "SwiftECC"
      ],
      "sources" : [
        "Cipher/AES.swift",
        "Cipher/CBCCipher.swift",
        "Cipher/CFBCipher.swift",
        "Cipher/CTRCipher.swift",
        "Cipher/Cipher.swift",
        "Cipher/DeterministicK.swift",
        "Cipher/ECBCipher.swift",
        "Cipher/GCMCipher.swift",
        "Cipher/OFBCipher.swift",
        "Cipher/PBE.swift",
        "Curve.swift",
        "Domain.swift",
        "Domain2/BitVector.swift",
        "Domain2/Domain2.swift",
        "Domain2/EC163.swift",
        "Domain2/EC233.swift",
        "Domain2/EC283.swift",
        "Domain2/EC409.swift",
        "Domain2/EC571.swift",
        "Domain2/Point2.swift",
        "DomainP/BP160.swift",
        "DomainP/BP192.swift",
        "DomainP/BP224.swift",
        "DomainP/BP256.swift",
        "DomainP/BP320.swift",
        "DomainP/BP384.swift",
        "DomainP/BP512.swift",
        "DomainP/DomainP.swift",
        "DomainP/EC192.swift",
        "DomainP/EC224.swift",
        "DomainP/EC256.swift",
        "DomainP/EC384.swift",
        "DomainP/EC521.swift",
        "Exception.swift",
        "Point.swift",
        "PrivateKey.swift",
        "PublicKey.swift",
        "RP.swift",
        "Signature.swift"
      ],
      "type" : "library"
    }
  ],
  "tools_version" : "5.9"
}
{
  "workspace" : {
    "name" : "SwiftECC",
    "schemes" : [
      "SwiftECC"
    ]
  }
}
2026-09-22 00:24:54.885 xcodebuild[889:5218] [MT] IDERunDestination: Supported platforms for the buildables in the current scheme is empty.
Running build ...
env DEVELOPER_DIR=/Applications/Xcode-27.0.0-Release.Candidate.app xcrun xcodebuild -IDEClonedSourcePackagesDirPathOverride=$PWD/.dependencies -skipMacroValidation -skipPackagePluginValidation -derivedDataPath $PWD/.derivedData build -scheme SwiftECC -destination generic/platform=watchOS
Command line invocation:
    /Applications/Xcode-27.0.0-Release.Candidate.app/Contents/Developer/usr/bin/xcodebuild -IDEClonedSourcePackagesDirPathOverride=/Users/admin/builder/spi-builder-workspace/.dependencies -skipMacroValidation -skipPackagePluginValidation -derivedDataPath /Users/admin/builder/spi-builder-workspace/.derivedData build -scheme SwiftECC -destination generic/platform=watchOS
Resolve Package Graph
Resolved source packages:
  SwiftECC: /Users/admin/builder/spi-builder-workspace
  Digest: https://github.com/leif-ibsen/Digest @ 1.13.0
  BigInt: https://github.com/leif-ibsen/BigInt @ 1.24.0
  ASN1: https://github.com/leif-ibsen/ASN1 @ 2.7.0
ComputePackagePrebuildTargetDependencyGraph
Prepare packages
CreateBuildRequest
SendProjectDescription
CreateBuildOperation
ComputeTargetDependencyGraph
note: Building targets in dependency order
note: Target dependency graph (8 targets)
    Target 'SwiftECC-product' in project 'SwiftECC'
        ➜ Explicit dependency on target 'SwiftECC' in project 'SwiftECC'
        ➜ Explicit dependency on target 'BigInt-product' in project 'BigInt'
        ➜ Explicit dependency on target 'ASN1-product' in project 'ASN1'
        ➜ Explicit dependency on target 'Digest-product' in project 'Digest'
    Target 'SwiftECC' in project 'SwiftECC'
        ➜ Explicit dependency on target 'BigInt-product' in project 'BigInt'
        ➜ Explicit dependency on target 'ASN1-product' in project 'ASN1'
        ➜ Explicit dependency on target 'Digest-product' in project 'Digest'
    Target 'Digest-product' in project 'Digest'
        ➜ Explicit dependency on target 'Digest' in project 'Digest'
    Target 'Digest' in project 'Digest' (no dependencies)
    Target 'ASN1-product' in project 'ASN1'
        ➜ Explicit dependency on target 'ASN1' in project 'ASN1'
        ➜ Explicit dependency on target 'BigInt-product' in project 'BigInt'
    Target 'ASN1' in project 'ASN1'
        ➜ Explicit dependency on target 'BigInt-product' in project 'BigInt'
    Target 'BigInt-product' in project 'BigInt'
        ➜ Explicit dependency on target 'BigInt' in project 'BigInt'
    Target 'BigInt' in project 'BigInt' (no dependencies)
GatherProvisioningInputs
CreateBuildDescription
ClangStatCache /Applications/Xcode-27.0.0-Release.Candidate.app/Contents/Developer/Toolchains/XcodeDefault.xctoolchain/usr/bin/clang-stat-cache /Applications/Xcode-27.0.0-Release.Candidate.app/Contents/Developer/Platforms/WatchOS.platform/Developer/SDKs/WatchOS27.0.sdk /Users/admin/builder/spi-builder-workspace/.derivedData/SDKStatCaches.noindex/watchos27.0-24R360-e829b21a6f8c9b70876ba0858053c04477534ef55a1706bf4c1112bbb242f0a2.sdkstatcache
    cd /Users/admin/builder/spi-builder-workspace/.swiftpm/xcode
    /Applications/Xcode-27.0.0-Release.Candidate.app/Contents/Developer/Toolchains/XcodeDefault.xctoolchain/usr/bin/clang-stat-cache /Applications/Xcode-27.0.0-Release.Candidate.app/Contents/Developer/Platforms/WatchOS.platform/Developer/SDKs/WatchOS27.0.sdk -o /Users/admin/builder/spi-builder-workspace/.derivedData/SDKStatCaches.noindex/watchos27.0-24R360-e829b21a6f8c9b70876ba0858053c04477534ef55a1706bf4c1112bbb242f0a2.sdkstatcache
SwiftDriver BigInt normal arm64_32 com.apple.xcode.tools.swift.compiler (in target 'BigInt' from project 'BigInt')
    cd /Users/admin/builder/spi-builder-workspace/.swiftpm/xcode
    builtin-SwiftDriver -- /Applications/Xcode-27.0.0-Release.Candidate.app/Contents/Developer/Toolchains/XcodeDefault.xctoolchain/usr/bin/swiftc -parse-as-library -module-name BigInt -Onone @/Users/admin/builder/spi-builder-workspace/.derivedData/Build/Intermediates.noindex/BigInt.build/Debug-watchos/BigInt-t.build/Objects-normal/arm64_32/BigInt.SwiftFileList -DSWIFT_PACKAGE -DDEBUG -DSWIFT_MODULE_RESOURCE_BUNDLE_UNAVAILABLE -DXcode -plugin-path /Applications/Xcode-27.0.0-Release.Candidate.app/Contents/Developer/Toolchains/XcodeDefault.xctoolchain/usr/lib/swift/host/plugins/testing -enable-experimental-feature DebugDescriptionMacro -sdk /Applications/Xcode-27.0.0-Release.Candidate.app/Contents/Developer/Platforms/WatchOS.platform/Developer/SDKs/WatchOS27.0.sdk -target arm64_32-apple-watchos9.0 -g -module-cache-path /Users/admin/builder/spi-builder-workspace/.derivedData/ModuleCache.noindex -Xfrontend -serialize-debugging-options -profile-coverage-mapping -profile-generate -enable-testing -suppress-warnings -index-store-path /Users/admin/builder/spi-builder-workspace/.derivedData/Index.noindex/DataStore -Xcc -D_LIBCPP_HARDENING_MODE\=_LIBCPP_HARDENING_MODE_DEBUG -swift-version 5 -I /Users/admin/builder/spi-builder-workspace/.derivedData/Build/Products/Debug-watchos -Isystem /Applications/Xcode-27.0.0-Release.Candidate.app/Contents/Developer/Platforms/WatchOS.platform/Developer/usr/lib -F /Users/admin/builder/spi-builder-workspace/.derivedData/Build/Products/Debug-watchos -F /Applications/Xcode-27.0.0-Release.Candidate.app/Contents/Developer/Platforms/WatchOS.platform/Developer/Library/Frameworks -F /Applications/Xcode-27.0.0-Release.Candidate.app/Contents/Developer/Platforms/WatchOS.platform/Developer/SDKs/WatchOS27.0.sdk/Developer/Library/Frameworks -c -j10 -enable-batch-mode -incremental -Xcc -ivfsstatcache -Xcc /Users/admin/builder/spi-builder-workspace/.derivedData/SDKStatCaches.noindex/watchos27.0-24R360-e829b21a6f8c9b70876ba0858053c04477534ef55a1706bf4c1112bbb242f0a2.sdkstatcache -output-file-map /Users/admin/builder/spi-builder-workspace/.derivedData/Build/Intermediates.noindex/BigInt.build/Debug-watchos/BigInt-t.build/Objects-normal/arm64_32/BigInt-OutputFileMap.json -save-temps -no-color-diagnostics -explicit-module-build -module-cache-path /Users/admin/builder/spi-builder-workspace/.derivedData/Build/Intermediates.noindex/SwiftExplicitPrecompiledModules -clang-scanner-module-cache-path /Users/admin/builder/spi-builder-workspace/.derivedData/ModuleCache.noindex -sdk-module-cache-path /Users/admin/builder/spi-builder-workspace/.derivedData/SDKExplicitPrecompiledModules -emit-dependencies -emit-module -emit-module-path /Users/admin/builder/spi-builder-workspace/.derivedData/Build/Intermediates.noindex/BigInt.build/Debug-watchos/BigInt-t.build/Objects-normal/arm64_32/BigInt.swiftmodule -serialize-diagnostics -dependency-scan-serialize-diagnostics-path /Users/admin/builder/spi-builder-workspace/.derivedData/Build/Intermediates.noindex/BigInt.build/Debug-watchos/BigInt-t.build/Objects-normal/arm64_32/BigInt-dependency-scan.dia -validate-clang-modules-once -clang-build-session-file /Users/admin/builder/spi-builder-workspace/.derivedData/ModuleCache.noindex/Session.modulevalidation -Xcc -fmodules-prune-interval\=86400 -Xcc -fmodules-prune-after\=345600 -package-name bigint -emit-const-values -const-gather-protocols-list /Users/admin/builder/spi-builder-workspace/.derivedData/Build/Intermediates.noindex/BigInt.build/Debug-watchos/BigInt-t.build/Objects-normal/arm64_32/BigInt_const_extract_protocols.json -Xcc -I/Users/admin/builder/spi-builder-workspace/.derivedData/Build/Products/Debug-watchos/include -Xcc -I/Users/admin/builder/spi-builder-workspace/.derivedData/Build/Intermediates.noindex/BigInt.build/Debug-watchos/BigInt-t.build/DerivedSources-normal/arm64_32 -Xcc -I/Users/admin/builder/spi-builder-workspace/.derivedData/Build/Intermediates.noindex/BigInt.build/Debug-watchos/BigInt-t.build/DerivedSources/arm64_32 -Xcc -I/Users/admin/builder/spi-builder-workspace/.derivedData/Build/Intermediates.noindex/BigInt.build/Debug-watchos/BigInt-t.build/DerivedSources -Xcc -DSWIFT_PACKAGE -Xcc -DDEBUG\=1 -emit-objc-header -emit-objc-header-path /Users/admin/builder/spi-builder-workspace/.derivedData/Build/Intermediates.noindex/BigInt.build/Debug-watchos/BigInt-t.build/Objects-normal/arm64_32/BigInt-Swift.h -working-directory /Users/admin/builder/spi-builder-workspace/.swiftpm/xcode -experimental-emit-module-separately -disable-cmo
SwiftDriver Digest normal arm64 com.apple.xcode.tools.swift.compiler (in target 'Digest' from project 'Digest')
    cd /Users/admin/builder/spi-builder-workspace/.swiftpm/xcode
    builtin-SwiftDriver -- /Applications/Xcode-27.0.0-Release.Candidate.app/Contents/Developer/Toolchains/XcodeDefault.xctoolchain/usr/bin/swiftc -parse-as-library -module-name Digest -Onone @/Users/admin/builder/spi-builder-workspace/.derivedData/Build/Intermediates.noindex/Digest.build/Debug-watchos/Digest-t.build/Objects-normal/arm64/Digest.SwiftFileList -DSWIFT_PACKAGE -DDEBUG -DSWIFT_MODULE_RESOURCE_BUNDLE_UNAVAILABLE -DXcode -plugin-path /Applications/Xcode-27.0.0-Release.Candidate.app/Contents/Developer/Toolchains/XcodeDefault.xctoolchain/usr/lib/swift/host/plugins/testing -enable-experimental-feature DebugDescriptionMacro -sdk /Applications/Xcode-27.0.0-Release.Candidate.app/Contents/Developer/Platforms/WatchOS.platform/Developer/SDKs/WatchOS27.0.sdk -target arm64-apple-watchos9.0 -g -module-cache-path /Users/admin/builder/spi-builder-workspace/.derivedData/ModuleCache.noindex -Xfrontend -serialize-debugging-options -profile-coverage-mapping -profile-generate -enable-testing -suppress-warnings -index-store-path /Users/admin/builder/spi-builder-workspace/.derivedData/Index.noindex/DataStore -Xcc -D_LIBCPP_HARDENING_MODE\=_LIBCPP_HARDENING_MODE_DEBUG -swift-version 5 -I /Users/admin/builder/spi-builder-workspace/.derivedData/Build/Products/Debug-watchos -Isystem /Applications/Xcode-27.0.0-Release.Candidate.app/Contents/Developer/Platforms/WatchOS.platform/Developer/usr/lib -F /Users/admin/builder/spi-builder-workspace/.derivedData/Build/Products/Debug-watchos -F /Applications/Xcode-27.0.0-Release.Candidate.app/Contents/Developer/Platforms/WatchOS.platform/Developer/Library/Frameworks -F /Applications/Xcode-27.0.0-Release.Candidate.app/Contents/Developer/Platforms/WatchOS.platform/Developer/SDKs/WatchOS27.0.sdk/Developer/Library/Frameworks -c -j10 -enable-batch-mode -incremental -Xcc -ivfsstatcache -Xcc /Users/admin/builder/spi-builder-workspace/.derivedData/SDKStatCaches.noindex/watchos27.0-24R360-e829b21a6f8c9b70876ba0858053c04477534ef55a1706bf4c1112bbb242f0a2.sdkstatcache -output-file-map /Users/admin/builder/spi-builder-workspace/.derivedData/Build/Intermediates.noindex/Digest.build/Debug-watchos/Digest-t.build/Objects-normal/arm64/Digest-OutputFileMap.json -save-temps -no-color-diagnostics -explicit-module-build -module-cache-path /Users/admin/builder/spi-builder-workspace/.derivedData/Build/Intermediates.noindex/SwiftExplicitPrecompiledModules -clang-scanner-module-cache-path /Users/admin/builder/spi-builder-workspace/.derivedData/ModuleCache.noindex -sdk-module-cache-path /Users/admin/builder/spi-builder-workspace/.derivedData/SDKExplicitPrecompiledModules -emit-dependencies -emit-module -emit-module-path /Users/admin/builder/spi-builder-workspace/.derivedData/Build/Intermediates.noindex/Digest.build/Debug-watchos/Digest-t.build/Objects-normal/arm64/Digest.swiftmodule -serialize-diagnostics -dependency-scan-serialize-diagnostics-path /Users/admin/builder/spi-builder-workspace/.derivedData/Build/Intermediates.noindex/Digest.build/Debug-watchos/Digest-t.build/Objects-normal/arm64/Digest-dependency-scan.dia -validate-clang-modules-once -clang-build-session-file /Users/admin/builder/spi-builder-workspace/.derivedData/ModuleCache.noindex/Session.modulevalidation -Xcc -fmodules-prune-interval\=86400 -Xcc -fmodules-prune-after\=345600 -package-name digest -emit-const-values -const-gather-protocols-list /Users/admin/builder/spi-builder-workspace/.derivedData/Build/Intermediates.noindex/Digest.build/Debug-watchos/Digest-t.build/Objects-normal/arm64/Digest_const_extract_protocols.json -Xcc -I/Users/admin/builder/spi-builder-workspace/.derivedData/Build/Products/Debug-watchos/include -Xcc -I/Users/admin/builder/spi-builder-workspace/.derivedData/Build/Intermediates.noindex/Digest.build/Debug-watchos/Digest-t.build/DerivedSources-normal/arm64 -Xcc -I/Users/admin/builder/spi-builder-workspace/.derivedData/Build/Intermediates.noindex/Digest.build/Debug-watchos/Digest-t.build/DerivedSources/arm64 -Xcc -I/Users/admin/builder/spi-builder-workspace/.derivedData/Build/Intermediates.noindex/Digest.build/Debug-watchos/Digest-t.build/DerivedSources -Xcc -DSWIFT_PACKAGE -Xcc -DDEBUG\=1 -emit-objc-header -emit-objc-header-path /Users/admin/builder/spi-builder-workspace/.derivedData/Build/Intermediates.noindex/Digest.build/Debug-watchos/Digest-t.build/Objects-normal/arm64/Digest-Swift.h -working-directory /Users/admin/builder/spi-builder-workspace/.swiftpm/xcode -experimental-emit-module-separately -disable-cmo
SwiftDriver Digest normal arm64_32 com.apple.xcode.tools.swift.compiler (in target 'Digest' from project 'Digest')
    cd /Users/admin/builder/spi-builder-workspace/.swiftpm/xcode
    builtin-SwiftDriver -- /Applications/Xcode-27.0.0-Release.Candidate.app/Contents/Developer/Toolchains/XcodeDefault.xctoolchain/usr/bin/swiftc -parse-as-library -module-name Digest -Onone @/Users/admin/builder/spi-builder-workspace/.derivedData/Build/Intermediates.noindex/Digest.build/Debug-watchos/Digest-t.build/Objects-normal/arm64_32/Digest.SwiftFileList -DSWIFT_PACKAGE -DDEBUG -DSWIFT_MODULE_RESOURCE_BUNDLE_UNAVAILABLE -DXcode -plugin-path /Applications/Xcode-27.0.0-Release.Candidate.app/Contents/Developer/Toolchains/XcodeDefault.xctoolchain/usr/lib/swift/host/plugins/testing -enable-experimental-feature DebugDescriptionMacro -sdk /Applications/Xcode-27.0.0-Release.Candidate.app/Contents/Developer/Platforms/WatchOS.platform/Developer/SDKs/WatchOS27.0.sdk -target arm64_32-apple-watchos9.0 -g -module-cache-path /Users/admin/builder/spi-builder-workspace/.derivedData/ModuleCache.noindex -Xfrontend -serialize-debugging-options -profile-coverage-mapping -profile-generate -enable-testing -suppress-warnings -index-store-path /Users/admin/builder/spi-builder-workspace/.derivedData/Index.noindex/DataStore -Xcc -D_LIBCPP_HARDENING_MODE\=_LIBCPP_HARDENING_MODE_DEBUG -swift-version 5 -I /Users/admin/builder/spi-builder-workspace/.derivedData/Build/Products/Debug-watchos -Isystem /Applications/Xcode-27.0.0-Release.Candidate.app/Contents/Developer/Platforms/WatchOS.platform/Developer/usr/lib -F /Users/admin/builder/spi-builder-workspace/.derivedData/Build/Products/Debug-watchos -F /Applications/Xcode-27.0.0-Release.Candidate.app/Contents/Developer/Platforms/WatchOS.platform/Developer/Library/Frameworks -F /Applications/Xcode-27.0.0-Release.Candidate.app/Contents/Developer/Platforms/WatchOS.platform/Developer/SDKs/WatchOS27.0.sdk/Developer/Library/Frameworks -c -j10 -enable-batch-mode -incremental -Xcc -ivfsstatcache -Xcc /Users/admin/builder/spi-builder-workspace/.derivedData/SDKStatCaches.noindex/watchos27.0-24R360-e829b21a6f8c9b70876ba0858053c04477534ef55a1706bf4c1112bbb242f0a2.sdkstatcache -output-file-map /Users/admin/builder/spi-builder-workspace/.derivedData/Build/Intermediates.noindex/Digest.build/Debug-watchos/Digest-t.build/Objects-normal/arm64_32/Digest-OutputFileMap.json -save-temps -no-color-diagnostics -explicit-module-build -module-cache-path /Users/admin/builder/spi-builder-workspace/.derivedData/Build/Intermediates.noindex/SwiftExplicitPrecompiledModules -clang-scanner-module-cache-path /Users/admin/builder/spi-builder-workspace/.derivedData/ModuleCache.noindex -sdk-module-cache-path /Users/admin/builder/spi-builder-workspace/.derivedData/SDKExplicitPrecompiledModules -emit-dependencies -emit-module -emit-module-path /Users/admin/builder/spi-builder-workspace/.derivedData/Build/Intermediates.noindex/Digest.build/Debug-watchos/Digest-t.build/Objects-normal/arm64_32/Digest.swiftmodule -serialize-diagnostics -dependency-scan-serialize-diagnostics-path /Users/admin/builder/spi-builder-workspace/.derivedData/Build/Intermediates.noindex/Digest.build/Debug-watchos/Digest-t.build/Objects-normal/arm64_32/Digest-dependency-scan.dia -validate-clang-modules-once -clang-build-session-file /Users/admin/builder/spi-builder-workspace/.derivedData/ModuleCache.noindex/Session.modulevalidation -Xcc -fmodules-prune-interval\=86400 -Xcc -fmodules-prune-after\=345600 -package-name digest -emit-const-values -const-gather-protocols-list /Users/admin/builder/spi-builder-workspace/.derivedData/Build/Intermediates.noindex/Digest.build/Debug-watchos/Digest-t.build/Objects-normal/arm64_32/Digest_const_extract_protocols.json -Xcc -I/Users/admin/builder/spi-builder-workspace/.derivedData/Build/Products/Debug-watchos/include -Xcc -I/Users/admin/builder/spi-builder-workspace/.derivedData/Build/Intermediates.noindex/Digest.build/Debug-watchos/Digest-t.build/DerivedSources-normal/arm64_32 -Xcc -I/Users/admin/builder/spi-builder-workspace/.derivedData/Build/Intermediates.noindex/Digest.build/Debug-watchos/Digest-t.build/DerivedSources/arm64_32 -Xcc -I/Users/admin/builder/spi-builder-workspace/.derivedData/Build/Intermediates.noindex/Digest.build/Debug-watchos/Digest-t.build/DerivedSources -Xcc -DSWIFT_PACKAGE -Xcc -DDEBUG\=1 -emit-objc-header -emit-objc-header-path /Users/admin/builder/spi-builder-workspace/.derivedData/Build/Intermediates.noindex/Digest.build/Debug-watchos/Digest-t.build/Objects-normal/arm64_32/Digest-Swift.h -working-directory /Users/admin/builder/spi-builder-workspace/.swiftpm/xcode -experimental-emit-module-separately -disable-cmo
SwiftDriver BigInt normal arm64 com.apple.xcode.tools.swift.compiler (in target 'BigInt' from project 'BigInt')
    cd /Users/admin/builder/spi-builder-workspace/.swiftpm/xcode
    builtin-SwiftDriver -- /Applications/Xcode-27.0.0-Release.Candidate.app/Contents/Developer/Toolchains/XcodeDefault.xctoolchain/usr/bin/swiftc -parse-as-library -module-name BigInt -Onone @/Users/admin/builder/spi-builder-workspace/.derivedData/Build/Intermediates.noindex/BigInt.build/Debug-watchos/BigInt-t.build/Objects-normal/arm64/BigInt.SwiftFileList -DSWIFT_PACKAGE -DDEBUG -DSWIFT_MODULE_RESOURCE_BUNDLE_UNAVAILABLE -DXcode -plugin-path /Applications/Xcode-27.0.0-Release.Candidate.app/Contents/Developer/Toolchains/XcodeDefault.xctoolchain/usr/lib/swift/host/plugins/testing -enable-experimental-feature DebugDescriptionMacro -sdk /Applications/Xcode-27.0.0-Release.Candidate.app/Contents/Developer/Platforms/WatchOS.platform/Developer/SDKs/WatchOS27.0.sdk -target arm64-apple-watchos9.0 -g -module-cache-path /Users/admin/builder/spi-builder-workspace/.derivedData/ModuleCache.noindex -Xfrontend -serialize-debugging-options -profile-coverage-mapping -profile-generate -enable-testing -suppress-warnings -index-store-path /Users/admin/builder/spi-builder-workspace/.derivedData/Index.noindex/DataStore -Xcc -D_LIBCPP_HARDENING_MODE\=_LIBCPP_HARDENING_MODE_DEBUG -swift-version 5 -I /Users/admin/builder/spi-builder-workspace/.derivedData/Build/Products/Debug-watchos -Isystem /Applications/Xcode-27.0.0-Release.Candidate.app/Contents/Developer/Platforms/WatchOS.platform/Developer/usr/lib -F /Users/admin/builder/spi-builder-workspace/.derivedData/Build/Products/Debug-watchos -F /Applications/Xcode-27.0.0-Release.Candidate.app/Contents/Developer/Platforms/WatchOS.platform/Developer/Library/Frameworks -F /Applications/Xcode-27.0.0-Release.Candidate.app/Contents/Developer/Platforms/WatchOS.platform/Developer/SDKs/WatchOS27.0.sdk/Developer/Library/Frameworks -c -j10 -enable-batch-mode -incremental -Xcc -ivfsstatcache -Xcc /Users/admin/builder/spi-builder-workspace/.derivedData/SDKStatCaches.noindex/watchos27.0-24R360-e829b21a6f8c9b70876ba0858053c04477534ef55a1706bf4c1112bbb242f0a2.sdkstatcache -output-file-map /Users/admin/builder/spi-builder-workspace/.derivedData/Build/Intermediates.noindex/BigInt.build/Debug-watchos/BigInt-t.build/Objects-normal/arm64/BigInt-OutputFileMap.json -save-temps -no-color-diagnostics -explicit-module-build -module-cache-path /Users/admin/builder/spi-builder-workspace/.derivedData/Build/Intermediates.noindex/SwiftExplicitPrecompiledModules -clang-scanner-module-cache-path /Users/admin/builder/spi-builder-workspace/.derivedData/ModuleCache.noindex -sdk-module-cache-path /Users/admin/builder/spi-builder-workspace/.derivedData/SDKExplicitPrecompiledModules -emit-dependencies -emit-module -emit-module-path /Users/admin/builder/spi-builder-workspace/.derivedData/Build/Intermediates.noindex/BigInt.build/Debug-watchos/BigInt-t.build/Objects-normal/arm64/BigInt.swiftmodule -serialize-diagnostics -dependency-scan-serialize-diagnostics-path /Users/admin/builder/spi-builder-workspace/.derivedData/Build/Intermediates.noindex/BigInt.build/Debug-watchos/BigInt-t.build/Objects-normal/arm64/BigInt-dependency-scan.dia -validate-clang-modules-once -clang-build-session-file /Users/admin/builder/spi-builder-workspace/.derivedData/ModuleCache.noindex/Session.modulevalidation -Xcc -fmodules-prune-interval\=86400 -Xcc -fmodules-prune-after\=345600 -package-name bigint -emit-const-values -const-gather-protocols-list /Users/admin/builder/spi-builder-workspace/.derivedData/Build/Intermediates.noindex/BigInt.build/Debug-watchos/BigInt-t.build/Objects-normal/arm64/BigInt_const_extract_protocols.json -Xcc -I/Users/admin/builder/spi-builder-workspace/.derivedData/Build/Products/Debug-watchos/include -Xcc -I/Users/admin/builder/spi-builder-workspace/.derivedData/Build/Intermediates.noindex/BigInt.build/Debug-watchos/BigInt-t.build/DerivedSources-normal/arm64 -Xcc -I/Users/admin/builder/spi-builder-workspace/.derivedData/Build/Intermediates.noindex/BigInt.build/Debug-watchos/BigInt-t.build/DerivedSources/arm64 -Xcc -I/Users/admin/builder/spi-builder-workspace/.derivedData/Build/Intermediates.noindex/BigInt.build/Debug-watchos/BigInt-t.build/DerivedSources -Xcc -DSWIFT_PACKAGE -Xcc -DDEBUG\=1 -emit-objc-header -emit-objc-header-path /Users/admin/builder/spi-builder-workspace/.derivedData/Build/Intermediates.noindex/BigInt.build/Debug-watchos/BigInt-t.build/Objects-normal/arm64/BigInt-Swift.h -working-directory /Users/admin/builder/spi-builder-workspace/.swiftpm/xcode -experimental-emit-module-separately -disable-cmo
SwiftCompile normal arm64_32 Compiling\ HMAC.swift /Users/admin/builder/spi-builder-workspace/.dependencies/checkouts/Digest/Sources/Digest/HMAC.swift (in target 'Digest' from project 'Digest')
SwiftCompile normal arm64_32 /Users/admin/builder/spi-builder-workspace/.dependencies/checkouts/Digest/Sources/Digest/HMAC.swift (in target 'Digest' from project 'Digest')
    cd /Users/admin/builder/spi-builder-workspace/.swiftpm/xcode
    builtin-SwiftPerFileCompile HMAC.swift
SwiftCompile normal arm64_32 Compiling\ MD.swift /Users/admin/builder/spi-builder-workspace/.dependencies/checkouts/Digest/Sources/Digest/MD.swift (in target 'Digest' from project 'Digest')
SwiftCompile normal arm64_32 /Users/admin/builder/spi-builder-workspace/.dependencies/checkouts/Digest/Sources/Digest/MD.swift (in target 'Digest' from project 'Digest')
    cd /Users/admin/builder/spi-builder-workspace/.swiftpm/xcode
    builtin-SwiftPerFileCompile MD.swift
SwiftCompile normal arm64_32 Compiling\ SHA1.swift /Users/admin/builder/spi-builder-workspace/.dependencies/checkouts/Digest/Sources/Digest/SHA1.swift (in target 'Digest' from project 'Digest')
SwiftCompile normal arm64_32 /Users/admin/builder/spi-builder-workspace/.dependencies/checkouts/Digest/Sources/Digest/SHA1.swift (in target 'Digest' from project 'Digest')
    cd /Users/admin/builder/spi-builder-workspace/.swiftpm/xcode
    builtin-SwiftPerFileCompile SHA1.swift
SwiftCompile normal arm64_32 Compiling\ SHA3.swift /Users/admin/builder/spi-builder-workspace/.dependencies/checkouts/Digest/Sources/Digest/SHA3.swift (in target 'Digest' from project 'Digest')
SwiftCompile normal arm64_32 /Users/admin/builder/spi-builder-workspace/.dependencies/checkouts/Digest/Sources/Digest/SHA3.swift (in target 'Digest' from project 'Digest')
    cd /Users/admin/builder/spi-builder-workspace/.swiftpm/xcode
    builtin-SwiftPerFileCompile SHA3.swift
SwiftEmitModule normal arm64_32 Emitting\ module\ for\ Digest (in target 'Digest' from project 'Digest')
SwiftCompile normal arm64_32 (in target 'Digest' from project 'Digest')
    cd /Users/admin/builder/spi-builder-workspace/.swiftpm/xcode

SwiftCompile normal arm64_32 Compiling\ SHA2.swift /Users/admin/builder/spi-builder-workspace/.dependencies/checkouts/Digest/Sources/Digest/SHA2.swift (in target 'Digest' from project 'Digest')
SwiftCompile normal arm64_32 /Users/admin/builder/spi-builder-workspace/.dependencies/checkouts/Digest/Sources/Digest/SHA2.swift (in target 'Digest' from project 'Digest')
    cd /Users/admin/builder/spi-builder-workspace/.swiftpm/xcode
    builtin-SwiftPerFileCompile SHA2.swift
SwiftCompile normal arm64_32 Compiling\ KDF.swift /Users/admin/builder/spi-builder-workspace/.dependencies/checkouts/Digest/Sources/Digest/KDF.swift (in target 'Digest' from project 'Digest')
/Users/admin/builder/spi-builder-workspace/.dependencies/checkouts/Digest/Sources/Digest/KDF.swift:59:9: error: integer literal '4294967295' overflows when stored into signed 'Builtin.Int32'
 57 |     public static func X963KDF(_ kind: MessageDigest.Kind, _ ikm: Bytes, _ size: Int, _ info: Bytes) -> Bytes {
 58 |         let md = MessageDigest(kind)
 59 |         precondition(size >= 0 && size < md.digestLength * 0xffffffff)
    |         `- error: integer literal '4294967295' overflows when stored into signed 'Builtin.Int32'
 60 |         var T: Bytes = []
 61 |         var counter: Bytes = [0, 0, 0, 1]
/Users/admin/builder/spi-builder-workspace/.dependencies/checkouts/Digest/Sources/Digest/KDF.swift:59:9: error: integer literal '4294967295' overflows when stored into signed 'Builtin.Int32'
 57 |     public static func X963KDF(_ kind: MessageDigest.Kind, _ ikm: Bytes, _ size: Int, _ info: Bytes) -> Bytes {
 58 |         let md = MessageDigest(kind)
 59 |         precondition(size >= 0 && size < md.digestLength * 0xffffffff)
    |         `- error: integer literal '4294967295' overflows when stored into signed 'Builtin.Int32'
 60 |         var T: Bytes = []
 61 |         var counter: Bytes = [0, 0, 0, 1]
/Users/admin/builder/spi-builder-workspace/.dependencies/checkouts/Digest/Sources/Digest/KDF.swift:59:32: error: integer literal '4294967295' overflows when stored into signed 'Builtin.Int32'
 57 |     public static func X963KDF(_ kind: MessageDigest.Kind, _ ikm: Bytes, _ size: Int, _ info: Bytes) -> Bytes {
 58 |         let md = MessageDigest(kind)
 59 |         precondition(size >= 0 && size < md.digestLength * 0xffffffff)
    |                                `- error: integer literal '4294967295' overflows when stored into signed 'Builtin.Int32'
 60 |         var T: Bytes = []
 61 |         var counter: Bytes = [0, 0, 0, 1]
/Users/admin/builder/spi-builder-workspace/.dependencies/checkouts/Digest/Sources/Digest/KDF.swift:59:60: error: integer literal '4294967295' overflows when stored into 'Int'
 57 |     public static func X963KDF(_ kind: MessageDigest.Kind, _ ikm: Bytes, _ size: Int, _ info: Bytes) -> Bytes {
 58 |         let md = MessageDigest(kind)
 59 |         precondition(size >= 0 && size < md.digestLength * 0xffffffff)
    |                                                            `- error: integer literal '4294967295' overflows when stored into 'Int'
 60 |         var T: Bytes = []
 61 |         var counter: Bytes = [0, 0, 0, 1]
Failed frontend command:
/Applications/Xcode-27.0.0-Release.Candidate.app/Contents/Developer/Toolchains/XcodeDefault.xctoolchain/usr/bin/swift-frontend -frontend -c /Users/admin/builder/spi-builder-workspace/.dependencies/checkouts/Digest/Sources/Digest/BLAKE.swift /Users/admin/builder/spi-builder-workspace/.dependencies/checkouts/Digest/Sources/Digest/Base64.swift /Users/admin/builder/spi-builder-workspace/.dependencies/checkouts/Digest/Sources/Digest/HMAC.swift -primary-file /Users/admin/builder/spi-builder-workspace/.dependencies/checkouts/Digest/Sources/Digest/KDF.swift /Users/admin/builder/spi-builder-workspace/.dependencies/checkouts/Digest/Sources/Digest/MD.swift /Users/admin/builder/spi-builder-workspace/.dependencies/checkouts/Digest/Sources/Digest/SHA1.swift /Users/admin/builder/spi-builder-workspace/.dependencies/checkouts/Digest/Sources/Digest/SHA2.swift /Users/admin/builder/spi-builder-workspace/.dependencies/checkouts/Digest/Sources/Digest/SHA3.swift /Users/admin/builder/spi-builder-workspace/.dependencies/checkouts/Digest/Sources/Digest/SHAKE.swift /Users/admin/builder/spi-builder-workspace/.dependencies/checkouts/Digest/Sources/Digest/XOF.swift -emit-dependencies-path /Users/admin/builder/spi-builder-workspace/.derivedData/Build/Intermediates.noindex/Digest.build/Debug-watchos/Digest-t.build/Objects-normal/arm64_32/KDF.d -emit-const-values-path /Users/admin/builder/spi-builder-workspace/.derivedData/Build/Intermediates.noindex/Digest.build/Debug-watchos/Digest-t.build/Objects-normal/arm64_32/KDF.swiftconstvalues -emit-reference-dependencies-path /Users/admin/builder/spi-builder-workspace/.derivedData/Build/Intermediates.noindex/Digest.build/Debug-watchos/Digest-t.build/Objects-normal/arm64_32/KDF.swiftdeps -serialize-diagnostics-path /Users/admin/builder/spi-builder-workspace/.derivedData/Build/Intermediates.noindex/Digest.build/Debug-watchos/Digest-t.build/Objects-normal/arm64_32/KDF.dia -target arm64_32-apple-watchos9.0 -disable-cross-import-overlay-search -load-resolved-plugin /Applications/Xcode-27.0.0-Release.Candidate.app/Contents/Developer/Platforms/WatchOS.platform/Developer/usr/lib/swift/host/plugins/libFoundationMacros.dylib\#/Applications/Xcode-27.0.0-Release.Candidate.app/Contents/Developer/Platforms/WatchOS.platform/Developer/usr/bin/swift-plugin-server\#FoundationMacros -load-resolved-plugin /Applications/Xcode-27.0.0-Release.Candidate.app/Contents/Developer/Platforms/WatchOS.platform/Developer/usr/lib/swift/host/plugins/libObservationMacros.dylib\#/Applications/Xcode-27.0.0-Release.Candidate.app/Contents/Developer/Platforms/WatchOS.platform/Developer/usr/bin/swift-plugin-server\#ObservationMacros -load-resolved-plugin /Applications/Xcode-27.0.0-Release.Candidate.app/Contents/Developer/Platforms/WatchOS.platform/Developer/usr/lib/swift/host/plugins/libSwiftMacros.dylib\#/Applications/Xcode-27.0.0-Release.Candidate.app/Contents/Developer/Platforms/WatchOS.platform/Developer/usr/bin/swift-plugin-server\#SwiftMacros -disable-implicit-swift-modules -Xcc -fno-implicit-modules -Xcc -fno-implicit-module-maps -explicit-swift-module-map-file /Users/admin/builder/spi-builder-workspace/.derivedData/Build/Intermediates.noindex/Digest.build/Debug-watchos/Digest-t.build/Objects-normal/arm64_32/Digest-dependencies-2.json -enable-objc-interop -sdk /Applications/Xcode-27.0.0-Release.Candidate.app/Contents/Developer/Platforms/WatchOS.platform/Developer/SDKs/WatchOS27.0.sdk -I /Users/admin/builder/spi-builder-workspace/.derivedData/Build/Products/Debug-watchos -Isystem /Applications/Xcode-27.0.0-Release.Candidate.app/Contents/Developer/Platforms/WatchOS.platform/Developer/usr/lib -F /Users/admin/builder/spi-builder-workspace/.derivedData/Build/Products/Debug-watchos -F /Applications/Xcode-27.0.0-Release.Candidate.app/Contents/Developer/Platforms/WatchOS.platform/Developer/Library/Frameworks -F /Applications/Xcode-27.0.0-Release.Candidate.app/Contents/Developer/Platforms/WatchOS.platform/Developer/SDKs/WatchOS27.0.sdk/Developer/Library/Frameworks -module-cache-path /Users/admin/builder/spi-builder-workspace/.derivedData/Build/Intermediates.noindex/SwiftExplicitPrecompiledModules -no-color-diagnostics -Xcc -fno-color-diagnostics -enable-testing -g -debug-info-format\=dwarf -dwarf-version\=4 -suppress-warnings -profile-generate -profile-coverage-mapping -swift-version 5 -Onone -D SWIFT_PACKAGE -D DEBUG -D SWIFT_MODULE_RESOURCE_BUNDLE_UNAVAILABLE -D Xcode -serialize-debugging-options -enable-experimental-feature DebugDescriptionMacro -empty-abi-descriptor -validate-clang-modules-once -clang-build-session-file /Users/admin/builder/spi-builder-workspace/.derivedData/ModuleCache.noindex/Session.modulevalidation -Xcc -working-directory -Xcc /Users/admin/builder/spi-builder-workspace/.swiftpm/xcode -enable-anonymous-context-mangled-names -file-compilation-dir /Users/admin/builder/spi-builder-workspace/.swiftpm/xcode -Xcc -D_LIBCPP_HARDENING_MODE\=_LIBCPP_HARDENING_MODE_DEBUG -Xcc -ivfsstatcache -Xcc /Users/admin/builder/spi-builder-workspace/.derivedData/SDKStatCaches.noindex/watchos27.0-24R360-e829b21a6f8c9b70876ba0858053c04477534ef55a1706bf4c1112bbb242f0a2.sdkstatcache -Xcc -fmodules-prune-interval\=86400 -Xcc -fmodules-prune-after\=345600 -Xcc -I/Users/admin/builder/spi-builder-workspace/.derivedData/Build/Products/Debug-watchos/include -Xcc -I/Users/admin/builder/spi-builder-workspace/.derivedData/Build/Intermediates.noindex/Digest.build/Debug-watchos/Digest-t.build/DerivedSources-normal/arm64_32 -Xcc -I/Users/admin/builder/spi-builder-workspace/.derivedData/Build/Intermediates.noindex/Digest.build/Debug-watchos/Digest-t.build/DerivedSources/arm64_32 -Xcc -I/Users/admin/builder/spi-builder-workspace/.derivedData/Build/Intermediates.noindex/Digest.build/Debug-watchos/Digest-t.build/DerivedSources -Xcc -DSWIFT_PACKAGE -Xcc -DDEBUG\=1 -no-auto-bridging-header-chaining -module-name Digest -package-name digest -const-gather-protocols-file /Users/admin/builder/spi-builder-workspace/.derivedData/Build/Intermediates.noindex/Digest.build/Debug-watchos/Digest-t.build/Objects-normal/arm64_32/Digest_const_extract_protocols.json -disable-clang-spi -clang-target arm64_32-apple-watchos27.0 -target-sdk-version 27.0 -target-sdk-name watchos27.0 -in-process-plugin-server-path /Applications/Xcode-27.0.0-Release.Candidate.app/Contents/Developer/Toolchains/XcodeDefault.xctoolchain/usr/lib/swift/host/libSwiftInProcPluginServer.dylib -parse-as-library -o /Users/admin/builder/spi-builder-workspace/.derivedData/Build/Intermediates.noindex/Digest.build/Debug-watchos/Digest-t.build/Objects-normal/arm64_32/KDF.o -debug-module-path /Users/admin/builder/spi-builder-workspace/.derivedData/Build/Intermediates.noindex/Digest.build/Debug-watchos/Digest-t.build/Objects-normal/arm64_32/Digest.swiftmodule -index-unit-output-path /Digest.build/Debug-watchos/Digest-t.build/Objects-normal/arm64_32/KDF.o -index-store-path /Users/admin/builder/spi-builder-workspace/.derivedData/Index.noindex/DataStore -index-system-modules
SwiftCompile normal arm64_32 /Users/admin/builder/spi-builder-workspace/.dependencies/checkouts/Digest/Sources/Digest/KDF.swift (in target 'Digest' from project 'Digest')
    cd /Users/admin/builder/spi-builder-workspace/.swiftpm/xcode
    builtin-SwiftPerFileCompile KDF.swift
SwiftCompile normal arm64_32 Compiling\ XOF.swift /Users/admin/builder/spi-builder-workspace/.dependencies/checkouts/Digest/Sources/Digest/XOF.swift (in target 'Digest' from project 'Digest')
SwiftCompile normal arm64_32 /Users/admin/builder/spi-builder-workspace/.dependencies/checkouts/Digest/Sources/Digest/XOF.swift (in target 'Digest' from project 'Digest')
    cd /Users/admin/builder/spi-builder-workspace/.swiftpm/xcode
    builtin-SwiftPerFileCompile XOF.swift
SwiftCompile normal arm64_32 Compiling\ Base64.swift /Users/admin/builder/spi-builder-workspace/.dependencies/checkouts/Digest/Sources/Digest/Base64.swift (in target 'Digest' from project 'Digest')
SwiftCompile normal arm64_32 /Users/admin/builder/spi-builder-workspace/.dependencies/checkouts/Digest/Sources/Digest/Base64.swift (in target 'Digest' from project 'Digest')
    cd /Users/admin/builder/spi-builder-workspace/.swiftpm/xcode
    builtin-SwiftPerFileCompile Base64.swift
SwiftCompile normal arm64_32 Compiling\ BLAKE.swift /Users/admin/builder/spi-builder-workspace/.dependencies/checkouts/Digest/Sources/Digest/BLAKE.swift (in target 'Digest' from project 'Digest')
SwiftCompile normal arm64_32 /Users/admin/builder/spi-builder-workspace/.dependencies/checkouts/Digest/Sources/Digest/BLAKE.swift (in target 'Digest' from project 'Digest')
    cd /Users/admin/builder/spi-builder-workspace/.swiftpm/xcode
    builtin-SwiftPerFileCompile BLAKE.swift
SwiftEmitModule normal arm64 Emitting\ module\ for\ Digest (in target 'Digest' from project 'Digest')
SwiftCompile normal arm64 (in target 'Digest' from project 'Digest')
    cd /Users/admin/builder/spi-builder-workspace/.swiftpm/xcode

SwiftEmitModule normal arm64 Emitting\ module\ for\ BigInt (in target 'BigInt' from project 'BigInt')
SwiftCompile normal arm64 (in target 'BigInt' from project 'BigInt')
    cd /Users/admin/builder/spi-builder-workspace/.swiftpm/xcode

SwiftEmitModule normal arm64_32 Emitting\ module\ for\ BigInt (in target 'BigInt' from project 'BigInt')
SwiftCompile normal arm64_32 (in target 'BigInt' from project 'BigInt')
    cd /Users/admin/builder/spi-builder-workspace/.swiftpm/xcode

PruneExplicitPrecompiledModules /Users/admin/builder/spi-builder-workspace/.derivedData/SDKExplicitPrecompiledModules
PruneExplicitPrecompiledModules /Users/admin/builder/spi-builder-workspace/.derivedData/Build/Intermediates.noindex/ExplicitPrecompiledModules
PruneExplicitPrecompiledModules /Users/admin/builder/spi-builder-workspace/.derivedData/Build/Intermediates.noindex/SwiftExplicitPrecompiledModules
2026-09-22 00:24:56.243 xcodebuild[890:5249] [MT] IDERunDestination: Supported platforms for the buildables in the current scheme is empty.
** BUILD FAILED **
The following build commands failed:
	SwiftCompile normal arm64_32 Compiling\ KDF.swift /Users/admin/builder/spi-builder-workspace/.dependencies/checkouts/Digest/Sources/Digest/KDF.swift (in target 'Digest' from project 'Digest')
	SwiftCompile normal arm64_32 /Users/admin/builder/spi-builder-workspace/.dependencies/checkouts/Digest/Sources/Digest/KDF.swift (in target 'Digest' from project 'Digest')
	Building workspace SwiftECC with scheme SwiftECC
(3 failures)
BUILD FAILURE 6.4 watchOS