The Swift Package Index logo.Swift Package Index

Build Information

Failed to build StreamVideo, reference develop (fac63c), with Swift 6.3 for Linux on 31 Oct 2026 02:58:48 UTC.

Build Command

bash -c docker run --pull=always --rm -v "checkouts-53886769-1":/host -w "$PWD" -e JAVA_HOME="/root/.sdkman/candidates/java/current" -e SPI_BUILD="1" -e SPI_PROCESSING="1" registry.gitlab.com/saguaro1/spi-images:linux-6.3-latest swift build --triple x86_64-unknown-linux-gnu 2>&1

Build Log

========================================
RunAll
========================================
Builder version: 5.1.4
Interrupt handler set up.
========================================
Checkout
========================================
Clone URL: https://github.com/GetStream/stream-video-swift.git
Reference: develop
Initialized empty Git repository in /host/spi-builder-workspace/.git/
hint: Using 'master' as the name for the initial branch. This default branch name
hint: is subject to change. To configure the initial branch name to use in all
hint: of your new repositories, which will suppress this warning, call:
hint:
hint: 	git config --global init.defaultBranch <name>
hint:
hint: Names commonly chosen instead of 'master' are 'main', 'trunk' and
hint: 'development'. The just-created branch can be renamed via this command:
hint:
hint: 	git branch -m <name>
From https://github.com/GetStream/stream-video-swift
 * branch            develop    -> FETCH_HEAD
 * [new branch]      develop    -> origin/develop
HEAD is now at fac63c2 [Enhancement] Add String.audioCall and String.agent for the new built-in call types (#1385)
Cloned https://github.com/GetStream/stream-video-swift.git
Revision (git rev-parse @):
fac63c2d27770f14850eedbfc91ba09d33dff0c9
SPI manifest file found: $PWD/.spi.yml
SUCCESS checkout https://github.com/GetStream/stream-video-swift.git at develop
========================================
Build
========================================
Selected platform:         linux
Swift version:             6.3
Building package at path:  $PWD
https://github.com/GetStream/stream-video-swift.git
Running build ...
bash -c docker run --pull=always --rm -v "checkouts-53886769-1":/host -w "$PWD" -e JAVA_HOME="/root/.sdkman/candidates/java/current" -e SPI_BUILD="1" -e SPI_PROCESSING="1" registry.gitlab.com/saguaro1/spi-images:linux-6.3-latest swift build --triple x86_64-unknown-linux-gnu 2>&1
linux-6.3-latest: Pulling from saguaro1/spi-images
Digest: sha256:caade26a8dd5b9e237c5c17486feb4a843d699145c768feadca9f1b811831234
Status: Image is up to date for registry.gitlab.com/saguaro1/spi-images:linux-6.3-latest
Fetching https://github.com/GetStream/stream-video-swift-webrtc.git
Fetching https://github.com/GetStream/stream-core-swift.git
Fetching https://github.com/apple/swift-protobuf.git
[1/3808] Fetching stream-core-swift
[1144/15718] Fetching stream-core-swift, stream-video-swift-webrtc
[14290/71477] Fetching stream-core-swift, stream-video-swift-webrtc, swift-protobuf
Fetched https://github.com/GetStream/stream-video-swift-webrtc.git from cache (1.33s)
[6596/59567] Fetching stream-core-swift, swift-protobuf
Fetched https://github.com/GetStream/stream-core-swift.git from cache (4.90s)
Fetched https://github.com/apple/swift-protobuf.git from cache (4.93s)
Computing version for https://github.com/GetStream/stream-core-swift.git
Computed https://github.com/GetStream/stream-core-swift.git at 0.16.0 (5.82s)
Computing version for https://github.com/GetStream/stream-video-swift-webrtc.git
Computed https://github.com/GetStream/stream-video-swift-webrtc.git at 145.25.0 (0.17s)
Computing version for https://github.com/apple/swift-protobuf.git
Computed https://github.com/apple/swift-protobuf.git at 1.39.0 (0.19s)
Creating working copy for https://github.com/GetStream/stream-video-swift-webrtc.git
Working copy of https://github.com/GetStream/stream-video-swift-webrtc.git resolved at 145.25.0
Creating working copy for https://github.com/GetStream/stream-core-swift.git
Working copy of https://github.com/GetStream/stream-core-swift.git resolved at 0.16.0
Creating working copy for https://github.com/apple/swift-protobuf.git
Working copy of https://github.com/apple/swift-protobuf.git resolved at 1.39.0
Downloading binary artifact https://github.com/GetStream/stream-video-swift-webrtc/releases/download/145.25.0/StreamWebRTC.xcframework.zip
[10474/44736632] Downloading https://github.com/GetStream/stream-video-swift-webrtc/releases/download/145.25.0/StreamWebRTC.xcframework.zip
Downloaded https://github.com/GetStream/stream-video-swift-webrtc/releases/download/145.25.0/StreamWebRTC.xcframework.zip (2.00s)
warning: 'spi-builder-workspace': found 2 file(s) which are unhandled; explicitly declare them as resources or exclude from the target
    /host/spi-builder-workspace/Sources/StreamVideo/Info.plist
    /host/spi-builder-workspace/Sources/StreamVideo/WebRTC/v2/SDP Parsing/README.md
warning: 'spi-builder-workspace': found 2 file(s) which are unhandled; explicitly declare them as resources or exclude from the target
    /host/spi-builder-workspace/Sources/StreamVideoSwiftUI/Generated/L10n_template.stencil
    /host/spi-builder-workspace/Sources/StreamVideoSwiftUI/Info.plist
warning: 'spi-builder-workspace': found 1 file(s) which are unhandled; explicitly declare them as resources or exclude from the target
    /host/spi-builder-workspace/Sources/StreamVideoUIKit/Info.plist
warning: 'stream-core-swift': found 1 file(s) which are unhandled; explicitly declare them as resources or exclude from the target
    /host/spi-builder-workspace/.build/checkouts/stream-core-swift/Sources/StreamCore/Info.plist
[1/1] Compiling plugin SwiftProtobufPlugin
Building for debugging...
[1/13] Copying incoming.m4a
[2/13] Copying outgoing.m4a
[3/13] Copying Info.plist
[3/13] Copying Localizable.strings
[3/13] Copying Localizable.stringsdict
[6/13] Copying Assets.xcassets
[7/13] Write sources
[12/13] Write swift-version-24593BA9C3E375BF.txt
error: emit-module command failed with exit code 1 (use -v to see invocation)
[14/172] Emitting module StreamCore
/host/spi-builder-workspace/.build/checkouts/stream-core-swift/Sources/StreamCore/Concurrency/AllocatedUnfairLock.swift:6:8: error: no such module 'os'
 4 |
 5 | import Foundation
 6 | import os
   |        `- error: no such module 'os'
 7 |
 8 | @available(iOS, introduced: 13.0, deprecated: 16.0, message: "Use OSAllocatedUnfairLock instead")
[15/182] Emitting module SwiftProtobuf
[16/193] Compiling SwiftProtobuf BinaryDecodingOptions.swift
/host/spi-builder-workspace/.build/checkouts/stream-core-swift/Sources/StreamCore/Concurrency/AllocatedUnfairLock.swift:6:8: error: no such module 'os'
 4 |
 5 | import Foundation
 6 | import os
   |        `- error: no such module 'os'
 7 |
 8 | @available(iOS, introduced: 13.0, deprecated: 16.0, message: "Use OSAllocatedUnfairLock instead")
[17/193] Compiling SwiftProtobuf BinaryDelimited.swift
/host/spi-builder-workspace/.build/checkouts/stream-core-swift/Sources/StreamCore/Concurrency/AllocatedUnfairLock.swift:6:8: error: no such module 'os'
 4 |
 5 | import Foundation
 6 | import os
   |        `- error: no such module 'os'
 7 |
 8 | @available(iOS, introduced: 13.0, deprecated: 16.0, message: "Use OSAllocatedUnfairLock instead")
[18/193] Compiling SwiftProtobuf BinaryEncoder.swift
/host/spi-builder-workspace/.build/checkouts/stream-core-swift/Sources/StreamCore/Concurrency/AllocatedUnfairLock.swift:6:8: error: no such module 'os'
 4 |
 5 | import Foundation
 6 | import os
   |        `- error: no such module 'os'
 7 |
 8 | @available(iOS, introduced: 13.0, deprecated: 16.0, message: "Use OSAllocatedUnfairLock instead")
[19/193] Compiling SwiftProtobuf BinaryEncodingError.swift
/host/spi-builder-workspace/.build/checkouts/stream-core-swift/Sources/StreamCore/Concurrency/AllocatedUnfairLock.swift:6:8: error: no such module 'os'
 4 |
 5 | import Foundation
 6 | import os
   |        `- error: no such module 'os'
 7 |
 8 | @available(iOS, introduced: 13.0, deprecated: 16.0, message: "Use OSAllocatedUnfairLock instead")
[20/193] Compiling SwiftProtobuf BinaryEncodingOptions.swift
/host/spi-builder-workspace/.build/checkouts/stream-core-swift/Sources/StreamCore/Concurrency/AllocatedUnfairLock.swift:6:8: error: no such module 'os'
 4 |
 5 | import Foundation
 6 | import os
   |        `- error: no such module 'os'
 7 |
 8 | @available(iOS, introduced: 13.0, deprecated: 16.0, message: "Use OSAllocatedUnfairLock instead")
[21/193] Compiling SwiftProtobuf BinaryEncodingSizeVisitor.swift
/host/spi-builder-workspace/.build/checkouts/stream-core-swift/Sources/StreamCore/Concurrency/AllocatedUnfairLock.swift:6:8: error: no such module 'os'
 4 |
 5 | import Foundation
 6 | import os
   |        `- error: no such module 'os'
 7 |
 8 | @available(iOS, introduced: 13.0, deprecated: 16.0, message: "Use OSAllocatedUnfairLock instead")
[22/193] Compiling SwiftProtobuf BinaryEncodingVisitor.swift
/host/spi-builder-workspace/.build/checkouts/stream-core-swift/Sources/StreamCore/Concurrency/AllocatedUnfairLock.swift:6:8: error: no such module 'os'
 4 |
 5 | import Foundation
 6 | import os
   |        `- error: no such module 'os'
 7 |
 8 | @available(iOS, introduced: 13.0, deprecated: 16.0, message: "Use OSAllocatedUnfairLock instead")
[23/193] Compiling SwiftProtobuf BytecodeInterpreter.swift
/host/spi-builder-workspace/.build/checkouts/stream-core-swift/Sources/StreamCore/Concurrency/AllocatedUnfairLock.swift:6:8: error: no such module 'os'
 4 |
 5 | import Foundation
 6 | import os
   |        `- error: no such module 'os'
 7 |
 8 | @available(iOS, introduced: 13.0, deprecated: 16.0, message: "Use OSAllocatedUnfairLock instead")
[24/193] Compiling SwiftProtobuf BytecodeReader.swift
/host/spi-builder-workspace/.build/checkouts/stream-core-swift/Sources/StreamCore/Concurrency/AllocatedUnfairLock.swift:6:8: error: no such module 'os'
 4 |
 5 | import Foundation
 6 | import os
   |        `- error: no such module 'os'
 7 |
 8 | @available(iOS, introduced: 13.0, deprecated: 16.0, message: "Use OSAllocatedUnfairLock instead")
[25/193] Compiling SwiftProtobuf CustomJSONCodable.swift
/host/spi-builder-workspace/.build/checkouts/stream-core-swift/Sources/StreamCore/Concurrency/AllocatedUnfairLock.swift:6:8: error: no such module 'os'
 4 |
 5 | import Foundation
 6 | import os
   |        `- error: no such module 'os'
 7 |
 8 | @available(iOS, introduced: 13.0, deprecated: 16.0, message: "Use OSAllocatedUnfairLock instead")
[26/193] Compiling SwiftProtobuf MathUtils.swift
/host/spi-builder-workspace/.build/checkouts/stream-core-swift/Sources/StreamCore/Concurrency/AllocatedUnfairLock.swift:6:8: error: no such module 'os'
 4 |
 5 | import Foundation
 6 | import os
   |        `- error: no such module 'os'
 7 |
 8 | @available(iOS, introduced: 13.0, deprecated: 16.0, message: "Use OSAllocatedUnfairLock instead")
[27/193] Compiling SwiftProtobuf Message+AnyAdditions.swift
/host/spi-builder-workspace/.build/checkouts/stream-core-swift/Sources/StreamCore/Concurrency/AllocatedUnfairLock.swift:6:8: error: no such module 'os'
 4 |
 5 | import Foundation
 6 | import os
   |        `- error: no such module 'os'
 7 |
 8 | @available(iOS, introduced: 13.0, deprecated: 16.0, message: "Use OSAllocatedUnfairLock instead")
[28/193] Compiling SwiftProtobuf Message+BinaryAdditions.swift
/host/spi-builder-workspace/.build/checkouts/stream-core-swift/Sources/StreamCore/Concurrency/AllocatedUnfairLock.swift:6:8: error: no such module 'os'
 4 |
 5 | import Foundation
 6 | import os
   |        `- error: no such module 'os'
 7 |
 8 | @available(iOS, introduced: 13.0, deprecated: 16.0, message: "Use OSAllocatedUnfairLock instead")
[29/193] Compiling SwiftProtobuf ProtoNameProviding.swift
/host/spi-builder-workspace/.build/checkouts/stream-core-swift/Sources/StreamCore/Concurrency/AllocatedUnfairLock.swift:6:8: error: no such module 'os'
 4 |
 5 | import Foundation
 6 | import os
   |        `- error: no such module 'os'
 7 |
 8 | @available(iOS, introduced: 13.0, deprecated: 16.0, message: "Use OSAllocatedUnfairLock instead")
[30/193] Compiling SwiftProtobuf ProtobufAPIVersionCheck.swift
/host/spi-builder-workspace/.build/checkouts/stream-core-swift/Sources/StreamCore/Concurrency/AllocatedUnfairLock.swift:6:8: error: no such module 'os'
 4 |
 5 | import Foundation
 6 | import os
   |        `- error: no such module 'os'
 7 |
 8 | @available(iOS, introduced: 13.0, deprecated: 16.0, message: "Use OSAllocatedUnfairLock instead")
[31/193] Compiling SwiftProtobuf ProtobufMap.swift
/host/spi-builder-workspace/.build/checkouts/stream-core-swift/Sources/StreamCore/Concurrency/AllocatedUnfairLock.swift:6:8: error: no such module 'os'
 4 |
 5 | import Foundation
 6 | import os
   |        `- error: no such module 'os'
 7 |
 8 | @available(iOS, introduced: 13.0, deprecated: 16.0, message: "Use OSAllocatedUnfairLock instead")
[32/193] Compiling SwiftProtobuf SelectiveVisitor.swift
/host/spi-builder-workspace/.build/checkouts/stream-core-swift/Sources/StreamCore/Concurrency/AllocatedUnfairLock.swift:6:8: error: no such module 'os'
 4 |
 5 | import Foundation
 6 | import os
   |        `- error: no such module 'os'
 7 |
 8 | @available(iOS, introduced: 13.0, deprecated: 16.0, message: "Use OSAllocatedUnfairLock instead")
[33/193] Compiling SwiftProtobuf SimpleExtensionMap.swift
/host/spi-builder-workspace/.build/checkouts/stream-core-swift/Sources/StreamCore/Concurrency/AllocatedUnfairLock.swift:6:8: error: no such module 'os'
 4 |
 5 | import Foundation
 6 | import os
   |        `- error: no such module 'os'
 7 |
 8 | @available(iOS, introduced: 13.0, deprecated: 16.0, message: "Use OSAllocatedUnfairLock instead")
[34/193] Compiling SwiftProtobuf StringUtils.swift
/host/spi-builder-workspace/.build/checkouts/stream-core-swift/Sources/StreamCore/Concurrency/AllocatedUnfairLock.swift:6:8: error: no such module 'os'
 4 |
 5 | import Foundation
 6 | import os
   |        `- error: no such module 'os'
 7 |
 8 | @available(iOS, introduced: 13.0, deprecated: 16.0, message: "Use OSAllocatedUnfairLock instead")
[35/193] Compiling SwiftProtobuf SwiftProtobufContiguousBytes.swift
/host/spi-builder-workspace/.build/checkouts/stream-core-swift/Sources/StreamCore/Concurrency/AllocatedUnfairLock.swift:6:8: error: no such module 'os'
 4 |
 5 | import Foundation
 6 | import os
   |        `- error: no such module 'os'
 7 |
 8 | @available(iOS, introduced: 13.0, deprecated: 16.0, message: "Use OSAllocatedUnfairLock instead")
[36/193] Compiling SwiftProtobuf HashVisitor.swift
/host/spi-builder-workspace/.build/checkouts/stream-core-swift/Sources/StreamCore/Concurrency/AllocatedUnfairLock.swift:6:8: error: no such module 'os'
 4 |
 5 | import Foundation
 6 | import os
   |        `- error: no such module 'os'
 7 |
 8 | @available(iOS, introduced: 13.0, deprecated: 16.0, message: "Use OSAllocatedUnfairLock instead")
[37/193] Compiling SwiftProtobuf Internal.swift
/host/spi-builder-workspace/.build/checkouts/stream-core-swift/Sources/StreamCore/Concurrency/AllocatedUnfairLock.swift:6:8: error: no such module 'os'
 4 |
 5 | import Foundation
 6 | import os
   |        `- error: no such module 'os'
 7 |
 8 | @available(iOS, introduced: 13.0, deprecated: 16.0, message: "Use OSAllocatedUnfairLock instead")
[38/193] Compiling SwiftProtobuf JSONDecoder.swift
/host/spi-builder-workspace/.build/checkouts/stream-core-swift/Sources/StreamCore/Concurrency/AllocatedUnfairLock.swift:6:8: error: no such module 'os'
 4 |
 5 | import Foundation
 6 | import os
   |        `- error: no such module 'os'
 7 |
 8 | @available(iOS, introduced: 13.0, deprecated: 16.0, message: "Use OSAllocatedUnfairLock instead")
[39/193] Compiling SwiftProtobuf JSONDecodingError.swift
/host/spi-builder-workspace/.build/checkouts/stream-core-swift/Sources/StreamCore/Concurrency/AllocatedUnfairLock.swift:6:8: error: no such module 'os'
 4 |
 5 | import Foundation
 6 | import os
   |        `- error: no such module 'os'
 7 |
 8 | @available(iOS, introduced: 13.0, deprecated: 16.0, message: "Use OSAllocatedUnfairLock instead")
[40/193] Compiling SwiftProtobuf JSONDecodingOptions.swift
/host/spi-builder-workspace/.build/checkouts/stream-core-swift/Sources/StreamCore/Concurrency/AllocatedUnfairLock.swift:6:8: error: no such module 'os'
 4 |
 5 | import Foundation
 6 | import os
   |        `- error: no such module 'os'
 7 |
 8 | @available(iOS, introduced: 13.0, deprecated: 16.0, message: "Use OSAllocatedUnfairLock instead")
[41/193] Compiling SwiftProtobuf JSONEncoder.swift
/host/spi-builder-workspace/.build/checkouts/stream-core-swift/Sources/StreamCore/Concurrency/AllocatedUnfairLock.swift:6:8: error: no such module 'os'
 4 |
 5 | import Foundation
 6 | import os
   |        `- error: no such module 'os'
 7 |
 8 | @available(iOS, introduced: 13.0, deprecated: 16.0, message: "Use OSAllocatedUnfairLock instead")
[42/193] Compiling SwiftProtobuf JSONEncodingError.swift
/host/spi-builder-workspace/.build/checkouts/stream-core-swift/Sources/StreamCore/Concurrency/AllocatedUnfairLock.swift:6:8: error: no such module 'os'
 4 |
 5 | import Foundation
 6 | import os
   |        `- error: no such module 'os'
 7 |
 8 | @available(iOS, introduced: 13.0, deprecated: 16.0, message: "Use OSAllocatedUnfairLock instead")
[43/193] Compiling SwiftProtobuf JSONEncodingOptions.swift
/host/spi-builder-workspace/.build/checkouts/stream-core-swift/Sources/StreamCore/Concurrency/AllocatedUnfairLock.swift:6:8: error: no such module 'os'
 4 |
 5 | import Foundation
 6 | import os
   |        `- error: no such module 'os'
 7 |
 8 | @available(iOS, introduced: 13.0, deprecated: 16.0, message: "Use OSAllocatedUnfairLock instead")
[44/193] Compiling SwiftProtobuf JSONEncodingVisitor.swift
/host/spi-builder-workspace/.build/checkouts/stream-core-swift/Sources/StreamCore/Concurrency/AllocatedUnfairLock.swift:6:8: error: no such module 'os'
 4 |
 5 | import Foundation
 6 | import os
   |        `- error: no such module 'os'
 7 |
 8 | @available(iOS, introduced: 13.0, deprecated: 16.0, message: "Use OSAllocatedUnfairLock instead")
[45/193] Compiling SwiftProtobuf JSONMapEncodingVisitor.swift
/host/spi-builder-workspace/.build/checkouts/stream-core-swift/Sources/StreamCore/Concurrency/AllocatedUnfairLock.swift:6:8: error: no such module 'os'
 4 |
 5 | import Foundation
 6 | import os
   |        `- error: no such module 'os'
 7 |
 8 | @available(iOS, introduced: 13.0, deprecated: 16.0, message: "Use OSAllocatedUnfairLock instead")
[46/193] Compiling SwiftProtobuf JSONScanner.swift
/host/spi-builder-workspace/.build/checkouts/stream-core-swift/Sources/StreamCore/Concurrency/AllocatedUnfairLock.swift:6:8: error: no such module 'os'
 4 |
 5 | import Foundation
 6 | import os
   |        `- error: no such module 'os'
 7 |
 8 | @available(iOS, introduced: 13.0, deprecated: 16.0, message: "Use OSAllocatedUnfairLock instead")
[47/193] Compiling SwiftProtobuf Message+BinaryAdditions_Data.swift
/host/spi-builder-workspace/.build/checkouts/stream-core-swift/Sources/StreamCore/Concurrency/AllocatedUnfairLock.swift:6:8: error: no such module 'os'
 4 |
 5 | import Foundation
 6 | import os
   |        `- error: no such module 'os'
 7 |
 8 | @available(iOS, introduced: 13.0, deprecated: 16.0, message: "Use OSAllocatedUnfairLock instead")
[48/193] Compiling SwiftProtobuf Message+FieldMask.swift
/host/spi-builder-workspace/.build/checkouts/stream-core-swift/Sources/StreamCore/Concurrency/AllocatedUnfairLock.swift:6:8: error: no such module 'os'
 4 |
 5 | import Foundation
 6 | import os
   |        `- error: no such module 'os'
 7 |
 8 | @available(iOS, introduced: 13.0, deprecated: 16.0, message: "Use OSAllocatedUnfairLock instead")
[49/193] Compiling SwiftProtobuf Message+JSONAdditions.swift
/host/spi-builder-workspace/.build/checkouts/stream-core-swift/Sources/StreamCore/Concurrency/AllocatedUnfairLock.swift:6:8: error: no such module 'os'
 4 |
 5 | import Foundation
 6 | import os
   |        `- error: no such module 'os'
 7 |
 8 | @available(iOS, introduced: 13.0, deprecated: 16.0, message: "Use OSAllocatedUnfairLock instead")
[50/193] Compiling SwiftProtobuf Message+JSONAdditions_Data.swift
/host/spi-builder-workspace/.build/checkouts/stream-core-swift/Sources/StreamCore/Concurrency/AllocatedUnfairLock.swift:6:8: error: no such module 'os'
 4 |
 5 | import Foundation
 6 | import os
   |        `- error: no such module 'os'
 7 |
 8 | @available(iOS, introduced: 13.0, deprecated: 16.0, message: "Use OSAllocatedUnfairLock instead")
[51/193] Compiling SwiftProtobuf Message+JSONArrayAdditions.swift
/host/spi-builder-workspace/.build/checkouts/stream-core-swift/Sources/StreamCore/Concurrency/AllocatedUnfairLock.swift:6:8: error: no such module 'os'
 4 |
 5 | import Foundation
 6 | import os
   |        `- error: no such module 'os'
 7 |
 8 | @available(iOS, introduced: 13.0, deprecated: 16.0, message: "Use OSAllocatedUnfairLock instead")
[52/193] Compiling SwiftProtobuf Message+JSONArrayAdditions_Data.swift
/host/spi-builder-workspace/.build/checkouts/stream-core-swift/Sources/StreamCore/Concurrency/AllocatedUnfairLock.swift:6:8: error: no such module 'os'
 4 |
 5 | import Foundation
 6 | import os
   |        `- error: no such module 'os'
 7 |
 8 | @available(iOS, introduced: 13.0, deprecated: 16.0, message: "Use OSAllocatedUnfairLock instead")
[53/193] Compiling SwiftProtobuf Message+TextFormatAdditions.swift
/host/spi-builder-workspace/.build/checkouts/stream-core-swift/Sources/StreamCore/Concurrency/AllocatedUnfairLock.swift:6:8: error: no such module 'os'
 4 |
 5 | import Foundation
 6 | import os
   |        `- error: no such module 'os'
 7 |
 8 | @available(iOS, introduced: 13.0, deprecated: 16.0, message: "Use OSAllocatedUnfairLock instead")
[54/193] Compiling SwiftProtobuf Message.swift
/host/spi-builder-workspace/.build/checkouts/stream-core-swift/Sources/StreamCore/Concurrency/AllocatedUnfairLock.swift:6:8: error: no such module 'os'
 4 |
 5 | import Foundation
 6 | import os
   |        `- error: no such module 'os'
 7 |
 8 | @available(iOS, introduced: 13.0, deprecated: 16.0, message: "Use OSAllocatedUnfairLock instead")
[55/193] Compiling SwiftProtobuf MessageExtension.swift
/host/spi-builder-workspace/.build/checkouts/stream-core-swift/Sources/StreamCore/Concurrency/AllocatedUnfairLock.swift:6:8: error: no such module 'os'
 4 |
 5 | import Foundation
 6 | import os
   |        `- error: no such module 'os'
 7 |
 8 | @available(iOS, introduced: 13.0, deprecated: 16.0, message: "Use OSAllocatedUnfairLock instead")
[56/193] Compiling SwiftProtobuf NameMap.swift
/host/spi-builder-workspace/.build/checkouts/stream-core-swift/Sources/StreamCore/Concurrency/AllocatedUnfairLock.swift:6:8: error: no such module 'os'
 4 |
 5 | import Foundation
 6 | import os
   |        `- error: no such module 'os'
 7 |
 8 | @available(iOS, introduced: 13.0, deprecated: 16.0, message: "Use OSAllocatedUnfairLock instead")
[57/193] Compiling SwiftProtobuf PathDecoder.swift
/host/spi-builder-workspace/.build/checkouts/stream-core-swift/Sources/StreamCore/Concurrency/AllocatedUnfairLock.swift:6:8: error: no such module 'os'
 4 |
 5 | import Foundation
 6 | import os
   |        `- error: no such module 'os'
 7 |
 8 | @available(iOS, introduced: 13.0, deprecated: 16.0, message: "Use OSAllocatedUnfairLock instead")
[58/193] Compiling SwiftProtobuf PathVisitor.swift
/host/spi-builder-workspace/.build/checkouts/stream-core-swift/Sources/StreamCore/Concurrency/AllocatedUnfairLock.swift:6:8: error: no such module 'os'
 4 |
 5 | import Foundation
 6 | import os
   |        `- error: no such module 'os'
 7 |
 8 | @available(iOS, introduced: 13.0, deprecated: 16.0, message: "Use OSAllocatedUnfairLock instead")
[59/193] Compiling SwiftProtobuf Google_Protobuf_Any+Extensions.swift
/host/spi-builder-workspace/.build/checkouts/stream-core-swift/Sources/StreamCore/Concurrency/AllocatedUnfairLock.swift:6:8: error: no such module 'os'
 4 |
 5 | import Foundation
 6 | import os
   |        `- error: no such module 'os'
 7 |
 8 | @available(iOS, introduced: 13.0, deprecated: 16.0, message: "Use OSAllocatedUnfairLock instead")
[60/193] Compiling SwiftProtobuf Google_Protobuf_Any+Registry.swift
/host/spi-builder-workspace/.build/checkouts/stream-core-swift/Sources/StreamCore/Concurrency/AllocatedUnfairLock.swift:6:8: error: no such module 'os'
 4 |
 5 | import Foundation
 6 | import os
   |        `- error: no such module 'os'
 7 |
 8 | @available(iOS, introduced: 13.0, deprecated: 16.0, message: "Use OSAllocatedUnfairLock instead")
[61/193] Compiling SwiftProtobuf Google_Protobuf_Duration+Extensions.swift
/host/spi-builder-workspace/.build/checkouts/stream-core-swift/Sources/StreamCore/Concurrency/AllocatedUnfairLock.swift:6:8: error: no such module 'os'
 4 |
 5 | import Foundation
 6 | import os
   |        `- error: no such module 'os'
 7 |
 8 | @available(iOS, introduced: 13.0, deprecated: 16.0, message: "Use OSAllocatedUnfairLock instead")
[62/193] Compiling SwiftProtobuf Google_Protobuf_FieldMask+Extensions.swift
/host/spi-builder-workspace/.build/checkouts/stream-core-swift/Sources/StreamCore/Concurrency/AllocatedUnfairLock.swift:6:8: error: no such module 'os'
 4 |
 5 | import Foundation
 6 | import os
   |        `- error: no such module 'os'
 7 |
 8 | @available(iOS, introduced: 13.0, deprecated: 16.0, message: "Use OSAllocatedUnfairLock instead")
[63/193] Compiling SwiftProtobuf Google_Protobuf_ListValue+Extensions.swift
/host/spi-builder-workspace/.build/checkouts/stream-core-swift/Sources/StreamCore/Concurrency/AllocatedUnfairLock.swift:6:8: error: no such module 'os'
 4 |
 5 | import Foundation
 6 | import os
   |        `- error: no such module 'os'
 7 |
 8 | @available(iOS, introduced: 13.0, deprecated: 16.0, message: "Use OSAllocatedUnfairLock instead")
[64/193] Compiling SwiftProtobuf Google_Protobuf_NullValue+Extensions.swift
/host/spi-builder-workspace/.build/checkouts/stream-core-swift/Sources/StreamCore/Concurrency/AllocatedUnfairLock.swift:6:8: error: no such module 'os'
 4 |
 5 | import Foundation
 6 | import os
   |        `- error: no such module 'os'
 7 |
 8 | @available(iOS, introduced: 13.0, deprecated: 16.0, message: "Use OSAllocatedUnfairLock instead")
[65/193] Compiling SwiftProtobuf Google_Protobuf_Struct+Extensions.swift
/host/spi-builder-workspace/.build/checkouts/stream-core-swift/Sources/StreamCore/Concurrency/AllocatedUnfairLock.swift:6:8: error: no such module 'os'
 4 |
 5 | import Foundation
 6 | import os
   |        `- error: no such module 'os'
 7 |
 8 | @available(iOS, introduced: 13.0, deprecated: 16.0, message: "Use OSAllocatedUnfairLock instead")
[66/193] Compiling SwiftProtobuf Google_Protobuf_Timestamp+Extensions.swift
/host/spi-builder-workspace/.build/checkouts/stream-core-swift/Sources/StreamCore/Concurrency/AllocatedUnfairLock.swift:6:8: error: no such module 'os'
 4 |
 5 | import Foundation
 6 | import os
   |        `- error: no such module 'os'
 7 |
 8 | @available(iOS, introduced: 13.0, deprecated: 16.0, message: "Use OSAllocatedUnfairLock instead")
[67/193] Compiling SwiftProtobuf Google_Protobuf_Value+Extensions.swift
/host/spi-builder-workspace/.build/checkouts/stream-core-swift/Sources/StreamCore/Concurrency/AllocatedUnfairLock.swift:6:8: error: no such module 'os'
 4 |
 5 | import Foundation
 6 | import os
   |        `- error: no such module 'os'
 7 |
 8 | @available(iOS, introduced: 13.0, deprecated: 16.0, message: "Use OSAllocatedUnfairLock instead")
[68/193] Compiling SwiftProtobuf Google_Protobuf_Wrappers+Extensions.swift
/host/spi-builder-workspace/.build/checkouts/stream-core-swift/Sources/StreamCore/Concurrency/AllocatedUnfairLock.swift:6:8: error: no such module 'os'
 4 |
 5 | import Foundation
 6 | import os
   |        `- error: no such module 'os'
 7 |
 8 | @available(iOS, introduced: 13.0, deprecated: 16.0, message: "Use OSAllocatedUnfairLock instead")
[69/193] Compiling SwiftProtobuf UnsafeRawPointer+Shims.swift
/host/spi-builder-workspace/.build/checkouts/stream-core-swift/Sources/StreamCore/Concurrency/AllocatedUnfairLock.swift:6:8: error: no such module 'os'
 4 |
 5 | import Foundation
 6 | import os
   |        `- error: no such module 'os'
 7 |
 8 | @available(iOS, introduced: 13.0, deprecated: 16.0, message: "Use OSAllocatedUnfairLock instead")
[70/193] Compiling SwiftProtobuf Varint.swift
/host/spi-builder-workspace/.build/checkouts/stream-core-swift/Sources/StreamCore/Concurrency/AllocatedUnfairLock.swift:6:8: error: no such module 'os'
 4 |
 5 | import Foundation
 6 | import os
   |        `- error: no such module 'os'
 7 |
 8 | @available(iOS, introduced: 13.0, deprecated: 16.0, message: "Use OSAllocatedUnfairLock instead")
[71/193] Compiling SwiftProtobuf Version.swift
/host/spi-builder-workspace/.build/checkouts/stream-core-swift/Sources/StreamCore/Concurrency/AllocatedUnfairLock.swift:6:8: error: no such module 'os'
 4 |
 5 | import Foundation
 6 | import os
   |        `- error: no such module 'os'
 7 |
 8 | @available(iOS, introduced: 13.0, deprecated: 16.0, message: "Use OSAllocatedUnfairLock instead")
[72/193] Compiling SwiftProtobuf Visitor.swift
/host/spi-builder-workspace/.build/checkouts/stream-core-swift/Sources/StreamCore/Concurrency/AllocatedUnfairLock.swift:6:8: error: no such module 'os'
 4 |
 5 | import Foundation
 6 | import os
   |        `- error: no such module 'os'
 7 |
 8 | @available(iOS, introduced: 13.0, deprecated: 16.0, message: "Use OSAllocatedUnfairLock instead")
[73/193] Compiling SwiftProtobuf WireFormat.swift
/host/spi-builder-workspace/.build/checkouts/stream-core-swift/Sources/StreamCore/Concurrency/AllocatedUnfairLock.swift:6:8: error: no such module 'os'
 4 |
 5 | import Foundation
 6 | import os
   |        `- error: no such module 'os'
 7 |
 8 | @available(iOS, introduced: 13.0, deprecated: 16.0, message: "Use OSAllocatedUnfairLock instead")
[74/193] Compiling SwiftProtobuf ZigZag.swift
/host/spi-builder-workspace/.build/checkouts/stream-core-swift/Sources/StreamCore/Concurrency/AllocatedUnfairLock.swift:6:8: error: no such module 'os'
 4 |
 5 | import Foundation
 6 | import os
   |        `- error: no such module 'os'
 7 |
 8 | @available(iOS, introduced: 13.0, deprecated: 16.0, message: "Use OSAllocatedUnfairLock instead")
[75/193] Compiling SwiftProtobuf AnyMessageStorage.swift
/host/spi-builder-workspace/.build/checkouts/stream-core-swift/Sources/StreamCore/Concurrency/AllocatedUnfairLock.swift:6:8: error: no such module 'os'
 4 |
 5 | import Foundation
 6 | import os
   |        `- error: no such module 'os'
 7 |
 8 | @available(iOS, introduced: 13.0, deprecated: 16.0, message: "Use OSAllocatedUnfairLock instead")
[76/193] Compiling SwiftProtobuf AnyUnpackError.swift
/host/spi-builder-workspace/.build/checkouts/stream-core-swift/Sources/StreamCore/Concurrency/AllocatedUnfairLock.swift:6:8: error: no such module 'os'
 4 |
 5 | import Foundation
 6 | import os
   |        `- error: no such module 'os'
 7 |
 8 | @available(iOS, introduced: 13.0, deprecated: 16.0, message: "Use OSAllocatedUnfairLock instead")
[77/193] Compiling SwiftProtobuf AsyncMessageSequence.swift
/host/spi-builder-workspace/.build/checkouts/stream-core-swift/Sources/StreamCore/Concurrency/AllocatedUnfairLock.swift:6:8: error: no such module 'os'
 4 |
 5 | import Foundation
 6 | import os
   |        `- error: no such module 'os'
 7 |
 8 | @available(iOS, introduced: 13.0, deprecated: 16.0, message: "Use OSAllocatedUnfairLock instead")
[78/193] Compiling SwiftProtobuf BinaryDecoder.swift
/host/spi-builder-workspace/.build/checkouts/stream-core-swift/Sources/StreamCore/Concurrency/AllocatedUnfairLock.swift:6:8: error: no such module 'os'
 4 |
 5 | import Foundation
 6 | import os
   |        `- error: no such module 'os'
 7 |
 8 | @available(iOS, introduced: 13.0, deprecated: 16.0, message: "Use OSAllocatedUnfairLock instead")
[79/193] Compiling SwiftProtobuf BinaryDecodingError.swift
/host/spi-builder-workspace/.build/checkouts/stream-core-swift/Sources/StreamCore/Concurrency/AllocatedUnfairLock.swift:6:8: error: no such module 'os'
 4 |
 5 | import Foundation
 6 | import os
   |        `- error: no such module 'os'
 7 |
 8 | @available(iOS, introduced: 13.0, deprecated: 16.0, message: "Use OSAllocatedUnfairLock instead")
[80/193] Compiling SwiftProtobuf SwiftProtobufError.swift
/host/spi-builder-workspace/.build/checkouts/stream-core-swift/Sources/StreamCore/Concurrency/AllocatedUnfairLock.swift:6:8: error: no such module 'os'
 4 |
 5 | import Foundation
 6 | import os
   |        `- error: no such module 'os'
 7 |
 8 | @available(iOS, introduced: 13.0, deprecated: 16.0, message: "Use OSAllocatedUnfairLock instead")
[81/193] Compiling SwiftProtobuf TextFormatDecoder.swift
/host/spi-builder-workspace/.build/checkouts/stream-core-swift/Sources/StreamCore/Concurrency/AllocatedUnfairLock.swift:6:8: error: no such module 'os'
 4 |
 5 | import Foundation
 6 | import os
   |        `- error: no such module 'os'
 7 |
 8 | @available(iOS, introduced: 13.0, deprecated: 16.0, message: "Use OSAllocatedUnfairLock instead")
[82/193] Compiling SwiftProtobuf TextFormatDecodingError.swift
/host/spi-builder-workspace/.build/checkouts/stream-core-swift/Sources/StreamCore/Concurrency/AllocatedUnfairLock.swift:6:8: error: no such module 'os'
 4 |
 5 | import Foundation
 6 | import os
   |        `- error: no such module 'os'
 7 |
 8 | @available(iOS, introduced: 13.0, deprecated: 16.0, message: "Use OSAllocatedUnfairLock instead")
[83/193] Compiling SwiftProtobuf TextFormatDecodingOptions.swift
/host/spi-builder-workspace/.build/checkouts/stream-core-swift/Sources/StreamCore/Concurrency/AllocatedUnfairLock.swift:6:8: error: no such module 'os'
 4 |
 5 | import Foundation
 6 | import os
   |        `- error: no such module 'os'
 7 |
 8 | @available(iOS, introduced: 13.0, deprecated: 16.0, message: "Use OSAllocatedUnfairLock instead")
[84/193] Compiling SwiftProtobuf TextFormatEncoder.swift
/host/spi-builder-workspace/.build/checkouts/stream-core-swift/Sources/StreamCore/Concurrency/AllocatedUnfairLock.swift:6:8: error: no such module 'os'
 4 |
 5 | import Foundation
 6 | import os
   |        `- error: no such module 'os'
 7 |
 8 | @available(iOS, introduced: 13.0, deprecated: 16.0, message: "Use OSAllocatedUnfairLock instead")
[85/193] Compiling SwiftProtobuf TextFormatEncodingOptions.swift
/host/spi-builder-workspace/.build/checkouts/stream-core-swift/Sources/StreamCore/Concurrency/AllocatedUnfairLock.swift:6:8: error: no such module 'os'
 4 |
 5 | import Foundation
 6 | import os
   |        `- error: no such module 'os'
 7 |
 8 | @available(iOS, introduced: 13.0, deprecated: 16.0, message: "Use OSAllocatedUnfairLock instead")
[86/193] Compiling SwiftProtobuf TextFormatEncodingVisitor.swift
/host/spi-builder-workspace/.build/checkouts/stream-core-swift/Sources/StreamCore/Concurrency/AllocatedUnfairLock.swift:6:8: error: no such module 'os'
 4 |
 5 | import Foundation
 6 | import os
   |        `- error: no such module 'os'
 7 |
 8 | @available(iOS, introduced: 13.0, deprecated: 16.0, message: "Use OSAllocatedUnfairLock instead")
[87/193] Compiling SwiftProtobuf TextFormatScanner.swift
/host/spi-builder-workspace/.build/checkouts/stream-core-swift/Sources/StreamCore/Concurrency/AllocatedUnfairLock.swift:6:8: error: no such module 'os'
 4 |
 5 | import Foundation
 6 | import os
   |        `- error: no such module 'os'
 7 |
 8 | @available(iOS, introduced: 13.0, deprecated: 16.0, message: "Use OSAllocatedUnfairLock instead")
[88/193] Compiling SwiftProtobuf TimeUtils.swift
/host/spi-builder-workspace/.build/checkouts/stream-core-swift/Sources/StreamCore/Concurrency/AllocatedUnfairLock.swift:6:8: error: no such module 'os'
 4 |
 5 | import Foundation
 6 | import os
   |        `- error: no such module 'os'
 7 |
 8 | @available(iOS, introduced: 13.0, deprecated: 16.0, message: "Use OSAllocatedUnfairLock instead")
[89/193] Compiling SwiftProtobuf UnknownStorage.swift
/host/spi-builder-workspace/.build/checkouts/stream-core-swift/Sources/StreamCore/Concurrency/AllocatedUnfairLock.swift:6:8: error: no such module 'os'
 4 |
 5 | import Foundation
 6 | import os
   |        `- error: no such module 'os'
 7 |
 8 | @available(iOS, introduced: 13.0, deprecated: 16.0, message: "Use OSAllocatedUnfairLock instead")
[152/193] Compiling StreamCore RetryStrategy.swift
[153/193] Compiling StreamCore URLSessionWebSocketEngine.swift
[154/193] Compiling StreamCore WebSocketClient.swift
[155/193] Compiling StreamCore WebSocketEngine.swift
[156/193] Compiling StreamCore WebSocketPingController.swift
[157/193] Compiling StreamCore Event.swift
[158/193] Compiling StreamCore EventBatcher.swift
[159/193] Compiling StreamCore EventMiddleware.swift
[160/193] Compiling StreamCore EventNotificationCenter.swift
[173/193] Compiling SwiftProtobuf any.pb.swift
[174/193] Compiling SwiftProtobuf api.pb.swift
[175/193] Compiling SwiftProtobuf descriptor.pb.swift
[176/193] Compiling SwiftProtobuf duration.pb.swift
[177/193] Compiling SwiftProtobuf empty.pb.swift
[178/193] Compiling SwiftProtobuf field_mask.pb.swift
[179/193] Compiling SwiftProtobuf source_context.pb.swift
[180/193] Compiling SwiftProtobuf struct.pb.swift
[181/193] Compiling SwiftProtobuf timestamp.pb.swift
[182/193] Compiling SwiftProtobuf type.pb.swift
[183/193] Compiling SwiftProtobuf wrappers.pb.swift
/host/spi-builder-workspace/.build/checkouts/stream-core-swift/Sources/StreamCore/Concurrency/AllocatedUnfairLock.swift:6:8: error: no such module 'os'
 4 |
 5 | import Foundation
 6 | import os
   |        `- error: no such module 'os'
 7 |
 8 | @available(iOS, introduced: 13.0, deprecated: 16.0, message: "Use OSAllocatedUnfairLock instead")
/host/spi-builder-workspace/.build/checkouts/stream-core-swift/Sources/StreamCore/Concurrency/AllocatedUnfairLock.swift:6:8: error: no such module 'os'
 4 |
 5 | import Foundation
 6 | import os
   |        `- error: no such module 'os'
 7 |
 8 | @available(iOS, introduced: 13.0, deprecated: 16.0, message: "Use OSAllocatedUnfairLock instead")
/host/spi-builder-workspace/.build/checkouts/stream-core-swift/Sources/StreamCore/Concurrency/AllocatedUnfairLock.swift:6:8: error: no such module 'os'
 4 |
 5 | import Foundation
 6 | import os
   |        `- error: no such module 'os'
 7 |
 8 | @available(iOS, introduced: 13.0, deprecated: 16.0, message: "Use OSAllocatedUnfairLock instead")
/host/spi-builder-workspace/.build/checkouts/stream-core-swift/Sources/StreamCore/Concurrency/AllocatedUnfairLock.swift:6:8: error: no such module 'os'
 4 |
 5 | import Foundation
 6 | import os
   |        `- error: no such module 'os'
 7 |
 8 | @available(iOS, introduced: 13.0, deprecated: 16.0, message: "Use OSAllocatedUnfairLock instead")
/host/spi-builder-workspace/.build/checkouts/stream-core-swift/Sources/StreamCore/Concurrency/AllocatedUnfairLock.swift:6:8: error: no such module 'os'
 4 |
 5 | import Foundation
 6 | import os
   |        `- error: no such module 'os'
 7 |
 8 | @available(iOS, introduced: 13.0, deprecated: 16.0, message: "Use OSAllocatedUnfairLock instead")
/host/spi-builder-workspace/.build/checkouts/stream-core-swift/Sources/StreamCore/Concurrency/AllocatedUnfairLock.swift:6:8: error: no such module 'os'
 4 |
 5 | import Foundation
 6 | import os
   |        `- error: no such module 'os'
 7 |
 8 | @available(iOS, introduced: 13.0, deprecated: 16.0, message: "Use OSAllocatedUnfairLock instead")
/host/spi-builder-workspace/.build/checkouts/stream-core-swift/Sources/StreamCore/Concurrency/AllocatedUnfairLock.swift:6:8: error: no such module 'os'
 4 |
 5 | import Foundation
 6 | import os
   |        `- error: no such module 'os'
 7 |
 8 | @available(iOS, introduced: 13.0, deprecated: 16.0, message: "Use OSAllocatedUnfairLock instead")
/host/spi-builder-workspace/.build/checkouts/stream-core-swift/Sources/StreamCore/Concurrency/AllocatedUnfairLock.swift:6:8: error: no such module 'os'
 4 |
 5 | import Foundation
 6 | import os
   |        `- error: no such module 'os'
 7 |
 8 | @available(iOS, introduced: 13.0, deprecated: 16.0, message: "Use OSAllocatedUnfairLock instead")
/host/spi-builder-workspace/.build/checkouts/stream-core-swift/Sources/StreamCore/Concurrency/AllocatedUnfairLock.swift:6:8: error: no such module 'os'
 4 |
 5 | import Foundation
 6 | import os
   |        `- error: no such module 'os'
 7 |
 8 | @available(iOS, introduced: 13.0, deprecated: 16.0, message: "Use OSAllocatedUnfairLock instead")
/host/spi-builder-workspace/.build/checkouts/stream-core-swift/Sources/StreamCore/Concurrency/AllocatedUnfairLock.swift:6:8: error: no such module 'os'
 4 |
 5 | import Foundation
 6 | import os
   |        `- error: no such module 'os'
 7 |
 8 | @available(iOS, introduced: 13.0, deprecated: 16.0, message: "Use OSAllocatedUnfairLock instead")
BUILD FAILURE 6.3 linux