Build Information
Failed to build Camper, reference 1.1.0 (b2724f), with Swift 6.3 for Android on 20 Oct 2026 12:05:24 UTC.
Build Command
bash -c docker run --pull=always --rm -v "checkouts-54344847-0":/host -w "$PWD" -e JAVA_HOME="/root/.sdkman/candidates/java/current" -e SPI_BUILD="1" -e SPI_PROCESSING="1" registry.gitlab.com/saguaro1/spi-images:android-6.3-latest swift build --swift-sdk aarch64-unknown-linux-android28 2>&1Build Log
========================================
RunAll
========================================
Builder version: 5.1.3
Interrupt handler set up.
========================================
Checkout
========================================
Clone URL: https://github.com/nullic/Camper.git
Reference: 1.1.0
Initialized empty Git repository in /host/spi-builder-workspace/.git/
hint: Using 'master' as the name for the initial branch. This default branch name
hint: is subject to change. To configure the initial branch name to use in all
hint: of your new repositories, which will suppress this warning, call:
hint:
hint: git config --global init.defaultBranch <name>
hint:
hint: Names commonly chosen instead of 'master' are 'main', 'trunk' and
hint: 'development'. The just-created branch can be renamed via this command:
hint:
hint: git branch -m <name>
From https://github.com/nullic/Camper
* tag 1.1.0 -> FETCH_HEAD
HEAD is now at b2724f6 release: 1.1.0 — the file log is Camper's own, SwiftyBeaver is gone
Cloned https://github.com/nullic/Camper.git
Revision (git rev-parse @):
b2724f65c9f8f8c571f2ff26faa455b17d3f2612
SPI manifest file found: $PWD/.spi.yml
SUCCESS checkout https://github.com/nullic/Camper.git at 1.1.0
========================================
Build
========================================
Selected platform: android
Swift version: 6.3
Building package at path: $PWD
https://github.com/nullic/Camper.git
Running build ...
bash -c docker run --pull=always --rm -v "checkouts-54344847-0":/host -w "$PWD" -e JAVA_HOME="/root/.sdkman/candidates/java/current" -e SPI_BUILD="1" -e SPI_PROCESSING="1" registry.gitlab.com/saguaro1/spi-images:android-6.3-latest swift build --swift-sdk aarch64-unknown-linux-android28 2>&1
android-6.3-latest: Pulling from saguaro1/spi-images
Digest: sha256:ec170ed262d75c9e928493cd00a486dad2d4f04db1b55d884efec7db42d0226b
Status: Image is up to date for registry.gitlab.com/saguaro1/spi-images:android-6.3-latest
Fetching https://github.com/swiftlang/swift-syntax.git
[1/80889] Fetching swift-syntax
Fetched https://github.com/swiftlang/swift-syntax.git from cache (3.44s)
Computing version for https://github.com/swiftlang/swift-syntax.git
Computed https://github.com/swiftlang/swift-syntax.git at 603.0.2 (4.43s)
Creating working copy for https://github.com/swiftlang/swift-syntax.git
Working copy of https://github.com/swiftlang/swift-syntax.git resolved at 603.0.2
Downloading package prebuilt https://download.swift.org/prebuilts/swift-syntax/603.0.2/swift-6.3.2-RELEASE-ubuntu_noble_x86_64-MacroSupport.tar.gz
Downloaded https://download.swift.org/prebuilts/swift-syntax/603.0.2/swift-6.3.2-RELEASE-ubuntu_noble_x86_64-MacroSupport.tar.gz (0.31s)
Building for debugging...
[0/12] Write sources
[4/12] Write swift-version-272D24FF697CF451.txt
[6/44] Emitting module CamperMacros
[7/48] Compiling CamperMacros Injector.swift
[8/48] Compiling CamperMacros MockName.swift
[9/48] Compiling CamperMacros Origin.swift
[10/48] Compiling CamperMacros Output.swift
[11/48] Compiling CamperMacros Passed.swift
[12/48] Compiling CamperMacros SoftCodableEnumCoder.swift
[13/48] Compiling CamperMacros SoftCodableMacro.swift
[14/48] Compiling CamperMacros StringRepresentableExtensionMacro.swift
[15/48] Compiling CamperMacros StringRepresentableMacro.swift
[16/48] Compiling CamperMacros AccessorBlockSyntax.swift
[17/48] Compiling CamperMacros ActorDeclSyntax.swift
[18/48] Compiling CamperMacros AttributeListSyntax.swift
[19/48] Compiling CamperMacros ClassDeclSyntax.swift
[20/48] Compiling CamperMacros EnumCaseParameterSyntax.swift
[21/48] Compiling CamperMacros CamperMacrosError.swift
[22/48] Compiling CamperMacros CamperMacrosPlugin.swift
[23/48] Compiling CamperMacros AutoMockable.swift
[24/48] Compiling CamperMacros Dependency.swift
[25/48] Compiling CamperMacros Injection.swift
[26/48] Compiling CamperMacros StringProtocol.swift
[27/48] Compiling CamperMacros StructDeclSyntax.swift
[28/48] Compiling CamperMacros SyntaxChildren.swift
[29/48] Compiling CamperMacros VariableDeclSyntax.swift
[30/48] Compiling CamperMacros IOAttribute.swift
[31/48] Compiling CamperMacros IOModel.swift
[32/48] Compiling CamperMacros IOModelExtensionMacro.swift
[33/48] Compiling CamperMacros IOModelMemberMacro.swift
[34/48] Compiling CamperMacros EnumDeclSyntax.swift
[35/48] Compiling CamperMacros FunctionDeclSyntax.swift
[36/48] Compiling CamperMacros LabeledExprListSyntax.swift
[37/48] Compiling CamperMacros ProtocolDeclSyntax.swift
[38/48] Compiling CamperMacros HexColorMacro.swift
[39/48] Compiling CamperMacros LocalizedMacro.swift
[40/48] Compiling CamperMacros LoggersCollectionMacro.swift
[41/48] Compiling CamperMacros MemberwiseInitMacro.swift
[42/49] Wrapping AST for CamperMacros for debugging
[43/49] Write Objects.LinkFileList
[44/49] Linking CamperMacros-tool
[46/101] Compiling Camper MemberwiseInit.swift
/host/spi-builder-workspace/Sources/Camper/Logger.swift:2:8: error: no such module 'os'
1 | import Foundation
2 | import os
| `- error: no such module 'os'
3 | import OSLog
4 |
[47/101] Compiling Camper SoftCodable.swift
/host/spi-builder-workspace/Sources/Camper/Logger.swift:2:8: error: no such module 'os'
1 | import Foundation
2 | import os
| `- error: no such module 'os'
3 | import OSLog
4 |
[48/101] Compiling Camper StringRepresentable.swift
/host/spi-builder-workspace/Sources/Camper/Logger.swift:2:8: error: no such module 'os'
1 | import Foundation
2 | import os
| `- error: no such module 'os'
3 | import OSLog
4 |
[49/101] Compiling Camper StringRepresentableValue.swift
/host/spi-builder-workspace/Sources/Camper/Logger.swift:2:8: error: no such module 'os'
1 | import Foundation
2 | import os
| `- error: no such module 'os'
3 | import OSLog
4 |
[50/104] Compiling Camper LogFileWriter.swift
/host/spi-builder-workspace/Sources/Camper/Logger.swift:2:8: error: no such module 'os'
1 | import Foundation
2 | import os
| `- error: no such module 'os'
3 | import OSLog
4 |
[51/104] Compiling Camper Logger.swift
/host/spi-builder-workspace/Sources/Camper/Logger.swift:2:8: error: no such module 'os'
1 | import Foundation
2 | import os
| `- error: no such module 'os'
3 | import OSLog
4 |
[52/104] Compiling Camper DependencyInjection.swift
/host/spi-builder-workspace/Sources/Camper/Logger.swift:2:8: error: no such module 'os'
1 | import Foundation
2 | import os
| `- error: no such module 'os'
3 | import OSLog
4 |
[53/104] Compiling Camper CamperLogger.swift
/host/spi-builder-workspace/Sources/Camper/Logger.swift:2:8: error: no such module 'os'
1 | import Foundation
2 | import os
| `- error: no such module 'os'
3 | import OSLog
4 |
[54/104] Compiling Camper FileWatcher.swift
/host/spi-builder-workspace/Sources/Camper/Logger.swift:2:8: error: no such module 'os'
1 | import Foundation
2 | import os
| `- error: no such module 'os'
3 | import OSLog
4 |
[55/104] Compiling Camper FolderMonitor.swift
/host/spi-builder-workspace/Sources/Camper/Logger.swift:2:8: error: no such module 'os'
1 | import Foundation
2 | import os
| `- error: no such module 'os'
3 | import OSLog
4 |
[56/104] Compiling Camper CaseIterable.swift
/host/spi-builder-workspace/Sources/Camper/Logger.swift:2:8: error: no such module 'os'
1 | import Foundation
2 | import os
| `- error: no such module 'os'
3 | import OSLog
4 |
[57/104] Compiling Camper LazyAtomic.swift
/host/spi-builder-workspace/Sources/Camper/Logger.swift:2:8: error: no such module 'os'
1 | import Foundation
2 | import os
| `- error: no such module 'os'
3 | import OSLog
4 |
[58/104] Compiling Camper UserDefault.swift
/host/spi-builder-workspace/Sources/Camper/Logger.swift:2:8: error: no such module 'os'
1 | import Foundation
2 | import os
| `- error: no such module 'os'
3 | import OSLog
4 |
[59/104] Compiling Camper ValidationError.swift
/host/spi-builder-workspace/Sources/Camper/Logger.swift:2:8: error: no such module 'os'
1 | import Foundation
2 | import os
| `- error: no such module 'os'
3 | import OSLog
4 |
error: emit-module command failed with exit code 1 (use -v to see invocation)
[60/104] Emitting module Camper
/host/spi-builder-workspace/Sources/Camper/Logger.swift:2:8: error: no such module 'os'
1 | import Foundation
2 | import os
| `- error: no such module 'os'
3 | import OSLog
4 |
[61/104] Compiling Camper Date.swift
/host/spi-builder-workspace/Sources/Camper/Logger.swift:2:8: error: no such module 'os'
1 | import Foundation
2 | import os
| `- error: no such module 'os'
3 | import OSLog
4 |
[62/104] Compiling Camper JSONDecoder.swift
/host/spi-builder-workspace/Sources/Camper/Logger.swift:2:8: error: no such module 'os'
1 | import Foundation
2 | import os
| `- error: no such module 'os'
3 | import OSLog
4 |
[63/104] Compiling Camper JSONEncoder.swift
/host/spi-builder-workspace/Sources/Camper/Logger.swift:2:8: error: no such module 'os'
1 | import Foundation
2 | import os
| `- error: no such module 'os'
3 | import OSLog
4 |
[64/104] Compiling Camper Optional.swift
/host/spi-builder-workspace/Sources/Camper/Logger.swift:2:8: error: no such module 'os'
1 | import Foundation
2 | import os
| `- error: no such module 'os'
3 | import OSLog
4 |
[65/104] Compiling Camper ObservationContainer.swift
/host/spi-builder-workspace/Sources/Camper/Logger.swift:2:8: error: no such module 'os'
1 | import Foundation
2 | import os
| `- error: no such module 'os'
3 | import OSLog
4 |
[66/104] Compiling Camper ObservationToken.swift
/host/spi-builder-workspace/Sources/Camper/Logger.swift:2:8: error: no such module 'os'
1 | import Foundation
2 | import os
| `- error: no such module 'os'
3 | import OSLog
4 |
[67/104] Compiling Camper OperationExecutor.swift
/host/spi-builder-workspace/Sources/Camper/Logger.swift:2:8: error: no such module 'os'
1 | import Foundation
2 | import os
| `- error: no such module 'os'
3 | import OSLog
4 |
[68/104] Compiling Camper HexColors.swift
/host/spi-builder-workspace/Sources/Camper/Logger.swift:2:8: error: no such module 'os'
1 | import Foundation
2 | import os
| `- error: no such module 'os'
3 | import OSLog
4 |
[69/104] Compiling Camper IOModel.swift
/host/spi-builder-workspace/Sources/Camper/Logger.swift:2:8: error: no such module 'os'
1 | import Foundation
2 | import os
| `- error: no such module 'os'
3 | import OSLog
4 |
[70/104] Compiling Camper Localized.swift
/host/spi-builder-workspace/Sources/Camper/Logger.swift:2:8: error: no such module 'os'
1 | import Foundation
2 | import os
| `- error: no such module 'os'
3 | import OSLog
4 |
[71/104] Compiling Camper LoggersCollection.swift
/host/spi-builder-workspace/Sources/Camper/Logger.swift:2:8: error: no such module 'os'
1 | import Foundation
2 | import os
| `- error: no such module 'os'
3 | import OSLog
4 |
[72/104] Compiling Camper TaskQueue.swift
/host/spi-builder-workspace/Sources/Camper/Logger.swift:2:8: error: no such module 'os'
1 | import Foundation
2 | import os
| `- error: no such module 'os'
3 | import OSLog
4 |
[73/104] Compiling Camper AnySecureCodingValueTransformer.swift
/host/spi-builder-workspace/Sources/Camper/Logger.swift:2:8: error: no such module 'os'
1 | import Foundation
2 | import os
| `- error: no such module 'os'
3 | import OSLog
4 |
[74/104] Compiling Camper JSONValueTransformer.swift
/host/spi-builder-workspace/Sources/Camper/Logger.swift:2:8: error: no such module 'os'
1 | import Foundation
2 | import os
| `- error: no such module 'os'
3 | import OSLog
4 |
BUILD FAILURE 6.3 android