The Swift Package Index logo.Swift Package Index

Build Information

Failed to build kubrick, reference 1.1.5 (018556), with Swift 6.4 for macOS (SPM) on 16 Sep 2026 10:15:22 UTC.

Build Command

env DEVELOPER_DIR=/Applications/Xcode-27.0.0-Release.Candidate.app xcrun swift build --arch arm64

Build Log

========================================
RunAll
========================================
Builder version: 5.1.0
Interrupt handler set up.
========================================
Checkout
========================================
Clone URL: https://github.com/krad/kubrick.git
Reference: 1.1.5
Initialized empty Git repository in /Users/admin/builder/spi-builder-workspace/.git/
From https://github.com/krad/kubrick
 * tag               1.1.5      -> FETCH_HEAD
HEAD is now at 018556f Ok done with that.  I think this is better math
Cloned https://github.com/krad/kubrick.git
Revision (git rev-parse @):
018556f5e196ccfde895d27006a56aea3f7f5ed0
SUCCESS checkout https://github.com/krad/kubrick.git at 1.1.5
========================================
Build
========================================
Selected platform:         macosSpm
Swift version:             6.4
Building package at path:  $PWD
https://github.com/krad/kubrick.git
Running build ...
env DEVELOPER_DIR=/Applications/Xcode-27.0.0-Release.Candidate.app xcrun swift build --arch arm64
Building for debugging...
[Pre-planning 1 / 96]
[Planning deferred tasks]
[25 / 42]
[37 / 54] grip
[38 / 54] grip
[48 / 66] kubrick
[49 / 66] kubrick
[55 / 66] kubrick
Fetching https://github.com/krad/grip.git
[1/176] Fetching grip
Fetched https://github.com/krad/grip.git (1.16s)
Computing version for https://github.com/krad/grip.git
Computed https://github.com/krad/grip.git at 1.3.5 (1.83s)
Creating working copy for https://github.com/krad/grip.git
Working copy of https://github.com/krad/grip.git resolved at 1.3.5
error: SwiftCompile normal arm64 /Users/admin/builder/spi-builder-workspace/Sources/kubrick/Sinks/MuxerSink.swift failed with a nonzero exit code. Command line:     cd /Users/admin/builder
    builtin-SwiftPerFileCompile MuxerSink.swift
/Users/admin/builder/spi-builder-workspace/Sources/kubrick/Sinks/MuxerSink.swift:21:26: error: cannot find 'AudioSamplePacket' in scope
19 |         switch input.type {
20 |         case .audio:
21 |             let packet = AudioSamplePacket(duration: input.duration.numerator,
   |                          `- error: cannot find 'AudioSamplePacket' in scope
22 |                                            timescale: UInt32(input.duration.denominator),
23 |                                            data: input.bytes)
/Users/admin/builder/spi-builder-workspace/Sources/kubrick/Sinks/MuxerSink.swift:26:26: error: cannot find 'VideoSamplePacket' in scope
24 |             self.send(packet)
25 |         case .video:
26 |             var packet = VideoSamplePacket(duration: input.duration.numerator,
   |                          `- error: cannot find 'VideoSamplePacket' in scope
27 |                                            timescale: UInt32(input.duration.denominator),
28 |                                            data: input.bytes)
Failed frontend command:
/Applications/Xcode-27.0.0-Release.Candidate.app/Contents/Developer/Toolchains/XcodeDefault.xctoolchain/usr/bin/swift-frontend -frontend -c /Users/admin/builder/spi-builder-workspace/Sources/kubrick/Encoders/AACEncoder.swift /Users/admin/builder/spi-builder-workspace/Sources/kubrick/Encoders/AudioEncoder.swift /Users/admin/builder/spi-builder-workspace/Sources/kubrick/Encoders/H264Encoder.swift /Users/admin/builder/spi-builder-workspace/Sources/kubrick/Encoders/H264Settings.swift /Users/admin/builder/spi-builder-workspace/Sources/kubrick/Encoders/VideoEncoder.swift /Users/admin/builder/spi-builder-workspace/Sources/kubrick/Helpers/Bytes.swift /Users/admin/builder/spi-builder-workspace/Sources/kubrick/Helpers/Rational.swift /Users/admin/builder/spi-builder-workspace/Sources/kubrick/Helpers/ThreadSafeArray.swift /Users/admin/builder/spi-builder-workspace/Sources/kubrick/MediaDevices/Camera.swift /Users/admin/builder/spi-builder-workspace/Sources/kubrick/MediaDevices/Display.swift /Users/admin/builder/spi-builder-workspace/Sources/kubrick/MediaDevices/MediaDevice.swift /Users/admin/builder/spi-builder-workspace/Sources/kubrick/MediaDevices/MediaDeviceInput.swift /Users/admin/builder/spi-builder-workspace/Sources/kubrick/MediaDevices/MediaDeviceOutput.swift /Users/admin/builder/spi-builder-workspace/Sources/kubrick/MediaDevices/MediaDeviceReader.swift /Users/admin/builder/spi-builder-workspace/Sources/kubrick/MediaDevices/Microphone.swift /Users/admin/builder/spi-builder-workspace/Sources/kubrick/MediaDevices/Readers/AudioReader.swift /Users/admin/builder/spi-builder-workspace/Sources/kubrick/MediaDevices/Readers/VideoReader.swift /Users/admin/builder/spi-builder-workspace/Sources/kubrick/Samples/MediaFormat.swift /Users/admin/builder/spi-builder-workspace/Sources/kubrick/Samples/Sample.swift /Users/admin/builder/spi-builder-workspace/Sources/kubrick/Samples/Session.swift /Users/admin/builder/spi-builder-workspace/Sources/kubrick/Sinks/AACEncoderSink.swift -primary-file /Users/admin/builder/spi-builder-workspace/Sources/kubrick/Sinks/EndpointSink.swift -primary-file /Users/admin/builder/spi-builder-workspace/Sources/kubrick/Sinks/H264EncoderSink.swift -primary-file /Users/admin/builder/spi-builder-workspace/Sources/kubrick/Sinks/MuxerSink.swift /Users/admin/builder/spi-builder-workspace/Sources/kubrick/Sinks/PrettyPortraitSink.swift /Users/admin/builder/spi-builder-workspace/Sources/kubrick/Sinks/Sink.swift /Users/admin/builder/spi-builder-workspace/Sources/kubrick/Sources/AVStream.swift /Users/admin/builder/spi-builder-workspace/Sources/kubrick/Sources/Source.swift /Users/admin/builder/spi-builder-workspace/Sources/kubrick/Sources/SourceDiscoverer.swift -supplementary-output-file-map /Users/admin/builder/spi-builder-workspace/.build/out/Intermediates.noindex/kubrick.build/Debug/kubrick-t.build/Objects-normal/arm64/supplementaryOutputs-8 -target arm64-apple-macos12.0 -Xllvm -aarch64-use-tbi -enable-objc-interop -stack-check -sdk /Applications/Xcode-27.0.0-Release.Candidate.app/Contents/Developer/Platforms/MacOSX.platform/Developer/SDKs/MacOSX27.0.sdk -I /Users/admin/builder/spi-builder-workspace/.build/out/Products/Debug -Isystem /Applications/Xcode-27.0.0-Release.Candidate.app/Contents/Developer/Platforms/MacOSX.platform/Developer/usr/lib -F /Users/admin/builder/spi-builder-workspace/.build/out/Products/Debug/PackageFrameworks -F /Users/admin/builder/spi-builder-workspace/.build/out/Products/Debug -F /Applications/Xcode-27.0.0-Release.Candidate.app/Contents/Developer/Platforms/MacOSX.platform/Developer/Library/Frameworks -module-cache-path /Users/admin/builder/spi-builder-workspace/.build/out/ModuleCache.noindex -color-diagnostics -Xcc -fcolor-diagnostics -enable-testing -g -debug-info-format\=dwarf -dwarf-version\=4 -swift-version 4 -Onone -D SWIFT_PACKAGE -D DEBUG -D SWIFT_MODULE_RESOURCE_BUNDLE_UNAVAILABLE -D Xcode -serialize-debugging-options -enable-experimental-feature DebugDescriptionMacro -empty-abi-descriptor -plugin-path /Applications/Xcode-27.0.0-Release.Candidate.app/Contents/Developer/Toolchains/XcodeDefault.xctoolchain/usr/lib/swift/host/plugins/testing -validate-clang-modules-once -clang-build-session-file /Users/admin/builder/spi-builder-workspace/.build/out/ModuleCache.noindex/Session.modulevalidation -Xcc -working-directory -Xcc /Users/admin/builder -enable-anonymous-context-mangled-names -file-compilation-dir /Users/admin/builder -Xcc -D_LIBCPP_HARDENING_MODE\=_LIBCPP_HARDENING_MODE_DEBUG -Xcc -ivfsstatcache -Xcc /Users/admin/builder/spi-builder-workspace/.build/out/SDKStatCaches.noindex/macosx27.0-26A425-80c5bbf1d171475443272936d42f90a36a22442a12e9d48fe1a705f55a1adfc4.sdkstatcache -Xcc -fmodules-prune-interval\=86400 -Xcc -fmodules-prune-after\=345600 -Xcc -I/Users/admin/builder/spi-builder-workspace/.build/out/Products/Debug/include -Xcc -I/Users/admin/builder/spi-builder-workspace/.build/out/Intermediates.noindex/kubrick.build/Debug/kubrick-t.build/DerivedSources-normal/arm64 -Xcc -I/Users/admin/builder/spi-builder-workspace/.build/out/Intermediates.noindex/kubrick.build/Debug/kubrick-t.build/DerivedSources/arm64 -Xcc -I/Users/admin/builder/spi-builder-workspace/.build/out/Intermediates.noindex/kubrick.build/Debug/kubrick-t.build/DerivedSources -Xcc -DSWIFT_PACKAGE -Xcc -DDEBUG\=1 -no-auto-bridging-header-chaining -module-name kubrick -const-gather-protocols-file /Users/admin/builder/spi-builder-workspace/.build/out/Intermediates.noindex/kubrick.build/Debug/kubrick-t.build/Objects-normal/arm64/kubrick_const_extract_protocols.json -disable-clang-spi -target-sdk-version 27.0 -target-sdk-name macosx27.0 -external-plugin-path /Applications/Xcode-27.0.0-Release.Candidate.app/Contents/Developer/Platforms/MacOSX.platform/Developer/usr/lib/swift/host/plugins\#/Applications/Xcode-27.0.0-Release.Candidate.app/Contents/Developer/Platforms/MacOSX.platform/Developer/usr/bin/swift-plugin-server -external-plugin-path /Applications/Xcode-27.0.0-Release.Candidate.app/Contents/Developer/Platforms/MacOSX.platform/Developer/usr/local/lib/swift/host/plugins\#/Applications/Xcode-27.0.0-Release.Candidate.app/Contents/Developer/Platforms/MacOSX.platform/Developer/usr/bin/swift-plugin-server -in-process-plugin-server-path /Applications/Xcode-27.0.0-Release.Candidate.app/Contents/Developer/Toolchains/XcodeDefault.xctoolchain/usr/lib/swift/host/libSwiftInProcPluginServer.dylib -plugin-path /Applications/Xcode-27.0.0-Release.Candidate.app/Contents/Developer/Toolchains/XcodeDefault.xctoolchain/usr/lib/swift/host/plugins -plugin-path /Applications/Xcode-27.0.0-Release.Candidate.app/Contents/Developer/Toolchains/XcodeDefault.xctoolchain/usr/local/lib/swift/host/plugins -parse-as-library -o /Users/admin/builder/spi-builder-workspace/.build/out/Intermediates.noindex/kubrick.build/Debug/kubrick-t.build/Objects-normal/arm64/EndpointSink.o -o /Users/admin/builder/spi-builder-workspace/.build/out/Intermediates.noindex/kubrick.build/Debug/kubrick-t.build/Objects-normal/arm64/H264EncoderSink.o -o /Users/admin/builder/spi-builder-workspace/.build/out/Intermediates.noindex/kubrick.build/Debug/kubrick-t.build/Objects-normal/arm64/MuxerSink.o -index-unit-output-path /kubrick.build/Debug/kubrick-t.build/Objects-normal/arm64/EndpointSink.o -index-unit-output-path /kubrick.build/Debug/kubrick-t.build/Objects-normal/arm64/H264EncoderSink.o -index-unit-output-path /kubrick.build/Debug/kubrick-t.build/Objects-normal/arm64/MuxerSink.o -index-store-path /Users/admin/builder/spi-builder-workspace/.build/out -index-system-modules
error: Build failed
BUILD FAILURE 6.4 macosSpm