The Swift Package Index logo.Swift Package Index

Build Information

Failed to build Typology, reference 0.0.2 (f41e03), with Swift 6.4 for Wasm on 16 Sep 2026 19:40:55 UTC.

Build Command

bash -c docker run --pull=always --rm -v "checkouts-53886769-0":/host -w "$PWD" -e JAVA_HOME="/root/.sdkman/candidates/java/current" -e SPI_BUILD="1" -e SPI_PROCESSING="1" registry.gitlab.com/saguaro1/spi-images:wasm-6.4-latest swift build --swift-sdk swift-6.4.x-DEVELOPMENT-SNAPSHOT-2026-09-04-a_wasm 2>&1

Build Log

========================================
RunAll
========================================
Builder version: 5.1.0
Interrupt handler set up.
========================================
Checkout
========================================
Clone URL: https://github.com/MaxDesiatov/typology.git
Reference: 0.0.2
Initialized empty Git repository in /host/spi-builder-workspace/.git/
hint: Using 'master' as the name for the initial branch. This default branch name
hint: is subject to change. To configure the initial branch name to use in all
hint: of your new repositories, which will suppress this warning, call:
hint:
hint: 	git config --global init.defaultBranch <name>
hint:
hint: Names commonly chosen instead of 'master' are 'main', 'trunk' and
hint: 'development'. The just-created branch can be renamed via this command:
hint:
hint: 	git branch -m <name>
From https://github.com/MaxDesiatov/typology
 * tag               0.0.2      -> FETCH_HEAD
HEAD is now at f41e03f Add named tuple case (#30)
Cloned https://github.com/MaxDesiatov/typology.git
Revision (git rev-parse @):
f41e03ff4927c4014ebd95b4d3077500155ac95a
SUCCESS checkout https://github.com/MaxDesiatov/typology.git at 0.0.2
========================================
Build
========================================
Selected platform:         wasm
Swift version:             6.4
Building package at path:  $PWD
https://github.com/MaxDesiatov/typology.git
Running build ...
bash -c docker run --pull=always --rm -v "checkouts-53886769-0":/host -w "$PWD" -e JAVA_HOME="/root/.sdkman/candidates/java/current" -e SPI_BUILD="1" -e SPI_PROCESSING="1" registry.gitlab.com/saguaro1/spi-images:wasm-6.4-latest swift build --swift-sdk swift-6.4.x-DEVELOPMENT-SNAPSHOT-2026-09-04-a_wasm 2>&1
wasm-6.4-latest: Pulling from saguaro1/spi-images
Digest: sha256:4328fdb43c680d205c1d6761b1e3267aa38277eefdda9ddfb17b6a0f1a77857a
Status: Image is up to date for registry.gitlab.com/saguaro1/spi-images:wasm-6.4-latest
Fetching https://github.com/apple/swift-syntax.git
[1/79918] Fetching swift-syntax
Fetched https://github.com/apple/swift-syntax.git (2.92s)
Computing version for https://github.com/apple/swift-syntax.git
Computed https://github.com/apple/swift-syntax.git at 0.50000.0 (4.01s)
Creating working copy for https://github.com/apple/swift-syntax.git
Working copy of https://github.com/apple/swift-syntax.git resolved at 0.50000.0
Building for debugging...
[Pre-planning 1 / 96]
[22 / 37] SwiftSyntax
[31 / 47] SwiftSyntax
[32 / 47] SwiftSyntax
error: SwiftCompile normal wasm32 /host/spi-builder-workspace/.build/checkouts/swift-syntax/Sources/SwiftSyntax/SwiftcInvocation.swift failed with a nonzero exit code. Command line:     cd /host
    builtin-SwiftPerFileCompile SwiftcInvocation.swift
/host/spi-builder-workspace/.build/checkouts/swift-syntax/Sources/SwiftSyntax/SwiftcInvocation.swift:55:22: error: cannot find 'DispatchSource' in scope
 53 |   let stdoutPipe = Pipe()
 54 |   var stdoutData = Data()
 55 |   let stdoutSource = DispatchSource.makeReadSource(
    |                      `- error: cannot find 'DispatchSource' in scope
 56 | 		fileDescriptor: stdoutPipe.fileHandleForReading.fileDescriptor)
 57 |   stdoutSource.setEventHandler {
/host/spi-builder-workspace/.build/checkouts/swift-syntax/Sources/SwiftSyntax/SwiftcInvocation.swift:64:22: error: cannot find 'DispatchSource' in scope
 62 |   let stderrPipe = Pipe()
 63 |   var stderrData = Data()
 64 |   let stderrSource = DispatchSource.makeReadSource(
    |                      `- error: cannot find 'DispatchSource' in scope
 65 | 		fileDescriptor: stderrPipe.fileHandleForReading.fileDescriptor)
 66 |   stderrSource.setEventHandler {
/host/spi-builder-workspace/.build/checkouts/swift-syntax/Sources/SwiftSyntax/SwiftcInvocation.swift:71:17: error: cannot find 'Process' in scope
 69 |   stderrSource.resume()
 70 |
 71 |   let process = Process()
    |                 `- error: cannot find 'Process' in scope
 72 |   process.launchPath = executable.path
 73 |   process.arguments = arguments
Failed frontend command:
/usr/bin/swift-frontend -frontend -c /host/spi-builder-workspace/.build/checkouts/swift-syntax/Sources/SwiftSyntax/AbsolutePosition.swift /host/spi-builder-workspace/.build/checkouts/swift-syntax/Sources/SwiftSyntax/ByteTreeDeserialization.swift /host/spi-builder-workspace/.build/checkouts/swift-syntax/Sources/SwiftSyntax/Diagnostic.swift /host/spi-builder-workspace/.build/checkouts/swift-syntax/Sources/SwiftSyntax/DiagnosticConsumer.swift /host/spi-builder-workspace/.build/checkouts/swift-syntax/Sources/SwiftSyntax/DiagnosticEngine.swift /host/spi-builder-workspace/.build/checkouts/swift-syntax/Sources/SwiftSyntax/JSONDiagnosticConsumer.swift /host/spi-builder-workspace/.build/checkouts/swift-syntax/Sources/SwiftSyntax/LazyNonThreadSafeCache.swift /host/spi-builder-workspace/.build/checkouts/swift-syntax/Sources/SwiftSyntax/PrintingDiagnosticConsumer.swift /host/spi-builder-workspace/.build/checkouts/swift-syntax/Sources/SwiftSyntax/RawSyntax.swift /host/spi-builder-workspace/.build/checkouts/swift-syntax/Sources/SwiftSyntax/SourceLength.swift /host/spi-builder-workspace/.build/checkouts/swift-syntax/Sources/SwiftSyntax/SourcePresence.swift -primary-file /host/spi-builder-workspace/.build/checkouts/swift-syntax/Sources/SwiftSyntax/SwiftSyntax.swift -primary-file /host/spi-builder-workspace/.build/checkouts/swift-syntax/Sources/SwiftSyntax/SwiftcInvocation.swift -primary-file /host/spi-builder-workspace/.build/checkouts/swift-syntax/Sources/SwiftSyntax/Syntax.swift /host/spi-builder-workspace/.build/checkouts/swift-syntax/Sources/SwiftSyntax/SyntaxChildren.swift /host/spi-builder-workspace/.build/checkouts/swift-syntax/Sources/SwiftSyntax/SyntaxData.swift /host/spi-builder-workspace/.build/checkouts/swift-syntax/Sources/SwiftSyntax/WeakLookupTable.swift /host/spi-builder-workspace/.build/checkouts/swift-syntax/Sources/SwiftSyntax/gyb_generated/SyntaxBuilders.swift /host/spi-builder-workspace/.build/checkouts/swift-syntax/Sources/SwiftSyntax/gyb_generated/SyntaxClassifier.swift /host/spi-builder-workspace/.build/checkouts/swift-syntax/Sources/SwiftSyntax/gyb_generated/SyntaxCollections.swift /host/spi-builder-workspace/.build/checkouts/swift-syntax/Sources/SwiftSyntax/gyb_generated/SyntaxFactory.swift /host/spi-builder-workspace/.build/checkouts/swift-syntax/Sources/SwiftSyntax/gyb_generated/SyntaxKind.swift /host/spi-builder-workspace/.build/checkouts/swift-syntax/Sources/SwiftSyntax/gyb_generated/SyntaxNodes.swift /host/spi-builder-workspace/.build/checkouts/swift-syntax/Sources/SwiftSyntax/gyb_generated/SyntaxRewriter.swift /host/spi-builder-workspace/.build/checkouts/swift-syntax/Sources/SwiftSyntax/gyb_generated/TokenKind.swift /host/spi-builder-workspace/.build/checkouts/swift-syntax/Sources/SwiftSyntax/gyb_generated/Trivia.swift -supplementary-output-file-map /host/spi-builder-workspace/.build/out/Intermediates.noindex/SwiftSyntax.build/Debug-webassembly-wasm32/SwiftSyntax-t.build/Objects-normal/wasm32/supplementaryOutputs-4 -target wasm32-unknown-wasip1 -disable-objc-interop -sdk /root/.swiftpm/swift-sdks/swift-6.4.x-DEVELOPMENT-SNAPSHOT-2026-09-04-a_wasm.artifactbundle/swift-6.4.x-DEVELOPMENT-SNAPSHOT-2026-09-04-a_wasm/wasm32-unknown-wasip1/WASI.sdk -sysroot /root/.swiftpm/swift-sdks/swift-6.4.x-DEVELOPMENT-SNAPSHOT-2026-09-04-a_wasm.artifactbundle/swift-6.4.x-DEVELOPMENT-SNAPSHOT-2026-09-04-a_wasm/wasm32-unknown-wasip1/WASI.sdk -I /host/spi-builder-workspace/.build/out/Products/Debug-webassembly-wasm32 -module-cache-path /host/spi-builder-workspace/.build/out/ModuleCache.noindex -color-diagnostics -Xcc -fcolor-diagnostics -enable-testing -g -debug-info-format\=dwarf -dwarf-version\=4 -suppress-warnings -swift-version 4.2 -Onone -D SWIFT_PACKAGE -D DEBUG -D SWIFT_MODULE_RESOURCE_BUNDLE_UNAVAILABLE -D Xcode -serialize-debugging-options -enable-experimental-feature DebugDescriptionMacro -empty-abi-descriptor -external-plugin-path /usr/lib/swift/host/plugins/testing\#/usr/bin/swift-plugin-server -validate-clang-modules-once -clang-build-session-file /host/spi-builder-workspace/.build/out/ModuleCache.noindex/Session.modulevalidation -Xcc -working-directory -Xcc /host -resource-dir /root/.swiftpm/swift-sdks/swift-6.4.x-DEVELOPMENT-SNAPSHOT-2026-09-04-a_wasm.artifactbundle/swift-6.4.x-DEVELOPMENT-SNAPSHOT-2026-09-04-a_wasm/wasm32-unknown-wasip1/swift.xctoolchain/usr/lib/swift_static -use-static-resource-dir -enable-anonymous-context-mangled-names -file-compilation-dir /host -Xcc -resource-dir -Xcc /root/.swiftpm/swift-sdks/swift-6.4.x-DEVELOPMENT-SNAPSHOT-2026-09-04-a_wasm.artifactbundle/swift-6.4.x-DEVELOPMENT-SNAPSHOT-2026-09-04-a_wasm/wasm32-unknown-wasip1/swift.xctoolchain/usr/lib/swift_static/clang -Xcc -D_LIBCPP_HARDENING_MODE\=_LIBCPP_HARDENING_MODE_DEBUG -Xcc -fmodules-prune-interval\=86400 -Xcc -fmodules-prune-after\=345600 -Xcc -I/host/spi-builder-workspace/.build/out/Products/Debug-webassembly-wasm32/include -Xcc -I/host/spi-builder-workspace/.build/out/Intermediates.noindex/SwiftSyntax.build/Debug-webassembly-wasm32/SwiftSyntax-t.build/DerivedSources-normal/wasm32 -Xcc -I/host/spi-builder-workspace/.build/out/Intermediates.noindex/SwiftSyntax.build/Debug-webassembly-wasm32/SwiftSyntax-t.build/DerivedSources/wasm32 -Xcc -I/host/spi-builder-workspace/.build/out/Intermediates.noindex/SwiftSyntax.build/Debug-webassembly-wasm32/SwiftSyntax-t.build/DerivedSources -Xcc -DSWIFT_PACKAGE -Xcc -DDEBUG\=1 -no-auto-bridging-header-chaining -module-name SwiftSyntax -const-gather-protocols-file /host/spi-builder-workspace/.build/out/Intermediates.noindex/SwiftSyntax.build/Debug-webassembly-wasm32/SwiftSyntax-t.build/Objects-normal/wasm32/SwiftSyntax_const_extract_protocols.json -in-process-plugin-server-path /usr/lib/swift/host/libSwiftInProcPluginServer.so -plugin-path /usr/lib/swift/host/plugins -plugin-path /usr/local/lib/swift/host/plugins -parse-as-library -o /host/spi-builder-workspace/.build/out/Intermediates.noindex/SwiftSyntax.build/Debug-webassembly-wasm32/SwiftSyntax-t.build/Objects-normal/wasm32/SwiftSyntax.o -o /host/spi-builder-workspace/.build/out/Intermediates.noindex/SwiftSyntax.build/Debug-webassembly-wasm32/SwiftSyntax-t.build/Objects-normal/wasm32/SwiftcInvocation.o -o /host/spi-builder-workspace/.build/out/Intermediates.noindex/SwiftSyntax.build/Debug-webassembly-wasm32/SwiftSyntax-t.build/Objects-normal/wasm32/Syntax.o -index-unit-output-path /SwiftSyntax.build/Debug-webassembly-wasm32/SwiftSyntax-t.build/Objects-normal/wasm32/SwiftSyntax.o -index-unit-output-path /SwiftSyntax.build/Debug-webassembly-wasm32/SwiftSyntax-t.build/Objects-normal/wasm32/SwiftcInvocation.o -index-unit-output-path /SwiftSyntax.build/Debug-webassembly-wasm32/SwiftSyntax-t.build/Objects-normal/wasm32/Syntax.o -index-store-path /host/spi-builder-workspace/.build/out -index-system-modules
error: Build failed
BUILD FAILURE 6.4 wasm