The Swift Package Index logo.Swift Package Index

Build Information

Failed to build Exhibition, reference main (82035f), with Swift 6.4 for tvOS using Xcode 27.0 on 19 Sep 2026 08:07:08 UTC.

Build Command

env DEVELOPER_DIR=/Applications/Xcode-27.0.0-Release.Candidate.app xcrun xcodebuild -IDEClonedSourcePackagesDirPathOverride=$PWD/.dependencies -skipMacroValidation -skipPackagePluginValidation -derivedDataPath $PWD/.derivedData build -scheme Exhibition -destination generic/platform=tvOS

Build Log

========================================
RunAll
========================================
Builder version: 5.1.0
Interrupt handler set up.
========================================
Checkout
========================================
Clone URL: https://github.com/mjarvis/Exhibition.git
Reference: main
Initialized empty Git repository in /Users/admin/builder/spi-builder-workspace/.git/
From https://github.com/mjarvis/Exhibition
 * branch            main       -> FETCH_HEAD
 * [new branch]      main       -> origin/main
HEAD is now at 82035f9 Fix bug where changes are published during SwiftUI view init (#74)
Cloned https://github.com/mjarvis/Exhibition.git
Revision (git rev-parse @):
82035f9218442b5f7194e92508f12df2286e7de4
SUCCESS checkout https://github.com/mjarvis/Exhibition.git at main
========================================
Build
========================================
Selected platform:         tvOS
Swift version:             6.4
Building package at path:  $PWD
https://github.com/mjarvis/Exhibition.git
Command line invocation:
    /Applications/Xcode-27.0.0-Release.Candidate.app/Contents/Developer/usr/bin/xcodebuild -IDEClonedSourcePackagesDirPathOverride=/Users/admin/builder/spi-builder-workspace/.dependencies -resolvePackageDependencies
Resolve Package Graph
Resolve Package Graph
Resolved source packages:
  Exhibition: /Users/admin/builder/spi-builder-workspace
resolved source packages: Exhibition
2026-09-19 04:06:08.762 xcodebuild[529:3020] [MT] IDERunDestination: Supported platforms for the buildables in the current scheme is empty.
2026-09-19 04:06:08.922 xcodebuild[529:3020] [MT] IDERunDestination: Supported platforms for the buildables in the current scheme is empty.
2026-09-19 04:06:10.492 xcodebuild[529:3020] [MT] IDERunDestination: Supported platforms for the buildables in the current scheme is empty.
{
  "dependencies" : [
  ],
  "manifest_display_name" : "Exhibition",
  "name" : "Exhibition",
  "path" : "/Users/admin/builder/spi-builder-workspace",
  "platforms" : [
    {
      "name" : "ios",
      "version" : "15.0"
    },
    {
      "name" : "macos",
      "version" : "11.0"
    },
    {
      "name" : "watchos",
      "version" : "8.0"
    },
    {
      "name" : "tvos",
      "version" : "14.0"
    }
  ],
  "products" : [
    {
      "name" : "Exhibition",
      "targets" : [
        "Exhibition"
      ],
      "type" : {
        "library" : [
          "automatic"
        ]
      }
    }
  ],
  "targets" : [
    {
      "c99name" : "ExhibitionTests",
      "module_type" : "SwiftTarget",
      "name" : "ExhibitionTests",
      "path" : "Tests/ExhibitionTests",
      "sources" : [
        "ExhibitionTests.swift"
      ],
      "target_dependencies" : [
        "Exhibition"
      ],
      "type" : "test"
    },
    {
      "c99name" : "Exhibition",
      "module_type" : "SwiftTarget",
      "name" : "Exhibition",
      "path" : "Sources/Exhibition",
      "product_memberships" : [
        "Exhibition"
      ],
      "sources" : [
        "AnyExhibit.swift",
        "Context.swift",
        "DebugView.swift",
        "Defaultable.swift",
        "ExhibitListView.swift",
        "ExhibitProvider.swift",
        "ParameterView.swift",
        "ParameterViews/BoolParameterView.swift",
        "ParameterViews/ClosureParameterView.swift",
        "ParameterViews/DateParameterView.swift",
        "ParameterViews/DecimalFormattedParameterView.swift",
        "ParameterViews/EnumParameterView.swift",
        "ParameterViews/IntParameterView.swift",
        "ParameterViews/StringParameterView.swift",
        "ParameterViews/UnknownParameterView.swift",
        "Utilities/DictionaryKeySort.swift",
        "Utilities/View+Modify.swift"
      ],
      "type" : "library"
    }
  ],
  "tools_version" : "5.5"
}
{
  "project" : {
    "configurations" : [
      "Debug",
      "Release"
    ],
    "name" : "Example",
    "schemes" : [
      "Example (iOS)",
      "Example (macOS)",
      "Exhibition"
    ],
    "targets" : [
      "Example (iOS)",
      "Example (macOS)"
    ]
  }
}
2026-09-19 04:06:55.607 xcodebuild[652:4145] [MT] IDERunDestination: Supported platforms for the buildables in the current scheme is empty.
2026-09-19 04:06:55.710 xcodebuild[652:4145] [MT] IDERunDestination: Supported platforms for the buildables in the current scheme is empty.
{
  "workspace" : {
    "name" : "Exhibition",
    "schemes" : [
      "Exhibition"
    ]
  }
}
2026-09-19 04:06:56.592 xcodebuild[654:4195] [MT] IDERunDestination: Supported platforms for the buildables in the current scheme is empty.
2026-09-19 04:06:56.734 xcodebuild[654:4195] [MT] IDERunDestination: Supported platforms for the buildables in the current scheme is empty.
Running build ...
env DEVELOPER_DIR=/Applications/Xcode-27.0.0-Release.Candidate.app xcrun xcodebuild -IDEClonedSourcePackagesDirPathOverride=$PWD/.dependencies -skipMacroValidation -skipPackagePluginValidation -derivedDataPath $PWD/.derivedData build -scheme Exhibition -destination generic/platform=tvOS
Command line invocation:
    /Applications/Xcode-27.0.0-Release.Candidate.app/Contents/Developer/usr/bin/xcodebuild -IDEClonedSourcePackagesDirPathOverride=/Users/admin/builder/spi-builder-workspace/.dependencies -skipMacroValidation -skipPackagePluginValidation -derivedDataPath /Users/admin/builder/spi-builder-workspace/.derivedData build -scheme Exhibition -destination generic/platform=tvOS
Resolve Package Graph
Resolved source packages:
  Exhibition: /Users/admin/builder/spi-builder-workspace
ComputePackagePrebuildTargetDependencyGraph
Prepare packages
CreateBuildRequest
SendProjectDescription
CreateBuildOperation
ComputeTargetDependencyGraph
note: Building targets in dependency order
note: Target dependency graph (2 targets)
    Target 'Exhibition-product' in project 'Exhibition'
        ➜ Explicit dependency on target 'Exhibition' in project 'Exhibition'
    Target 'Exhibition' in project 'Exhibition' (no dependencies)
GatherProvisioningInputs
CreateBuildDescription
ExecuteExternalTool /Applications/Xcode-27.0.0-Release.Candidate.app/Contents/Developer/Toolchains/XcodeDefault.xctoolchain/usr/bin/clang -v -E -dM -isysroot /Applications/Xcode-27.0.0-Release.Candidate.app/Contents/Developer/Platforms/AppleTVOS.platform/Developer/SDKs/AppleTVOS27.0.sdk -x c -c /dev/null
ExecuteExternalTool /Applications/Xcode-27.0.0-Release.Candidate.app/Contents/Developer/Toolchains/XcodeDefault.xctoolchain/usr/bin/swiftc --version
ExecuteExternalTool /Applications/Xcode-27.0.0-Release.Candidate.app/Contents/Developer/Toolchains/XcodeDefault.xctoolchain/usr/bin/ld -version_details
Build description signature: 7c347c1ecb26ec97d4f036ee46718060
Build description path: /Users/admin/builder/spi-builder-workspace/.derivedData/Build/Intermediates.noindex/XCBuildData/7c347c1ecb26ec97d4f036ee46718060.xcbuilddata
CreateBuildDirectory /Users/admin/builder/spi-builder-workspace/.derivedData/SDKExplicitPrecompiledModules
    cd /Users/admin/builder/spi-builder-workspace/.swiftpm/xcode
    builtin-create-build-directory /Users/admin/builder/spi-builder-workspace/.derivedData/SDKExplicitPrecompiledModules
CreateBuildDirectory /Users/admin/builder/spi-builder-workspace/.derivedData/ModuleCache.noindex
    cd /Users/admin/builder/spi-builder-workspace/.swiftpm/xcode
    builtin-create-build-directory /Users/admin/builder/spi-builder-workspace/.derivedData/ModuleCache.noindex
CreateBuildDirectory /Users/admin/builder/spi-builder-workspace/.derivedData/CompilationCache.noindex
    cd /Users/admin/builder/spi-builder-workspace/.swiftpm/xcode
    builtin-create-build-directory /Users/admin/builder/spi-builder-workspace/.derivedData/CompilationCache.noindex
CreateBuildDirectory /Users/admin/builder/spi-builder-workspace/.derivedData/Build/Products
    cd /Users/admin/builder/spi-builder-workspace/.swiftpm/xcode
    builtin-create-build-directory /Users/admin/builder/spi-builder-workspace/.derivedData/Build/Products
CreateBuildDirectory /Users/admin/builder/spi-builder-workspace/.derivedData/Build/Intermediates.noindex
    cd /Users/admin/builder/spi-builder-workspace/.swiftpm/xcode
    builtin-create-build-directory /Users/admin/builder/spi-builder-workspace/.derivedData/Build/Intermediates.noindex
ClangStatCache /Applications/Xcode-27.0.0-Release.Candidate.app/Contents/Developer/Toolchains/XcodeDefault.xctoolchain/usr/bin/clang-stat-cache /Applications/Xcode-27.0.0-Release.Candidate.app/Contents/Developer/Platforms/AppleTVOS.platform/Developer/SDKs/AppleTVOS27.0.sdk /Users/admin/builder/spi-builder-workspace/.derivedData/SDKStatCaches.noindex/appletvos27.0-24J360-e829b21a6f8c9b70876ba0858053c044b32bfd8d43560033f8d89884cdb90028.sdkstatcache
    cd /Users/admin/builder/spi-builder-workspace/.swiftpm/xcode
    /Applications/Xcode-27.0.0-Release.Candidate.app/Contents/Developer/Toolchains/XcodeDefault.xctoolchain/usr/bin/clang-stat-cache /Applications/Xcode-27.0.0-Release.Candidate.app/Contents/Developer/Platforms/AppleTVOS.platform/Developer/SDKs/AppleTVOS27.0.sdk -o /Users/admin/builder/spi-builder-workspace/.derivedData/SDKStatCaches.noindex/appletvos27.0-24J360-e829b21a6f8c9b70876ba0858053c044b32bfd8d43560033f8d89884cdb90028.sdkstatcache
CreateBuildDirectory /Users/admin/builder/spi-builder-workspace/.derivedData/Build/Intermediates.noindex/PrecompiledHeaders
    cd /Users/admin/builder/spi-builder-workspace/.swiftpm/xcode
    builtin-create-build-directory /Users/admin/builder/spi-builder-workspace/.derivedData/Build/Intermediates.noindex/PrecompiledHeaders
CreateBuildDirectory /Users/admin/builder/spi-builder-workspace/.derivedData/Build/Intermediates.noindex/SwiftExplicitPrecompiledModules
    cd /Users/admin/builder/spi-builder-workspace/.swiftpm/xcode
    builtin-create-build-directory /Users/admin/builder/spi-builder-workspace/.derivedData/Build/Intermediates.noindex/SwiftExplicitPrecompiledModules
CreateBuildDirectory /Users/admin/builder/spi-builder-workspace/.derivedData/Build/Intermediates.noindex/ExplicitPrecompiledModules
    cd /Users/admin/builder/spi-builder-workspace/.swiftpm/xcode
    builtin-create-build-directory /Users/admin/builder/spi-builder-workspace/.derivedData/Build/Intermediates.noindex/ExplicitPrecompiledModules
CreateBuildDirectory /Users/admin/builder/spi-builder-workspace/.derivedData/Build/Products/Debug-appletvos
    cd /Users/admin/builder/spi-builder-workspace/.swiftpm/xcode
    builtin-create-build-directory /Users/admin/builder/spi-builder-workspace/.derivedData/Build/Products/Debug-appletvos
CreateBuildDirectory /Users/admin/builder/spi-builder-workspace/.derivedData/Build/Intermediates.noindex/EagerLinkingTBDs/Debug-appletvos
    cd /Users/admin/builder/spi-builder-workspace/.swiftpm/xcode
    builtin-create-build-directory /Users/admin/builder/spi-builder-workspace/.derivedData/Build/Intermediates.noindex/EagerLinkingTBDs/Debug-appletvos
CreateBuildDirectory /Users/admin/builder/spi-builder-workspace/.derivedData/Build/Products/Debug-appletvos/PackageFrameworks
    cd /Users/admin/builder/spi-builder-workspace/.swiftpm/xcode
    builtin-create-build-directory /Users/admin/builder/spi-builder-workspace/.derivedData/Build/Products/Debug-appletvos/PackageFrameworks
WriteAuxiliaryFile /Users/admin/builder/spi-builder-workspace/.derivedData/Build/Intermediates.noindex/Exhibition.build/Debug-appletvos/Exhibition-t.build/Exhibition.DependencyMetadataFileList (in target 'Exhibition' from project 'Exhibition')
    cd /Users/admin/builder/spi-builder-workspace
    write-file /Users/admin/builder/spi-builder-workspace/.derivedData/Build/Intermediates.noindex/Exhibition.build/Debug-appletvos/Exhibition-t.build/Exhibition.DependencyMetadataFileList
WriteAuxiliaryFile /Users/admin/builder/spi-builder-workspace/.derivedData/Build/Intermediates.noindex/Exhibition.build/Debug-appletvos/Exhibition-t.build/Exhibition.DependencyStaticMetadataFileList (in target 'Exhibition' from project 'Exhibition')
    cd /Users/admin/builder/spi-builder-workspace
    write-file /Users/admin/builder/spi-builder-workspace/.derivedData/Build/Intermediates.noindex/Exhibition.build/Debug-appletvos/Exhibition-t.build/Exhibition.DependencyStaticMetadataFileList
WriteAuxiliaryFile /Users/admin/builder/spi-builder-workspace/.derivedData/Build/Intermediates.noindex/Exhibition.build/Debug-appletvos/Exhibition-t.build/Exhibition.modulemap (in target 'Exhibition' from project 'Exhibition')
    cd /Users/admin/builder/spi-builder-workspace
    write-file /Users/admin/builder/spi-builder-workspace/.derivedData/Build/Intermediates.noindex/Exhibition.build/Debug-appletvos/Exhibition-t.build/Exhibition.modulemap
WriteAuxiliaryFile /Users/admin/builder/spi-builder-workspace/.derivedData/Build/Intermediates.noindex/Exhibition.build/Debug-appletvos/Exhibition-t.build/Objects-normal/arm64/Exhibition.LinkFileList (in target 'Exhibition' from project 'Exhibition')
    cd /Users/admin/builder/spi-builder-workspace
    write-file /Users/admin/builder/spi-builder-workspace/.derivedData/Build/Intermediates.noindex/Exhibition.build/Debug-appletvos/Exhibition-t.build/Objects-normal/arm64/Exhibition.LinkFileList
WriteAuxiliaryFile /Users/admin/builder/spi-builder-workspace/.derivedData/Build/Intermediates.noindex/Exhibition.build/Debug-appletvos/Exhibition-t.build/Objects-normal/arm64/Exhibition_const_extract_protocols.json (in target 'Exhibition' from project 'Exhibition')
    cd /Users/admin/builder/spi-builder-workspace
    write-file /Users/admin/builder/spi-builder-workspace/.derivedData/Build/Intermediates.noindex/Exhibition.build/Debug-appletvos/Exhibition-t.build/Objects-normal/arm64/Exhibition_const_extract_protocols.json
WriteAuxiliaryFile /Users/admin/builder/spi-builder-workspace/.derivedData/Build/Intermediates.noindex/Exhibition.build/Debug-appletvos/Exhibition-t.build/Objects-normal/arm64/Exhibition.SwiftConstValuesFileList (in target 'Exhibition' from project 'Exhibition')
    cd /Users/admin/builder/spi-builder-workspace
    write-file /Users/admin/builder/spi-builder-workspace/.derivedData/Build/Intermediates.noindex/Exhibition.build/Debug-appletvos/Exhibition-t.build/Objects-normal/arm64/Exhibition.SwiftConstValuesFileList
WriteAuxiliaryFile /Users/admin/builder/spi-builder-workspace/.derivedData/Build/Intermediates.noindex/Exhibition.build/Debug-appletvos/Exhibition-t.build/Objects-normal/arm64/Exhibition.SwiftFileList (in target 'Exhibition' from project 'Exhibition')
    cd /Users/admin/builder/spi-builder-workspace
    write-file /Users/admin/builder/spi-builder-workspace/.derivedData/Build/Intermediates.noindex/Exhibition.build/Debug-appletvos/Exhibition-t.build/Objects-normal/arm64/Exhibition.SwiftFileList
WriteAuxiliaryFile /Users/admin/builder/spi-builder-workspace/.derivedData/Build/Intermediates.noindex/Exhibition.build/Debug-appletvos/Exhibition-t.build/Objects-normal/arm64/Exhibition-OutputFileMap.json (in target 'Exhibition' from project 'Exhibition')
    cd /Users/admin/builder/spi-builder-workspace
    write-file /Users/admin/builder/spi-builder-workspace/.derivedData/Build/Intermediates.noindex/Exhibition.build/Debug-appletvos/Exhibition-t.build/Objects-normal/arm64/Exhibition-OutputFileMap.json
Copy /Users/admin/builder/spi-builder-workspace/.derivedData/Build/Intermediates.noindex/GeneratedModuleMaps-appletvos/Exhibition.modulemap /Users/admin/builder/spi-builder-workspace/.derivedData/Build/Intermediates.noindex/Exhibition.build/Debug-appletvos/Exhibition-t.build/Exhibition.modulemap (in target 'Exhibition' from project 'Exhibition')
    cd /Users/admin/builder/spi-builder-workspace
    builtin-copy -exclude .DS_Store -exclude CVS -exclude .svn -exclude .git -exclude .hg -resolve-src-symlinks /Users/admin/builder/spi-builder-workspace/.derivedData/Build/Intermediates.noindex/Exhibition.build/Debug-appletvos/Exhibition-t.build/Exhibition.modulemap /Users/admin/builder/spi-builder-workspace/.derivedData/Build/Intermediates.noindex/GeneratedModuleMaps-appletvos
SwiftDriver Exhibition normal arm64 com.apple.xcode.tools.swift.compiler (in target 'Exhibition' from project 'Exhibition')
    cd /Users/admin/builder/spi-builder-workspace/.swiftpm/xcode
    builtin-SwiftDriver -- /Applications/Xcode-27.0.0-Release.Candidate.app/Contents/Developer/Toolchains/XcodeDefault.xctoolchain/usr/bin/swiftc -parse-as-library -module-name Exhibition -Onone @/Users/admin/builder/spi-builder-workspace/.derivedData/Build/Intermediates.noindex/Exhibition.build/Debug-appletvos/Exhibition-t.build/Objects-normal/arm64/Exhibition.SwiftFileList -DSWIFT_PACKAGE -DDEBUG -DSWIFT_MODULE_RESOURCE_BUNDLE_UNAVAILABLE -DXcode -plugin-path /Applications/Xcode-27.0.0-Release.Candidate.app/Contents/Developer/Toolchains/XcodeDefault.xctoolchain/usr/lib/swift/host/plugins/testing -enable-experimental-feature DebugDescriptionMacro -sdk /Applications/Xcode-27.0.0-Release.Candidate.app/Contents/Developer/Platforms/AppleTVOS.platform/Developer/SDKs/AppleTVOS27.0.sdk -target arm64-apple-tvos15.0 -g -module-cache-path /Users/admin/builder/spi-builder-workspace/.derivedData/ModuleCache.noindex -Xfrontend -serialize-debugging-options -enable-testing -index-store-path /Users/admin/builder/spi-builder-workspace/.derivedData/Index.noindex/DataStore -Xcc -D_LIBCPP_HARDENING_MODE\=_LIBCPP_HARDENING_MODE_DEBUG -swift-version 5 -I /Users/admin/builder/spi-builder-workspace/.derivedData/Build/Products/Debug-appletvos -Isystem /Applications/Xcode-27.0.0-Release.Candidate.app/Contents/Developer/Platforms/AppleTVOS.platform/Developer/usr/lib -F /Users/admin/builder/spi-builder-workspace/.derivedData/Build/Products/Debug-appletvos -F /Applications/Xcode-27.0.0-Release.Candidate.app/Contents/Developer/Platforms/AppleTVOS.platform/Developer/Library/Frameworks -F /Applications/Xcode-27.0.0-Release.Candidate.app/Contents/Developer/Platforms/AppleTVOS.platform/Developer/SDKs/AppleTVOS27.0.sdk/Developer/Library/Frameworks -c -j10 -enable-batch-mode -incremental -Xcc -ivfsstatcache -Xcc /Users/admin/builder/spi-builder-workspace/.derivedData/SDKStatCaches.noindex/appletvos27.0-24J360-e829b21a6f8c9b70876ba0858053c044b32bfd8d43560033f8d89884cdb90028.sdkstatcache -output-file-map /Users/admin/builder/spi-builder-workspace/.derivedData/Build/Intermediates.noindex/Exhibition.build/Debug-appletvos/Exhibition-t.build/Objects-normal/arm64/Exhibition-OutputFileMap.json -save-temps -no-color-diagnostics -explicit-module-build -module-cache-path /Users/admin/builder/spi-builder-workspace/.derivedData/Build/Intermediates.noindex/SwiftExplicitPrecompiledModules -clang-scanner-module-cache-path /Users/admin/builder/spi-builder-workspace/.derivedData/ModuleCache.noindex -sdk-module-cache-path /Users/admin/builder/spi-builder-workspace/.derivedData/SDKExplicitPrecompiledModules -emit-dependencies -emit-module -emit-module-path /Users/admin/builder/spi-builder-workspace/.derivedData/Build/Intermediates.noindex/Exhibition.build/Debug-appletvos/Exhibition-t.build/Objects-normal/arm64/Exhibition.swiftmodule -serialize-diagnostics -dependency-scan-serialize-diagnostics-path /Users/admin/builder/spi-builder-workspace/.derivedData/Build/Intermediates.noindex/Exhibition.build/Debug-appletvos/Exhibition-t.build/Objects-normal/arm64/Exhibition-dependency-scan.dia -validate-clang-modules-once -clang-build-session-file /Users/admin/builder/spi-builder-workspace/.derivedData/ModuleCache.noindex/Session.modulevalidation -Xcc -fmodules-prune-interval\=86400 -Xcc -fmodules-prune-after\=345600 -emit-const-values -const-gather-protocols-list /Users/admin/builder/spi-builder-workspace/.derivedData/Build/Intermediates.noindex/Exhibition.build/Debug-appletvos/Exhibition-t.build/Objects-normal/arm64/Exhibition_const_extract_protocols.json -Xcc -I/Users/admin/builder/spi-builder-workspace/.derivedData/Build/Products/Debug-appletvos/include -Xcc -I/Users/admin/builder/spi-builder-workspace/.derivedData/Build/Intermediates.noindex/Exhibition.build/Debug-appletvos/Exhibition-t.build/DerivedSources-normal/arm64 -Xcc -I/Users/admin/builder/spi-builder-workspace/.derivedData/Build/Intermediates.noindex/Exhibition.build/Debug-appletvos/Exhibition-t.build/DerivedSources/arm64 -Xcc -I/Users/admin/builder/spi-builder-workspace/.derivedData/Build/Intermediates.noindex/Exhibition.build/Debug-appletvos/Exhibition-t.build/DerivedSources -Xcc -DSWIFT_PACKAGE -Xcc -DDEBUG\=1 -emit-objc-header -emit-objc-header-path /Users/admin/builder/spi-builder-workspace/.derivedData/Build/Intermediates.noindex/Exhibition.build/Debug-appletvos/Exhibition-t.build/Objects-normal/arm64/Exhibition-Swift.h -working-directory /Users/admin/builder/spi-builder-workspace/.swiftpm/xcode -experimental-emit-module-separately -disable-cmo
SwiftExplicitDependencyGeneratePcm arm64 /Users/admin/builder/spi-builder-workspace/.derivedData/SDKExplicitPrecompiledModules/_AvailabilityInternal-BV2EDDP0MI5QJDDPEEV4D9D3V.pcm
SwiftExplicitDependencyGeneratePcm arm64 /Users/admin/builder/spi-builder-workspace/.derivedData/SDKExplicitPrecompiledModules/ptrcheck-2AZ6B5IBYD3RRRTFWN2ONASY3.pcm
SwiftExplicitDependencyGeneratePcm arm64 /Users/admin/builder/spi-builder-workspace/.derivedData/SDKExplicitPrecompiledModules/_Builtin_stdbool-AHRDH5EKLY6D04C5E42F3VCQI.pcm
SwiftExplicitDependencyGeneratePcm arm64 /Users/admin/builder/spi-builder-workspace/.derivedData/SDKExplicitPrecompiledModules/ptrauth-8X2KEPL7CTRPS40TUB9APHPK6.pcm
SwiftExplicitDependencyGeneratePcm arm64 /Users/admin/builder/spi-builder-workspace/.derivedData/SDKExplicitPrecompiledModules/_Builtin_float-8ZJAYZ85YBOAOP52Y9H6IUNP3.pcm
SwiftExplicitDependencyGeneratePcm arm64 /Users/admin/builder/spi-builder-workspace/.derivedData/SDKExplicitPrecompiledModules/DeveloperToolsSupport-B1X8RI63V48AJRTH2RK6JAARV.pcm
SwiftExplicitDependencyGeneratePcm arm64 /Users/admin/builder/spi-builder-workspace/.derivedData/SDKExplicitPrecompiledModules/_SwiftConcurrencyShims-BY5PD8KF1L5KF6F4Q69HE3TJ4.pcm
SwiftExplicitDependencyGeneratePcm arm64 /Users/admin/builder/spi-builder-workspace/.derivedData/SDKExplicitPrecompiledModules/_Builtin_stddef-9ZJZ6FDEZNKTZU8YLPMFT9RAQ.pcm
SwiftExplicitDependencyGeneratePcm arm64 /Users/admin/builder/spi-builder-workspace/.derivedData/SDKExplicitPrecompiledModules/_Builtin_stdarg-BO2OCAUYVAXDRVQWQ8ISKGNUQ.pcm
SwiftExplicitDependencyGeneratePcm arm64 /Users/admin/builder/spi-builder-workspace/.derivedData/SDKExplicitPrecompiledModules/SwiftShims-8N4EXJ4RUJTR8K9OO3CMOH1EP.pcm
SwiftExplicitDependencyGeneratePcm arm64 /Users/admin/builder/spi-builder-workspace/.derivedData/SDKExplicitPrecompiledModules/_DarwinFoundation1-JOTYMOA1YZCIJ2NON6FQ848O.pcm
SwiftExplicitDependencyGeneratePcm arm64 /Users/admin/builder/spi-builder-workspace/.derivedData/SDKExplicitPrecompiledModules/_Builtin_limits-7JU2HP127LIT1X9E2V3D8WZ1.pcm
SwiftExplicitDependencyGeneratePcm arm64 /Users/admin/builder/spi-builder-workspace/.derivedData/SDKExplicitPrecompiledModules/_DarwinFoundation2-AOGAN1O02NKXRJN5V73AV3V3M.pcm
SwiftExplicitDependencyGeneratePcm arm64 /Users/admin/builder/spi-builder-workspace/.derivedData/SDKExplicitPrecompiledModules/_Builtin_stdint-6NFTB6IBKS143IVPGT1EKB7HO.pcm
SwiftExplicitDependencyGeneratePcm arm64 /Users/admin/builder/spi-builder-workspace/.derivedData/SDKExplicitPrecompiledModules/sys_types-8GCAV1YMG5UUGHUID3CA20TCH.pcm
SwiftExplicitDependencyGeneratePcm arm64 /Users/admin/builder/spi-builder-workspace/.derivedData/SDKExplicitPrecompiledModules/string_h-6EVHP7A717OUS5DMC78F79HWO.pcm
SwiftExplicitDependencyGeneratePcm arm64 /Users/admin/builder/spi-builder-workspace/.derivedData/SDKExplicitPrecompiledModules/_Builtin_tgmath-7ULT1EUHDHW4OZPSTT33H6QGE.pcm
SwiftExplicitDependencyGeneratePcm arm64 /Users/admin/builder/spi-builder-workspace/.derivedData/SDKExplicitPrecompiledModules/_Builtin_stdatomic-3YXHN678NGYM3NL9POJ2HVEIF.pcm
SwiftExplicitDependencyGeneratePcm arm64 /Users/admin/builder/spi-builder-workspace/.derivedData/SDKExplicitPrecompiledModules/_Builtin_intrinsics-437O2R2NID4WAQVENR63GR82C.pcm
SwiftExplicitDependencyGeneratePcm arm64 /Users/admin/builder/spi-builder-workspace/.derivedData/SDKExplicitPrecompiledModules/_DarwinFoundation3-8SR3855WDFHQPR6G9GHOI2C07.pcm
SwiftExplicitDependencyGeneratePcm arm64 /Users/admin/builder/spi-builder-workspace/.derivedData/SDKExplicitPrecompiledModules/_Builtin_inttypes-6X1IQ3QK9KEVKXOK9Y79EW7J3.pcm
SwiftExplicitDependencyGeneratePcm arm64 /Users/admin/builder/spi-builder-workspace/.derivedData/SDKExplicitPrecompiledModules/Darwin-DBSQAVBBPC3D2OMU5ZI2RXMST.pcm
SwiftExplicitDependencyGeneratePcm arm64 /Users/admin/builder/spi-builder-workspace/.derivedData/SDKExplicitPrecompiledModules/simd-117QUXEUT3Z7UQCUYWV2UA228.pcm
SwiftExplicitDependencyGeneratePcm arm64 /Users/admin/builder/spi-builder-workspace/.derivedData/SDKExplicitPrecompiledModules/ObjectiveC-5250FDCE56N8508OR6XUYDKZM.pcm
SwiftExplicitDependencyGeneratePcm arm64 /Users/admin/builder/spi-builder-workspace/.derivedData/SDKExplicitPrecompiledModules/MachO-EH3F5PJCIZG05NO51CEFSZYPW.pcm
SwiftExplicitDependencyGeneratePcm arm64 /Users/admin/builder/spi-builder-workspace/.derivedData/SDKExplicitPrecompiledModules/os_object-E2DGZ0SX0TULQHULZRPO6OKNW.pcm
SwiftExplicitDependencyGeneratePcm arm64 /Users/admin/builder/spi-builder-workspace/.derivedData/SDKExplicitPrecompiledModules/os_workgroup-DBUFF7811DKMX7VPBOJPGGF1U.pcm
SwiftExplicitDependencyGeneratePcm arm64 /Users/admin/builder/spi-builder-workspace/.derivedData/SDKExplicitPrecompiledModules/Spatial-7U8NLEFXSB8BR7PJQGVMF5A4Q.pcm
SwiftExplicitDependencyGeneratePcm arm64 /Users/admin/builder/spi-builder-workspace/.derivedData/SDKExplicitPrecompiledModules/Dispatch-1QL58A0V50C39KVAIC6C38SHL.pcm
SwiftExplicitDependencyGeneratePcm arm64 /Users/admin/builder/spi-builder-workspace/.derivedData/SDKExplicitPrecompiledModules/CoreFoundation-7TPJ7ENDC4L1A1ESHYI9TXS0D.pcm
SwiftExplicitDependencyGeneratePcm arm64 /Users/admin/builder/spi-builder-workspace/.derivedData/SDKExplicitPrecompiledModules/XPC-6O2DJFT3QUJ7QKTD3SNUB6PCR.pcm
SwiftExplicitDependencyGeneratePcm arm64 /Users/admin/builder/spi-builder-workspace/.derivedData/SDKExplicitPrecompiledModules/os-3GJI8H0BNAEZPQPQ1V0VVY3FY.pcm
SwiftExplicitDependencyGeneratePcm arm64 /Users/admin/builder/spi-builder-workspace/.derivedData/SDKExplicitPrecompiledModules/Security-8VMXEKVDA3MHUH9AOTP905DID.pcm
SwiftExplicitDependencyGeneratePcm arm64 /Users/admin/builder/spi-builder-workspace/.derivedData/SDKExplicitPrecompiledModules/CoreAudioTypes-E7EH96HAL3G83QSWLT7VWYIP4.pcm
SwiftExplicitDependencyGeneratePcm arm64 /Users/admin/builder/spi-builder-workspace/.derivedData/SDKExplicitPrecompiledModules/CoreGraphics-CWSP3J98S2658BYCVL6RP99T3.pcm
SwiftExplicitDependencyGeneratePcm arm64 /Users/admin/builder/spi-builder-workspace/.derivedData/SDKExplicitPrecompiledModules/CFNetwork-2CUR2VK9S3S3WPFXPNXNUWYGN.pcm
SwiftExplicitDependencyGeneratePcm arm64 /Users/admin/builder/spi-builder-workspace/.derivedData/SDKExplicitPrecompiledModules/CoreAudio-6IR1XRM0Q9YQZMFW89F3H4V3X.pcm
SwiftExplicitDependencyGeneratePcm arm64 /Users/admin/builder/spi-builder-workspace/.derivedData/SDKExplicitPrecompiledModules/Foundation-BSSIP64DIGUKMAYJOG1WPQ78X.pcm
SwiftExplicitDependencyGeneratePcm arm64 /Users/admin/builder/spi-builder-workspace/.derivedData/SDKExplicitPrecompiledModules/ImageIO-88D4CLEBD4CLWQKT78PZ6H1O8.pcm
SwiftExplicitDependencyGeneratePcm arm64 /Users/admin/builder/spi-builder-workspace/.derivedData/SDKExplicitPrecompiledModules/CoreText-59NY7PABM0I4V978161FOC04A.pcm
SwiftExplicitDependencyGeneratePcm arm64 /Users/admin/builder/spi-builder-workspace/.derivedData/SDKExplicitPrecompiledModules/CoreData-DYMPHH3PH8AX9I1FHA4VFJ675.pcm
SwiftExplicitDependencyGeneratePcm arm64 /Users/admin/builder/spi-builder-workspace/.derivedData/SDKExplicitPrecompiledModules/DataDetection-37JIYZ2GWDA1L166PP1D9JKAF.pcm
SwiftExplicitDependencyGeneratePcm arm64 /Users/admin/builder/spi-builder-workspace/.derivedData/SDKExplicitPrecompiledModules/UserNotifications-E9ZW5TH066WIJWH9080RC5NG4.pcm
SwiftExplicitDependencyGeneratePcm arm64 /Users/admin/builder/spi-builder-workspace/.derivedData/SDKExplicitPrecompiledModules/Accessibility-B6BODGZ4MQQTY0PBC4SHRP009.pcm
SwiftExplicitDependencyGeneratePcm arm64 /Users/admin/builder/spi-builder-workspace/.derivedData/SDKExplicitPrecompiledModules/IOSurface-38FJ1CKX9FV2RD97O64Z7QB17.pcm
SwiftExplicitDependencyGeneratePcm arm64 /Users/admin/builder/spi-builder-workspace/.derivedData/SDKExplicitPrecompiledModules/UIUtilities-6ZFJ1AK4H8IBGEBMYQBWGBYLK.pcm
SwiftExplicitDependencyGeneratePcm arm64 /Users/admin/builder/spi-builder-workspace/.derivedData/SDKExplicitPrecompiledModules/Symbols-B5AU9VM9Y7NU79RLMH13Z4IFM.pcm
SwiftExplicitDependencyGeneratePcm arm64 /Users/admin/builder/spi-builder-workspace/.derivedData/SDKExplicitPrecompiledModules/UniformTypeIdentifiers-95CC8U42ZA9STP5K6GP9ZVJS5.pcm
SwiftExplicitDependencyGeneratePcm arm64 /Users/admin/builder/spi-builder-workspace/.derivedData/SDKExplicitPrecompiledModules/_LocationEssentials-ETSJ65FELPWR8WH8G49R1DF2E.pcm
SwiftExplicitDependencyGeneratePcm arm64 /Users/admin/builder/spi-builder-workspace/.derivedData/SDKExplicitPrecompiledModules/CoreTransferable-7V4O8DATEQ9F7SDNTCW8YWLG3.pcm
SwiftExplicitDependencyGeneratePcm arm64 /Users/admin/builder/spi-builder-workspace/.derivedData/SDKExplicitPrecompiledModules/OSLog-7OT6HHTMY0ZFEQJ095LJZ6NLC.pcm
SwiftExplicitDependencyGeneratePcm arm64 /Users/admin/builder/spi-builder-workspace/.derivedData/SDKExplicitPrecompiledModules/CoreLocation-YVXXAOMVX0JH2KO1XTTKTY51.pcm
SwiftExplicitDependencyGeneratePcm arm64 /Users/admin/builder/spi-builder-workspace/.derivedData/SDKExplicitPrecompiledModules/Metal-2KYBS7IML1SD788M91YV7Q0CC.pcm
SwiftExplicitDependencyGeneratePcm arm64 /Users/admin/builder/spi-builder-workspace/.derivedData/SDKExplicitPrecompiledModules/OpenGLES-4NY99CNDU9WUNUYEIXSS1QFGE.pcm
SwiftExplicitDependencyGeneratePcm arm64 /Users/admin/builder/spi-builder-workspace/.derivedData/SDKExplicitPrecompiledModules/CoreVideo-DPU0PB5X0XLSVA2ETRGI6FJBM.pcm
SwiftExplicitDependencyGeneratePcm arm64 /Users/admin/builder/spi-builder-workspace/.derivedData/SDKExplicitPrecompiledModules/CoreMedia-4OUKVT03LV547KZJDPPJRJ4F8.pcm
SwiftExplicitDependencyGeneratePcm arm64 /Users/admin/builder/spi-builder-workspace/.derivedData/SDKExplicitPrecompiledModules/CoreImage-7S2AFJ8EIY3DUFYLEAX1JR1QV.pcm
SwiftExplicitDependencyGeneratePcm arm64 /Users/admin/builder/spi-builder-workspace/.derivedData/SDKExplicitPrecompiledModules/QuartzCore-DJSYAWKXFGVSAK5CQMOB3JSR.pcm
SwiftExplicitDependencyGeneratePcm arm64 /Users/admin/builder/spi-builder-workspace/.derivedData/SDKExplicitPrecompiledModules/SwiftUICore-543QU5V2NHKUFCYFJDKUJ7NYG.pcm
SwiftExplicitDependencyGeneratePcm arm64 /Users/admin/builder/spi-builder-workspace/.derivedData/SDKExplicitPrecompiledModules/UIKit-1TKWN7VC2X6N3ITMRVA2G0EB2.pcm
SwiftExplicitDependencyGeneratePcm arm64 /Users/admin/builder/spi-builder-workspace/.derivedData/SDKExplicitPrecompiledModules/SwiftUI-7BV1YDT6IZWW6B8OC6ENV0Y0F.pcm
SwiftEmitModule normal arm64 Emitting\ module\ for\ Exhibition (in target 'Exhibition' from project 'Exhibition')
/Users/admin/builder/spi-builder-workspace/Sources/Exhibition/ParameterViews/DateParameterView.swift:22:11: error: 'DatePicker' is unavailable in tvOS
20 | #else
21 |
22 | extension DatePicker: ParameterView where Label == Text {
   |           `- error: 'DatePicker' is unavailable in tvOS
23 |     public init(key: String, value: Binding<Date>) {
24 |         self.init(key, selection: value)
SwiftUI.DatePicker:3:27: note: 'DatePicker' has been explicitly marked unavailable here
1 | @available(iOS 13.0, macOS 10.15, watchOS 10.0, *)
2 | @available(tvOS, unavailable)
3 | nonisolated public struct DatePicker<Label> : View, ~Sendable where Label : View {
  |                           `- note: 'DatePicker' has been explicitly marked unavailable here
4 |     public typealias Components = DatePickerComponents
5 |     nonisolated public var body: some View { get }
/Users/admin/builder/spi-builder-workspace/Sources/Exhibition/ParameterViews/DateParameterView.swift:28:31: error: 'DatePicker' is unavailable in tvOS
26 | }
27 |
28 | typealias DateParameterView = DatePicker
   |                               `- error: 'DatePicker' is unavailable in tvOS
29 |
30 | #endif
SwiftUI.DatePicker:3:27: note: 'DatePicker' has been explicitly marked unavailable here
1 | @available(iOS 13.0, macOS 10.15, watchOS 10.0, *)
2 | @available(tvOS, unavailable)
3 | nonisolated public struct DatePicker<Label> : View, ~Sendable where Label : View {
  |                           `- note: 'DatePicker' has been explicitly marked unavailable here
4 |     public typealias Components = DatePickerComponents
5 |     nonisolated public var body: some View { get }
/Users/admin/builder/spi-builder-workspace/Sources/Exhibition/ParameterViews/IntParameterView.swift:23:11: error: 'Stepper' is unavailable in tvOS
21 | #else
22 |
23 | extension Stepper: ParameterView where Label == Text {
   |           `- error: 'Stepper' is unavailable in tvOS
24 |     public init(key: String, value: Binding<Int>) {
25 |         self.init(key, value: value)
SwiftUI.Stepper:3:27: note: 'Stepper' has been explicitly marked unavailable here
1 | @available(iOS 13.0, macOS 10.15, watchOS 9.0, *)
2 | @available(tvOS, unavailable)
3 | nonisolated public struct Stepper<Label> : View, ~Sendable where Label : View {
  |                           `- note: 'Stepper' has been explicitly marked unavailable here
4 |     @export(implementation) nonisolated public init(@ContentBuilder label: () -> Label, onIncrement: (() -> Void)?, onDecrement: (() -> Void)?, onEditingChanged: @escaping (Bool) -> Void = { _ in })
5 |     nonisolated public var body: some View { get }
/Users/admin/builder/spi-builder-workspace/Sources/Exhibition/ParameterViews/IntParameterView.swift:29:30: error: 'Stepper' is unavailable in tvOS
27 | }
28 |
29 | typealias IntParameterView = Stepper
   |                              `- error: 'Stepper' is unavailable in tvOS
30 |
31 | #endif
SwiftUI.Stepper:3:27: note: 'Stepper' has been explicitly marked unavailable here
1 | @available(iOS 13.0, macOS 10.15, watchOS 9.0, *)
2 | @available(tvOS, unavailable)
3 | nonisolated public struct Stepper<Label> : View, ~Sendable where Label : View {
  |                           `- note: 'Stepper' has been explicitly marked unavailable here
4 |     @export(implementation) nonisolated public init(@ContentBuilder label: () -> Label, onIncrement: (() -> Void)?, onDecrement: (() -> Void)?, onEditingChanged: @escaping (Bool) -> Void = { _ in })
5 |     nonisolated public var body: some View { get }
Failed frontend command:
SwiftCompile normal arm64 (in target 'Exhibition' from project 'Exhibition')
    cd /Users/admin/builder/spi-builder-workspace/.swiftpm/xcode

/Applications/Xcode-27.0.0-Release.Candidate.app/Contents/Developer/Toolchains/XcodeDefault.xctoolchain/usr/bin/swift-frontend -frontend -emit-module -experimental-skip-non-inlinable-function-bodies-without-types /Users/admin/builder/spi-builder-workspace/Sources/Exhibition/AnyExhibit.swift /Users/admin/builder/spi-builder-workspace/Sources/Exhibition/Context.swift /Users/admin/builder/spi-builder-workspace/Sources/Exhibition/DebugView.swift /Users/admin/builder/spi-builder-workspace/Sources/Exhibition/Defaultable.swift /Users/admin/builder/spi-builder-workspace/Sources/Exhibition/ExhibitListView.swift /Users/admin/builder/spi-builder-workspace/Sources/Exhibition/ExhibitProvider.swift /Users/admin/builder/spi-builder-workspace/Sources/Exhibition/ParameterView.swift /Users/admin/builder/spi-builder-workspace/Sources/Exhibition/ParameterViews/BoolParameterView.swift /Users/admin/builder/spi-builder-workspace/Sources/Exhibition/ParameterViews/ClosureParameterView.swift /Users/admin/builder/spi-builder-workspace/Sources/Exhibition/ParameterViews/DateParameterView.swift /Users/admin/builder/spi-builder-workspace/Sources/Exhibition/ParameterViews/DecimalFormattedParameterView.swift /Users/admin/builder/spi-builder-workspace/Sources/Exhibition/ParameterViews/EnumParameterView.swift /Users/admin/builder/spi-builder-workspace/Sources/Exhibition/ParameterViews/IntParameterView.swift /Users/admin/builder/spi-builder-workspace/Sources/Exhibition/ParameterViews/StringParameterView.swift /Users/admin/builder/spi-builder-workspace/Sources/Exhibition/ParameterViews/UnknownParameterView.swift /Users/admin/builder/spi-builder-workspace/Sources/Exhibition/Utilities/DictionaryKeySort.swift /Users/admin/builder/spi-builder-workspace/Sources/Exhibition/Utilities/View+Modify.swift -target arm64-apple-tvos15.0 -disable-cross-import-overlay-search -load-resolved-plugin /Applications/Xcode-27.0.0-Release.Candidate.app/Contents/Developer/Platforms/AppleTVOS.platform/Developer/usr/lib/swift/host/plugins/libFoundationMacros.dylib\#/Applications/Xcode-27.0.0-Release.Candidate.app/Contents/Developer/Platforms/AppleTVOS.platform/Developer/usr/bin/swift-plugin-server\#FoundationMacros -load-resolved-plugin /Applications/Xcode-27.0.0-Release.Candidate.app/Contents/Developer/Platforms/AppleTVOS.platform/Developer/usr/lib/swift/host/plugins/libObservationMacros.dylib\#/Applications/Xcode-27.0.0-Release.Candidate.app/Contents/Developer/Platforms/AppleTVOS.platform/Developer/usr/bin/swift-plugin-server\#ObservationMacros -load-resolved-plugin /Applications/Xcode-27.0.0-Release.Candidate.app/Contents/Developer/Platforms/AppleTVOS.platform/Developer/usr/lib/swift/host/plugins/libPreviewsMacros.dylib\#/Applications/Xcode-27.0.0-Release.Candidate.app/Contents/Developer/Platforms/AppleTVOS.platform/Developer/usr/bin/swift-plugin-server\#PreviewsMacros -load-resolved-plugin /Applications/Xcode-27.0.0-Release.Candidate.app/Contents/Developer/Platforms/AppleTVOS.platform/Developer/usr/lib/swift/host/plugins/libSwiftMacros.dylib\#/Applications/Xcode-27.0.0-Release.Candidate.app/Contents/Developer/Platforms/AppleTVOS.platform/Developer/usr/bin/swift-plugin-server\#SwiftMacros -load-resolved-plugin /Applications/Xcode-27.0.0-Release.Candidate.app/Contents/Developer/Platforms/AppleTVOS.platform/Developer/usr/lib/swift/host/plugins/libSwiftUIMacros.dylib\#/Applications/Xcode-27.0.0-Release.Candidate.app/Contents/Developer/Platforms/AppleTVOS.platform/Developer/usr/bin/swift-plugin-server\#SwiftUIMacros -disable-implicit-swift-modules -Xcc -fno-implicit-modules -Xcc -fno-implicit-module-maps -explicit-swift-module-map-file /Users/admin/builder/spi-builder-workspace/.derivedData/Build/Intermediates.noindex/Exhibition.build/Debug-appletvos/Exhibition-t.build/Objects-normal/arm64/Exhibition-dependencies-1.json -Xllvm -aarch64-use-tbi -enable-objc-interop -stack-check -sdk /Applications/Xcode-27.0.0-Release.Candidate.app/Contents/Developer/Platforms/AppleTVOS.platform/Developer/SDKs/AppleTVOS27.0.sdk -I /Users/admin/builder/spi-builder-workspace/.derivedData/Build/Products/Debug-appletvos -Isystem /Applications/Xcode-27.0.0-Release.Candidate.app/Contents/Developer/Platforms/AppleTVOS.platform/Developer/usr/lib -F /Users/admin/builder/spi-builder-workspace/.derivedData/Build/Products/Debug-appletvos -F /Applications/Xcode-27.0.0-Release.Candidate.app/Contents/Developer/Platforms/AppleTVOS.platform/Developer/Library/Frameworks -F /Applications/Xcode-27.0.0-Release.Candidate.app/Contents/Developer/Platforms/AppleTVOS.platform/Developer/SDKs/AppleTVOS27.0.sdk/Developer/Library/Frameworks -module-cache-path /Users/admin/builder/spi-builder-workspace/.derivedData/Build/Intermediates.noindex/SwiftExplicitPrecompiledModules -no-color-diagnostics -Xcc -fno-color-diagnostics -enable-testing -g -debug-info-format\=dwarf -dwarf-version\=4 -swift-version 5 -Onone -D SWIFT_PACKAGE -D DEBUG -D SWIFT_MODULE_RESOURCE_BUNDLE_UNAVAILABLE -D Xcode -serialize-debugging-options -enable-experimental-feature DebugDescriptionMacro -empty-abi-descriptor -validate-clang-modules-once -clang-build-session-file /Users/admin/builder/spi-builder-workspace/.derivedData/ModuleCache.noindex/Session.modulevalidation -Xcc -working-directory -Xcc /Users/admin/builder/spi-builder-workspace/.swiftpm/xcode -enable-anonymous-context-mangled-names -file-compilation-dir /Users/admin/builder/spi-builder-workspace/.swiftpm/xcode -Xcc -D_LIBCPP_HARDENING_MODE\=_LIBCPP_HARDENING_MODE_DEBUG -Xcc -ivfsstatcache -Xcc /Users/admin/builder/spi-builder-workspace/.derivedData/SDKStatCaches.noindex/appletvos27.0-24J360-e829b21a6f8c9b70876ba0858053c044b32bfd8d43560033f8d89884cdb90028.sdkstatcache -Xcc -fmodules-prune-interval\=86400 -Xcc -fmodules-prune-after\=345600 -Xcc -I/Users/admin/builder/spi-builder-workspace/.derivedData/Build/Products/Debug-appletvos/include -Xcc -I/Users/admin/builder/spi-builder-workspace/.derivedData/Build/Intermediates.noindex/Exhibition.build/Debug-appletvos/Exhibition-t.build/DerivedSources-normal/arm64 -Xcc -I/Users/admin/builder/spi-builder-workspace/.derivedData/Build/Intermediates.noindex/Exhibition.build/Debug-appletvos/Exhibition-t.build/DerivedSources/arm64 -Xcc -I/Users/admin/builder/spi-builder-workspace/.derivedData/Build/Intermediates.noindex/Exhibition.build/Debug-appletvos/Exhibition-t.build/DerivedSources -Xcc -DSWIFT_PACKAGE -Xcc -DDEBUG\=1 -no-auto-bridging-header-chaining -module-name Exhibition -const-gather-protocols-file /Users/admin/builder/spi-builder-workspace/.derivedData/Build/Intermediates.noindex/Exhibition.build/Debug-appletvos/Exhibition-t.build/Objects-normal/arm64/Exhibition_const_extract_protocols.json -disable-clang-spi -clang-target arm64-apple-tvos27.0 -target-sdk-version 27.0 -target-sdk-name appletvos27.0 -in-process-plugin-server-path /Applications/Xcode-27.0.0-Release.Candidate.app/Contents/Developer/Toolchains/XcodeDefault.xctoolchain/usr/lib/swift/host/libSwiftInProcPluginServer.dylib -emit-module-doc-path /Users/admin/builder/spi-builder-workspace/.derivedData/Build/Intermediates.noindex/Exhibition.build/Debug-appletvos/Exhibition-t.build/Objects-normal/arm64/Exhibition.swiftdoc -emit-module-source-info-path /Users/admin/builder/spi-builder-workspace/.derivedData/Build/Intermediates.noindex/Exhibition.build/Debug-appletvos/Exhibition-t.build/Objects-normal/arm64/Exhibition.swiftsourceinfo -emit-objc-header-path /Users/admin/builder/spi-builder-workspace/.derivedData/Build/Intermediates.noindex/Exhibition.build/Debug-appletvos/Exhibition-t.build/Objects-normal/arm64/Exhibition-Swift.h -serialize-diagnostics-path /Users/admin/builder/spi-builder-workspace/.derivedData/Build/Intermediates.noindex/Exhibition.build/Debug-appletvos/Exhibition-t.build/Objects-normal/arm64/Exhibition-primary-emit-module.dia -emit-dependencies-path /Users/admin/builder/spi-builder-workspace/.derivedData/Build/Intermediates.noindex/Exhibition.build/Debug-appletvos/Exhibition-t.build/Objects-normal/arm64/Exhibition-primary-emit-module.d -parse-as-library -o /Users/admin/builder/spi-builder-workspace/.derivedData/Build/Intermediates.noindex/Exhibition.build/Debug-appletvos/Exhibition-t.build/Objects-normal/arm64/Exhibition.swiftmodule -emit-abi-descriptor-path /Users/admin/builder/spi-builder-workspace/.derivedData/Build/Intermediates.noindex/Exhibition.build/Debug-appletvos/Exhibition-t.build/Objects-normal/arm64/Exhibition.abi.json
SwiftCompile normal arm64 Compiling\ View+Modify.swift /Users/admin/builder/spi-builder-workspace/Sources/Exhibition/Utilities/View+Modify.swift (in target 'Exhibition' from project 'Exhibition')
SwiftCompile normal arm64 /Users/admin/builder/spi-builder-workspace/Sources/Exhibition/Utilities/View+Modify.swift (in target 'Exhibition' from project 'Exhibition')
    cd /Users/admin/builder/spi-builder-workspace/.swiftpm/xcode
    builtin-SwiftPerFileCompile View+Modify.swift
SwiftCompile normal arm64 Compiling\ UnknownParameterView.swift /Users/admin/builder/spi-builder-workspace/Sources/Exhibition/ParameterViews/UnknownParameterView.swift (in target 'Exhibition' from project 'Exhibition')
SwiftCompile normal arm64 /Users/admin/builder/spi-builder-workspace/Sources/Exhibition/ParameterViews/UnknownParameterView.swift (in target 'Exhibition' from project 'Exhibition')
    cd /Users/admin/builder/spi-builder-workspace/.swiftpm/xcode
    builtin-SwiftPerFileCompile UnknownParameterView.swift
SwiftCompile normal arm64 Compiling\ DictionaryKeySort.swift /Users/admin/builder/spi-builder-workspace/Sources/Exhibition/Utilities/DictionaryKeySort.swift (in target 'Exhibition' from project 'Exhibition')
SwiftCompile normal arm64 /Users/admin/builder/spi-builder-workspace/Sources/Exhibition/Utilities/DictionaryKeySort.swift (in target 'Exhibition' from project 'Exhibition')
    cd /Users/admin/builder/spi-builder-workspace/.swiftpm/xcode
    builtin-SwiftPerFileCompile DictionaryKeySort.swift
SwiftCompile normal arm64 Compiling\ ClosureParameterView.swift,\ DateParameterView.swift /Users/admin/builder/spi-builder-workspace/Sources/Exhibition/ParameterViews/ClosureParameterView.swift /Users/admin/builder/spi-builder-workspace/Sources/Exhibition/ParameterViews/DateParameterView.swift (in target 'Exhibition' from project 'Exhibition')
SwiftCompile normal arm64 /Users/admin/builder/spi-builder-workspace/Sources/Exhibition/ParameterViews/ClosureParameterView.swift (in target 'Exhibition' from project 'Exhibition')
    cd /Users/admin/builder/spi-builder-workspace/.swiftpm/xcode
    builtin-SwiftPerFileCompile ClosureParameterView.swift
SwiftCompile normal arm64 /Users/admin/builder/spi-builder-workspace/Sources/Exhibition/ParameterViews/DateParameterView.swift (in target 'Exhibition' from project 'Exhibition')
    cd /Users/admin/builder/spi-builder-workspace/.swiftpm/xcode
    builtin-SwiftPerFileCompile DateParameterView.swift
/Users/admin/builder/spi-builder-workspace/Sources/Exhibition/ParameterViews/DateParameterView.swift:22:11: error: 'DatePicker' is unavailable in tvOS
20 | #else
21 |
22 | extension DatePicker: ParameterView where Label == Text {
   |           `- error: 'DatePicker' is unavailable in tvOS
23 |     public init(key: String, value: Binding<Date>) {
24 |         self.init(key, selection: value)
SwiftUI.DatePicker:3:27: note: 'DatePicker' has been explicitly marked unavailable here
1 | @available(iOS 13.0, macOS 10.15, watchOS 10.0, *)
2 | @available(tvOS, unavailable)
3 | nonisolated public struct DatePicker<Label> : View, ~Sendable where Label : View {
  |                           `- note: 'DatePicker' has been explicitly marked unavailable here
4 |     public typealias Components = DatePickerComponents
5 |     nonisolated public var body: some View { get }
/Users/admin/builder/spi-builder-workspace/Sources/Exhibition/ParameterViews/DateParameterView.swift:28:31: error: 'DatePicker' is unavailable in tvOS
26 | }
27 |
28 | typealias DateParameterView = DatePicker
   |                               `- error: 'DatePicker' is unavailable in tvOS
29 |
30 | #endif
SwiftUI.DatePicker:3:27: note: 'DatePicker' has been explicitly marked unavailable here
1 | @available(iOS 13.0, macOS 10.15, watchOS 10.0, *)
2 | @available(tvOS, unavailable)
3 | nonisolated public struct DatePicker<Label> : View, ~Sendable where Label : View {
  |                           `- note: 'DatePicker' has been explicitly marked unavailable here
4 |     public typealias Components = DatePickerComponents
5 |     nonisolated public var body: some View { get }
SwiftCompile normal arm64 Compiling\ IntParameterView.swift,\ StringParameterView.swift /Users/admin/builder/spi-builder-workspace/Sources/Exhibition/ParameterViews/IntParameterView.swift /Users/admin/builder/spi-builder-workspace/Sources/Exhibition/ParameterViews/StringParameterView.swift (in target 'Exhibition' from project 'Exhibition')
/Users/admin/builder/spi-builder-workspace/Sources/Exhibition/ParameterViews/IntParameterView.swift:23:11: error: 'Stepper' is unavailable in tvOS
21 | #else
22 |
23 | extension Stepper: ParameterView where Label == Text {
   |           `- error: 'Stepper' is unavailable in tvOS
24 |     public init(key: String, value: Binding<Int>) {
25 |         self.init(key, value: value)
SwiftUI.Stepper:3:27: note: 'Stepper' has been explicitly marked unavailable here
1 | @available(iOS 13.0, macOS 10.15, watchOS 9.0, *)
2 | @available(tvOS, unavailable)
3 | nonisolated public struct Stepper<Label> : View, ~Sendable where Label : View {
  |                           `- note: 'Stepper' has been explicitly marked unavailable here
4 |     @export(implementation) nonisolated public init(@ContentBuilder label: () -> Label, onIncrement: (() -> Void)?, onDecrement: (() -> Void)?, onEditingChanged: @escaping (Bool) -> Void = { _ in })
5 |     nonisolated public var body: some View { get }
/Users/admin/builder/spi-builder-workspace/Sources/Exhibition/ParameterViews/IntParameterView.swift:29:30: error: 'Stepper' is unavailable in tvOS
27 | }
28 |
29 | typealias IntParameterView = Stepper
   |                              `- error: 'Stepper' is unavailable in tvOS
30 |
31 | #endif
SwiftUI.Stepper:3:27: note: 'Stepper' has been explicitly marked unavailable here
1 | @available(iOS 13.0, macOS 10.15, watchOS 9.0, *)
2 | @available(tvOS, unavailable)
3 | nonisolated public struct Stepper<Label> : View, ~Sendable where Label : View {
  |                           `- note: 'Stepper' has been explicitly marked unavailable here
4 |     @export(implementation) nonisolated public init(@ContentBuilder label: () -> Label, onIncrement: (() -> Void)?, onDecrement: (() -> Void)?, onEditingChanged: @escaping (Bool) -> Void = { _ in })
5 |     nonisolated public var body: some View { get }
SwiftCompile normal arm64 /Users/admin/builder/spi-builder-workspace/Sources/Exhibition/ParameterViews/IntParameterView.swift (in target 'Exhibition' from project 'Exhibition')
    cd /Users/admin/builder/spi-builder-workspace/.swiftpm/xcode
    builtin-SwiftPerFileCompile IntParameterView.swift
SwiftCompile normal arm64 /Users/admin/builder/spi-builder-workspace/Sources/Exhibition/ParameterViews/StringParameterView.swift (in target 'Exhibition' from project 'Exhibition')
    cd /Users/admin/builder/spi-builder-workspace/.swiftpm/xcode
    builtin-SwiftPerFileCompile StringParameterView.swift
SwiftCompile normal arm64 Compiling\ ParameterView.swift,\ BoolParameterView.swift /Users/admin/builder/spi-builder-workspace/Sources/Exhibition/ParameterView.swift /Users/admin/builder/spi-builder-workspace/Sources/Exhibition/ParameterViews/BoolParameterView.swift (in target 'Exhibition' from project 'Exhibition')
SwiftCompile normal arm64 /Users/admin/builder/spi-builder-workspace/Sources/Exhibition/ParameterView.swift (in target 'Exhibition' from project 'Exhibition')
    cd /Users/admin/builder/spi-builder-workspace/.swiftpm/xcode
    builtin-SwiftPerFileCompile ParameterView.swift
SwiftCompile normal arm64 /Users/admin/builder/spi-builder-workspace/Sources/Exhibition/ParameterViews/BoolParameterView.swift (in target 'Exhibition' from project 'Exhibition')
    cd /Users/admin/builder/spi-builder-workspace/.swiftpm/xcode
    builtin-SwiftPerFileCompile BoolParameterView.swift
SwiftCompile normal arm64 Compiling\ DebugView.swift,\ Defaultable.swift /Users/admin/builder/spi-builder-workspace/Sources/Exhibition/DebugView.swift /Users/admin/builder/spi-builder-workspace/Sources/Exhibition/Defaultable.swift (in target 'Exhibition' from project 'Exhibition')
SwiftCompile normal arm64 /Users/admin/builder/spi-builder-workspace/Sources/Exhibition/DebugView.swift (in target 'Exhibition' from project 'Exhibition')
    cd /Users/admin/builder/spi-builder-workspace/.swiftpm/xcode
    builtin-SwiftPerFileCompile DebugView.swift
SwiftCompile normal arm64 /Users/admin/builder/spi-builder-workspace/Sources/Exhibition/Defaultable.swift (in target 'Exhibition' from project 'Exhibition')
    cd /Users/admin/builder/spi-builder-workspace/.swiftpm/xcode
    builtin-SwiftPerFileCompile Defaultable.swift
SwiftCompile normal arm64 Compiling\ AnyExhibit.swift,\ Context.swift /Users/admin/builder/spi-builder-workspace/Sources/Exhibition/AnyExhibit.swift /Users/admin/builder/spi-builder-workspace/Sources/Exhibition/Context.swift (in target 'Exhibition' from project 'Exhibition')
SwiftCompile normal arm64 /Users/admin/builder/spi-builder-workspace/Sources/Exhibition/AnyExhibit.swift (in target 'Exhibition' from project 'Exhibition')
    cd /Users/admin/builder/spi-builder-workspace/.swiftpm/xcode
    builtin-SwiftPerFileCompile AnyExhibit.swift
SwiftCompile normal arm64 /Users/admin/builder/spi-builder-workspace/Sources/Exhibition/Context.swift (in target 'Exhibition' from project 'Exhibition')
    cd /Users/admin/builder/spi-builder-workspace/.swiftpm/xcode
    builtin-SwiftPerFileCompile Context.swift
SwiftCompile normal arm64 Compiling\ DecimalFormattedParameterView.swift,\ EnumParameterView.swift /Users/admin/builder/spi-builder-workspace/Sources/Exhibition/ParameterViews/DecimalFormattedParameterView.swift /Users/admin/builder/spi-builder-workspace/Sources/Exhibition/ParameterViews/EnumParameterView.swift (in target 'Exhibition' from project 'Exhibition')
SwiftCompile normal arm64 /Users/admin/builder/spi-builder-workspace/Sources/Exhibition/ParameterViews/DecimalFormattedParameterView.swift (in target 'Exhibition' from project 'Exhibition')
    cd /Users/admin/builder/spi-builder-workspace/.swiftpm/xcode
    builtin-SwiftPerFileCompile DecimalFormattedParameterView.swift
SwiftCompile normal arm64 /Users/admin/builder/spi-builder-workspace/Sources/Exhibition/ParameterViews/EnumParameterView.swift (in target 'Exhibition' from project 'Exhibition')
    cd /Users/admin/builder/spi-builder-workspace/.swiftpm/xcode
    builtin-SwiftPerFileCompile EnumParameterView.swift
SwiftCompile normal arm64 Compiling\ ExhibitListView.swift,\ ExhibitProvider.swift /Users/admin/builder/spi-builder-workspace/Sources/Exhibition/ExhibitListView.swift /Users/admin/builder/spi-builder-workspace/Sources/Exhibition/ExhibitProvider.swift (in target 'Exhibition' from project 'Exhibition')
SwiftCompile normal arm64 /Users/admin/builder/spi-builder-workspace/Sources/Exhibition/ExhibitListView.swift (in target 'Exhibition' from project 'Exhibition')
    cd /Users/admin/builder/spi-builder-workspace/.swiftpm/xcode
    builtin-SwiftPerFileCompile ExhibitListView.swift
SwiftCompile normal arm64 /Users/admin/builder/spi-builder-workspace/Sources/Exhibition/ExhibitProvider.swift (in target 'Exhibition' from project 'Exhibition')
    cd /Users/admin/builder/spi-builder-workspace/.swiftpm/xcode
    builtin-SwiftPerFileCompile ExhibitProvider.swift
PruneExplicitPrecompiledModules /Users/admin/builder/spi-builder-workspace/.derivedData/Build/Intermediates.noindex/ExplicitPrecompiledModules
PruneExplicitPrecompiledModules /Users/admin/builder/spi-builder-workspace/.derivedData/SDKExplicitPrecompiledModules
PruneExplicitPrecompiledModules /Users/admin/builder/spi-builder-workspace/.derivedData/Build/Intermediates.noindex/SwiftExplicitPrecompiledModules
2026-09-19 04:06:57.530 xcodebuild[655:4221] [MT] IDERunDestination: Supported platforms for the buildables in the current scheme is empty.
2026-09-19 04:06:57.668 xcodebuild[655:4221] [MT] IDERunDestination: Supported platforms for the buildables in the current scheme is empty.
** BUILD FAILED **
The following build commands failed:
	SwiftCompile normal arm64 (in target 'Exhibition' from project 'Exhibition')
	SwiftEmitModule normal arm64 Emitting\ module\ for\ Exhibition (in target 'Exhibition' from project 'Exhibition')
	Building workspace Exhibition with scheme Exhibition
(3 failures)
Command line invocation:
    /Applications/Xcode-27.0.0-Release.Candidate.app/Contents/Developer/usr/bin/xcodebuild -IDEClonedSourcePackagesDirPathOverride=/Users/admin/builder/spi-builder-workspace/.dependencies -resolvePackageDependencies
Resolve Package Graph
Resolved source packages:
  Exhibition: /Users/admin/builder/spi-builder-workspace
resolved source packages: Exhibition
2026-09-19 04:07:04.497 xcodebuild[742:4587] [MT] IDERunDestination: Supported platforms for the buildables in the current scheme is empty.
2026-09-19 04:07:04.639 xcodebuild[742:4587] [MT] IDERunDestination: Supported platforms for the buildables in the current scheme is empty.
{
  "dependencies" : [
  ],
  "manifest_display_name" : "Exhibition",
  "name" : "Exhibition",
  "path" : "/Users/admin/builder/spi-builder-workspace",
  "platforms" : [
    {
      "name" : "ios",
      "version" : "15.0"
    },
    {
      "name" : "macos",
      "version" : "11.0"
    },
    {
      "name" : "watchos",
      "version" : "8.0"
    },
    {
      "name" : "tvos",
      "version" : "14.0"
    }
  ],
  "products" : [
    {
      "name" : "Exhibition",
      "targets" : [
        "Exhibition"
      ],
      "type" : {
        "library" : [
          "automatic"
        ]
      }
    }
  ],
  "targets" : [
    {
      "c99name" : "ExhibitionTests",
      "module_type" : "SwiftTarget",
      "name" : "ExhibitionTests",
      "path" : "Tests/ExhibitionTests",
      "sources" : [
        "ExhibitionTests.swift"
      ],
      "target_dependencies" : [
        "Exhibition"
      ],
      "type" : "test"
    },
    {
      "c99name" : "Exhibition",
      "module_type" : "SwiftTarget",
      "name" : "Exhibition",
      "path" : "Sources/Exhibition",
      "product_memberships" : [
        "Exhibition"
      ],
      "sources" : [
        "AnyExhibit.swift",
        "Context.swift",
        "DebugView.swift",
        "Defaultable.swift",
        "ExhibitListView.swift",
        "ExhibitProvider.swift",
        "ParameterView.swift",
        "ParameterViews/BoolParameterView.swift",
        "ParameterViews/ClosureParameterView.swift",
        "ParameterViews/DateParameterView.swift",
        "ParameterViews/DecimalFormattedParameterView.swift",
        "ParameterViews/EnumParameterView.swift",
        "ParameterViews/IntParameterView.swift",
        "ParameterViews/StringParameterView.swift",
        "ParameterViews/UnknownParameterView.swift",
        "Utilities/DictionaryKeySort.swift",
        "Utilities/View+Modify.swift"
      ],
      "type" : "library"
    }
  ],
  "tools_version" : "5.5"
}
{
  "workspace" : {
    "name" : "Exhibition",
    "schemes" : [
      "Exhibition"
    ]
  }
}
2026-09-19 04:07:05.725 xcodebuild[750:4654] [MT] IDERunDestination: Supported platforms for the buildables in the current scheme is empty.
2026-09-19 04:07:05.863 xcodebuild[750:4654] [MT] IDERunDestination: Supported platforms for the buildables in the current scheme is empty.
Running build ...
env DEVELOPER_DIR=/Applications/Xcode-27.0.0-Release.Candidate.app xcrun xcodebuild -IDEClonedSourcePackagesDirPathOverride=$PWD/.dependencies -skipMacroValidation -skipPackagePluginValidation -derivedDataPath $PWD/.derivedData build -scheme Exhibition -destination generic/platform=tvOS
Command line invocation:
    /Applications/Xcode-27.0.0-Release.Candidate.app/Contents/Developer/usr/bin/xcodebuild -IDEClonedSourcePackagesDirPathOverride=/Users/admin/builder/spi-builder-workspace/.dependencies -skipMacroValidation -skipPackagePluginValidation -derivedDataPath /Users/admin/builder/spi-builder-workspace/.derivedData build -scheme Exhibition -destination generic/platform=tvOS
Resolve Package Graph
Resolved source packages:
  Exhibition: /Users/admin/builder/spi-builder-workspace
ComputePackagePrebuildTargetDependencyGraph
Prepare packages
CreateBuildRequest
SendProjectDescription
CreateBuildOperation
ComputeTargetDependencyGraph
note: Building targets in dependency order
note: Target dependency graph (2 targets)
    Target 'Exhibition-product' in project 'Exhibition'
        ➜ Explicit dependency on target 'Exhibition' in project 'Exhibition'
    Target 'Exhibition' in project 'Exhibition' (no dependencies)
GatherProvisioningInputs
CreateBuildDescription
ClangStatCache /Applications/Xcode-27.0.0-Release.Candidate.app/Contents/Developer/Toolchains/XcodeDefault.xctoolchain/usr/bin/clang-stat-cache /Applications/Xcode-27.0.0-Release.Candidate.app/Contents/Developer/Platforms/AppleTVOS.platform/Developer/SDKs/AppleTVOS27.0.sdk /Users/admin/builder/spi-builder-workspace/.derivedData/SDKStatCaches.noindex/appletvos27.0-24J360-e829b21a6f8c9b70876ba0858053c044b32bfd8d43560033f8d89884cdb90028.sdkstatcache
    cd /Users/admin/builder/spi-builder-workspace/.swiftpm/xcode
    /Applications/Xcode-27.0.0-Release.Candidate.app/Contents/Developer/Toolchains/XcodeDefault.xctoolchain/usr/bin/clang-stat-cache /Applications/Xcode-27.0.0-Release.Candidate.app/Contents/Developer/Platforms/AppleTVOS.platform/Developer/SDKs/AppleTVOS27.0.sdk -o /Users/admin/builder/spi-builder-workspace/.derivedData/SDKStatCaches.noindex/appletvos27.0-24J360-e829b21a6f8c9b70876ba0858053c044b32bfd8d43560033f8d89884cdb90028.sdkstatcache
SwiftDriver Exhibition normal arm64 com.apple.xcode.tools.swift.compiler (in target 'Exhibition' from project 'Exhibition')
    cd /Users/admin/builder/spi-builder-workspace/.swiftpm/xcode
    builtin-SwiftDriver -- /Applications/Xcode-27.0.0-Release.Candidate.app/Contents/Developer/Toolchains/XcodeDefault.xctoolchain/usr/bin/swiftc -parse-as-library -module-name Exhibition -Onone @/Users/admin/builder/spi-builder-workspace/.derivedData/Build/Intermediates.noindex/Exhibition.build/Debug-appletvos/Exhibition-t.build/Objects-normal/arm64/Exhibition.SwiftFileList -DSWIFT_PACKAGE -DDEBUG -DSWIFT_MODULE_RESOURCE_BUNDLE_UNAVAILABLE -DXcode -plugin-path /Applications/Xcode-27.0.0-Release.Candidate.app/Contents/Developer/Toolchains/XcodeDefault.xctoolchain/usr/lib/swift/host/plugins/testing -enable-experimental-feature DebugDescriptionMacro -sdk /Applications/Xcode-27.0.0-Release.Candidate.app/Contents/Developer/Platforms/AppleTVOS.platform/Developer/SDKs/AppleTVOS27.0.sdk -target arm64-apple-tvos15.0 -g -module-cache-path /Users/admin/builder/spi-builder-workspace/.derivedData/ModuleCache.noindex -Xfrontend -serialize-debugging-options -enable-testing -index-store-path /Users/admin/builder/spi-builder-workspace/.derivedData/Index.noindex/DataStore -Xcc -D_LIBCPP_HARDENING_MODE\=_LIBCPP_HARDENING_MODE_DEBUG -swift-version 5 -I /Users/admin/builder/spi-builder-workspace/.derivedData/Build/Products/Debug-appletvos -Isystem /Applications/Xcode-27.0.0-Release.Candidate.app/Contents/Developer/Platforms/AppleTVOS.platform/Developer/usr/lib -F /Users/admin/builder/spi-builder-workspace/.derivedData/Build/Products/Debug-appletvos -F /Applications/Xcode-27.0.0-Release.Candidate.app/Contents/Developer/Platforms/AppleTVOS.platform/Developer/Library/Frameworks -F /Applications/Xcode-27.0.0-Release.Candidate.app/Contents/Developer/Platforms/AppleTVOS.platform/Developer/SDKs/AppleTVOS27.0.sdk/Developer/Library/Frameworks -c -j10 -enable-batch-mode -incremental -Xcc -ivfsstatcache -Xcc /Users/admin/builder/spi-builder-workspace/.derivedData/SDKStatCaches.noindex/appletvos27.0-24J360-e829b21a6f8c9b70876ba0858053c044b32bfd8d43560033f8d89884cdb90028.sdkstatcache -output-file-map /Users/admin/builder/spi-builder-workspace/.derivedData/Build/Intermediates.noindex/Exhibition.build/Debug-appletvos/Exhibition-t.build/Objects-normal/arm64/Exhibition-OutputFileMap.json -save-temps -no-color-diagnostics -explicit-module-build -module-cache-path /Users/admin/builder/spi-builder-workspace/.derivedData/Build/Intermediates.noindex/SwiftExplicitPrecompiledModules -clang-scanner-module-cache-path /Users/admin/builder/spi-builder-workspace/.derivedData/ModuleCache.noindex -sdk-module-cache-path /Users/admin/builder/spi-builder-workspace/.derivedData/SDKExplicitPrecompiledModules -emit-dependencies -emit-module -emit-module-path /Users/admin/builder/spi-builder-workspace/.derivedData/Build/Intermediates.noindex/Exhibition.build/Debug-appletvos/Exhibition-t.build/Objects-normal/arm64/Exhibition.swiftmodule -serialize-diagnostics -dependency-scan-serialize-diagnostics-path /Users/admin/builder/spi-builder-workspace/.derivedData/Build/Intermediates.noindex/Exhibition.build/Debug-appletvos/Exhibition-t.build/Objects-normal/arm64/Exhibition-dependency-scan.dia -validate-clang-modules-once -clang-build-session-file /Users/admin/builder/spi-builder-workspace/.derivedData/ModuleCache.noindex/Session.modulevalidation -Xcc -fmodules-prune-interval\=86400 -Xcc -fmodules-prune-after\=345600 -emit-const-values -const-gather-protocols-list /Users/admin/builder/spi-builder-workspace/.derivedData/Build/Intermediates.noindex/Exhibition.build/Debug-appletvos/Exhibition-t.build/Objects-normal/arm64/Exhibition_const_extract_protocols.json -Xcc -I/Users/admin/builder/spi-builder-workspace/.derivedData/Build/Products/Debug-appletvos/include -Xcc -I/Users/admin/builder/spi-builder-workspace/.derivedData/Build/Intermediates.noindex/Exhibition.build/Debug-appletvos/Exhibition-t.build/DerivedSources-normal/arm64 -Xcc -I/Users/admin/builder/spi-builder-workspace/.derivedData/Build/Intermediates.noindex/Exhibition.build/Debug-appletvos/Exhibition-t.build/DerivedSources/arm64 -Xcc -I/Users/admin/builder/spi-builder-workspace/.derivedData/Build/Intermediates.noindex/Exhibition.build/Debug-appletvos/Exhibition-t.build/DerivedSources -Xcc -DSWIFT_PACKAGE -Xcc -DDEBUG\=1 -emit-objc-header -emit-objc-header-path /Users/admin/builder/spi-builder-workspace/.derivedData/Build/Intermediates.noindex/Exhibition.build/Debug-appletvos/Exhibition-t.build/Objects-normal/arm64/Exhibition-Swift.h -working-directory /Users/admin/builder/spi-builder-workspace/.swiftpm/xcode -experimental-emit-module-separately -disable-cmo
SwiftCompile normal arm64 Compiling\ AnyExhibit.swift,\ Context.swift /Users/admin/builder/spi-builder-workspace/Sources/Exhibition/AnyExhibit.swift /Users/admin/builder/spi-builder-workspace/Sources/Exhibition/Context.swift (in target 'Exhibition' from project 'Exhibition')
SwiftCompile normal arm64 /Users/admin/builder/spi-builder-workspace/Sources/Exhibition/AnyExhibit.swift (in target 'Exhibition' from project 'Exhibition')
    cd /Users/admin/builder/spi-builder-workspace/.swiftpm/xcode
    builtin-SwiftPerFileCompile AnyExhibit.swift
SwiftCompile normal arm64 /Users/admin/builder/spi-builder-workspace/Sources/Exhibition/Context.swift (in target 'Exhibition' from project 'Exhibition')
    cd /Users/admin/builder/spi-builder-workspace/.swiftpm/xcode
    builtin-SwiftPerFileCompile Context.swift
SwiftCompile normal arm64 Compiling\ ParameterView.swift,\ BoolParameterView.swift /Users/admin/builder/spi-builder-workspace/Sources/Exhibition/ParameterView.swift /Users/admin/builder/spi-builder-workspace/Sources/Exhibition/ParameterViews/BoolParameterView.swift (in target 'Exhibition' from project 'Exhibition')
SwiftCompile normal arm64 /Users/admin/builder/spi-builder-workspace/Sources/Exhibition/ParameterView.swift (in target 'Exhibition' from project 'Exhibition')
    cd /Users/admin/builder/spi-builder-workspace/.swiftpm/xcode
    builtin-SwiftPerFileCompile ParameterView.swift
SwiftCompile normal arm64 /Users/admin/builder/spi-builder-workspace/Sources/Exhibition/ParameterViews/BoolParameterView.swift (in target 'Exhibition' from project 'Exhibition')
    cd /Users/admin/builder/spi-builder-workspace/.swiftpm/xcode
    builtin-SwiftPerFileCompile BoolParameterView.swift
SwiftCompile normal arm64 Compiling\ DecimalFormattedParameterView.swift,\ EnumParameterView.swift /Users/admin/builder/spi-builder-workspace/Sources/Exhibition/ParameterViews/DecimalFormattedParameterView.swift /Users/admin/builder/spi-builder-workspace/Sources/Exhibition/ParameterViews/EnumParameterView.swift (in target 'Exhibition' from project 'Exhibition')
SwiftCompile normal arm64 /Users/admin/builder/spi-builder-workspace/Sources/Exhibition/ParameterViews/DecimalFormattedParameterView.swift (in target 'Exhibition' from project 'Exhibition')
    cd /Users/admin/builder/spi-builder-workspace/.swiftpm/xcode
    builtin-SwiftPerFileCompile DecimalFormattedParameterView.swift
SwiftCompile normal arm64 /Users/admin/builder/spi-builder-workspace/Sources/Exhibition/ParameterViews/EnumParameterView.swift (in target 'Exhibition' from project 'Exhibition')
    cd /Users/admin/builder/spi-builder-workspace/.swiftpm/xcode
    builtin-SwiftPerFileCompile EnumParameterView.swift
SwiftCompile normal arm64 Compiling\ ExhibitListView.swift,\ ExhibitProvider.swift /Users/admin/builder/spi-builder-workspace/Sources/Exhibition/ExhibitListView.swift /Users/admin/builder/spi-builder-workspace/Sources/Exhibition/ExhibitProvider.swift (in target 'Exhibition' from project 'Exhibition')
SwiftCompile normal arm64 /Users/admin/builder/spi-builder-workspace/Sources/Exhibition/ExhibitListView.swift (in target 'Exhibition' from project 'Exhibition')
    cd /Users/admin/builder/spi-builder-workspace/.swiftpm/xcode
    builtin-SwiftPerFileCompile ExhibitListView.swift
SwiftCompile normal arm64 /Users/admin/builder/spi-builder-workspace/Sources/Exhibition/ExhibitProvider.swift (in target 'Exhibition' from project 'Exhibition')
    cd /Users/admin/builder/spi-builder-workspace/.swiftpm/xcode
    builtin-SwiftPerFileCompile ExhibitProvider.swift
SwiftCompile normal arm64 Compiling\ UnknownParameterView.swift /Users/admin/builder/spi-builder-workspace/Sources/Exhibition/ParameterViews/UnknownParameterView.swift (in target 'Exhibition' from project 'Exhibition')
SwiftCompile normal arm64 /Users/admin/builder/spi-builder-workspace/Sources/Exhibition/ParameterViews/UnknownParameterView.swift (in target 'Exhibition' from project 'Exhibition')
    cd /Users/admin/builder/spi-builder-workspace/.swiftpm/xcode
    builtin-SwiftPerFileCompile UnknownParameterView.swift
SwiftCompile normal arm64 Compiling\ DebugView.swift,\ Defaultable.swift /Users/admin/builder/spi-builder-workspace/Sources/Exhibition/DebugView.swift /Users/admin/builder/spi-builder-workspace/Sources/Exhibition/Defaultable.swift (in target 'Exhibition' from project 'Exhibition')
SwiftCompile normal arm64 /Users/admin/builder/spi-builder-workspace/Sources/Exhibition/DebugView.swift (in target 'Exhibition' from project 'Exhibition')
    cd /Users/admin/builder/spi-builder-workspace/.swiftpm/xcode
    builtin-SwiftPerFileCompile DebugView.swift
SwiftCompile normal arm64 /Users/admin/builder/spi-builder-workspace/Sources/Exhibition/Defaultable.swift (in target 'Exhibition' from project 'Exhibition')
    cd /Users/admin/builder/spi-builder-workspace/.swiftpm/xcode
    builtin-SwiftPerFileCompile Defaultable.swift
SwiftCompile normal arm64 Compiling\ ClosureParameterView.swift,\ DateParameterView.swift /Users/admin/builder/spi-builder-workspace/Sources/Exhibition/ParameterViews/ClosureParameterView.swift /Users/admin/builder/spi-builder-workspace/Sources/Exhibition/ParameterViews/DateParameterView.swift (in target 'Exhibition' from project 'Exhibition')
SwiftCompile normal arm64 /Users/admin/builder/spi-builder-workspace/Sources/Exhibition/ParameterViews/ClosureParameterView.swift (in target 'Exhibition' from project 'Exhibition')
    cd /Users/admin/builder/spi-builder-workspace/.swiftpm/xcode
    builtin-SwiftPerFileCompile ClosureParameterView.swift
SwiftCompile normal arm64 /Users/admin/builder/spi-builder-workspace/Sources/Exhibition/ParameterViews/DateParameterView.swift (in target 'Exhibition' from project 'Exhibition')
    cd /Users/admin/builder/spi-builder-workspace/.swiftpm/xcode
    builtin-SwiftPerFileCompile DateParameterView.swift
/Users/admin/builder/spi-builder-workspace/Sources/Exhibition/ParameterViews/DateParameterView.swift:22:11: error: 'DatePicker' is unavailable in tvOS
20 | #else
21 |
22 | extension DatePicker: ParameterView where Label == Text {
   |           `- error: 'DatePicker' is unavailable in tvOS
23 |     public init(key: String, value: Binding<Date>) {
24 |         self.init(key, selection: value)
SwiftUI.DatePicker:3:27: note: 'DatePicker' has been explicitly marked unavailable here
1 | @available(iOS 13.0, macOS 10.15, watchOS 10.0, *)
2 | @available(tvOS, unavailable)
3 | nonisolated public struct DatePicker<Label> : View, ~Sendable where Label : View {
  |                           `- note: 'DatePicker' has been explicitly marked unavailable here
4 |     public typealias Components = DatePickerComponents
5 |     nonisolated public var body: some View { get }
/Users/admin/builder/spi-builder-workspace/Sources/Exhibition/ParameterViews/DateParameterView.swift:28:31: error: 'DatePicker' is unavailable in tvOS
26 | }
27 |
28 | typealias DateParameterView = DatePicker
   |                               `- error: 'DatePicker' is unavailable in tvOS
29 |
30 | #endif
SwiftUI.DatePicker:3:27: note: 'DatePicker' has been explicitly marked unavailable here
1 | @available(iOS 13.0, macOS 10.15, watchOS 10.0, *)
2 | @available(tvOS, unavailable)
3 | nonisolated public struct DatePicker<Label> : View, ~Sendable where Label : View {
  |                           `- note: 'DatePicker' has been explicitly marked unavailable here
4 |     public typealias Components = DatePickerComponents
5 |     nonisolated public var body: some View { get }
SwiftCompile normal arm64 Compiling\ DictionaryKeySort.swift /Users/admin/builder/spi-builder-workspace/Sources/Exhibition/Utilities/DictionaryKeySort.swift (in target 'Exhibition' from project 'Exhibition')
SwiftCompile normal arm64 /Users/admin/builder/spi-builder-workspace/Sources/Exhibition/Utilities/DictionaryKeySort.swift (in target 'Exhibition' from project 'Exhibition')
    cd /Users/admin/builder/spi-builder-workspace/.swiftpm/xcode
    builtin-SwiftPerFileCompile DictionaryKeySort.swift
SwiftCompile normal arm64 Compiling\ View+Modify.swift /Users/admin/builder/spi-builder-workspace/Sources/Exhibition/Utilities/View+Modify.swift (in target 'Exhibition' from project 'Exhibition')
SwiftCompile normal arm64 /Users/admin/builder/spi-builder-workspace/Sources/Exhibition/Utilities/View+Modify.swift (in target 'Exhibition' from project 'Exhibition')
    cd /Users/admin/builder/spi-builder-workspace/.swiftpm/xcode
    builtin-SwiftPerFileCompile View+Modify.swift
SwiftEmitModule normal arm64 Emitting\ module\ for\ Exhibition (in target 'Exhibition' from project 'Exhibition')
/Users/admin/builder/spi-builder-workspace/Sources/Exhibition/ParameterViews/DateParameterView.swift:22:11: error: 'DatePicker' is unavailable in tvOS
20 | #else
21 |
22 | extension DatePicker: ParameterView where Label == Text {
   |           `- error: 'DatePicker' is unavailable in tvOS
23 |     public init(key: String, value: Binding<Date>) {
24 |         self.init(key, selection: value)
SwiftUI.DatePicker:3:27: note: 'DatePicker' has been explicitly marked unavailable here
1 | @available(iOS 13.0, macOS 10.15, watchOS 10.0, *)
2 | @available(tvOS, unavailable)
3 | nonisolated public struct DatePicker<Label> : View, ~Sendable where Label : View {
  |                           `- note: 'DatePicker' has been explicitly marked unavailable here
4 |     public typealias Components = DatePickerComponents
5 |     nonisolated public var body: some View { get }
/Users/admin/builder/spi-builder-workspace/Sources/Exhibition/ParameterViews/DateParameterView.swift:28:31: error: 'DatePicker' is unavailable in tvOS
26 | }
27 |
28 | typealias DateParameterView = DatePicker
   |                               `- error: 'DatePicker' is unavailable in tvOS
29 |
30 | #endif
SwiftUI.DatePicker:3:27: note: 'DatePicker' has been explicitly marked unavailable here
1 | @available(iOS 13.0, macOS 10.15, watchOS 10.0, *)
2 | @available(tvOS, unavailable)
3 | nonisolated public struct DatePicker<Label> : View, ~Sendable where Label : View {
  |                           `- note: 'DatePicker' has been explicitly marked unavailable here
4 |     public typealias Components = DatePickerComponents
5 |     nonisolated public var body: some View { get }
/Users/admin/builder/spi-builder-workspace/Sources/Exhibition/ParameterViews/IntParameterView.swift:23:11: error: 'Stepper' is unavailable in tvOS
21 | #else
22 |
23 | extension Stepper: ParameterView where Label == Text {
   |           `- error: 'Stepper' is unavailable in tvOS
24 |     public init(key: String, value: Binding<Int>) {
25 |         self.init(key, value: value)
SwiftUI.Stepper:3:27: note: 'Stepper' has been explicitly marked unavailable here
1 | @available(iOS 13.0, macOS 10.15, watchOS 9.0, *)
2 | @available(tvOS, unavailable)
3 | nonisolated public struct Stepper<Label> : View, ~Sendable where Label : View {
  |                           `- note: 'Stepper' has been explicitly marked unavailable here
4 |     @export(implementation) nonisolated public init(@ContentBuilder label: () -> Label, onIncrement: (() -> Void)?, onDecrement: (() -> Void)?, onEditingChanged: @escaping (Bool) -> Void = { _ in })
5 |     nonisolated public var body: some View { get }
/Users/admin/builder/spi-builder-workspace/Sources/Exhibition/ParameterViews/IntParameterView.swift:29:30: error: 'Stepper' is unavailable in tvOS
27 | }
28 |
29 | typealias IntParameterView = Stepper
   |                              `- error: 'Stepper' is unavailable in tvOS
30 |
31 | #endif
SwiftUI.Stepper:3:27: note: 'Stepper' has been explicitly marked unavailable here
1 | @available(iOS 13.0, macOS 10.15, watchOS 9.0, *)
2 | @available(tvOS, unavailable)
3 | nonisolated public struct Stepper<Label> : View, ~Sendable where Label : View {
  |                           `- note: 'Stepper' has been explicitly marked unavailable here
4 |     @export(implementation) nonisolated public init(@ContentBuilder label: () -> Label, onIncrement: (() -> Void)?, onDecrement: (() -> Void)?, onEditingChanged: @escaping (Bool) -> Void = { _ in })
5 |     nonisolated public var body: some View { get }
Failed frontend command:
/Applications/Xcode-27.0.0-Release.Candidate.app/Contents/Developer/Toolchains/XcodeDefault.xctoolchain/usr/bin/swift-frontend -frontend -emit-module -experimental-skip-non-inlinable-function-bodies-without-types /Users/admin/builder/spi-builder-workspace/Sources/Exhibition/AnyExhibit.swift /Users/admin/builder/spi-builder-workspace/Sources/Exhibition/Context.swift /Users/admin/builder/spi-builder-workspace/Sources/Exhibition/DebugView.swift /Users/admin/builder/spi-builder-workspace/Sources/Exhibition/Defaultable.swift /Users/admin/builder/spi-builder-workspace/Sources/Exhibition/ExhibitListView.swift /Users/admin/builder/spi-builder-workspace/Sources/Exhibition/ExhibitProvider.swift /Users/admin/builder/spi-builder-workspace/Sources/Exhibition/ParameterView.swift /Users/admin/builder/spi-builder-workspace/Sources/Exhibition/ParameterViews/BoolParameterView.swift /Users/admin/builder/spi-builder-workspace/Sources/Exhibition/ParameterViews/ClosureParameterView.swift /Users/admin/builder/spi-builder-workspace/Sources/Exhibition/ParameterViews/DateParameterView.swift /Users/admin/builder/spi-builder-workspace/Sources/Exhibition/ParameterViews/DecimalFormattedParameterView.swift /Users/admin/builder/spi-builder-workspace/Sources/Exhibition/ParameterViews/EnumParameterView.swift /Users/admin/builder/spi-builder-workspace/Sources/Exhibition/ParameterViews/IntParameterView.swift /Users/admin/builder/spi-builder-workspace/Sources/Exhibition/ParameterViews/StringParameterView.swift /Users/admin/builder/spi-builder-workspace/Sources/Exhibition/ParameterViews/UnknownParameterView.swift /Users/admin/builder/spi-builder-workspace/Sources/Exhibition/Utilities/DictionaryKeySort.swift /Users/admin/builder/spi-builder-workspace/Sources/Exhibition/Utilities/View+Modify.swift -target arm64-apple-tvos15.0 -disable-cross-import-overlay-search -load-resolved-plugin /Applications/Xcode-27.0.0-Release.Candidate.app/Contents/Developer/Platforms/AppleTVOS.platform/Developer/usr/lib/swift/host/plugins/libFoundationMacros.dylib\#/Applications/Xcode-27.0.0-Release.Candidate.app/Contents/Developer/Platforms/AppleTVOS.platform/Developer/usr/bin/swift-plugin-server\#FoundationMacros -load-resolved-plugin /Applications/Xcode-27.0.0-Release.Candidate.app/Contents/Developer/Platforms/AppleTVOS.platform/Developer/usr/lib/swift/host/plugins/libObservationMacros.dylib\#/Applications/Xcode-27.0.0-Release.Candidate.app/Contents/Developer/Platforms/AppleTVOS.platform/Developer/usr/bin/swift-plugin-server\#ObservationMacros -load-resolved-plugin /Applications/Xcode-27.0.0-Release.Candidate.app/Contents/Developer/Platforms/AppleTVOS.platform/Developer/usr/lib/swift/host/plugins/libPreviewsMacros.dylib\#/Applications/Xcode-27.0.0-Release.Candidate.app/Contents/Developer/Platforms/AppleTVOS.platform/Developer/usr/bin/swift-plugin-server\#PreviewsMacros -load-resolved-plugin /Applications/Xcode-27.0.0-Release.Candidate.app/Contents/Developer/Platforms/AppleTVOS.platform/Developer/usr/lib/swift/host/plugins/libSwiftMacros.dylib\#/Applications/Xcode-27.0.0-Release.Candidate.app/Contents/Developer/Platforms/AppleTVOS.platform/Developer/usr/bin/swift-plugin-server\#SwiftMacros -load-resolved-plugin /Applications/Xcode-27.0.0-Release.Candidate.app/Contents/Developer/Platforms/AppleTVOS.platform/Developer/usr/lib/swift/host/plugins/libSwiftUIMacros.dylib\#/Applications/Xcode-27.0.0-Release.Candidate.app/Contents/Developer/Platforms/AppleTVOS.platform/Developer/usr/bin/swift-plugin-server\#SwiftUIMacros -disable-implicit-swift-modules -Xcc -fno-implicit-modules -Xcc -fno-implicit-module-maps -explicit-swift-module-map-file /Users/admin/builder/spi-builder-workspace/.derivedData/Build/Intermediates.noindex/Exhibition.build/Debug-appletvos/Exhibition-t.build/Objects-normal/arm64/Exhibition-dependencies-1.json -Xllvm -aarch64-use-tbi -enable-objc-interop -stack-check -sdk /Applications/Xcode-27.0.0-Release.Candidate.app/Contents/Developer/Platforms/AppleTVOS.platform/Developer/SDKs/AppleTVOS27.0.sdk -I /Users/admin/builder/spi-builder-workspace/.derivedData/Build/Products/Debug-appletvos -Isystem /Applications/Xcode-27.0.0-Release.Candidate.app/Contents/Developer/Platforms/AppleTVOS.platform/Developer/usr/lib -F /Users/admin/builder/spi-builder-workspace/.derivedData/Build/Products/Debug-appletvos -F /Applications/Xcode-27.0.0-Release.Candidate.app/Contents/Developer/Platforms/AppleTVOS.platform/Developer/Library/Frameworks -F /Applications/Xcode-27.0.0-Release.Candidate.app/Contents/Developer/Platforms/AppleTVOS.platform/Developer/SDKs/AppleTVOS27.0.sdk/Developer/Library/Frameworks -module-cache-path /Users/admin/builder/spi-builder-workspace/.derivedData/Build/Intermediates.noindex/SwiftExplicitPrecompiledModules -no-color-diagnostics -Xcc -fno-color-diagnostics -enable-testing -g -debug-info-format\=dwarf -dwarf-version\=4 -swift-version 5 -Onone -D SWIFT_PACKAGE -D DEBUG -D SWIFT_MODULE_RESOURCE_BUNDLE_UNAVAILABLE -D Xcode -serialize-debugging-options -enable-experimental-feature DebugDescriptionMacro -empty-abi-descriptor -validate-clang-modules-once -clang-build-session-file /Users/admin/builder/spi-builder-workspace/.derivedData/ModuleCache.noindex/Session.modulevalidation -Xcc -working-directory -Xcc /Users/admin/builder/spi-builder-workspace/.swiftpm/xcode -enable-anonymous-context-mangled-names -file-compilation-dir /Users/admin/builder/spi-builder-workspace/.swiftpm/xcode -Xcc -D_LIBCPP_HARDENING_MODE\=_LIBCPP_HARDENING_MODE_DEBUG -Xcc -ivfsstatcache -Xcc /Users/admin/builder/spi-builder-workspace/.derivedData/SDKStatCaches.noindex/appletvos27.0-24J360-e829b21a6f8c9b70876ba0858053c044b32bfd8d43560033f8d89884cdb90028.sdkstatcache -Xcc -fmodules-prune-interval\=86400 -Xcc -fmodules-prune-after\=345600 -Xcc -I/Users/admin/builder/spi-builder-workspace/.derivedData/Build/Products/Debug-appletvos/include -Xcc -I/Users/admin/builder/spi-builder-workspace/.derivedData/Build/Intermediates.noindex/Exhibition.build/Debug-appletvos/Exhibition-t.build/DerivedSources-normal/arm64 -Xcc -I/Users/admin/builder/spi-builder-workspace/.derivedData/Build/Intermediates.noindex/Exhibition.build/Debug-appletvos/Exhibition-t.build/DerivedSources/arm64 -Xcc -I/Users/admin/builder/spi-builder-workspace/.derivedData/Build/Intermediates.noindex/Exhibition.build/Debug-appletvos/Exhibition-t.build/DerivedSources -Xcc -DSWIFT_PACKAGE -Xcc -DDEBUG\=1 -no-auto-bridging-header-chaining -module-name Exhibition -const-gather-protocols-file /Users/admin/builder/spi-builder-workspace/.derivedData/Build/Intermediates.noindex/Exhibition.build/Debug-appletvos/Exhibition-t.build/Objects-normal/arm64/Exhibition_const_extract_protocols.json -disable-clang-spi -clang-target arm64-apple-tvos27.0 -target-sdk-version 27.0 -target-sdk-name appletvos27.0 -in-process-plugin-server-path /Applications/Xcode-27.0.0-Release.Candidate.app/Contents/Developer/Toolchains/XcodeDefault.xctoolchain/usr/lib/swift/host/libSwiftInProcPluginServer.dylib -emit-module-doc-path /Users/admin/builder/spi-builder-workspace/.derivedData/Build/Intermediates.noindex/Exhibition.build/Debug-appletvos/Exhibition-t.build/Objects-normal/arm64/Exhibition.swiftdoc -emit-module-source-info-path /Users/admin/builder/spi-builder-workspace/.derivedData/Build/Intermediates.noindex/Exhibition.build/Debug-appletvos/Exhibition-t.build/Objects-normal/arm64/Exhibition.swiftsourceinfo -emit-objc-header-path /Users/admin/builder/spi-builder-workspace/.derivedData/Build/Intermediates.noindex/Exhibition.build/Debug-appletvos/Exhibition-t.build/Objects-normal/arm64/Exhibition-Swift.h -serialize-diagnostics-path /Users/admin/builder/spi-builder-workspace/.derivedData/Build/Intermediates.noindex/Exhibition.build/Debug-appletvos/Exhibition-t.build/Objects-normal/arm64/Exhibition-primary-emit-module.dia -emit-dependencies-path /Users/admin/builder/spi-builder-workspace/.derivedData/Build/Intermediates.noindex/Exhibition.build/Debug-appletvos/Exhibition-t.build/Objects-normal/arm64/Exhibition-primary-emit-module.d -parse-as-library -o /Users/admin/builder/spi-builder-workspace/.derivedData/Build/Intermediates.noindex/Exhibition.build/Debug-appletvos/Exhibition-t.build/Objects-normal/arm64/Exhibition.swiftmodule -emit-abi-descriptor-path /Users/admin/builder/spi-builder-workspace/.derivedData/Build/Intermediates.noindex/Exhibition.build/Debug-appletvos/Exhibition-t.build/Objects-normal/arm64/Exhibition.abi.json
SwiftCompile normal arm64 (in target 'Exhibition' from project 'Exhibition')
    cd /Users/admin/builder/spi-builder-workspace/.swiftpm/xcode

SwiftCompile normal arm64 Compiling\ IntParameterView.swift,\ StringParameterView.swift /Users/admin/builder/spi-builder-workspace/Sources/Exhibition/ParameterViews/IntParameterView.swift /Users/admin/builder/spi-builder-workspace/Sources/Exhibition/ParameterViews/StringParameterView.swift (in target 'Exhibition' from project 'Exhibition')
SwiftCompile normal arm64 /Users/admin/builder/spi-builder-workspace/Sources/Exhibition/ParameterViews/IntParameterView.swift (in target 'Exhibition' from project 'Exhibition')
    cd /Users/admin/builder/spi-builder-workspace/.swiftpm/xcode
    builtin-SwiftPerFileCompile IntParameterView.swift
SwiftCompile normal arm64 /Users/admin/builder/spi-builder-workspace/Sources/Exhibition/ParameterViews/StringParameterView.swift (in target 'Exhibition' from project 'Exhibition')
    cd /Users/admin/builder/spi-builder-workspace/.swiftpm/xcode
    builtin-SwiftPerFileCompile StringParameterView.swift
PruneExplicitPrecompiledModules /Users/admin/builder/spi-builder-workspace/.derivedData/Build/Intermediates.noindex/ExplicitPrecompiledModules
PruneExplicitPrecompiledModules /Users/admin/builder/spi-builder-workspace/.derivedData/SDKExplicitPrecompiledModules
PruneExplicitPrecompiledModules /Users/admin/builder/spi-builder-workspace/.derivedData/Build/Intermediates.noindex/SwiftExplicitPrecompiledModules
2026-09-19 04:07:06.680 xcodebuild[751:4683] [MT] IDERunDestination: Supported platforms for the buildables in the current scheme is empty.
2026-09-19 04:07:06.821 xcodebuild[751:4683] [MT] IDERunDestination: Supported platforms for the buildables in the current scheme is empty.
** BUILD FAILED **
The following build commands failed:
	SwiftEmitModule normal arm64 Emitting\ module\ for\ Exhibition (in target 'Exhibition' from project 'Exhibition')
	SwiftCompile normal arm64 (in target 'Exhibition' from project 'Exhibition')
	Building workspace Exhibition with scheme Exhibition
(3 failures)
BUILD FAILURE 6.4 tvOS