Build Information
Failed to build LNPreviewToContextMenu, reference master (afaac2), with Swift 6.4 for watchOS using Xcode 27.0 on 17 Sep 2026 21:08:18 UTC.
Build Command
env DEVELOPER_DIR=/Applications/Xcode-27.0.0-Release.Candidate.app xcrun xcodebuild -IDEClonedSourcePackagesDirPathOverride=$PWD/.dependencies -skipMacroValidation -skipPackagePluginValidation -derivedDataPath $PWD/.derivedData build -scheme LNPreviewToContextMenu-Package -destination generic/platform=watchOSBuild Log
========================================
RunAll
========================================
Builder version: 5.1.0
Interrupt handler set up.
========================================
Checkout
========================================
Clone URL: https://github.com/LeoNatan/LNPreviewToContextMenu.git
Reference: master
Initialized empty Git repository in /Users/admin/builder/spi-builder-workspace/.git/
From https://github.com/LeoNatan/LNPreviewToContextMenu
* branch master -> FETCH_HEAD
* [new branch] master -> origin/master
HEAD is now at afaac2f 1.3
Cloned https://github.com/LeoNatan/LNPreviewToContextMenu.git
Revision (git rev-parse @):
afaac2f725edc4270fd3256a00e64cb9de37b62b
SUCCESS checkout https://github.com/LeoNatan/LNPreviewToContextMenu.git at master
========================================
Build
========================================
Selected platform: watchOS
Swift version: 6.4
Building package at path: $PWD
https://github.com/LeoNatan/LNPreviewToContextMenu.git
Command line invocation:
/Applications/Xcode-27.0.0-Release.Candidate.app/Contents/Developer/usr/bin/xcodebuild -IDEClonedSourcePackagesDirPathOverride=/Users/admin/builder/spi-builder-workspace/.dependencies -resolvePackageDependencies
Resolve Package Graph
Resolve Package Graph
Resolved source packages:
LNPreviewToContextMenu: /Users/admin/builder/spi-builder-workspace
resolved source packages: LNPreviewToContextMenu
2026-09-17 17:07:27.966 xcodebuild[529:3035] [MT] IDERunDestination: Supported platforms for the buildables in the current scheme is empty.
{
"dependencies" : [
],
"manifest_display_name" : "LNPreviewToContextMenu",
"name" : "LNPreviewToContextMenu",
"path" : "/Users/admin/builder/spi-builder-workspace",
"platforms" : [
{
"name" : "ios",
"version" : "11.0"
}
],
"products" : [
{
"name" : "LNPreviewToContextMenu",
"targets" : [
"LNPreviewToContextMenu"
],
"type" : {
"library" : [
"dynamic"
]
}
},
{
"name" : "LNPreviewToContextMenu-Static",
"targets" : [
"LNPreviewToContextMenu"
],
"type" : {
"library" : [
"static"
]
}
}
],
"targets" : [
{
"c99name" : "LNPreviewToContextMenu",
"module_type" : "ClangTarget",
"name" : "LNPreviewToContextMenu",
"path" : "LNPreviewToContextMenu",
"product_memberships" : [
"LNPreviewToContextMenu",
"LNPreviewToContextMenu-Static"
],
"sources" : [
"LNPreviewToContextMenu/UIViewController+UIPreviewContextCompat.m"
],
"type" : "library"
}
],
"tools_version" : "5.1"
}
{
"workspace" : {
"name" : "LNPreviewToContextMenu",
"schemes" : [
"LNPreviewToContextMenu",
"LNPreviewToContextMenu-Package",
"LNPreviewToContextMenu-Static"
]
}
}
2026-09-17 17:08:09.060 xcodebuild[654:4192] [MT] IDERunDestination: Supported platforms for the buildables in the current scheme is empty.
Running build ...
env DEVELOPER_DIR=/Applications/Xcode-27.0.0-Release.Candidate.app xcrun xcodebuild -IDEClonedSourcePackagesDirPathOverride=$PWD/.dependencies -skipMacroValidation -skipPackagePluginValidation -derivedDataPath $PWD/.derivedData build -scheme LNPreviewToContextMenu-Package -destination generic/platform=watchOS
Command line invocation:
/Applications/Xcode-27.0.0-Release.Candidate.app/Contents/Developer/usr/bin/xcodebuild -IDEClonedSourcePackagesDirPathOverride=/Users/admin/builder/spi-builder-workspace/.dependencies -skipMacroValidation -skipPackagePluginValidation -derivedDataPath /Users/admin/builder/spi-builder-workspace/.derivedData build -scheme LNPreviewToContextMenu-Package -destination generic/platform=watchOS
Resolve Package Graph
Resolved source packages:
LNPreviewToContextMenu: /Users/admin/builder/spi-builder-workspace
ComputePackagePrebuildTargetDependencyGraph
Prepare packages
CreateBuildRequest
SendProjectDescription
CreateBuildOperation
ComputeTargetDependencyGraph
note: Building targets in dependency order
note: Target dependency graph (3 targets)
Target 'LNPreviewToContextMenu-Static-product' in project 'LNPreviewToContextMenu'
➜ Explicit dependency on target 'LNPreviewToContextMenu' in project 'LNPreviewToContextMenu'
Target 'LNPreviewToContextMenu-product' in project 'LNPreviewToContextMenu'
➜ Explicit dependency on target 'LNPreviewToContextMenu' in project 'LNPreviewToContextMenu'
Target 'LNPreviewToContextMenu' in project 'LNPreviewToContextMenu' (no dependencies)
GatherProvisioningInputs
CreateBuildDescription
ExecuteExternalTool /Applications/Xcode-27.0.0-Release.Candidate.app/Contents/Developer/Toolchains/XcodeDefault.xctoolchain/usr/bin/clang -v -E -dM -isysroot /Applications/Xcode-27.0.0-Release.Candidate.app/Contents/Developer/Platforms/WatchOS.platform/Developer/SDKs/WatchOS27.0.sdk -x c -c /dev/null
ExecuteExternalTool /Applications/Xcode-27.0.0-Release.Candidate.app/Contents/Developer/Toolchains/XcodeDefault.xctoolchain/usr/bin/clang -v -E -dM -arch arm64 -isysroot /Applications/Xcode-27.0.0-Release.Candidate.app/Contents/Developer/Platforms/WatchOS.platform/Developer/SDKs/WatchOS27.0.sdk -x objective-c -c /dev/null
ExecuteExternalTool /Applications/Xcode-27.0.0-Release.Candidate.app/Contents/Developer/Toolchains/XcodeDefault.xctoolchain/usr/bin/ld -version_details
ExecuteExternalTool /Applications/Xcode-27.0.0-Release.Candidate.app/Contents/Developer/Toolchains/XcodeDefault.xctoolchain/usr/bin/clang -v -E -dM -arch arm64 -isysroot /Applications/Xcode-27.0.0-Release.Candidate.app/Contents/Developer/Platforms/WatchOS.platform/Developer/SDKs/WatchOS27.0.sdk -x c -c /dev/null
ExecuteExternalTool /Applications/Xcode-27.0.0-Release.Candidate.app/Contents/Developer/Toolchains/XcodeDefault.xctoolchain/usr/bin/clang -v -E -dM -arch arm64_32 -isysroot /Applications/Xcode-27.0.0-Release.Candidate.app/Contents/Developer/Platforms/WatchOS.platform/Developer/SDKs/WatchOS27.0.sdk -x objective-c -c /dev/null
ExecuteExternalTool /Applications/Xcode-27.0.0-Release.Candidate.app/Contents/Developer/Toolchains/XcodeDefault.xctoolchain/usr/bin/clang -v -E -dM -arch arm64_32 -isysroot /Applications/Xcode-27.0.0-Release.Candidate.app/Contents/Developer/Platforms/WatchOS.platform/Developer/SDKs/WatchOS27.0.sdk -x c -c /dev/null
Build description signature: 9304591d6096157c7650c1b9a3cd0e3b
Build description path: /Users/admin/builder/spi-builder-workspace/.derivedData/Build/Intermediates.noindex/XCBuildData/9304591d6096157c7650c1b9a3cd0e3b.xcbuilddata
CreateBuildDirectory /Users/admin/builder/spi-builder-workspace/.derivedData/SDKExplicitPrecompiledModules
cd /Users/admin/builder/spi-builder-workspace/.swiftpm/xcode
builtin-create-build-directory /Users/admin/builder/spi-builder-workspace/.derivedData/SDKExplicitPrecompiledModules
CreateBuildDirectory /Users/admin/builder/spi-builder-workspace/.derivedData/ModuleCache.noindex
cd /Users/admin/builder/spi-builder-workspace/.swiftpm/xcode
builtin-create-build-directory /Users/admin/builder/spi-builder-workspace/.derivedData/ModuleCache.noindex
CreateBuildDirectory /Users/admin/builder/spi-builder-workspace/.derivedData/CompilationCache.noindex
cd /Users/admin/builder/spi-builder-workspace/.swiftpm/xcode
builtin-create-build-directory /Users/admin/builder/spi-builder-workspace/.derivedData/CompilationCache.noindex
CreateBuildDirectory /Users/admin/builder/spi-builder-workspace/.derivedData/Build/Products
cd /Users/admin/builder/spi-builder-workspace/.swiftpm/xcode
builtin-create-build-directory /Users/admin/builder/spi-builder-workspace/.derivedData/Build/Products
CreateBuildDirectory /Users/admin/builder/spi-builder-workspace/.derivedData/Build/Intermediates.noindex
cd /Users/admin/builder/spi-builder-workspace/.swiftpm/xcode
builtin-create-build-directory /Users/admin/builder/spi-builder-workspace/.derivedData/Build/Intermediates.noindex
ClangStatCache /Applications/Xcode-27.0.0-Release.Candidate.app/Contents/Developer/Toolchains/XcodeDefault.xctoolchain/usr/bin/clang-stat-cache /Applications/Xcode-27.0.0-Release.Candidate.app/Contents/Developer/Platforms/WatchOS.platform/Developer/SDKs/WatchOS27.0.sdk /Users/admin/builder/spi-builder-workspace/.derivedData/SDKStatCaches.noindex/watchos27.0-24R360-e829b21a6f8c9b70876ba0858053c04477534ef55a1706bf4c1112bbb242f0a2.sdkstatcache
cd /Users/admin/builder/spi-builder-workspace/.swiftpm/xcode
/Applications/Xcode-27.0.0-Release.Candidate.app/Contents/Developer/Toolchains/XcodeDefault.xctoolchain/usr/bin/clang-stat-cache /Applications/Xcode-27.0.0-Release.Candidate.app/Contents/Developer/Platforms/WatchOS.platform/Developer/SDKs/WatchOS27.0.sdk -o /Users/admin/builder/spi-builder-workspace/.derivedData/SDKStatCaches.noindex/watchos27.0-24R360-e829b21a6f8c9b70876ba0858053c04477534ef55a1706bf4c1112bbb242f0a2.sdkstatcache
CreateBuildDirectory /Users/admin/builder/spi-builder-workspace/.derivedData/Build/Intermediates.noindex/PrecompiledHeaders
cd /Users/admin/builder/spi-builder-workspace/.swiftpm/xcode
builtin-create-build-directory /Users/admin/builder/spi-builder-workspace/.derivedData/Build/Intermediates.noindex/PrecompiledHeaders
CreateBuildDirectory /Users/admin/builder/spi-builder-workspace/.derivedData/Build/Intermediates.noindex/SwiftExplicitPrecompiledModules
cd /Users/admin/builder/spi-builder-workspace/.swiftpm/xcode
builtin-create-build-directory /Users/admin/builder/spi-builder-workspace/.derivedData/Build/Intermediates.noindex/SwiftExplicitPrecompiledModules
CreateBuildDirectory /Users/admin/builder/spi-builder-workspace/.derivedData/Build/Intermediates.noindex/ExplicitPrecompiledModules
cd /Users/admin/builder/spi-builder-workspace/.swiftpm/xcode
builtin-create-build-directory /Users/admin/builder/spi-builder-workspace/.derivedData/Build/Intermediates.noindex/ExplicitPrecompiledModules
CreateBuildDirectory /Users/admin/builder/spi-builder-workspace/.derivedData/Build/Products/Debug-watchos
cd /Users/admin/builder/spi-builder-workspace/.swiftpm/xcode
builtin-create-build-directory /Users/admin/builder/spi-builder-workspace/.derivedData/Build/Products/Debug-watchos
CreateBuildDirectory /Users/admin/builder/spi-builder-workspace/.derivedData/Build/Intermediates.noindex/EagerLinkingTBDs/Debug-watchos
cd /Users/admin/builder/spi-builder-workspace/.swiftpm/xcode
builtin-create-build-directory /Users/admin/builder/spi-builder-workspace/.derivedData/Build/Intermediates.noindex/EagerLinkingTBDs/Debug-watchos
CreateBuildDirectory /Users/admin/builder/spi-builder-workspace/.derivedData/Build/Products/Debug-watchos/PackageFrameworks
cd /Users/admin/builder/spi-builder-workspace/.swiftpm/xcode
builtin-create-build-directory /Users/admin/builder/spi-builder-workspace/.derivedData/Build/Products/Debug-watchos/PackageFrameworks
MkDir /Users/admin/builder/spi-builder-workspace/.derivedData/Build/Products/Debug-watchos/PackageFrameworks/LNPreviewToContextMenu.framework (in target 'LNPreviewToContextMenu-product' from project 'LNPreviewToContextMenu')
cd /Users/admin/builder/spi-builder-workspace
/bin/mkdir -p /Users/admin/builder/spi-builder-workspace/.derivedData/Build/Products/Debug-watchos/PackageFrameworks/LNPreviewToContextMenu.framework
WriteAuxiliaryFile /Users/admin/builder/spi-builder-workspace/.derivedData/Build/Intermediates.noindex/LNPreviewToContextMenu.build/Debug-watchos/LNPreviewToContextMenu-product-t.build/LNPreviewToContextMenu.DependencyMetadataFileList (in target 'LNPreviewToContextMenu-product' from project 'LNPreviewToContextMenu')
cd /Users/admin/builder/spi-builder-workspace
write-file /Users/admin/builder/spi-builder-workspace/.derivedData/Build/Intermediates.noindex/LNPreviewToContextMenu.build/Debug-watchos/LNPreviewToContextMenu-product-t.build/LNPreviewToContextMenu.DependencyMetadataFileList
WriteAuxiliaryFile /Users/admin/builder/spi-builder-workspace/.derivedData/Build/Intermediates.noindex/LNPreviewToContextMenu.build/Debug-watchos/LNPreviewToContextMenu-product-t.build/empty-LNPreviewToContextMenu.plist (in target 'LNPreviewToContextMenu-product' from project 'LNPreviewToContextMenu')
cd /Users/admin/builder/spi-builder-workspace
write-file /Users/admin/builder/spi-builder-workspace/.derivedData/Build/Intermediates.noindex/LNPreviewToContextMenu.build/Debug-watchos/LNPreviewToContextMenu-product-t.build/empty-LNPreviewToContextMenu.plist
WriteAuxiliaryFile /Users/admin/builder/spi-builder-workspace/.derivedData/Build/Intermediates.noindex/LNPreviewToContextMenu.build/Debug-watchos/LNPreviewToContextMenu-product-t.build/LNPreviewToContextMenu.DependencyStaticMetadataFileList (in target 'LNPreviewToContextMenu-product' from project 'LNPreviewToContextMenu')
cd /Users/admin/builder/spi-builder-workspace
write-file /Users/admin/builder/spi-builder-workspace/.derivedData/Build/Intermediates.noindex/LNPreviewToContextMenu.build/Debug-watchos/LNPreviewToContextMenu-product-t.build/LNPreviewToContextMenu.DependencyStaticMetadataFileList
WriteAuxiliaryFile /Users/admin/builder/spi-builder-workspace/.derivedData/Build/Intermediates.noindex/LNPreviewToContextMenu.build/Debug-watchos/LNPreviewToContextMenu-product-t.build/Objects-normal/arm64/LNPreviewToContextMenu.LinkFileList (in target 'LNPreviewToContextMenu-product' from project 'LNPreviewToContextMenu')
cd /Users/admin/builder/spi-builder-workspace
write-file /Users/admin/builder/spi-builder-workspace/.derivedData/Build/Intermediates.noindex/LNPreviewToContextMenu.build/Debug-watchos/LNPreviewToContextMenu-product-t.build/Objects-normal/arm64/LNPreviewToContextMenu.LinkFileList
WriteAuxiliaryFile /Users/admin/builder/spi-builder-workspace/.derivedData/Build/Intermediates.noindex/LNPreviewToContextMenu.build/Debug-watchos/LNPreviewToContextMenu-t.build/Objects-normal/arm64_32/e6072d4f65d7061329687fe24e3d63a7-common-args.resp (in target 'LNPreviewToContextMenu' from project 'LNPreviewToContextMenu')
cd /Users/admin/builder/spi-builder-workspace
write-file /Users/admin/builder/spi-builder-workspace/.derivedData/Build/Intermediates.noindex/LNPreviewToContextMenu.build/Debug-watchos/LNPreviewToContextMenu-t.build/Objects-normal/arm64_32/e6072d4f65d7061329687fe24e3d63a7-common-args.resp
-fobjc-arc -fmodules -gmodules '-fmodules-cache-path=/Users/admin/builder/spi-builder-workspace/.derivedData/ModuleCache.noindex' '-fmodule-name=LNPreviewToContextMenu' -fpascal-strings -O0 -DSWIFT_PACKAGE '-DDEBUG=1' '-DOBJC_OLD_DISPATCH_PROTOTYPES=1' -g -I/Users/admin/builder/spi-builder-workspace/.derivedData/Build/Products/Debug-watchos/include -I/Users/admin/builder/spi-builder-workspace/LNPreviewToContextMenu/include -I/Users/admin/builder/spi-builder-workspace/LNPreviewToContextMenu -I/Users/admin/builder/spi-builder-workspace/.derivedData/Build/Intermediates.noindex/LNPreviewToContextMenu.build/Debug-watchos/LNPreviewToContextMenu-t.build/DerivedSources-normal/arm64_32 -I/Users/admin/builder/spi-builder-workspace/.derivedData/Build/Intermediates.noindex/LNPreviewToContextMenu.build/Debug-watchos/LNPreviewToContextMenu-t.build/DerivedSources/arm64_32 -I/Users/admin/builder/spi-builder-workspace/.derivedData/Build/Intermediates.noindex/LNPreviewToContextMenu.build/Debug-watchos/LNPreviewToContextMenu-t.build/DerivedSources -F/Users/admin/builder/spi-builder-workspace/.derivedData/Build/Products/Debug-watchos -iframework /Applications/Xcode-27.0.0-Release.Candidate.app/Contents/Developer/Platforms/WatchOS.platform/Developer/Library/Frameworks -iframework /Applications/Xcode-27.0.0-Release.Candidate.app/Contents/Developer/Platforms/WatchOS.platform/Developer/SDKs/WatchOS27.0.sdk/Developer/Library/Frameworks -DXcode
WriteAuxiliaryFile /Users/admin/builder/spi-builder-workspace/.derivedData/Build/Intermediates.noindex/LNPreviewToContextMenu.build/Debug-watchos/LNPreviewToContextMenu-t.build/Objects-normal/arm64_32/LNPreviewToContextMenu.LinkFileList (in target 'LNPreviewToContextMenu' from project 'LNPreviewToContextMenu')
cd /Users/admin/builder/spi-builder-workspace
write-file /Users/admin/builder/spi-builder-workspace/.derivedData/Build/Intermediates.noindex/LNPreviewToContextMenu.build/Debug-watchos/LNPreviewToContextMenu-t.build/Objects-normal/arm64_32/LNPreviewToContextMenu.LinkFileList
WriteAuxiliaryFile /Users/admin/builder/spi-builder-workspace/.derivedData/Build/Intermediates.noindex/LNPreviewToContextMenu.build/Debug-watchos/LNPreviewToContextMenu-product-t.build/Objects-normal/arm64_32/LNPreviewToContextMenu.LinkFileList (in target 'LNPreviewToContextMenu-product' from project 'LNPreviewToContextMenu')
cd /Users/admin/builder/spi-builder-workspace
write-file /Users/admin/builder/spi-builder-workspace/.derivedData/Build/Intermediates.noindex/LNPreviewToContextMenu.build/Debug-watchos/LNPreviewToContextMenu-product-t.build/Objects-normal/arm64_32/LNPreviewToContextMenu.LinkFileList
WriteAuxiliaryFile /Users/admin/builder/spi-builder-workspace/.derivedData/Build/Intermediates.noindex/LNPreviewToContextMenu.build/Debug-watchos/LNPreviewToContextMenu-t.build/Objects-normal/arm64/LNPreviewToContextMenu.LinkFileList (in target 'LNPreviewToContextMenu' from project 'LNPreviewToContextMenu')
cd /Users/admin/builder/spi-builder-workspace
write-file /Users/admin/builder/spi-builder-workspace/.derivedData/Build/Intermediates.noindex/LNPreviewToContextMenu.build/Debug-watchos/LNPreviewToContextMenu-t.build/Objects-normal/arm64/LNPreviewToContextMenu.LinkFileList
WriteAuxiliaryFile /Users/admin/builder/spi-builder-workspace/.derivedData/Build/Intermediates.noindex/LNPreviewToContextMenu.build/Debug-watchos/LNPreviewToContextMenu-t.build/Objects-normal/arm64/e6072d4f65d7061329687fe24e3d63a7-common-args.resp (in target 'LNPreviewToContextMenu' from project 'LNPreviewToContextMenu')
cd /Users/admin/builder/spi-builder-workspace
write-file /Users/admin/builder/spi-builder-workspace/.derivedData/Build/Intermediates.noindex/LNPreviewToContextMenu.build/Debug-watchos/LNPreviewToContextMenu-t.build/Objects-normal/arm64/e6072d4f65d7061329687fe24e3d63a7-common-args.resp
-fobjc-arc -fmodules -gmodules '-fmodules-cache-path=/Users/admin/builder/spi-builder-workspace/.derivedData/ModuleCache.noindex' '-fmodule-name=LNPreviewToContextMenu' -fpascal-strings -O0 -DSWIFT_PACKAGE '-DDEBUG=1' '-DOBJC_OLD_DISPATCH_PROTOTYPES=1' -g -I/Users/admin/builder/spi-builder-workspace/.derivedData/Build/Products/Debug-watchos/include -I/Users/admin/builder/spi-builder-workspace/LNPreviewToContextMenu/include -I/Users/admin/builder/spi-builder-workspace/LNPreviewToContextMenu -I/Users/admin/builder/spi-builder-workspace/.derivedData/Build/Intermediates.noindex/LNPreviewToContextMenu.build/Debug-watchos/LNPreviewToContextMenu-t.build/DerivedSources-normal/arm64 -I/Users/admin/builder/spi-builder-workspace/.derivedData/Build/Intermediates.noindex/LNPreviewToContextMenu.build/Debug-watchos/LNPreviewToContextMenu-t.build/DerivedSources/arm64 -I/Users/admin/builder/spi-builder-workspace/.derivedData/Build/Intermediates.noindex/LNPreviewToContextMenu.build/Debug-watchos/LNPreviewToContextMenu-t.build/DerivedSources -F/Users/admin/builder/spi-builder-workspace/.derivedData/Build/Products/Debug-watchos -iframework /Applications/Xcode-27.0.0-Release.Candidate.app/Contents/Developer/Platforms/WatchOS.platform/Developer/Library/Frameworks -iframework /Applications/Xcode-27.0.0-Release.Candidate.app/Contents/Developer/Platforms/WatchOS.platform/Developer/SDKs/WatchOS27.0.sdk/Developer/Library/Frameworks -DXcode
WriteAuxiliaryFile /Users/admin/builder/spi-builder-workspace/.derivedData/Build/Intermediates.noindex/LNPreviewToContextMenu.build/Debug-watchos/LNPreviewToContextMenu-t.build/LNPreviewToContextMenu.modulemap (in target 'LNPreviewToContextMenu' from project 'LNPreviewToContextMenu')
cd /Users/admin/builder/spi-builder-workspace
write-file /Users/admin/builder/spi-builder-workspace/.derivedData/Build/Intermediates.noindex/LNPreviewToContextMenu.build/Debug-watchos/LNPreviewToContextMenu-t.build/LNPreviewToContextMenu.modulemap
WriteAuxiliaryFile /Users/admin/builder/spi-builder-workspace/.derivedData/Build/Intermediates.noindex/LNPreviewToContextMenu.build/Debug-watchos/LNPreviewToContextMenu-t.build/LNPreviewToContextMenu.DependencyStaticMetadataFileList (in target 'LNPreviewToContextMenu' from project 'LNPreviewToContextMenu')
cd /Users/admin/builder/spi-builder-workspace
write-file /Users/admin/builder/spi-builder-workspace/.derivedData/Build/Intermediates.noindex/LNPreviewToContextMenu.build/Debug-watchos/LNPreviewToContextMenu-t.build/LNPreviewToContextMenu.DependencyStaticMetadataFileList
WriteAuxiliaryFile /Users/admin/builder/spi-builder-workspace/.derivedData/Build/Intermediates.noindex/LNPreviewToContextMenu.build/Debug-watchos/LNPreviewToContextMenu-t.build/LNPreviewToContextMenu.DependencyMetadataFileList (in target 'LNPreviewToContextMenu' from project 'LNPreviewToContextMenu')
cd /Users/admin/builder/spi-builder-workspace
write-file /Users/admin/builder/spi-builder-workspace/.derivedData/Build/Intermediates.noindex/LNPreviewToContextMenu.build/Debug-watchos/LNPreviewToContextMenu-t.build/LNPreviewToContextMenu.DependencyMetadataFileList
Copy /Users/admin/builder/spi-builder-workspace/.derivedData/Build/Intermediates.noindex/GeneratedModuleMaps-watchos/LNPreviewToContextMenu.modulemap /Users/admin/builder/spi-builder-workspace/.derivedData/Build/Intermediates.noindex/LNPreviewToContextMenu.build/Debug-watchos/LNPreviewToContextMenu-t.build/LNPreviewToContextMenu.modulemap (in target 'LNPreviewToContextMenu' from project 'LNPreviewToContextMenu')
cd /Users/admin/builder/spi-builder-workspace
builtin-copy -exclude .DS_Store -exclude CVS -exclude .svn -exclude .git -exclude .hg -resolve-src-symlinks /Users/admin/builder/spi-builder-workspace/.derivedData/Build/Intermediates.noindex/LNPreviewToContextMenu.build/Debug-watchos/LNPreviewToContextMenu-t.build/LNPreviewToContextMenu.modulemap /Users/admin/builder/spi-builder-workspace/.derivedData/Build/Intermediates.noindex/GeneratedModuleMaps-watchos
ScanDependencies /Users/admin/builder/spi-builder-workspace/.derivedData/Build/Intermediates.noindex/LNPreviewToContextMenu.build/Debug-watchos/LNPreviewToContextMenu-t.build/Objects-normal/arm64/UIViewController+UIPreviewContextCompat.o /Users/admin/builder/spi-builder-workspace/LNPreviewToContextMenu/LNPreviewToContextMenu/UIViewController+UIPreviewContextCompat.m normal arm64 objective-c com.apple.compilers.llvm.clang.1_0.compiler (in target 'LNPreviewToContextMenu' from project 'LNPreviewToContextMenu')
cd /Users/admin/builder/spi-builder-workspace/.swiftpm/xcode
Using response file: /Users/admin/builder/spi-builder-workspace/.derivedData/Build/Intermediates.noindex/LNPreviewToContextMenu.build/Debug-watchos/LNPreviewToContextMenu-t.build/Objects-normal/arm64/e6072d4f65d7061329687fe24e3d63a7-common-args.resp
builtin-ScanDependencies -o /Users/admin/builder/spi-builder-workspace/.derivedData/Build/Intermediates.noindex/LNPreviewToContextMenu.build/Debug-watchos/LNPreviewToContextMenu-t.build/Objects-normal/arm64/UIViewController+UIPreviewContextCompat.o.scan -- /Applications/Xcode-27.0.0-Release.Candidate.app/Contents/Developer/Toolchains/XcodeDefault.xctoolchain/usr/bin/clang -x objective-c -ivfsstatcache /Users/admin/builder/spi-builder-workspace/.derivedData/SDKStatCaches.noindex/watchos27.0-24R360-e829b21a6f8c9b70876ba0858053c04477534ef55a1706bf4c1112bbb242f0a2.sdkstatcache -target arm64-apple-watchos9.0 -fmessage-length\=0 -fdiagnostics-show-note-include-stack -fmacro-backtrace-limit\=0 -fno-color-diagnostics -fmodules-prune-interval\=86400 -fmodules-prune-after\=345600 -fbuild-session-file\=/Users/admin/builder/spi-builder-workspace/.derivedData/ModuleCache.noindex/Session.modulevalidation -fmodules-validate-once-per-build-session -Wnon-modular-include-in-framework-module -Werror\=non-modular-include-in-framework-module -Wno-trigraphs -Wno-missing-field-initializers -Wno-missing-prototypes -Wno-return-type -Wno-implicit-atomic-properties -Wno-objc-interface-ivars -Wno-arc-repeated-use-of-weak -Wno-missing-braces -Wparentheses -Wswitch -Wno-unused-function -Wno-unused-label -Wno-unused-parameter -Wno-unused-variable -Wunused-value -Wno-empty-body -Wno-uninitialized -Wno-unknown-pragmas -Wno-shadow -Wno-four-char-constants -Wno-conversion -Wno-constant-conversion -Wno-int-conversion -Wno-bool-conversion -Wno-enum-conversion -Wno-float-conversion -Wno-non-literal-null-conversion -Wno-objc-literal-conversion -Wshorten-64-to-32 -Wpointer-sign -Wno-newline-eof -Wno-selector -Wno-strict-selector-match -Wno-undeclared-selector -Wno-deprecated-implementations -Wno-implicit-fallthrough -isysroot /Applications/Xcode-27.0.0-Release.Candidate.app/Contents/Developer/Platforms/WatchOS.platform/Developer/SDKs/WatchOS27.0.sdk -fstrict-aliasing -Wprotocol -Wdeprecated-declarations -Wno-sign-conversion -Wno-infinite-recursion -Wno-comma -Wno-block-capture-autoreleasing -Wno-strict-prototypes -Wno-semicolon-before-method-body -index-store-path /Users/admin/builder/spi-builder-workspace/.derivedData/Index.noindex/DataStore @/Users/admin/builder/spi-builder-workspace/.derivedData/Build/Intermediates.noindex/LNPreviewToContextMenu.build/Debug-watchos/LNPreviewToContextMenu-t.build/Objects-normal/arm64/e6072d4f65d7061329687fe24e3d63a7-common-args.resp -MMD -MT dependencies -MF /Users/admin/builder/spi-builder-workspace/.derivedData/Build/Intermediates.noindex/LNPreviewToContextMenu.build/Debug-watchos/LNPreviewToContextMenu-t.build/Objects-normal/arm64/UIViewController+UIPreviewContextCompat.d --serialize-diagnostics /Users/admin/builder/spi-builder-workspace/.derivedData/Build/Intermediates.noindex/LNPreviewToContextMenu.build/Debug-watchos/LNPreviewToContextMenu-t.build/Objects-normal/arm64/UIViewController+UIPreviewContextCompat.dia -c /Users/admin/builder/spi-builder-workspace/LNPreviewToContextMenu/LNPreviewToContextMenu/UIViewController+UIPreviewContextCompat.m -o /Users/admin/builder/spi-builder-workspace/.derivedData/Build/Intermediates.noindex/LNPreviewToContextMenu.build/Debug-watchos/LNPreviewToContextMenu-t.build/Objects-normal/arm64/UIViewController+UIPreviewContextCompat.o -index-unit-output-path /LNPreviewToContextMenu.build/Debug-watchos/LNPreviewToContextMenu-t.build/Objects-normal/arm64/UIViewController+UIPreviewContextCompat.o
ScanDependencies /Users/admin/builder/spi-builder-workspace/.derivedData/Build/Intermediates.noindex/LNPreviewToContextMenu.build/Debug-watchos/LNPreviewToContextMenu-t.build/Objects-normal/arm64_32/UIViewController+UIPreviewContextCompat.o /Users/admin/builder/spi-builder-workspace/LNPreviewToContextMenu/LNPreviewToContextMenu/UIViewController+UIPreviewContextCompat.m normal arm64_32 objective-c com.apple.compilers.llvm.clang.1_0.compiler (in target 'LNPreviewToContextMenu' from project 'LNPreviewToContextMenu')
cd /Users/admin/builder/spi-builder-workspace/.swiftpm/xcode
Using response file: /Users/admin/builder/spi-builder-workspace/.derivedData/Build/Intermediates.noindex/LNPreviewToContextMenu.build/Debug-watchos/LNPreviewToContextMenu-t.build/Objects-normal/arm64_32/e6072d4f65d7061329687fe24e3d63a7-common-args.resp
builtin-ScanDependencies -o /Users/admin/builder/spi-builder-workspace/.derivedData/Build/Intermediates.noindex/LNPreviewToContextMenu.build/Debug-watchos/LNPreviewToContextMenu-t.build/Objects-normal/arm64_32/UIViewController+UIPreviewContextCompat.o.scan -- /Applications/Xcode-27.0.0-Release.Candidate.app/Contents/Developer/Toolchains/XcodeDefault.xctoolchain/usr/bin/clang -x objective-c -ivfsstatcache /Users/admin/builder/spi-builder-workspace/.derivedData/SDKStatCaches.noindex/watchos27.0-24R360-e829b21a6f8c9b70876ba0858053c04477534ef55a1706bf4c1112bbb242f0a2.sdkstatcache -target arm64_32-apple-watchos9.0 -fmessage-length\=0 -fdiagnostics-show-note-include-stack -fmacro-backtrace-limit\=0 -fno-color-diagnostics -fmodules-prune-interval\=86400 -fmodules-prune-after\=345600 -fbuild-session-file\=/Users/admin/builder/spi-builder-workspace/.derivedData/ModuleCache.noindex/Session.modulevalidation -fmodules-validate-once-per-build-session -Wnon-modular-include-in-framework-module -Werror\=non-modular-include-in-framework-module -Wno-trigraphs -Wno-missing-field-initializers -Wno-missing-prototypes -Wno-return-type -Wno-implicit-atomic-properties -Wno-objc-interface-ivars -Wno-arc-repeated-use-of-weak -Wno-missing-braces -Wparentheses -Wswitch -Wno-unused-function -Wno-unused-label -Wno-unused-parameter -Wno-unused-variable -Wunused-value -Wno-empty-body -Wno-uninitialized -Wno-unknown-pragmas -Wno-shadow -Wno-four-char-constants -Wno-conversion -Wno-constant-conversion -Wno-int-conversion -Wno-bool-conversion -Wno-enum-conversion -Wno-float-conversion -Wno-non-literal-null-conversion -Wno-objc-literal-conversion -Wno-shorten-64-to-32 -Wpointer-sign -Wno-newline-eof -Wno-selector -Wno-strict-selector-match -Wno-undeclared-selector -Wno-deprecated-implementations -Wno-implicit-fallthrough -isysroot /Applications/Xcode-27.0.0-Release.Candidate.app/Contents/Developer/Platforms/WatchOS.platform/Developer/SDKs/WatchOS27.0.sdk -fstrict-aliasing -Wprotocol -Wdeprecated-declarations -Wno-sign-conversion -Wno-infinite-recursion -Wno-comma -Wno-block-capture-autoreleasing -Wno-strict-prototypes -Wno-semicolon-before-method-body -index-store-path /Users/admin/builder/spi-builder-workspace/.derivedData/Index.noindex/DataStore @/Users/admin/builder/spi-builder-workspace/.derivedData/Build/Intermediates.noindex/LNPreviewToContextMenu.build/Debug-watchos/LNPreviewToContextMenu-t.build/Objects-normal/arm64_32/e6072d4f65d7061329687fe24e3d63a7-common-args.resp -MMD -MT dependencies -MF /Users/admin/builder/spi-builder-workspace/.derivedData/Build/Intermediates.noindex/LNPreviewToContextMenu.build/Debug-watchos/LNPreviewToContextMenu-t.build/Objects-normal/arm64_32/UIViewController+UIPreviewContextCompat.d --serialize-diagnostics /Users/admin/builder/spi-builder-workspace/.derivedData/Build/Intermediates.noindex/LNPreviewToContextMenu.build/Debug-watchos/LNPreviewToContextMenu-t.build/Objects-normal/arm64_32/UIViewController+UIPreviewContextCompat.dia -c /Users/admin/builder/spi-builder-workspace/LNPreviewToContextMenu/LNPreviewToContextMenu/UIViewController+UIPreviewContextCompat.m -o /Users/admin/builder/spi-builder-workspace/.derivedData/Build/Intermediates.noindex/LNPreviewToContextMenu.build/Debug-watchos/LNPreviewToContextMenu-t.build/Objects-normal/arm64_32/UIViewController+UIPreviewContextCompat.o -index-unit-output-path /LNPreviewToContextMenu.build/Debug-watchos/LNPreviewToContextMenu-t.build/Objects-normal/arm64_32/UIViewController+UIPreviewContextCompat.o
PrecompileModule /Users/admin/builder/spi-builder-workspace/.derivedData/Build/Intermediates.noindex/ExplicitPrecompiledModules/_Builtin_stdbool-D649XUGWO01K5689JO4R7ZWD.scan
cd /
builtin-precompileModule /Users/admin/builder/spi-builder-workspace/.derivedData/Build/Intermediates.noindex/ExplicitPrecompiledModules/_Builtin_stdbool-D649XUGWO01K5689JO4R7ZWD.scan
PrecompileModule /Users/admin/builder/spi-builder-workspace/.derivedData/Build/Intermediates.noindex/ExplicitPrecompiledModules/_Builtin_stdarg-4MZ7X921MGI76KM9104X5ZTY5.scan
cd /
builtin-precompileModule /Users/admin/builder/spi-builder-workspace/.derivedData/Build/Intermediates.noindex/ExplicitPrecompiledModules/_Builtin_stdarg-4MZ7X921MGI76KM9104X5ZTY5.scan
PrecompileModule /Users/admin/builder/spi-builder-workspace/.derivedData/Build/Intermediates.noindex/ExplicitPrecompiledModules/ptrauth-1HI3M7Y8CG64GXYI94WXBS30H.scan
cd /
builtin-precompileModule /Users/admin/builder/spi-builder-workspace/.derivedData/Build/Intermediates.noindex/ExplicitPrecompiledModules/ptrauth-1HI3M7Y8CG64GXYI94WXBS30H.scan
PrecompileModule /Users/admin/builder/spi-builder-workspace/.derivedData/Build/Intermediates.noindex/ExplicitPrecompiledModules/_Builtin_stdbool-67QHX3B3E2KT005CTP2E5XFYO.scan
cd /
builtin-precompileModule /Users/admin/builder/spi-builder-workspace/.derivedData/Build/Intermediates.noindex/ExplicitPrecompiledModules/_Builtin_stdbool-67QHX3B3E2KT005CTP2E5XFYO.scan
PrecompileModule /Users/admin/builder/spi-builder-workspace/.derivedData/Build/Intermediates.noindex/ExplicitPrecompiledModules/_Builtin_float-CCWMVN9GZ6Z3P4COSWVDOODTI.scan
cd /
builtin-precompileModule /Users/admin/builder/spi-builder-workspace/.derivedData/Build/Intermediates.noindex/ExplicitPrecompiledModules/_Builtin_float-CCWMVN9GZ6Z3P4COSWVDOODTI.scan
PrecompileModule /Users/admin/builder/spi-builder-workspace/.derivedData/Build/Intermediates.noindex/ExplicitPrecompiledModules/_AvailabilityInternal-EK48HVPNFCFZC3TDC1FUBXWTV.scan
cd /
builtin-precompileModule /Users/admin/builder/spi-builder-workspace/.derivedData/Build/Intermediates.noindex/ExplicitPrecompiledModules/_AvailabilityInternal-EK48HVPNFCFZC3TDC1FUBXWTV.scan
PrecompileModule /Users/admin/builder/spi-builder-workspace/.derivedData/Build/Intermediates.noindex/ExplicitPrecompiledModules/_AvailabilityInternal-F2MS55NAO9CMZ3AVZNRYLS1D4.scan
cd /
builtin-precompileModule /Users/admin/builder/spi-builder-workspace/.derivedData/Build/Intermediates.noindex/ExplicitPrecompiledModules/_AvailabilityInternal-F2MS55NAO9CMZ3AVZNRYLS1D4.scan
PrecompileModule /Users/admin/builder/spi-builder-workspace/.derivedData/Build/Intermediates.noindex/ExplicitPrecompiledModules/_Builtin_stddef-2IDNA9GZ4JK5P9H4GYVGS6BEP.scan
cd /
builtin-precompileModule /Users/admin/builder/spi-builder-workspace/.derivedData/Build/Intermediates.noindex/ExplicitPrecompiledModules/_Builtin_stddef-2IDNA9GZ4JK5P9H4GYVGS6BEP.scan
PrecompileModule /Users/admin/builder/spi-builder-workspace/.derivedData/Build/Intermediates.noindex/ExplicitPrecompiledModules/ptrcheck-7H4W0FD4QB5LOSDAQ0JT6XPBR.scan
cd /
builtin-precompileModule /Users/admin/builder/spi-builder-workspace/.derivedData/Build/Intermediates.noindex/ExplicitPrecompiledModules/ptrcheck-7H4W0FD4QB5LOSDAQ0JT6XPBR.scan
PrecompileModule /Users/admin/builder/spi-builder-workspace/.derivedData/Build/Intermediates.noindex/ExplicitPrecompiledModules/ptrcheck-E2AUDIQM0FG3Y89VVI0OEFMSZ.scan
cd /
builtin-precompileModule /Users/admin/builder/spi-builder-workspace/.derivedData/Build/Intermediates.noindex/ExplicitPrecompiledModules/ptrcheck-E2AUDIQM0FG3Y89VVI0OEFMSZ.scan
PrecompileModule /Users/admin/builder/spi-builder-workspace/.derivedData/Build/Intermediates.noindex/ExplicitPrecompiledModules/_Builtin_float-EAKO7GUISI6YBLJJO1PQ14VQ2.scan
cd /
builtin-precompileModule /Users/admin/builder/spi-builder-workspace/.derivedData/Build/Intermediates.noindex/ExplicitPrecompiledModules/_Builtin_float-EAKO7GUISI6YBLJJO1PQ14VQ2.scan
PrecompileModule /Users/admin/builder/spi-builder-workspace/.derivedData/Build/Intermediates.noindex/ExplicitPrecompiledModules/ptrauth-CID7SR6B5XD2S67XVB6UT213R.scan
cd /
builtin-precompileModule /Users/admin/builder/spi-builder-workspace/.derivedData/Build/Intermediates.noindex/ExplicitPrecompiledModules/ptrauth-CID7SR6B5XD2S67XVB6UT213R.scan
PrecompileModule /Users/admin/builder/spi-builder-workspace/.derivedData/Build/Intermediates.noindex/ExplicitPrecompiledModules/_Builtin_stdarg-7LN4T8YDHGKLYACMKYEMO8O7M.scan
cd /
builtin-precompileModule /Users/admin/builder/spi-builder-workspace/.derivedData/Build/Intermediates.noindex/ExplicitPrecompiledModules/_Builtin_stdarg-7LN4T8YDHGKLYACMKYEMO8O7M.scan
PrecompileModule /Users/admin/builder/spi-builder-workspace/.derivedData/Build/Intermediates.noindex/ExplicitPrecompiledModules/_Builtin_stddef-CE13GU63Z8DK88QANQ3ZAC0YT.scan
cd /
builtin-precompileModule /Users/admin/builder/spi-builder-workspace/.derivedData/Build/Intermediates.noindex/ExplicitPrecompiledModules/_Builtin_stddef-CE13GU63Z8DK88QANQ3ZAC0YT.scan
PrecompileModule /Users/admin/builder/spi-builder-workspace/.derivedData/Build/Intermediates.noindex/ExplicitPrecompiledModules/_DarwinFoundation1-9F1DJW9DUJEH474GGMAR0HQJR.scan
cd /
builtin-precompileModule /Users/admin/builder/spi-builder-workspace/.derivedData/Build/Intermediates.noindex/ExplicitPrecompiledModules/_DarwinFoundation1-9F1DJW9DUJEH474GGMAR0HQJR.scan
PrecompileModule /Users/admin/builder/spi-builder-workspace/.derivedData/Build/Intermediates.noindex/ExplicitPrecompiledModules/_DarwinFoundation1-VNGNV7SK3PKYOZ8PDT5WOO09.scan
cd /
builtin-precompileModule /Users/admin/builder/spi-builder-workspace/.derivedData/Build/Intermediates.noindex/ExplicitPrecompiledModules/_DarwinFoundation1-VNGNV7SK3PKYOZ8PDT5WOO09.scan
PrecompileModule /Users/admin/builder/spi-builder-workspace/.derivedData/Build/Intermediates.noindex/ExplicitPrecompiledModules/_Builtin_limits-WSW114AZQAOGDP3ITWL5X6R7.scan
cd /
builtin-precompileModule /Users/admin/builder/spi-builder-workspace/.derivedData/Build/Intermediates.noindex/ExplicitPrecompiledModules/_Builtin_limits-WSW114AZQAOGDP3ITWL5X6R7.scan
PrecompileModule /Users/admin/builder/spi-builder-workspace/.derivedData/Build/Intermediates.noindex/ExplicitPrecompiledModules/_DarwinFoundation2-1DFY1MARP2HCJFOCU2QX2LFZO.scan
cd /
builtin-precompileModule /Users/admin/builder/spi-builder-workspace/.derivedData/Build/Intermediates.noindex/ExplicitPrecompiledModules/_DarwinFoundation2-1DFY1MARP2HCJFOCU2QX2LFZO.scan
PrecompileModule /Users/admin/builder/spi-builder-workspace/.derivedData/Build/Intermediates.noindex/ExplicitPrecompiledModules/_Builtin_limits-2357P1R47IDJNKO4YCUW06X8B.scan
cd /
builtin-precompileModule /Users/admin/builder/spi-builder-workspace/.derivedData/Build/Intermediates.noindex/ExplicitPrecompiledModules/_Builtin_limits-2357P1R47IDJNKO4YCUW06X8B.scan
PrecompileModule /Users/admin/builder/spi-builder-workspace/.derivedData/Build/Intermediates.noindex/ExplicitPrecompiledModules/_DarwinFoundation2-1QO5H0AUJRU6EO6RKE4VZX15M.scan
cd /
builtin-precompileModule /Users/admin/builder/spi-builder-workspace/.derivedData/Build/Intermediates.noindex/ExplicitPrecompiledModules/_DarwinFoundation2-1QO5H0AUJRU6EO6RKE4VZX15M.scan
PrecompileModule /Users/admin/builder/spi-builder-workspace/.derivedData/Build/Intermediates.noindex/ExplicitPrecompiledModules/_Builtin_stdint-2UI2OSKQ18WTPSXJMIJZB1B9I.scan
cd /
builtin-precompileModule /Users/admin/builder/spi-builder-workspace/.derivedData/Build/Intermediates.noindex/ExplicitPrecompiledModules/_Builtin_stdint-2UI2OSKQ18WTPSXJMIJZB1B9I.scan
PrecompileModule /Users/admin/builder/spi-builder-workspace/.derivedData/Build/Intermediates.noindex/ExplicitPrecompiledModules/_Builtin_stdint-DZPJEJB02GWTURAQ4236KD6KZ.scan
cd /
builtin-precompileModule /Users/admin/builder/spi-builder-workspace/.derivedData/Build/Intermediates.noindex/ExplicitPrecompiledModules/_Builtin_stdint-DZPJEJB02GWTURAQ4236KD6KZ.scan
PrecompileModule /Users/admin/builder/spi-builder-workspace/.derivedData/Build/Intermediates.noindex/ExplicitPrecompiledModules/_DarwinFoundation3-8VK47H4S9JNA5CYPKNL4IT42.scan
cd /
builtin-precompileModule /Users/admin/builder/spi-builder-workspace/.derivedData/Build/Intermediates.noindex/ExplicitPrecompiledModules/_DarwinFoundation3-8VK47H4S9JNA5CYPKNL4IT42.scan
PrecompileModule /Users/admin/builder/spi-builder-workspace/.derivedData/Build/Intermediates.noindex/ExplicitPrecompiledModules/_DarwinFoundation3-DK33DRI8NOLNIOGJOEQK2DFJ9.scan
cd /
builtin-precompileModule /Users/admin/builder/spi-builder-workspace/.derivedData/Build/Intermediates.noindex/ExplicitPrecompiledModules/_DarwinFoundation3-DK33DRI8NOLNIOGJOEQK2DFJ9.scan
PrecompileModule /Users/admin/builder/spi-builder-workspace/.derivedData/Build/Intermediates.noindex/ExplicitPrecompiledModules/_Builtin_inttypes-6SSP90ML0D5UKCV59YMIC742R.scan
cd /
builtin-precompileModule /Users/admin/builder/spi-builder-workspace/.derivedData/Build/Intermediates.noindex/ExplicitPrecompiledModules/_Builtin_inttypes-6SSP90ML0D5UKCV59YMIC742R.scan
PrecompileModule /Users/admin/builder/spi-builder-workspace/.derivedData/Build/Intermediates.noindex/ExplicitPrecompiledModules/_Builtin_inttypes-3EPQ3FONVEZLNY3ML0EJNR609.scan
cd /
builtin-precompileModule /Users/admin/builder/spi-builder-workspace/.derivedData/Build/Intermediates.noindex/ExplicitPrecompiledModules/_Builtin_inttypes-3EPQ3FONVEZLNY3ML0EJNR609.scan
PrecompileModule /Users/admin/builder/spi-builder-workspace/.derivedData/Build/Intermediates.noindex/ExplicitPrecompiledModules/Darwin-7AYZXY0JNENHDFL8C7OFRYYFG.scan
cd /
builtin-precompileModule /Users/admin/builder/spi-builder-workspace/.derivedData/Build/Intermediates.noindex/ExplicitPrecompiledModules/Darwin-7AYZXY0JNENHDFL8C7OFRYYFG.scan
PrecompileModule /Users/admin/builder/spi-builder-workspace/.derivedData/Build/Intermediates.noindex/ExplicitPrecompiledModules/Darwin-DS15HL4ULFWUL2KCUN5XP8EJF.scan
cd /
builtin-precompileModule /Users/admin/builder/spi-builder-workspace/.derivedData/Build/Intermediates.noindex/ExplicitPrecompiledModules/Darwin-DS15HL4ULFWUL2KCUN5XP8EJF.scan
PrecompileModule /Users/admin/builder/spi-builder-workspace/.derivedData/Build/Intermediates.noindex/ExplicitPrecompiledModules/ObjectiveC-7OFOJRZYIUCKSSSTRWRNXGZ02.scan
cd /
builtin-precompileModule /Users/admin/builder/spi-builder-workspace/.derivedData/Build/Intermediates.noindex/ExplicitPrecompiledModules/ObjectiveC-7OFOJRZYIUCKSSSTRWRNXGZ02.scan
PrecompileModule /Users/admin/builder/spi-builder-workspace/.derivedData/Build/Intermediates.noindex/ExplicitPrecompiledModules/ObjectiveC-BKRD1OM40PFBRS2LM5SXEBUZG.scan
cd /
builtin-precompileModule /Users/admin/builder/spi-builder-workspace/.derivedData/Build/Intermediates.noindex/ExplicitPrecompiledModules/ObjectiveC-BKRD1OM40PFBRS2LM5SXEBUZG.scan
PrecompileModule /Users/admin/builder/spi-builder-workspace/.derivedData/Build/Intermediates.noindex/ExplicitPrecompiledModules/os_object-DCH4V2Q9M35EPWVRDX7T2XV3D.scan
cd /
builtin-precompileModule /Users/admin/builder/spi-builder-workspace/.derivedData/Build/Intermediates.noindex/ExplicitPrecompiledModules/os_object-DCH4V2Q9M35EPWVRDX7T2XV3D.scan
PrecompileModule /Users/admin/builder/spi-builder-workspace/.derivedData/Build/Intermediates.noindex/ExplicitPrecompiledModules/os_object-EUX4I48UFTROXPXQJ4ORMMRTH.scan
cd /
builtin-precompileModule /Users/admin/builder/spi-builder-workspace/.derivedData/Build/Intermediates.noindex/ExplicitPrecompiledModules/os_object-EUX4I48UFTROXPXQJ4ORMMRTH.scan
PrecompileModule /Users/admin/builder/spi-builder-workspace/.derivedData/Build/Intermediates.noindex/ExplicitPrecompiledModules/os_workgroup-675FUK9KW1IG6E9NW39PVLEQH.scan
cd /
builtin-precompileModule /Users/admin/builder/spi-builder-workspace/.derivedData/Build/Intermediates.noindex/ExplicitPrecompiledModules/os_workgroup-675FUK9KW1IG6E9NW39PVLEQH.scan
PrecompileModule /Users/admin/builder/spi-builder-workspace/.derivedData/Build/Intermediates.noindex/ExplicitPrecompiledModules/os_workgroup-141Q9IIOHZS2WXT6OVG2612LV.scan
cd /
builtin-precompileModule /Users/admin/builder/spi-builder-workspace/.derivedData/Build/Intermediates.noindex/ExplicitPrecompiledModules/os_workgroup-141Q9IIOHZS2WXT6OVG2612LV.scan
PrecompileModule /Users/admin/builder/spi-builder-workspace/.derivedData/Build/Intermediates.noindex/ExplicitPrecompiledModules/Dispatch-4A5WFBGXQAD7Z0P1SHYEHEHM9.scan
cd /
builtin-precompileModule /Users/admin/builder/spi-builder-workspace/.derivedData/Build/Intermediates.noindex/ExplicitPrecompiledModules/Dispatch-4A5WFBGXQAD7Z0P1SHYEHEHM9.scan
PrecompileModule /Users/admin/builder/spi-builder-workspace/.derivedData/Build/Intermediates.noindex/ExplicitPrecompiledModules/Dispatch-DTVFPMEG1K3842I8EF3ZF1NYB.scan
cd /
builtin-precompileModule /Users/admin/builder/spi-builder-workspace/.derivedData/Build/Intermediates.noindex/ExplicitPrecompiledModules/Dispatch-DTVFPMEG1K3842I8EF3ZF1NYB.scan
PrecompileModule /Users/admin/builder/spi-builder-workspace/.derivedData/Build/Intermediates.noindex/ExplicitPrecompiledModules/XPC-DV3R9OID4FHTR5QG9V1VK10FX.scan
cd /
builtin-precompileModule /Users/admin/builder/spi-builder-workspace/.derivedData/Build/Intermediates.noindex/ExplicitPrecompiledModules/XPC-DV3R9OID4FHTR5QG9V1VK10FX.scan
PrecompileModule /Users/admin/builder/spi-builder-workspace/.derivedData/Build/Intermediates.noindex/ExplicitPrecompiledModules/XPC-QGO6QW9680Y26JZMOUXARONV.scan
cd /
builtin-precompileModule /Users/admin/builder/spi-builder-workspace/.derivedData/Build/Intermediates.noindex/ExplicitPrecompiledModules/XPC-QGO6QW9680Y26JZMOUXARONV.scan
PrecompileModule /Users/admin/builder/spi-builder-workspace/.derivedData/Build/Intermediates.noindex/ExplicitPrecompiledModules/CoreFoundation-6K489R49ZVRSEI9C12FKB0SFS.scan
cd /
builtin-precompileModule /Users/admin/builder/spi-builder-workspace/.derivedData/Build/Intermediates.noindex/ExplicitPrecompiledModules/CoreFoundation-6K489R49ZVRSEI9C12FKB0SFS.scan
PrecompileModule /Users/admin/builder/spi-builder-workspace/.derivedData/Build/Intermediates.noindex/ExplicitPrecompiledModules/CoreFoundation-B0JJXX6PHAIBJDN3YT3OJH8H3.scan
cd /
builtin-precompileModule /Users/admin/builder/spi-builder-workspace/.derivedData/Build/Intermediates.noindex/ExplicitPrecompiledModules/CoreFoundation-B0JJXX6PHAIBJDN3YT3OJH8H3.scan
PrecompileModule /Users/admin/builder/spi-builder-workspace/.derivedData/Build/Intermediates.noindex/ExplicitPrecompiledModules/Security-3T6G6U6DBIVYH54RTWBQ0CD0S.scan
cd /
builtin-precompileModule /Users/admin/builder/spi-builder-workspace/.derivedData/Build/Intermediates.noindex/ExplicitPrecompiledModules/Security-3T6G6U6DBIVYH54RTWBQ0CD0S.scan
PrecompileModule /Users/admin/builder/spi-builder-workspace/.derivedData/Build/Intermediates.noindex/ExplicitPrecompiledModules/CoreGraphics-44F9FWX17JKYHK58073VDYITA.scan
cd /
builtin-precompileModule /Users/admin/builder/spi-builder-workspace/.derivedData/Build/Intermediates.noindex/ExplicitPrecompiledModules/CoreGraphics-44F9FWX17JKYHK58073VDYITA.scan
PrecompileModule /Users/admin/builder/spi-builder-workspace/.derivedData/Build/Intermediates.noindex/ExplicitPrecompiledModules/CoreGraphics-8P91WAAOJPYAKDROX85GLC5K9.scan
cd /
builtin-precompileModule /Users/admin/builder/spi-builder-workspace/.derivedData/Build/Intermediates.noindex/ExplicitPrecompiledModules/CoreGraphics-8P91WAAOJPYAKDROX85GLC5K9.scan
PrecompileModule /Users/admin/builder/spi-builder-workspace/.derivedData/Build/Intermediates.noindex/ExplicitPrecompiledModules/Security-F2SDFAIBABKPZ3IOKIUGR6WM0.scan
cd /
builtin-precompileModule /Users/admin/builder/spi-builder-workspace/.derivedData/Build/Intermediates.noindex/ExplicitPrecompiledModules/Security-F2SDFAIBABKPZ3IOKIUGR6WM0.scan
PrecompileModule /Users/admin/builder/spi-builder-workspace/.derivedData/Build/Intermediates.noindex/ExplicitPrecompiledModules/Foundation-F2KBWX41FVCKIU807472SK297.scan
cd /
builtin-precompileModule /Users/admin/builder/spi-builder-workspace/.derivedData/Build/Intermediates.noindex/ExplicitPrecompiledModules/Foundation-F2KBWX41FVCKIU807472SK297.scan
PrecompileModule /Users/admin/builder/spi-builder-workspace/.derivedData/Build/Intermediates.noindex/ExplicitPrecompiledModules/Foundation-AKBJQLBJM3P9M8FZNUJ6Z21T.scan
cd /
builtin-precompileModule /Users/admin/builder/spi-builder-workspace/.derivedData/Build/Intermediates.noindex/ExplicitPrecompiledModules/Foundation-AKBJQLBJM3P9M8FZNUJ6Z21T.scan
PrecompileModule /Users/admin/builder/spi-builder-workspace/.derivedData/Build/Intermediates.noindex/ExplicitPrecompiledModules/CoreText-BX5QDCRM1F1UU10QKTJ19IOAB.scan
cd /
builtin-precompileModule /Users/admin/builder/spi-builder-workspace/.derivedData/Build/Intermediates.noindex/ExplicitPrecompiledModules/CoreText-BX5QDCRM1F1UU10QKTJ19IOAB.scan
PrecompileModule /Users/admin/builder/spi-builder-workspace/.derivedData/Build/Intermediates.noindex/ExplicitPrecompiledModules/CoreText-DV6F6JPJNY9MVFYIUK6B4YT6L.scan
cd /
builtin-precompileModule /Users/admin/builder/spi-builder-workspace/.derivedData/Build/Intermediates.noindex/ExplicitPrecompiledModules/CoreText-DV6F6JPJNY9MVFYIUK6B4YT6L.scan
PrecompileModule /Users/admin/builder/spi-builder-workspace/.derivedData/Build/Intermediates.noindex/ExplicitPrecompiledModules/CoreVideo-400YWXW10ZMHYC0HG511AZE8Q.scan
cd /
builtin-precompileModule /Users/admin/builder/spi-builder-workspace/.derivedData/Build/Intermediates.noindex/ExplicitPrecompiledModules/CoreVideo-400YWXW10ZMHYC0HG511AZE8Q.scan
PrecompileModule /Users/admin/builder/spi-builder-workspace/.derivedData/Build/Intermediates.noindex/ExplicitPrecompiledModules/CoreVideo-9S4LXQKCQA7NOCO1NDW3SXUUG.scan
cd /
builtin-precompileModule /Users/admin/builder/spi-builder-workspace/.derivedData/Build/Intermediates.noindex/ExplicitPrecompiledModules/CoreVideo-9S4LXQKCQA7NOCO1NDW3SXUUG.scan
PrecompileModule /Users/admin/builder/spi-builder-workspace/.derivedData/Build/Intermediates.noindex/ExplicitPrecompiledModules/_LocationEssentials-291SUWH0XFOKQVDI1S9ZL82X6.scan
cd /
builtin-precompileModule /Users/admin/builder/spi-builder-workspace/.derivedData/Build/Intermediates.noindex/ExplicitPrecompiledModules/_LocationEssentials-291SUWH0XFOKQVDI1S9ZL82X6.scan
PrecompileModule /Users/admin/builder/spi-builder-workspace/.derivedData/Build/Intermediates.noindex/ExplicitPrecompiledModules/UserNotifications-EEWM79Q7OJ9ZLHNWT0A2Y1KX8.scan
cd /
builtin-precompileModule /Users/admin/builder/spi-builder-workspace/.derivedData/Build/Intermediates.noindex/ExplicitPrecompiledModules/UserNotifications-EEWM79Q7OJ9ZLHNWT0A2Y1KX8.scan
PrecompileModule /Users/admin/builder/spi-builder-workspace/.derivedData/Build/Intermediates.noindex/ExplicitPrecompiledModules/UIUtilities-F0NJLBH1KH9MAO2KX9QBFDA69.scan
cd /
builtin-precompileModule /Users/admin/builder/spi-builder-workspace/.derivedData/Build/Intermediates.noindex/ExplicitPrecompiledModules/UIUtilities-F0NJLBH1KH9MAO2KX9QBFDA69.scan
PrecompileModule /Users/admin/builder/spi-builder-workspace/.derivedData/Build/Intermediates.noindex/ExplicitPrecompiledModules/QuartzCore-2CQXFSBKI3NFMX5BMUFRVCC45.scan
cd /
builtin-precompileModule /Users/admin/builder/spi-builder-workspace/.derivedData/Build/Intermediates.noindex/ExplicitPrecompiledModules/QuartzCore-2CQXFSBKI3NFMX5BMUFRVCC45.scan
PrecompileModule /Users/admin/builder/spi-builder-workspace/.derivedData/Build/Intermediates.noindex/ExplicitPrecompiledModules/Symbols-WXZH754A2TR6AFN7DS0LCPYJ.scan
cd /
builtin-precompileModule /Users/admin/builder/spi-builder-workspace/.derivedData/Build/Intermediates.noindex/ExplicitPrecompiledModules/Symbols-WXZH754A2TR6AFN7DS0LCPYJ.scan
PrecompileModule /Users/admin/builder/spi-builder-workspace/.derivedData/Build/Intermediates.noindex/ExplicitPrecompiledModules/UIUtilities-DJCBW46BL0MWEKP39WDR5XFGV.scan
cd /
builtin-precompileModule /Users/admin/builder/spi-builder-workspace/.derivedData/Build/Intermediates.noindex/ExplicitPrecompiledModules/UIUtilities-DJCBW46BL0MWEKP39WDR5XFGV.scan
PrecompileModule /Users/admin/builder/spi-builder-workspace/.derivedData/Build/Intermediates.noindex/ExplicitPrecompiledModules/UserNotifications-73059CVO3FHLCLU3ADEAX4G8X.scan
cd /
builtin-precompileModule /Users/admin/builder/spi-builder-workspace/.derivedData/Build/Intermediates.noindex/ExplicitPrecompiledModules/UserNotifications-73059CVO3FHLCLU3ADEAX4G8X.scan
PrecompileModule /Users/admin/builder/spi-builder-workspace/.derivedData/Build/Intermediates.noindex/ExplicitPrecompiledModules/_LocationEssentials-7YG8DJL6A525EIJ95TWL4A664.scan
cd /
builtin-precompileModule /Users/admin/builder/spi-builder-workspace/.derivedData/Build/Intermediates.noindex/ExplicitPrecompiledModules/_LocationEssentials-7YG8DJL6A525EIJ95TWL4A664.scan
PrecompileModule /Users/admin/builder/spi-builder-workspace/.derivedData/Build/Intermediates.noindex/ExplicitPrecompiledModules/QuartzCore-BXB0I2MAM28BPELP53NO7L287.scan
cd /
builtin-precompileModule /Users/admin/builder/spi-builder-workspace/.derivedData/Build/Intermediates.noindex/ExplicitPrecompiledModules/QuartzCore-BXB0I2MAM28BPELP53NO7L287.scan
PrecompileModule /Users/admin/builder/spi-builder-workspace/.derivedData/Build/Intermediates.noindex/ExplicitPrecompiledModules/Symbols-D3L48G521GX875IXVK7YGWVKA.scan
cd /
builtin-precompileModule /Users/admin/builder/spi-builder-workspace/.derivedData/Build/Intermediates.noindex/ExplicitPrecompiledModules/Symbols-D3L48G521GX875IXVK7YGWVKA.scan
PrecompileModule /Users/admin/builder/spi-builder-workspace/.derivedData/Build/Intermediates.noindex/ExplicitPrecompiledModules/CoreLocation-6542775DY79DOY2MFF22MLEDD.scan
cd /
builtin-precompileModule /Users/admin/builder/spi-builder-workspace/.derivedData/Build/Intermediates.noindex/ExplicitPrecompiledModules/CoreLocation-6542775DY79DOY2MFF22MLEDD.scan
PrecompileModule /Users/admin/builder/spi-builder-workspace/.derivedData/Build/Intermediates.noindex/ExplicitPrecompiledModules/CoreLocation-CALEKV0WRV3VVOMH8RKQ6L31F.scan
cd /
builtin-precompileModule /Users/admin/builder/spi-builder-workspace/.derivedData/Build/Intermediates.noindex/ExplicitPrecompiledModules/CoreLocation-CALEKV0WRV3VVOMH8RKQ6L31F.scan
PrecompileModule /Users/admin/builder/spi-builder-workspace/.derivedData/Build/Intermediates.noindex/ExplicitPrecompiledModules/CoreMotion-26ODGZI6WBQZMV6IIVJ8BHTWP.scan
cd /
builtin-precompileModule /Users/admin/builder/spi-builder-workspace/.derivedData/Build/Intermediates.noindex/ExplicitPrecompiledModules/CoreMotion-26ODGZI6WBQZMV6IIVJ8BHTWP.scan
PrecompileModule /Users/admin/builder/spi-builder-workspace/.derivedData/Build/Intermediates.noindex/ExplicitPrecompiledModules/CoreMotion-5AJ42GVSOLHJWU8QRWMFEKV4U.scan
cd /
builtin-precompileModule /Users/admin/builder/spi-builder-workspace/.derivedData/Build/Intermediates.noindex/ExplicitPrecompiledModules/CoreMotion-5AJ42GVSOLHJWU8QRWMFEKV4U.scan
PrecompileModule /Users/admin/builder/spi-builder-workspace/.derivedData/Build/Intermediates.noindex/ExplicitPrecompiledModules/UIKit-1TVLGSDLITC5FS02QESMIQ3D9.scan
cd /
builtin-precompileModule /Users/admin/builder/spi-builder-workspace/.derivedData/Build/Intermediates.noindex/ExplicitPrecompiledModules/UIKit-1TVLGSDLITC5FS02QESMIQ3D9.scan
PrecompileModule /Users/admin/builder/spi-builder-workspace/.derivedData/Build/Intermediates.noindex/ExplicitPrecompiledModules/UIKit-6VLEXFPHHIVZFGPP0CSOJ3UZD.scan
cd /
builtin-precompileModule /Users/admin/builder/spi-builder-workspace/.derivedData/Build/Intermediates.noindex/ExplicitPrecompiledModules/UIKit-6VLEXFPHHIVZFGPP0CSOJ3UZD.scan
CompileC /Users/admin/builder/spi-builder-workspace/.derivedData/Build/Intermediates.noindex/LNPreviewToContextMenu.build/Debug-watchos/LNPreviewToContextMenu-t.build/Objects-normal/arm64_32/UIViewController+UIPreviewContextCompat.o /Users/admin/builder/spi-builder-workspace/LNPreviewToContextMenu/LNPreviewToContextMenu/UIViewController+UIPreviewContextCompat.m normal arm64_32 objective-c com.apple.compilers.llvm.clang.1_0.compiler (in target 'LNPreviewToContextMenu' from project 'LNPreviewToContextMenu')
cd /Users/admin/builder/spi-builder-workspace/.swiftpm/xcode
Using response file: /Users/admin/builder/spi-builder-workspace/.derivedData/Build/Intermediates.noindex/LNPreviewToContextMenu.build/Debug-watchos/LNPreviewToContextMenu-t.build/Objects-normal/arm64_32/e6072d4f65d7061329687fe24e3d63a7-common-args.resp
/Applications/Xcode-27.0.0-Release.Candidate.app/Contents/Developer/Toolchains/XcodeDefault.xctoolchain/usr/bin/clang -x objective-c -ivfsstatcache /Users/admin/builder/spi-builder-workspace/.derivedData/SDKStatCaches.noindex/watchos27.0-24R360-e829b21a6f8c9b70876ba0858053c04477534ef55a1706bf4c1112bbb242f0a2.sdkstatcache -target arm64_32-apple-watchos9.0 -fmessage-length\=0 -fdiagnostics-show-note-include-stack -fmacro-backtrace-limit\=0 -fno-color-diagnostics -fmodules-prune-interval\=86400 -fmodules-prune-after\=345600 -fbuild-session-file\=/Users/admin/builder/spi-builder-workspace/.derivedData/ModuleCache.noindex/Session.modulevalidation -fmodules-validate-once-per-build-session -Wnon-modular-include-in-framework-module -Werror\=non-modular-include-in-framework-module -Wno-trigraphs -Wno-missing-field-initializers -Wno-missing-prototypes -Wno-return-type -Wno-implicit-atomic-properties -Wno-objc-interface-ivars -Wno-arc-repeated-use-of-weak -Wno-missing-braces -Wparentheses -Wswitch -Wno-unused-function -Wno-unused-label -Wno-unused-parameter -Wno-unused-variable -Wunused-value -Wno-empty-body -Wno-uninitialized -Wno-unknown-pragmas -Wno-shadow -Wno-four-char-constants -Wno-conversion -Wno-constant-conversion -Wno-int-conversion -Wno-bool-conversion -Wno-enum-conversion -Wno-float-conversion -Wno-non-literal-null-conversion -Wno-objc-literal-conversion -Wno-shorten-64-to-32 -Wpointer-sign -Wno-newline-eof -Wno-selector -Wno-strict-selector-match -Wno-undeclared-selector -Wno-deprecated-implementations -Wno-implicit-fallthrough -isysroot /Applications/Xcode-27.0.0-Release.Candidate.app/Contents/Developer/Platforms/WatchOS.platform/Developer/SDKs/WatchOS27.0.sdk -fstrict-aliasing -Wprotocol -Wdeprecated-declarations -Wno-sign-conversion -Wno-infinite-recursion -Wno-comma -Wno-block-capture-autoreleasing -Wno-strict-prototypes -Wno-semicolon-before-method-body -index-store-path /Users/admin/builder/spi-builder-workspace/.derivedData/Index.noindex/DataStore @/Users/admin/builder/spi-builder-workspace/.derivedData/Build/Intermediates.noindex/LNPreviewToContextMenu.build/Debug-watchos/LNPreviewToContextMenu-t.build/Objects-normal/arm64_32/e6072d4f65d7061329687fe24e3d63a7-common-args.resp -MMD -MT dependencies -MF /Users/admin/builder/spi-builder-workspace/.derivedData/Build/Intermediates.noindex/LNPreviewToContextMenu.build/Debug-watchos/LNPreviewToContextMenu-t.build/Objects-normal/arm64_32/UIViewController+UIPreviewContextCompat.d --serialize-diagnostics /Users/admin/builder/spi-builder-workspace/.derivedData/Build/Intermediates.noindex/LNPreviewToContextMenu.build/Debug-watchos/LNPreviewToContextMenu-t.build/Objects-normal/arm64_32/UIViewController+UIPreviewContextCompat.dia -c /Users/admin/builder/spi-builder-workspace/LNPreviewToContextMenu/LNPreviewToContextMenu/UIViewController+UIPreviewContextCompat.m -o /Users/admin/builder/spi-builder-workspace/.derivedData/Build/Intermediates.noindex/LNPreviewToContextMenu.build/Debug-watchos/LNPreviewToContextMenu-t.build/Objects-normal/arm64_32/UIViewController+UIPreviewContextCompat.o -index-unit-output-path /LNPreviewToContextMenu.build/Debug-watchos/LNPreviewToContextMenu-t.build/Objects-normal/arm64_32/UIViewController+UIPreviewContextCompat.o
/Users/admin/builder/spi-builder-workspace/LNPreviewToContextMenu/LNPreviewToContextMenu/UIViewController+UIPreviewContextCompat.m:21:55: error: 'UIViewControllerPreviewing' is unavailable: not available on watchOS
21 | @interface _LNPreviewContextCompatSupport : NSObject <UIViewControllerPreviewing>
| ^
In module 'UIKit' imported from /Users/admin/builder/spi-builder-workspace/LNPreviewToContextMenu/LNPreviewToContextMenu/UIViewController+UIPreviewContextCompat.m:12:
/Applications/Xcode-27.0.0-Release.Candidate.app/Contents/Developer/Platforms/WatchOS.platform/Developer/SDKs/WatchOS27.0.sdk/System/Library/Frameworks/UIKit.framework/Headers/UIViewController.h:634:11: note: 'UIViewControllerPreviewing' has been explicitly marked unavailable here
634 | @protocol UIViewControllerPreviewing <NSObject>
| ^
/Users/admin/builder/spi-builder-workspace/LNPreviewToContextMenu/LNPreviewToContextMenu/UIViewController+UIPreviewContextCompat.m:23:31: error: 'UIGestureRecognizer' is unavailable: not available on watchOS
23 | @property (nonatomic, strong) UIGestureRecognizer *previewingGestureRecognizerForFailureRelationship;
| ^
In module 'UIKit' imported from /Users/admin/builder/spi-builder-workspace/LNPreviewToContextMenu/LNPreviewToContextMenu/UIViewController+UIPreviewContextCompat.m:12:
/Applications/Xcode-27.0.0-Release.Candidate.app/Contents/Developer/Platforms/WatchOS.platform/Developer/SDKs/WatchOS27.0.sdk/System/Library/Frameworks/UIKit.framework/Headers/UIGestureRecognizer.h:35:12: note: 'UIGestureRecognizer' has been explicitly marked unavailable here
35 | @interface UIGestureRecognizer : NSObject
| ^
/Users/admin/builder/spi-builder-workspace/LNPreviewToContextMenu/LNPreviewToContextMenu/UIViewController+UIPreviewContextCompat.m:24:32: error: 'UIViewControllerPreviewingDelegate' is unavailable: not available on watchOS
24 | @property (nonatomic, weak) id<UIViewControllerPreviewingDelegate> delegate;
| ^
In module 'UIKit' imported from /Users/admin/builder/spi-builder-workspace/LNPreviewToContextMenu/LNPreviewToContextMenu/UIViewController+UIPreviewContextCompat.m:12:
/Applications/Xcode-27.0.0-Release.Candidate.app/Contents/Developer/Platforms/WatchOS.platform/Developer/SDKs/WatchOS27.0.sdk/System/Library/Frameworks/UIKit.framework/Headers/UIViewController.h:651:11: note: 'UIViewControllerPreviewingDelegate' has been explicitly marked unavailable here
651 | @protocol UIViewControllerPreviewingDelegate <NSObject>
| ^
/Users/admin/builder/spi-builder-workspace/LNPreviewToContextMenu/LNPreviewToContextMenu/UIViewController+UIPreviewContextCompat.m:25:31: error: 'UIView' is unavailable: not available on watchOS
25 | @property (nonatomic, strong) UIView *sourceView;
| ^
In module 'UIKit' imported from /Users/admin/builder/spi-builder-workspace/LNPreviewToContextMenu/LNPreviewToContextMenu/UIViewController+UIPreviewContextCompat.m:12:
/Applications/Xcode-27.0.0-Release.Candidate.app/Contents/Developer/Platforms/WatchOS.platform/Developer/SDKs/WatchOS27.0.sdk/System/Library/Frameworks/UIKit.framework/Headers/UIView.h:152:12: note: 'UIView' has been explicitly marked unavailable here
152 | @interface UIView : UIResponder <NSCoding, UIAppearance, UIAppearanceContainer, UIDynamicItem, UITraitEnvironment, UICoordinateSpace, UIFocusItem, UIFocusItemContainer, CALayerDelegate>
| ^
/Users/admin/builder/spi-builder-workspace/LNPreviewToContextMenu/LNPreviewToContextMenu/UIViewController+UIPreviewContextCompat.m:43:60: error: 'UIContextMenuInteraction' is unavailable: not available on watchOS
43 | @interface _LNPreviewContextCompatContextMenuInteraction : UIContextMenuInteraction <UIContextMenuInteractionDelegate>
| ^
In module 'UIKit' imported from /Users/admin/builder/spi-builder-workspace/LNPreviewToContextMenu/LNPreviewToContextMenu/UIViewController+UIPreviewContextCompat.m:12:
/Applications/Xcode-27.0.0-Release.Candidate.app/Contents/Developer/Platforms/WatchOS.platform/Developer/SDKs/WatchOS27.0.sdk/System/Library/Frameworks/UIKit.framework/Headers/UIContextMenuInteraction.h:32:12: note: 'UIContextMenuInteraction' has been explicitly marked unavailable here
32 | @interface UIContextMenuInteraction : NSObject <UIInteraction>
| ^
/Users/admin/builder/spi-builder-workspace/LNPreviewToContextMenu/LNPreviewToContextMenu/UIViewController+UIPreviewContextCompat.m:43:86: error: 'UIContextMenuInteractionDelegate' is unavailable: not available on watchOS
43 | @interface _LNPreviewContextCompatContextMenuInteraction : UIContextMenuInteraction <UIContextMenuInteractionDelegate>
| ^
In module 'UIKit' imported from /Users/admin/builder/spi-builder-workspace/LNPreviewToContextMenu/LNPreviewToContextMenu/UIViewController+UIPreviewContextCompat.m:12:
/Applications/Xcode-27.0.0-Release.Candidate.app/Contents/Developer/Platforms/WatchOS.platform/Developer/SDKs/WatchOS27.0.sdk/System/Library/Frameworks/UIKit.framework/Headers/UIContextMenuInteraction.h:99:11: note: 'UIContextMenuInteractionDelegate' has been explicitly marked unavailable here
99 | @protocol UIContextMenuInteractionDelegate <NSObject>
| ^
/Users/admin/builder/spi-builder-workspace/LNPreviewToContextMenu/LNPreviewToContextMenu/UIViewController+UIPreviewContextCompat.m:47:31: error: 'UIViewController' is unavailable: not available on watchOS
47 | @property (nonatomic, strong) UIViewController* previewViewController;
| ^
In module 'UIKit' imported from /Users/admin/builder/spi-builder-workspace/LNPreviewToContextMenu/LNPreviewToContextMenu/UIViewController+UIPreviewContextCompat.m:12:
/Applications/Xcode-27.0.0-Release.Candidate.app/Contents/Developer/Platforms/WatchOS.platform/Developer/SDKs/WatchOS27.0.sdk/System/Library/Frameworks/UIKit.framework/Headers/UIViewController.h:104:12: note: 'UIViewController' has been explicitly marked unavailable here
104 | @interface UIViewController : UIResponder <NSCoding, UIAppearanceContainer, UITraitEnvironment, UIContentContainer, UIFocusEnvironment>
| ^
/Users/admin/builder/spi-builder-workspace/LNPreviewToContextMenu/LNPreviewToContextMenu/UIViewController+UIPreviewContextCompat.m:48:31: error: 'UIView' is unavailable: not available on watchOS
48 | @property (nonatomic, strong) UIView* snapshotForTargetedPreview;
| ^
In module 'UIKit' imported from /Users/admin/builder/spi-builder-workspace/LNPreviewToContextMenu/LNPreviewToContextMenu/UIViewController+UIPreviewContextCompat.m:12:
/Applications/Xcode-27.0.0-Release.Candidate.app/Contents/Developer/Platforms/WatchOS.platform/Developer/SDKs/WatchOS27.0.sdk/System/Library/Frameworks/UIKit.framework/Headers/UIView.h:152:12: note: 'UIView' has been explicitly marked unavailable here
152 | @interface UIView : UIResponder <NSCoding, UIAppearance, UIAppearanceContainer, UIDynamicItem, UITraitEnvironment, UICoordinateSpace, UIFocusItem, UIFocusItemContainer, CALayerDelegate>
| ^
/Users/admin/builder/spi-builder-workspace/LNPreviewToContextMenu/LNPreviewToContextMenu/UIViewController+UIPreviewContextCompat.m:59:4: error: 'UIMenuElement' is unavailable: not available on watchOS
59 | - (UIMenuElement*)_menuElementForPreviewActionItem:(NSObject<UIPreviewActionItem>*)previewActionItem
| ^
In module 'UIKit' imported from /Users/admin/builder/spi-builder-workspace/LNPreviewToContextMenu/LNPreviewToContextMenu/UIViewController+UIPreviewContextCompat.m:12:
/Applications/Xcode-27.0.0-Release.Candidate.app/Contents/Developer/Platforms/WatchOS.platform/Developer/SDKs/WatchOS27.0.sdk/System/Library/Frameworks/UIKit.framework/Headers/UIMenuElement.h:56:12: note: 'UIMenuElement' has been explicitly marked unavailable here
56 | @interface UIMenuElement : NSObject <NSCopying, NSSecureCoding>
| ^
/Users/admin/builder/spi-builder-workspace/LNPreviewToContextMenu/LNPreviewToContextMenu/UIViewController+UIPreviewContextCompat.m:59:62: error: 'UIPreviewActionItem' is unavailable: not available on watchOS
59 | - (UIMenuElement*)_menuElementForPreviewActionItem:(NSObject<UIPreviewActionItem>*)previewActionItem
| ^
In module 'UIKit' imported from /Users/admin/builder/spi-builder-workspace/LNPreviewToContextMenu/LNPreviewToContextMenu/UIViewController+UIPreviewContextCompat.m:12:
/Applications/Xcode-27.0.0-Release.Candidate.app/Contents/Developer/Platforms/WatchOS.platform/Developer/SDKs/WatchOS27.0.sdk/System/Library/Frameworks/UIKit.framework/Headers/UIViewController.h:789:11: note: 'UIPreviewActionItem' has been explicitly marked unavailable here
789 | @protocol UIPreviewActionItem <NSObject>
| ^
/Users/admin/builder/spi-builder-workspace/LNPreviewToContextMenu/LNPreviewToContextMenu/UIViewController+UIPreviewContextCompat.m:101:4: error: 'UIMenu' is unavailable: not available on watchOS
101 | - (UIMenu*)_menuForPreviewViewController
| ^
In module 'UIKit' imported from /Users/admin/builder/spi-builder-workspace/LNPreviewToContextMenu/LNPreviewToContextMenu/UIViewController+UIPreviewContextCompat.m:12:
/Applications/Xcode-27.0.0-Release.Candidate.app/Contents/Developer/Platforms/WatchOS.platform/Developer/SDKs/WatchOS27.0.sdk/System/Library/Frameworks/UIKit.framework/Headers/UIMenu.h:43:12: note: 'UIMenu' has been explicitly marked unavailable here
43 | @interface UIMenu : UIMenuElement
| ^
/Users/admin/builder/spi-builder-workspace/LNPreviewToContextMenu/LNPreviewToContextMenu/UIViewController+UIPreviewContextCompat.m:122:13: error: 'UIContextMenuConfiguration' is unavailable: not available on watchOS
122 | - (nullable UIContextMenuConfiguration *)contextMenuInteraction:(UIContextMenuInteraction *)interaction configurationForMenuAtLocation:(CGPoint)location
| ^
In module 'UIKit' imported from /Users/admin/builder/spi-builder-workspace/LNPreviewToContextMenu/LNPreviewToContextMenu/UIViewController+UIPreviewContextCompat.m:12:
/Applications/Xcode-27.0.0-Release.Candidate.app/Contents/Developer/Platforms/WatchOS.platform/Developer/SDKs/WatchOS27.0.sdk/System/Library/Frameworks/UIKit.framework/Headers/UIContextMenuConfiguration.h:39:12: note: 'UIContextMenuConfiguration' has been explicitly marked unavailable here
39 | @interface UIContextMenuConfiguration : NSObject
| ^
/Users/admin/builder/spi-builder-workspace/LNPreviewToContextMenu/LNPreviewToContextMenu/UIViewController+UIPreviewContextCompat.m:122:66: error: 'UIContextMenuInteraction' is unavailable: not available on watchOS
122 | - (nullable UIContextMenuConfiguration *)contextMenuInteraction:(UIContextMenuInteraction *)interaction configurationForMenuAtLocation:(CGPoint)location
| ^
In module 'UIKit' imported from /Users/admin/builder/spi-builder-workspace/LNPreviewToContextMenu/LNPreviewToContextMenu/UIViewController+UIPreviewContextCompat.m:12:
/Applications/Xcode-27.0.0-Release.Candidate.app/Contents/Developer/Platforms/WatchOS.platform/Developer/SDKs/WatchOS27.0.sdk/System/Library/Frameworks/UIKit.framework/Headers/UIContextMenuInteraction.h:32:12: note: 'UIContextMenuInteraction' has been explicitly marked unavailable here
32 | @interface UIContextMenuInteraction : NSObject <UIInteraction>
| ^
/Users/admin/builder/spi-builder-workspace/LNPreviewToContextMenu/LNPreviewToContextMenu/UIViewController+UIPreviewContextCompat.m:139:13: error: 'UITargetedPreview' is unavailable: not available on watchOS
139 | - (nullable UITargetedPreview *)contextMenuInteraction:(UIContextMenuInteraction *)interaction previewForHighlightingMenuWithConfiguration:(UIContextMenuConfiguration *)configuration
| ^
In module 'UIKit' imported from /Users/admin/builder/spi-builder-workspace/LNPreviewToContextMenu/LNPreviewToContextMenu/UIViewController+UIPreviewContextCompat.m:12:
/Applications/Xcode-27.0.0-Release.Candidate.app/Contents/Developer/Platforms/WatchOS.platform/Developer/SDKs/WatchOS27.0.sdk/System/Library/Frameworks/UIKit.framework/Headers/UITargetedPreview.h:45:12: note: 'UITargetedPreview' has been explicitly marked unavailable here
45 | @interface UITargetedPreview : NSObject <NSCopying>
| ^
/Users/admin/builder/spi-builder-workspace/LNPreviewToContextMenu/LNPreviewToContextMenu/UIViewController+UIPreviewContextCompat.m:139:57: error: 'UIContextMenuInteraction' is unavailable: not available on watchOS
139 | - (nullable UITargetedPreview *)contextMenuInteraction:(UIContextMenuInteraction *)interaction previewForHighlightingMenuWithConfiguration:(UIContextMenuConfiguration *)configuration
| ^
In module 'UIKit' imported from /Users/admin/builder/spi-builder-workspace/LNPreviewToContextMenu/LNPreviewToContextMenu/UIViewController+UIPreviewContextCompat.m:12:
/Applications/Xcode-27.0.0-Release.Candidate.app/Contents/Developer/Platforms/WatchOS.platform/Developer/SDKs/WatchOS27.0.sdk/System/Library/Frameworks/UIKit.framework/Headers/UIContextMenuInteraction.h:32:12: note: 'UIContextMenuInteraction' has been explicitly marked unavailable here
32 | @interface UIContextMenuInteraction : NSObject <UIInteraction>
| ^
/Users/admin/builder/spi-builder-workspace/LNPreviewToContextMenu/LNPreviewToContextMenu/UIViewController+UIPreviewContextCompat.m:139:141: error: 'UIContextMenuConfiguration' is unavailable: not available on watchOS
139 | - (nullable UITargetedPreview *)contextMenuInteraction:(UIContextMenuInteraction *)interaction previewForHighlightingMenuWithConfiguration:(UIContextMenuConfiguration *)configuration
| ^
In module 'UIKit' imported from /Users/admin/builder/spi-builder-workspace/LNPreviewToContextMenu/LNPreviewToContextMenu/UIViewController+UIPreviewContextCompat.m:12:
/Applications/Xcode-27.0.0-Release.Candidate.app/Contents/Developer/Platforms/WatchOS.platform/Developer/SDKs/WatchOS27.0.sdk/System/Library/Frameworks/UIKit.framework/Headers/UIContextMenuConfiguration.h:39:12: note: 'UIContextMenuConfiguration' has been explicitly marked unavailable here
39 | @interface UIContextMenuConfiguration : NSObject
| ^
/Users/admin/builder/spi-builder-workspace/LNPreviewToContextMenu/LNPreviewToContextMenu/UIViewController+UIPreviewContextCompat.m:178:33: error: 'UIContextMenuInteraction' is unavailable: not available on watchOS
178 | - (void)contextMenuInteraction:(UIContextMenuInteraction *)interaction willPerformPreviewActionForMenuWithConfiguration:(UIContextMenuConfiguration *)configuration animator:(id<UIContextMenuInteractionCommitAnimating>)animator
| ^
In module 'UIKit' imported from /Users/admin/builder/spi-builder-workspace/LNPreviewToContextMenu/LNPreviewToContextMenu/UIViewController+UIPreviewContextCompat.m:12:
/Applications/Xcode-27.0.0-Release.Candidate.app/Contents/Developer/Platforms/WatchOS.platform/Developer/SDKs/WatchOS27.0.sdk/System/Library/Frameworks/UIKit.framework/Headers/UIContextMenuInteraction.h:32:12: note: 'UIContextMenuInteraction' has been explicitly marked unavailable here
32 | @interface UIContextMenuInteraction : NSObject <UIInteraction>
| ^
/Users/admin/builder/spi-builder-workspace/LNPreviewToContextMenu/LNPreviewToContextMenu/UIViewController+UIPreviewContextCompat.m:178:122: error: 'UIContextMenuConfiguration' is unavailable: not available on watchOS
178 | - (void)contextMenuInteraction:(UIContextMenuInteraction *)interaction willPerformPreviewActionForMenuWithConfiguration:(UIContextMenuConfiguration *)configuration animator:(id<UIContextMenuInteractionCommitAnimating>)animator
| ^
In module 'UIKit' imported from /Users/admin/builder/spi-builder-workspace/LNPreviewToContextMenu/LNPreviewToContextMenu/UIViewController+UIPreviewContextCompat.m:12:
/Applications/Xcode-27.0.0-Release.Candidate.app/Contents/Developer/Platforms/WatchOS.platform/Developer/SDKs/WatchOS27.0.sdk/System/Library/Frameworks/UIKit.framework/Headers/UIContextMenuConfiguration.h:39:12: note: 'UIContextMenuConfiguration' has been explicitly marked unavailable here
39 | @interface UIContextMenuConfiguration : NSObject
| ^
/Users/admin/builder/spi-builder-workspace/LNPreviewToContextMenu/LNPreviewToContextMenu/UIViewController+UIPreviewContextCompat.m:178:178: error: 'UIContextMenuInteractionCommitAnimating' is unavailable: not available on watchOS
178 | - (void)contextMenuInteraction:(UIContextMenuInteraction *)interaction willPerformPreviewActionForMenuWithConfiguration:(UIContextMenuConfiguration *)configuration animator:(id<UIContextMenuInteractionCommitAnimating>)animator
| ^
In module 'UIKit' imported from /Users/admin/builder/spi-builder-workspace/LNPreviewToContextMenu/LNPreviewToContextMenu/UIViewController+UIPreviewContextCompat.m:12:
/Applications/Xcode-27.0.0-Release.Candidate.app/Contents/Developer/Platforms/WatchOS.platform/Developer/SDKs/WatchOS27.0.sdk/System/Library/Frameworks/UIKit.framework/Headers/UIContextMenuInteraction.h:90:11: note: 'UIContextMenuInteractionCommitAnimating' has been explicitly marked unavailable here
90 | @protocol UIContextMenuInteractionCommitAnimating <UIContextMenuInteractionAnimating>
| ^
fatal error: too many errors emitted, stopping now [-ferror-limit=]
20 errors generated.
Failed frontend command:
/Applications/Xcode-27.0.0-Release.Candidate.app/Contents/Developer/Toolchains/XcodeDefault.xctoolchain/usr/bin/clang -cc1 -Wundef-prefix\=TARGET_OS_ -fdiagnostics-show-note-include-stack -fmacro-backtrace-limit\=0 -ferror-limit 19 -serialize-diagnostic-file /Users/admin/builder/spi-builder-workspace/.derivedData/Build/Intermediates.noindex/LNPreviewToContextMenu.build/Debug-watchos/LNPreviewToContextMenu-t.build/Objects-normal/arm64_32/UIViewController+UIPreviewContextCompat.dia -Wdeprecated-objc-isa-usage -Werror\=deprecated-objc-isa-usage -Werror\=implicit-function-declaration -Wnon-modular-include-in-framework-module -Werror\=non-modular-include-in-framework-module -Wno-trigraphs -Wno-missing-field-initializers -Wno-missing-prototypes -Wno-return-type -Wno-implicit-atomic-properties -Wno-objc-interface-ivars -Wno-arc-repeated-use-of-weak -Wno-missing-braces -Wparentheses -Wswitch -Wno-unused-function -Wno-unused-label -Wno-unused-parameter -Wno-unused-variable -Wunused-value -Wno-empty-body -Wno-uninitialized -Wno-unknown-pragmas -Wno-shadow -Wno-four-char-constants -Wno-conversion -Wno-constant-conversion -Wno-int-conversion -Wno-bool-conversion -Wno-enum-conversion -Wno-float-conversion -Wno-non-literal-null-conversion -Wno-objc-literal-conversion -Wno-shorten-64-to-32 -Wpointer-sign -Wno-newline-eof -Wno-selector -Wno-strict-selector-match -Wno-undeclared-selector -Wno-deprecated-implementations -Wno-implicit-fallthrough -Wprotocol -Wdeprecated-declarations -Wno-sign-conversion -Wno-infinite-recursion -Wno-comma -Wno-block-capture-autoreleasing -Wno-strict-prototypes -Wno-semicolon-before-method-body -Wno-elaborated-enum-base -Wno-error\=allocator-wrappers -index-store-path /Users/admin/builder/spi-builder-workspace/.derivedData/Index.noindex/DataStore -index-unit-output-path /LNPreviewToContextMenu.build/Debug-watchos/LNPreviewToContextMenu-t.build/Objects-normal/arm64_32/UIViewController+UIPreviewContextCompat.o -fmodule-map-file\=/Applications/Xcode-27.0.0-Release.Candidate.app/Contents/Developer/Platforms/WatchOS.platform/Developer/SDKs/WatchOS.sdk/usr/include/ObjectiveC.modulemap -fmodule-map-file\=/Applications/Xcode-27.0.0-Release.Candidate.app/Contents/Developer/Platforms/WatchOS.platform/Developer/SDKs/WatchOS.sdk/System/Library/Frameworks/UIKit.framework/Modules/module.modulemap -o /Users/admin/builder/spi-builder-workspace/.derivedData/Build/Intermediates.noindex/LNPreviewToContextMenu.build/Debug-watchos/LNPreviewToContextMenu-t.build/Objects-normal/arm64_32/UIViewController+UIPreviewContextCompat.o -disable-free -emit-obj -x objective-c /Users/admin/builder/spi-builder-workspace/LNPreviewToContextMenu/LNPreviewToContextMenu/UIViewController+UIPreviewContextCompat.m -target-abi darwinpcs -target-cpu apple-s4 -target-feature +v8.3a -target-feature +aes -target-feature +complxnum -target-feature +crc -target-feature +fp-armv8 -target-feature +fullfp16 -target-feature +jsconv -target-feature +lse -target-feature +neon -target-feature +pauth -target-feature +perfmon -target-feature +ras -target-feature +rcpc -target-feature +rdm -target-feature +sha2 -triple arm64_32-apple-watchos9.0.0 -target-linker-version 1166.2 -target-sdk-version\=27.0 -fmodules-validate-system-headers -fno-modulemap-allow-subdirectory-search -isysroot /Applications/Xcode-27.0.0-Release.Candidate.app/Contents/Developer/Platforms/WatchOS.platform/Developer/SDKs/WatchOS27.0.sdk -resource-dir /Applications/Xcode-27.0.0-Release.Candidate.app/Contents/Developer/Toolchains/XcodeDefault.xctoolchain/usr/lib/clang/21 -fmodule-format\=obj -fmodule-file\=ObjectiveC\=/Users/admin/builder/spi-builder-workspace/.derivedData/Build/Intermediates.noindex/ExplicitPrecompiledModules/ObjectiveC-7OFOJRZYIUCKSSSTRWRNXGZ02.pcm -fmodule-file\=UIKit\=/Users/admin/builder/spi-builder-workspace/.derivedData/Build/Intermediates.noindex/ExplicitPrecompiledModules/UIKit-6VLEXFPHHIVZFGPP0CSOJ3UZD.pcm -I /Users/admin/builder/spi-builder-workspace/.derivedData/Build/Products/Debug-watchos/include -I /Users/admin/builder/spi-builder-workspace/LNPreviewToContextMenu/include -I /Users/admin/builder/spi-builder-workspace/LNPreviewToContextMenu -I /Users/admin/builder/spi-builder-workspace/.derivedData/Build/Intermediates.noindex/LNPreviewToContextMenu.build/Debug-watchos/LNPreviewToContextMenu-t.build/DerivedSources-normal/arm64_32 -I /Users/admin/builder/spi-builder-workspace/.derivedData/Build/Intermediates.noindex/LNPreviewToContextMenu.build/Debug-watchos/LNPreviewToContextMenu-t.build/DerivedSources/arm64_32 -I /Users/admin/builder/spi-builder-workspace/.derivedData/Build/Intermediates.noindex/LNPreviewToContextMenu.build/Debug-watchos/LNPreviewToContextMenu-t.build/DerivedSources -F /Users/admin/builder/spi-builder-workspace/.derivedData/Build/Products/Debug-watchos -iframework /Applications/Xcode-27.0.0-Release.Candidate.app/Contents/Developer/Platforms/WatchOS.platform/Developer/Library/Frameworks -iframework /Applications/Xcode-27.0.0-Release.Candidate.app/Contents/Developer/Platforms/WatchOS.platform/Developer/SDKs/WatchOS27.0.sdk/Developer/Library/Frameworks -internal-isystem /Applications/Xcode-27.0.0-Release.Candidate.app/Contents/Developer/Platforms/WatchOS.platform/Developer/SDKs/WatchOS27.0.sdk/usr/local/include -internal-isystem /Applications/Xcode-27.0.0-Release.Candidate.app/Contents/Developer/Toolchains/XcodeDefault.xctoolchain/usr/lib/clang/21/include -internal-externc-isystem /Applications/Xcode-27.0.0-Release.Candidate.app/Contents/Developer/Platforms/WatchOS.platform/Developer/SDKs/WatchOS27.0.sdk/usr/include -internal-externc-isystem /Applications/Xcode-27.0.0-Release.Candidate.app/Contents/Developer/Toolchains/XcodeDefault.xctoolchain/usr/include -internal-iframework /Applications/Xcode-27.0.0-Release.Candidate.app/Contents/Developer/Platforms/WatchOS.platform/Developer/SDKs/WatchOS27.0.sdk/System/Library/Frameworks -internal-iframework /Applications/Xcode-27.0.0-Release.Candidate.app/Contents/Developer/Platforms/WatchOS.platform/Developer/SDKs/WatchOS27.0.sdk/System/Library/SubFrameworks -internal-iframework /Applications/Xcode-27.0.0-Release.Candidate.app/Contents/Developer/Platforms/WatchOS.platform/Developer/SDKs/WatchOS27.0.sdk/Library/Frameworks -ivfsstatcache /Users/admin/builder/spi-builder-workspace/.derivedData/SDKStatCaches.noindex/watchos27.0-24R360-e829b21a6f8c9b70876ba0858053c04477534ef55a1706bf4c1112bbb242f0a2.sdkstatcache -std\=gnu11 -fexceptions -fskip-odr-check-in-gmf -fmodules -fmodule-name\=LNPreviewToContextMenu -fno-implicit-modules -fobjc-exceptions -fmax-type-align\=16 -fpascal-strings -fvisibility-inlines-hidden-static-local-var -mdarwin-stkchk-strong-link -fno-odr-hash-protocols -pic-level 2 -fencode-extended-block-signature -stack-protector 1 -fobjc-runtime\=watchos-9.0.0 -fobjc-arc -fobjc-runtime-has-weak -fobjc-weak -fgnuc-version\=4.2.1 -fblocks -fno-convergent-functions -ffp-contract\=on -fclang-abi-compat\=4.0 -fno-experimental-relative-c++-abi-vtables -fno-file-reproducible -clang-vendor-feature\=+disableNonDependentMemberExprInCurrentInstantiation -clang-vendor-feature\=+enableAggressiveVLAFolding -clang-vendor-feature\=+revert09abecef7bbf -clang-vendor-feature\=+thisNoAlignAttr -clang-vendor-feature\=+thisNoNullAttr -clang-vendor-feature\=+disableAtImportPrivateFrameworkInImplementationError -O0 -fno-assume-unique-vtables -fdebug-compilation-dir\=/Users/admin/builder/spi-builder-workspace/.swiftpm/xcode -fcoverage-compilation-dir\=/Users/admin/builder/spi-builder-workspace/.swiftpm/xcode -fcommon -fdwarf2-cfi-asm -fobjc-msgsend-selector-stubs -fregister-global-dtors-with-atexit -fno-strict-return -dwarf-version\=4 -debugger-tuning\=lldb -disable-llvm-verifier -dwarf-ext-refs -funwind-tables\=1 -enable-tlsdesc -clear-ast-before-backend -discard-value-names -main-file-name UIViewController+UIPreviewContextCompat.m -mframe-pointer\=non-leaf -debug-info-kind\=standalone -fno-loop-interchange -fdiagnostics-hotness-threshold\=0 -fdiagnostics-misexpect-tolerance\=0 -D DEBUG\=1 -D OBJC_OLD_DISPATCH_PROTOTYPES\=1 -D SWIFT_PACKAGE -D Xcode -fdefine-target-os-macros -MT dependencies -dependency-file /Users/admin/builder/spi-builder-workspace/.derivedData/Build/Intermediates.noindex/LNPreviewToContextMenu.build/Debug-watchos/LNPreviewToContextMenu-t.build/Objects-normal/arm64_32/UIViewController+UIPreviewContextCompat.d -skip-unused-modulemap-deps -module-file-deps\=direct -fdepfile-entry\=/Applications/Xcode-27.0.0-Release.Candidate.app/Contents/Developer/Platforms/WatchOS.platform/Developer/SDKs/WatchOS27.0.sdk/SDKSettings.json
CompileC /Users/admin/builder/spi-builder-workspace/.derivedData/Build/Intermediates.noindex/LNPreviewToContextMenu.build/Debug-watchos/LNPreviewToContextMenu-t.build/Objects-normal/arm64/UIViewController+UIPreviewContextCompat.o /Users/admin/builder/spi-builder-workspace/LNPreviewToContextMenu/LNPreviewToContextMenu/UIViewController+UIPreviewContextCompat.m normal arm64 objective-c com.apple.compilers.llvm.clang.1_0.compiler (in target 'LNPreviewToContextMenu' from project 'LNPreviewToContextMenu')
cd /Users/admin/builder/spi-builder-workspace/.swiftpm/xcode
Using response file: /Users/admin/builder/spi-builder-workspace/.derivedData/Build/Intermediates.noindex/LNPreviewToContextMenu.build/Debug-watchos/LNPreviewToContextMenu-t.build/Objects-normal/arm64/e6072d4f65d7061329687fe24e3d63a7-common-args.resp
/Applications/Xcode-27.0.0-Release.Candidate.app/Contents/Developer/Toolchains/XcodeDefault.xctoolchain/usr/bin/clang -x objective-c -ivfsstatcache /Users/admin/builder/spi-builder-workspace/.derivedData/SDKStatCaches.noindex/watchos27.0-24R360-e829b21a6f8c9b70876ba0858053c04477534ef55a1706bf4c1112bbb242f0a2.sdkstatcache -target arm64-apple-watchos9.0 -fmessage-length\=0 -fdiagnostics-show-note-include-stack -fmacro-backtrace-limit\=0 -fno-color-diagnostics -fmodules-prune-interval\=86400 -fmodules-prune-after\=345600 -fbuild-session-file\=/Users/admin/builder/spi-builder-workspace/.derivedData/ModuleCache.noindex/Session.modulevalidation -fmodules-validate-once-per-build-session -Wnon-modular-include-in-framework-module -Werror\=non-modular-include-in-framework-module -Wno-trigraphs -Wno-missing-field-initializers -Wno-missing-prototypes -Wno-return-type -Wno-implicit-atomic-properties -Wno-objc-interface-ivars -Wno-arc-repeated-use-of-weak -Wno-missing-braces -Wparentheses -Wswitch -Wno-unused-function -Wno-unused-label -Wno-unused-parameter -Wno-unused-variable -Wunused-value -Wno-empty-body -Wno-uninitialized -Wno-unknown-pragmas -Wno-shadow -Wno-four-char-constants -Wno-conversion -Wno-constant-conversion -Wno-int-conversion -Wno-bool-conversion -Wno-enum-conversion -Wno-float-conversion -Wno-non-literal-null-conversion -Wno-objc-literal-conversion -Wshorten-64-to-32 -Wpointer-sign -Wno-newline-eof -Wno-selector -Wno-strict-selector-match -Wno-undeclared-selector -Wno-deprecated-implementations -Wno-implicit-fallthrough -isysroot /Applications/Xcode-27.0.0-Release.Candidate.app/Contents/Developer/Platforms/WatchOS.platform/Developer/SDKs/WatchOS27.0.sdk -fstrict-aliasing -Wprotocol -Wdeprecated-declarations -Wno-sign-conversion -Wno-infinite-recursion -Wno-comma -Wno-block-capture-autoreleasing -Wno-strict-prototypes -Wno-semicolon-before-method-body -index-store-path /Users/admin/builder/spi-builder-workspace/.derivedData/Index.noindex/DataStore @/Users/admin/builder/spi-builder-workspace/.derivedData/Build/Intermediates.noindex/LNPreviewToContextMenu.build/Debug-watchos/LNPreviewToContextMenu-t.build/Objects-normal/arm64/e6072d4f65d7061329687fe24e3d63a7-common-args.resp -MMD -MT dependencies -MF /Users/admin/builder/spi-builder-workspace/.derivedData/Build/Intermediates.noindex/LNPreviewToContextMenu.build/Debug-watchos/LNPreviewToContextMenu-t.build/Objects-normal/arm64/UIViewController+UIPreviewContextCompat.d --serialize-diagnostics /Users/admin/builder/spi-builder-workspace/.derivedData/Build/Intermediates.noindex/LNPreviewToContextMenu.build/Debug-watchos/LNPreviewToContextMenu-t.build/Objects-normal/arm64/UIViewController+UIPreviewContextCompat.dia -c /Users/admin/builder/spi-builder-workspace/LNPreviewToContextMenu/LNPreviewToContextMenu/UIViewController+UIPreviewContextCompat.m -o /Users/admin/builder/spi-builder-workspace/.derivedData/Build/Intermediates.noindex/LNPreviewToContextMenu.build/Debug-watchos/LNPreviewToContextMenu-t.build/Objects-normal/arm64/UIViewController+UIPreviewContextCompat.o -index-unit-output-path /LNPreviewToContextMenu.build/Debug-watchos/LNPreviewToContextMenu-t.build/Objects-normal/arm64/UIViewController+UIPreviewContextCompat.o
/Users/admin/builder/spi-builder-workspace/LNPreviewToContextMenu/LNPreviewToContextMenu/UIViewController+UIPreviewContextCompat.m:21:55: error: 'UIViewControllerPreviewing' is unavailable: not available on watchOS
21 | @interface _LNPreviewContextCompatSupport : NSObject <UIViewControllerPreviewing>
| ^
In module 'UIKit' imported from /Users/admin/builder/spi-builder-workspace/LNPreviewToContextMenu/LNPreviewToContextMenu/UIViewController+UIPreviewContextCompat.m:12:
/Applications/Xcode-27.0.0-Release.Candidate.app/Contents/Developer/Platforms/WatchOS.platform/Developer/SDKs/WatchOS27.0.sdk/System/Library/Frameworks/UIKit.framework/Headers/UIViewController.h:634:11: note: 'UIViewControllerPreviewing' has been explicitly marked unavailable here
634 | @protocol UIViewControllerPreviewing <NSObject>
| ^
/Users/admin/builder/spi-builder-workspace/LNPreviewToContextMenu/LNPreviewToContextMenu/UIViewController+UIPreviewContextCompat.m:23:31: error: 'UIGestureRecognizer' is unavailable: not available on watchOS
23 | @property (nonatomic, strong) UIGestureRecognizer *previewingGestureRecognizerForFailureRelationship;
| ^
In module 'UIKit' imported from /Users/admin/builder/spi-builder-workspace/LNPreviewToContextMenu/LNPreviewToContextMenu/UIViewController+UIPreviewContextCompat.m:12:
/Applications/Xcode-27.0.0-Release.Candidate.app/Contents/Developer/Platforms/WatchOS.platform/Developer/SDKs/WatchOS27.0.sdk/System/Library/Frameworks/UIKit.framework/Headers/UIGestureRecognizer.h:35:12: note: 'UIGestureRecognizer' has been explicitly marked unavailable here
35 | @interface UIGestureRecognizer : NSObject
| ^
/Users/admin/builder/spi-builder-workspace/LNPreviewToContextMenu/LNPreviewToContextMenu/UIViewController+UIPreviewContextCompat.m:24:32: error: 'UIViewControllerPreviewingDelegate' is unavailable: not available on watchOS
24 | @property (nonatomic, weak) id<UIViewControllerPreviewingDelegate> delegate;
| ^
In module 'UIKit' imported from /Users/admin/builder/spi-builder-workspace/LNPreviewToContextMenu/LNPreviewToContextMenu/UIViewController+UIPreviewContextCompat.m:12:
/Applications/Xcode-27.0.0-Release.Candidate.app/Contents/Developer/Platforms/WatchOS.platform/Developer/SDKs/WatchOS27.0.sdk/System/Library/Frameworks/UIKit.framework/Headers/UIViewController.h:651:11: note: 'UIViewControllerPreviewingDelegate' has been explicitly marked unavailable here
651 | @protocol UIViewControllerPreviewingDelegate <NSObject>
| ^
/Users/admin/builder/spi-builder-workspace/LNPreviewToContextMenu/LNPreviewToContextMenu/UIViewController+UIPreviewContextCompat.m:25:31: error: 'UIView' is unavailable: not available on watchOS
25 | @property (nonatomic, strong) UIView *sourceView;
| ^
In module 'UIKit' imported from /Users/admin/builder/spi-builder-workspace/LNPreviewToContextMenu/LNPreviewToContextMenu/UIViewController+UIPreviewContextCompat.m:12:
/Applications/Xcode-27.0.0-Release.Candidate.app/Contents/Developer/Platforms/WatchOS.platform/Developer/SDKs/WatchOS27.0.sdk/System/Library/Frameworks/UIKit.framework/Headers/UIView.h:152:12: note: 'UIView' has been explicitly marked unavailable here
152 | @interface UIView : UIResponder <NSCoding, UIAppearance, UIAppearanceContainer, UIDynamicItem, UITraitEnvironment, UICoordinateSpace, UIFocusItem, UIFocusItemContainer, CALayerDelegate>
| ^
/Users/admin/builder/spi-builder-workspace/LNPreviewToContextMenu/LNPreviewToContextMenu/UIViewController+UIPreviewContextCompat.m:43:60: error: 'UIContextMenuInteraction' is unavailable: not available on watchOS
43 | @interface _LNPreviewContextCompatContextMenuInteraction : UIContextMenuInteraction <UIContextMenuInteractionDelegate>
| ^
In module 'UIKit' imported from /Users/admin/builder/spi-builder-workspace/LNPreviewToContextMenu/LNPreviewToContextMenu/UIViewController+UIPreviewContextCompat.m:12:
/Applications/Xcode-27.0.0-Release.Candidate.app/Contents/Developer/Platforms/WatchOS.platform/Developer/SDKs/WatchOS27.0.sdk/System/Library/Frameworks/UIKit.framework/Headers/UIContextMenuInteraction.h:32:12: note: 'UIContextMenuInteraction' has been explicitly marked unavailable here
32 | @interface UIContextMenuInteraction : NSObject <UIInteraction>
| ^
/Users/admin/builder/spi-builder-workspace/LNPreviewToContextMenu/LNPreviewToContextMenu/UIViewController+UIPreviewContextCompat.m:43:86: error: 'UIContextMenuInteractionDelegate' is unavailable: not available on watchOS
43 | @interface _LNPreviewContextCompatContextMenuInteraction : UIContextMenuInteraction <UIContextMenuInteractionDelegate>
| ^
In module 'UIKit' imported from /Users/admin/builder/spi-builder-workspace/LNPreviewToContextMenu/LNPreviewToContextMenu/UIViewController+UIPreviewContextCompat.m:12:
/Applications/Xcode-27.0.0-Release.Candidate.app/Contents/Developer/Platforms/WatchOS.platform/Developer/SDKs/WatchOS27.0.sdk/System/Library/Frameworks/UIKit.framework/Headers/UIContextMenuInteraction.h:99:11: note: 'UIContextMenuInteractionDelegate' has been explicitly marked unavailable here
99 | @protocol UIContextMenuInteractionDelegate <NSObject>
| ^
/Users/admin/builder/spi-builder-workspace/LNPreviewToContextMenu/LNPreviewToContextMenu/UIViewController+UIPreviewContextCompat.m:47:31: error: 'UIViewController' is unavailable: not available on watchOS
47 | @property (nonatomic, strong) UIViewController* previewViewController;
| ^
In module 'UIKit' imported from /Users/admin/builder/spi-builder-workspace/LNPreviewToContextMenu/LNPreviewToContextMenu/UIViewController+UIPreviewContextCompat.m:12:
/Applications/Xcode-27.0.0-Release.Candidate.app/Contents/Developer/Platforms/WatchOS.platform/Developer/SDKs/WatchOS27.0.sdk/System/Library/Frameworks/UIKit.framework/Headers/UIViewController.h:104:12: note: 'UIViewController' has been explicitly marked unavailable here
104 | @interface UIViewController : UIResponder <NSCoding, UIAppearanceContainer, UITraitEnvironment, UIContentContainer, UIFocusEnvironment>
| ^
/Users/admin/builder/spi-builder-workspace/LNPreviewToContextMenu/LNPreviewToContextMenu/UIViewController+UIPreviewContextCompat.m:48:31: error: 'UIView' is unavailable: not available on watchOS
48 | @property (nonatomic, strong) UIView* snapshotForTargetedPreview;
| ^
In module 'UIKit' imported from /Users/admin/builder/spi-builder-workspace/LNPreviewToContextMenu/LNPreviewToContextMenu/UIViewController+UIPreviewContextCompat.m:12:
/Applications/Xcode-27.0.0-Release.Candidate.app/Contents/Developer/Platforms/WatchOS.platform/Developer/SDKs/WatchOS27.0.sdk/System/Library/Frameworks/UIKit.framework/Headers/UIView.h:152:12: note: 'UIView' has been explicitly marked unavailable here
152 | @interface UIView : UIResponder <NSCoding, UIAppearance, UIAppearanceContainer, UIDynamicItem, UITraitEnvironment, UICoordinateSpace, UIFocusItem, UIFocusItemContainer, CALayerDelegate>
| ^
/Users/admin/builder/spi-builder-workspace/LNPreviewToContextMenu/LNPreviewToContextMenu/UIViewController+UIPreviewContextCompat.m:59:4: error: 'UIMenuElement' is unavailable: not available on watchOS
59 | - (UIMenuElement*)_menuElementForPreviewActionItem:(NSObject<UIPreviewActionItem>*)previewActionItem
| ^
In module 'UIKit' imported from /Users/admin/builder/spi-builder-workspace/LNPreviewToContextMenu/LNPreviewToContextMenu/UIViewController+UIPreviewContextCompat.m:12:
/Applications/Xcode-27.0.0-Release.Candidate.app/Contents/Developer/Platforms/WatchOS.platform/Developer/SDKs/WatchOS27.0.sdk/System/Library/Frameworks/UIKit.framework/Headers/UIMenuElement.h:56:12: note: 'UIMenuElement' has been explicitly marked unavailable here
56 | @interface UIMenuElement : NSObject <NSCopying, NSSecureCoding>
| ^
/Users/admin/builder/spi-builder-workspace/LNPreviewToContextMenu/LNPreviewToContextMenu/UIViewController+UIPreviewContextCompat.m:59:62: error: 'UIPreviewActionItem' is unavailable: not available on watchOS
59 | - (UIMenuElement*)_menuElementForPreviewActionItem:(NSObject<UIPreviewActionItem>*)previewActionItem
| ^
In module 'UIKit' imported from /Users/admin/builder/spi-builder-workspace/LNPreviewToContextMenu/LNPreviewToContextMenu/UIViewController+UIPreviewContextCompat.m:12:
/Applications/Xcode-27.0.0-Release.Candidate.app/Contents/Developer/Platforms/WatchOS.platform/Developer/SDKs/WatchOS27.0.sdk/System/Library/Frameworks/UIKit.framework/Headers/UIViewController.h:789:11: note: 'UIPreviewActionItem' has been explicitly marked unavailable here
789 | @protocol UIPreviewActionItem <NSObject>
| ^
/Users/admin/builder/spi-builder-workspace/LNPreviewToContextMenu/LNPreviewToContextMenu/UIViewController+UIPreviewContextCompat.m:101:4: error: 'UIMenu' is unavailable: not available on watchOS
101 | - (UIMenu*)_menuForPreviewViewController
| ^
In module 'UIKit' imported from /Users/admin/builder/spi-builder-workspace/LNPreviewToContextMenu/LNPreviewToContextMenu/UIViewController+UIPreviewContextCompat.m:12:
/Applications/Xcode-27.0.0-Release.Candidate.app/Contents/Developer/Platforms/WatchOS.platform/Developer/SDKs/WatchOS27.0.sdk/System/Library/Frameworks/UIKit.framework/Headers/UIMenu.h:43:12: note: 'UIMenu' has been explicitly marked unavailable here
43 | @interface UIMenu : UIMenuElement
| ^
/Users/admin/builder/spi-builder-workspace/LNPreviewToContextMenu/LNPreviewToContextMenu/UIViewController+UIPreviewContextCompat.m:122:13: error: 'UIContextMenuConfiguration' is unavailable: not available on watchOS
122 | - (nullable UIContextMenuConfiguration *)contextMenuInteraction:(UIContextMenuInteraction *)interaction configurationForMenuAtLocation:(CGPoint)location
| ^
In module 'UIKit' imported from /Users/admin/builder/spi-builder-workspace/LNPreviewToContextMenu/LNPreviewToContextMenu/UIViewController+UIPreviewContextCompat.m:12:
/Applications/Xcode-27.0.0-Release.Candidate.app/Contents/Developer/Platforms/WatchOS.platform/Developer/SDKs/WatchOS27.0.sdk/System/Library/Frameworks/UIKit.framework/Headers/UIContextMenuConfiguration.h:39:12: note: 'UIContextMenuConfiguration' has been explicitly marked unavailable here
39 | @interface UIContextMenuConfiguration : NSObject
| ^
/Users/admin/builder/spi-builder-workspace/LNPreviewToContextMenu/LNPreviewToContextMenu/UIViewController+UIPreviewContextCompat.m:122:66: error: 'UIContextMenuInteraction' is unavailable: not available on watchOS
122 | - (nullable UIContextMenuConfiguration *)contextMenuInteraction:(UIContextMenuInteraction *)interaction configurationForMenuAtLocation:(CGPoint)location
| ^
In module 'UIKit' imported from /Users/admin/builder/spi-builder-workspace/LNPreviewToContextMenu/LNPreviewToContextMenu/UIViewController+UIPreviewContextCompat.m:12:
/Applications/Xcode-27.0.0-Release.Candidate.app/Contents/Developer/Platforms/WatchOS.platform/Developer/SDKs/WatchOS27.0.sdk/System/Library/Frameworks/UIKit.framework/Headers/UIContextMenuInteraction.h:32:12: note: 'UIContextMenuInteraction' has been explicitly marked unavailable here
32 | @interface UIContextMenuInteraction : NSObject <UIInteraction>
| ^
/Users/admin/builder/spi-builder-workspace/LNPreviewToContextMenu/LNPreviewToContextMenu/UIViewController+UIPreviewContextCompat.m:139:13: error: 'UITargetedPreview' is unavailable: not available on watchOS
139 | - (nullable UITargetedPreview *)contextMenuInteraction:(UIContextMenuInteraction *)interaction previewForHighlightingMenuWithConfiguration:(UIContextMenuConfiguration *)configuration
| ^
In module 'UIKit' imported from /Users/admin/builder/spi-builder-workspace/LNPreviewToContextMenu/LNPreviewToContextMenu/UIViewController+UIPreviewContextCompat.m:12:
/Applications/Xcode-27.0.0-Release.Candidate.app/Contents/Developer/Platforms/WatchOS.platform/Developer/SDKs/WatchOS27.0.sdk/System/Library/Frameworks/UIKit.framework/Headers/UITargetedPreview.h:45:12: note: 'UITargetedPreview' has been explicitly marked unavailable here
45 | @interface UITargetedPreview : NSObject <NSCopying>
| ^
/Users/admin/builder/spi-builder-workspace/LNPreviewToContextMenu/LNPreviewToContextMenu/UIViewController+UIPreviewContextCompat.m:139:57: error: 'UIContextMenuInteraction' is unavailable: not available on watchOS
139 | - (nullable UITargetedPreview *)contextMenuInteraction:(UIContextMenuInteraction *)interaction previewForHighlightingMenuWithConfiguration:(UIContextMenuConfiguration *)configuration
| ^
In module 'UIKit' imported from /Users/admin/builder/spi-builder-workspace/LNPreviewToContextMenu/LNPreviewToContextMenu/UIViewController+UIPreviewContextCompat.m:12:
/Applications/Xcode-27.0.0-Release.Candidate.app/Contents/Developer/Platforms/WatchOS.platform/Developer/SDKs/WatchOS27.0.sdk/System/Library/Frameworks/UIKit.framework/Headers/UIContextMenuInteraction.h:32:12: note: 'UIContextMenuInteraction' has been explicitly marked unavailable here
32 | @interface UIContextMenuInteraction : NSObject <UIInteraction>
| ^
/Users/admin/builder/spi-builder-workspace/LNPreviewToContextMenu/LNPreviewToContextMenu/UIViewController+UIPreviewContextCompat.m:139:141: error: 'UIContextMenuConfiguration' is unavailable: not available on watchOS
139 | - (nullable UITargetedPreview *)contextMenuInteraction:(UIContextMenuInteraction *)interaction previewForHighlightingMenuWithConfiguration:(UIContextMenuConfiguration *)configuration
| ^
In module 'UIKit' imported from /Users/admin/builder/spi-builder-workspace/LNPreviewToContextMenu/LNPreviewToContextMenu/UIViewController+UIPreviewContextCompat.m:12:
/Applications/Xcode-27.0.0-Release.Candidate.app/Contents/Developer/Platforms/WatchOS.platform/Developer/SDKs/WatchOS27.0.sdk/System/Library/Frameworks/UIKit.framework/Headers/UIContextMenuConfiguration.h:39:12: note: 'UIContextMenuConfiguration' has been explicitly marked unavailable here
39 | @interface UIContextMenuConfiguration : NSObject
| ^
/Users/admin/builder/spi-builder-workspace/LNPreviewToContextMenu/LNPreviewToContextMenu/UIViewController+UIPreviewContextCompat.m:178:33: error: 'UIContextMenuInteraction' is unavailable: not available on watchOS
178 | - (void)contextMenuInteraction:(UIContextMenuInteraction *)interaction willPerformPreviewActionForMenuWithConfiguration:(UIContextMenuConfiguration *)configuration animator:(id<UIContextMenuInteractionCommitAnimating>)animator
| ^
In module 'UIKit' imported from /Users/admin/builder/spi-builder-workspace/LNPreviewToContextMenu/LNPreviewToContextMenu/UIViewController+UIPreviewContextCompat.m:12:
/Applications/Xcode-27.0.0-Release.Candidate.app/Contents/Developer/Platforms/WatchOS.platform/Developer/SDKs/WatchOS27.0.sdk/System/Library/Frameworks/UIKit.framework/Headers/UIContextMenuInteraction.h:32:12: note: 'UIContextMenuInteraction' has been explicitly marked unavailable here
32 | @interface UIContextMenuInteraction : NSObject <UIInteraction>
| ^
/Users/admin/builder/spi-builder-workspace/LNPreviewToContextMenu/LNPreviewToContextMenu/UIViewController+UIPreviewContextCompat.m:178:122: error: 'UIContextMenuConfiguration' is unavailable: not available on watchOS
178 | - (void)contextMenuInteraction:(UIContextMenuInteraction *)interaction willPerformPreviewActionForMenuWithConfiguration:(UIContextMenuConfiguration *)configuration animator:(id<UIContextMenuInteractionCommitAnimating>)animator
| ^
In module 'UIKit' imported from /Users/admin/builder/spi-builder-workspace/LNPreviewToContextMenu/LNPreviewToContextMenu/UIViewController+UIPreviewContextCompat.m:12:
/Applications/Xcode-27.0.0-Release.Candidate.app/Contents/Developer/Platforms/WatchOS.platform/Developer/SDKs/WatchOS27.0.sdk/System/Library/Frameworks/UIKit.framework/Headers/UIContextMenuConfiguration.h:39:12: note: 'UIContextMenuConfiguration' has been explicitly marked unavailable here
39 | @interface UIContextMenuConfiguration : NSObject
| ^
/Users/admin/builder/spi-builder-workspace/LNPreviewToContextMenu/LNPreviewToContextMenu/UIViewController+UIPreviewContextCompat.m:178:178: error: 'UIContextMenuInteractionCommitAnimating' is unavailable: not available on watchOS
178 | - (void)contextMenuInteraction:(UIContextMenuInteraction *)interaction willPerformPreviewActionForMenuWithConfiguration:(UIContextMenuConfiguration *)configuration animator:(id<UIContextMenuInteractionCommitAnimating>)animator
| ^
In module 'UIKit' imported from /Users/admin/builder/spi-builder-workspace/LNPreviewToContextMenu/LNPreviewToContextMenu/UIViewController+UIPreviewContextCompat.m:12:
/Applications/Xcode-27.0.0-Release.Candidate.app/Contents/Developer/Platforms/WatchOS.platform/Developer/SDKs/WatchOS27.0.sdk/System/Library/Frameworks/UIKit.framework/Headers/UIContextMenuInteraction.h:90:11: note: 'UIContextMenuInteractionCommitAnimating' has been explicitly marked unavailable here
90 | @protocol UIContextMenuInteractionCommitAnimating <UIContextMenuInteractionAnimating>
| ^
fatal error: too many errors emitted, stopping now [-ferror-limit=]
20 errors generated.
Failed frontend command:
/Applications/Xcode-27.0.0-Release.Candidate.app/Contents/Developer/Toolchains/XcodeDefault.xctoolchain/usr/bin/clang -cc1 -Wundef-prefix\=TARGET_OS_ -fdiagnostics-show-note-include-stack -fmacro-backtrace-limit\=0 -ferror-limit 19 -serialize-diagnostic-file /Users/admin/builder/spi-builder-workspace/.derivedData/Build/Intermediates.noindex/LNPreviewToContextMenu.build/Debug-watchos/LNPreviewToContextMenu-t.build/Objects-normal/arm64/UIViewController+UIPreviewContextCompat.dia -Wdeprecated-objc-isa-usage -Werror\=deprecated-objc-isa-usage -Werror\=implicit-function-declaration -Wnon-modular-include-in-framework-module -Werror\=non-modular-include-in-framework-module -Wno-trigraphs -Wno-missing-field-initializers -Wno-missing-prototypes -Wno-return-type -Wno-implicit-atomic-properties -Wno-objc-interface-ivars -Wno-arc-repeated-use-of-weak -Wno-missing-braces -Wparentheses -Wswitch -Wno-unused-function -Wno-unused-label -Wno-unused-parameter -Wno-unused-variable -Wunused-value -Wno-empty-body -Wno-uninitialized -Wno-unknown-pragmas -Wno-shadow -Wno-four-char-constants -Wno-conversion -Wno-constant-conversion -Wno-int-conversion -Wno-bool-conversion -Wno-enum-conversion -Wno-float-conversion -Wno-non-literal-null-conversion -Wno-objc-literal-conversion -Wshorten-64-to-32 -Wpointer-sign -Wno-newline-eof -Wno-selector -Wno-strict-selector-match -Wno-undeclared-selector -Wno-deprecated-implementations -Wno-implicit-fallthrough -Wprotocol -Wdeprecated-declarations -Wno-sign-conversion -Wno-infinite-recursion -Wno-comma -Wno-block-capture-autoreleasing -Wno-strict-prototypes -Wno-semicolon-before-method-body -Wno-elaborated-enum-base -Wno-error\=allocator-wrappers -index-store-path /Users/admin/builder/spi-builder-workspace/.derivedData/Index.noindex/DataStore -index-unit-output-path /LNPreviewToContextMenu.build/Debug-watchos/LNPreviewToContextMenu-t.build/Objects-normal/arm64/UIViewController+UIPreviewContextCompat.o -fmodule-map-file\=/Applications/Xcode-27.0.0-Release.Candidate.app/Contents/Developer/Platforms/WatchOS.platform/Developer/SDKs/WatchOS.sdk/usr/include/ObjectiveC.modulemap -fmodule-map-file\=/Applications/Xcode-27.0.0-Release.Candidate.app/Contents/Developer/Platforms/WatchOS.platform/Developer/SDKs/WatchOS.sdk/System/Library/Frameworks/UIKit.framework/Modules/module.modulemap -o /Users/admin/builder/spi-builder-workspace/.derivedData/Build/Intermediates.noindex/LNPreviewToContextMenu.build/Debug-watchos/LNPreviewToContextMenu-t.build/Objects-normal/arm64/UIViewController+UIPreviewContextCompat.o -disable-free -emit-obj -x objective-c /Users/admin/builder/spi-builder-workspace/LNPreviewToContextMenu/LNPreviewToContextMenu/UIViewController+UIPreviewContextCompat.m -target-abi darwinpcs -target-cpu apple-s9 -target-feature +v8.6a -target-feature +aes -target-feature +bf16 -target-feature +complxnum -target-feature +crc -target-feature +dotprod -target-feature +fp-armv8 -target-feature +fp16fml -target-feature +fpac -target-feature +fullfp16 -target-feature +hcx -target-feature +i8mm -target-feature +jsconv -target-feature +lse -target-feature +neon -target-feature +pauth -target-feature +perfmon -target-feature +ras -target-feature +rcpc -target-feature +rdm -target-feature +sha2 -target-feature +sha3 -target-feature +ssbs -triple arm64-apple-watchos9.0.0 -target-linker-version 1166.2 -target-sdk-version\=27.0 -fmodules-validate-system-headers -fno-modulemap-allow-subdirectory-search -isysroot /Applications/Xcode-27.0.0-Release.Candidate.app/Contents/Developer/Platforms/WatchOS.platform/Developer/SDKs/WatchOS27.0.sdk -resource-dir /Applications/Xcode-27.0.0-Release.Candidate.app/Contents/Developer/Toolchains/XcodeDefault.xctoolchain/usr/lib/clang/21 -fmodule-format\=obj -fmodule-file\=ObjectiveC\=/Users/admin/builder/spi-builder-workspace/.derivedData/Build/Intermediates.noindex/ExplicitPrecompiledModules/ObjectiveC-BKRD1OM40PFBRS2LM5SXEBUZG.pcm -fmodule-file\=UIKit\=/Users/admin/builder/spi-builder-workspace/.derivedData/Build/Intermediates.noindex/ExplicitPrecompiledModules/UIKit-1TVLGSDLITC5FS02QESMIQ3D9.pcm -I /Users/admin/builder/spi-builder-workspace/.derivedData/Build/Products/Debug-watchos/include -I /Users/admin/builder/spi-builder-workspace/LNPreviewToContextMenu/include -I /Users/admin/builder/spi-builder-workspace/LNPreviewToContextMenu -I /Users/admin/builder/spi-builder-workspace/.derivedData/Build/Intermediates.noindex/LNPreviewToContextMenu.build/Debug-watchos/LNPreviewToContextMenu-t.build/DerivedSources-normal/arm64 -I /Users/admin/builder/spi-builder-workspace/.derivedData/Build/Intermediates.noindex/LNPreviewToContextMenu.build/Debug-watchos/LNPreviewToContextMenu-t.build/DerivedSources/arm64 -I /Users/admin/builder/spi-builder-workspace/.derivedData/Build/Intermediates.noindex/LNPreviewToContextMenu.build/Debug-watchos/LNPreviewToContextMenu-t.build/DerivedSources -F /Users/admin/builder/spi-builder-workspace/.derivedData/Build/Products/Debug-watchos -iframework /Applications/Xcode-27.0.0-Release.Candidate.app/Contents/Developer/Platforms/WatchOS.platform/Developer/Library/Frameworks -iframework /Applications/Xcode-27.0.0-Release.Candidate.app/Contents/Developer/Platforms/WatchOS.platform/Developer/SDKs/WatchOS27.0.sdk/Developer/Library/Frameworks -internal-isystem /Applications/Xcode-27.0.0-Release.Candidate.app/Contents/Developer/Platforms/WatchOS.platform/Developer/SDKs/WatchOS27.0.sdk/usr/local/include -internal-isystem /Applications/Xcode-27.0.0-Release.Candidate.app/Contents/Developer/Toolchains/XcodeDefault.xctoolchain/usr/lib/clang/21/include -internal-externc-isystem /Applications/Xcode-27.0.0-Release.Candidate.app/Contents/Developer/Platforms/WatchOS.platform/Developer/SDKs/WatchOS27.0.sdk/usr/include -internal-externc-isystem /Applications/Xcode-27.0.0-Release.Candidate.app/Contents/Developer/Toolchains/XcodeDefault.xctoolchain/usr/include -internal-iframework /Applications/Xcode-27.0.0-Release.Candidate.app/Contents/Developer/Platforms/WatchOS.platform/Developer/SDKs/WatchOS27.0.sdk/System/Library/Frameworks -internal-iframework /Applications/Xcode-27.0.0-Release.Candidate.app/Contents/Developer/Platforms/WatchOS.platform/Developer/SDKs/WatchOS27.0.sdk/System/Library/SubFrameworks -internal-iframework /Applications/Xcode-27.0.0-Release.Candidate.app/Contents/Developer/Platforms/WatchOS.platform/Developer/SDKs/WatchOS27.0.sdk/Library/Frameworks -ivfsstatcache /Users/admin/builder/spi-builder-workspace/.derivedData/SDKStatCaches.noindex/watchos27.0-24R360-e829b21a6f8c9b70876ba0858053c04477534ef55a1706bf4c1112bbb242f0a2.sdkstatcache -std\=gnu11 -fexceptions -fskip-odr-check-in-gmf -fmodules -fmodule-name\=LNPreviewToContextMenu -fno-implicit-modules -fobjc-exceptions -fmax-type-align\=16 -fpascal-strings -fstack-check -fvisibility-inlines-hidden-static-local-var -mdarwin-stkchk-strong-link -fno-odr-hash-protocols -pic-level 2 -fencode-extended-block-signature -stack-protector 1 -fobjc-runtime\=watchos-9.0.0 -fobjc-arc -fobjc-runtime-has-weak -fobjc-weak -fgnuc-version\=4.2.1 -fblocks -fno-convergent-functions -ffp-contract\=on -fclang-abi-compat\=4.0 -fno-experimental-relative-c++-abi-vtables -fno-file-reproducible -clang-vendor-feature\=+disableNonDependentMemberExprInCurrentInstantiation -clang-vendor-feature\=+enableAggressiveVLAFolding -clang-vendor-feature\=+revert09abecef7bbf -clang-vendor-feature\=+thisNoAlignAttr -clang-vendor-feature\=+thisNoNullAttr -clang-vendor-feature\=+disableAtImportPrivateFrameworkInImplementationError -O0 -fno-assume-unique-vtables -fdebug-compilation-dir\=/Users/admin/builder/spi-builder-workspace/.swiftpm/xcode -fcoverage-compilation-dir\=/Users/admin/builder/spi-builder-workspace/.swiftpm/xcode -fcommon -fdwarf2-cfi-asm -fobjc-msgsend-selector-stubs -fregister-global-dtors-with-atexit -fno-strict-return -dwarf-version\=4 -debugger-tuning\=lldb -disable-llvm-verifier -dwarf-ext-refs -funwind-tables\=1 -enable-tlsdesc -clear-ast-before-backend -discard-value-names -main-file-name UIViewController+UIPreviewContextCompat.m -mframe-pointer\=non-leaf -debug-info-kind\=standalone -fno-loop-interchange -fdiagnostics-hotness-threshold\=0 -fdiagnostics-misexpect-tolerance\=0 -D DEBUG\=1 -D OBJC_OLD_DISPATCH_PROTOTYPES\=1 -D SWIFT_PACKAGE -D Xcode -fdefine-target-os-macros -MT dependencies -dependency-file /Users/admin/builder/spi-builder-workspace/.derivedData/Build/Intermediates.noindex/LNPreviewToContextMenu.build/Debug-watchos/LNPreviewToContextMenu-t.build/Objects-normal/arm64/UIViewController+UIPreviewContextCompat.d -skip-unused-modulemap-deps -module-file-deps\=direct -fdepfile-entry\=/Applications/Xcode-27.0.0-Release.Candidate.app/Contents/Developer/Platforms/WatchOS.platform/Developer/SDKs/WatchOS27.0.sdk/SDKSettings.json
PruneExplicitPrecompiledModules /Users/admin/builder/spi-builder-workspace/.derivedData/Build/Intermediates.noindex/ExplicitPrecompiledModules
PruneExplicitPrecompiledModules /Users/admin/builder/spi-builder-workspace/.derivedData/SDKExplicitPrecompiledModules
PruneExplicitPrecompiledModules /Users/admin/builder/spi-builder-workspace/.derivedData/Build/Intermediates.noindex/SwiftExplicitPrecompiledModules
2026-09-17 17:08:10.583 xcodebuild[655:4237] [MT] IDERunDestination: Supported platforms for the buildables in the current scheme is empty.
** BUILD FAILED **
The following build commands failed:
CompileC /Users/admin/builder/spi-builder-workspace/.derivedData/Build/Intermediates.noindex/LNPreviewToContextMenu.build/Debug-watchos/LNPreviewToContextMenu-t.build/Objects-normal/arm64_32/UIViewController+UIPreviewContextCompat.o /Users/admin/builder/spi-builder-workspace/LNPreviewToContextMenu/LNPreviewToContextMenu/UIViewController+UIPreviewContextCompat.m normal arm64_32 objective-c com.apple.compilers.llvm.clang.1_0.compiler (in target 'LNPreviewToContextMenu' from project 'LNPreviewToContextMenu')
CompileC /Users/admin/builder/spi-builder-workspace/.derivedData/Build/Intermediates.noindex/LNPreviewToContextMenu.build/Debug-watchos/LNPreviewToContextMenu-t.build/Objects-normal/arm64/UIViewController+UIPreviewContextCompat.o /Users/admin/builder/spi-builder-workspace/LNPreviewToContextMenu/LNPreviewToContextMenu/UIViewController+UIPreviewContextCompat.m normal arm64 objective-c com.apple.compilers.llvm.clang.1_0.compiler (in target 'LNPreviewToContextMenu' from project 'LNPreviewToContextMenu')
Building workspace LNPreviewToContextMenu with scheme LNPreviewToContextMenu-Package
(3 failures)
Command line invocation:
/Applications/Xcode-27.0.0-Release.Candidate.app/Contents/Developer/usr/bin/xcodebuild -IDEClonedSourcePackagesDirPathOverride=/Users/admin/builder/spi-builder-workspace/.dependencies -resolvePackageDependencies
Resolve Package Graph
Resolved source packages:
LNPreviewToContextMenu: /Users/admin/builder/spi-builder-workspace
resolved source packages: LNPreviewToContextMenu
2026-09-17 17:08:15.472 xcodebuild[745:4574] [MT] IDERunDestination: Supported platforms for the buildables in the current scheme is empty.
{
"dependencies" : [
],
"manifest_display_name" : "LNPreviewToContextMenu",
"name" : "LNPreviewToContextMenu",
"path" : "/Users/admin/builder/spi-builder-workspace",
"platforms" : [
{
"name" : "ios",
"version" : "11.0"
}
],
"products" : [
{
"name" : "LNPreviewToContextMenu",
"targets" : [
"LNPreviewToContextMenu"
],
"type" : {
"library" : [
"dynamic"
]
}
},
{
"name" : "LNPreviewToContextMenu-Static",
"targets" : [
"LNPreviewToContextMenu"
],
"type" : {
"library" : [
"static"
]
}
}
],
"targets" : [
{
"c99name" : "LNPreviewToContextMenu",
"module_type" : "ClangTarget",
"name" : "LNPreviewToContextMenu",
"path" : "LNPreviewToContextMenu",
"product_memberships" : [
"LNPreviewToContextMenu",
"LNPreviewToContextMenu-Static"
],
"sources" : [
"LNPreviewToContextMenu/UIViewController+UIPreviewContextCompat.m"
],
"type" : "library"
}
],
"tools_version" : "5.1"
}
{
"workspace" : {
"name" : "LNPreviewToContextMenu",
"schemes" : [
"LNPreviewToContextMenu",
"LNPreviewToContextMenu-Package",
"LNPreviewToContextMenu-Static"
]
}
}
2026-09-17 17:08:16.674 xcodebuild[753:4639] [MT] IDERunDestination: Supported platforms for the buildables in the current scheme is empty.
Running build ...
env DEVELOPER_DIR=/Applications/Xcode-27.0.0-Release.Candidate.app xcrun xcodebuild -IDEClonedSourcePackagesDirPathOverride=$PWD/.dependencies -skipMacroValidation -skipPackagePluginValidation -derivedDataPath $PWD/.derivedData build -scheme LNPreviewToContextMenu-Package -destination generic/platform=watchOS
Command line invocation:
/Applications/Xcode-27.0.0-Release.Candidate.app/Contents/Developer/usr/bin/xcodebuild -IDEClonedSourcePackagesDirPathOverride=/Users/admin/builder/spi-builder-workspace/.dependencies -skipMacroValidation -skipPackagePluginValidation -derivedDataPath /Users/admin/builder/spi-builder-workspace/.derivedData build -scheme LNPreviewToContextMenu-Package -destination generic/platform=watchOS
Resolve Package Graph
Resolved source packages:
LNPreviewToContextMenu: /Users/admin/builder/spi-builder-workspace
ComputePackagePrebuildTargetDependencyGraph
Prepare packages
CreateBuildRequest
SendProjectDescription
CreateBuildOperation
ComputeTargetDependencyGraph
note: Building targets in dependency order
note: Target dependency graph (3 targets)
Target 'LNPreviewToContextMenu-Static-product' in project 'LNPreviewToContextMenu'
➜ Explicit dependency on target 'LNPreviewToContextMenu' in project 'LNPreviewToContextMenu'
Target 'LNPreviewToContextMenu-product' in project 'LNPreviewToContextMenu'
➜ Explicit dependency on target 'LNPreviewToContextMenu' in project 'LNPreviewToContextMenu'
Target 'LNPreviewToContextMenu' in project 'LNPreviewToContextMenu' (no dependencies)
GatherProvisioningInputs
CreateBuildDescription
ClangStatCache /Applications/Xcode-27.0.0-Release.Candidate.app/Contents/Developer/Toolchains/XcodeDefault.xctoolchain/usr/bin/clang-stat-cache /Applications/Xcode-27.0.0-Release.Candidate.app/Contents/Developer/Platforms/WatchOS.platform/Developer/SDKs/WatchOS27.0.sdk /Users/admin/builder/spi-builder-workspace/.derivedData/SDKStatCaches.noindex/watchos27.0-24R360-e829b21a6f8c9b70876ba0858053c04477534ef55a1706bf4c1112bbb242f0a2.sdkstatcache
cd /Users/admin/builder/spi-builder-workspace/.swiftpm/xcode
/Applications/Xcode-27.0.0-Release.Candidate.app/Contents/Developer/Toolchains/XcodeDefault.xctoolchain/usr/bin/clang-stat-cache /Applications/Xcode-27.0.0-Release.Candidate.app/Contents/Developer/Platforms/WatchOS.platform/Developer/SDKs/WatchOS27.0.sdk -o /Users/admin/builder/spi-builder-workspace/.derivedData/SDKStatCaches.noindex/watchos27.0-24R360-e829b21a6f8c9b70876ba0858053c04477534ef55a1706bf4c1112bbb242f0a2.sdkstatcache
CompileC /Users/admin/builder/spi-builder-workspace/.derivedData/Build/Intermediates.noindex/LNPreviewToContextMenu.build/Debug-watchos/LNPreviewToContextMenu-t.build/Objects-normal/arm64/UIViewController+UIPreviewContextCompat.o /Users/admin/builder/spi-builder-workspace/LNPreviewToContextMenu/LNPreviewToContextMenu/UIViewController+UIPreviewContextCompat.m normal arm64 objective-c com.apple.compilers.llvm.clang.1_0.compiler (in target 'LNPreviewToContextMenu' from project 'LNPreviewToContextMenu')
cd /Users/admin/builder/spi-builder-workspace/.swiftpm/xcode
Using response file: /Users/admin/builder/spi-builder-workspace/.derivedData/Build/Intermediates.noindex/LNPreviewToContextMenu.build/Debug-watchos/LNPreviewToContextMenu-t.build/Objects-normal/arm64/e6072d4f65d7061329687fe24e3d63a7-common-args.resp
/Applications/Xcode-27.0.0-Release.Candidate.app/Contents/Developer/Toolchains/XcodeDefault.xctoolchain/usr/bin/clang -x objective-c -ivfsstatcache /Users/admin/builder/spi-builder-workspace/.derivedData/SDKStatCaches.noindex/watchos27.0-24R360-e829b21a6f8c9b70876ba0858053c04477534ef55a1706bf4c1112bbb242f0a2.sdkstatcache -target arm64-apple-watchos9.0 -fmessage-length\=0 -fdiagnostics-show-note-include-stack -fmacro-backtrace-limit\=0 -fno-color-diagnostics -fmodules-prune-interval\=86400 -fmodules-prune-after\=345600 -fbuild-session-file\=/Users/admin/builder/spi-builder-workspace/.derivedData/ModuleCache.noindex/Session.modulevalidation -fmodules-validate-once-per-build-session -Wnon-modular-include-in-framework-module -Werror\=non-modular-include-in-framework-module -Wno-trigraphs -Wno-missing-field-initializers -Wno-missing-prototypes -Wno-return-type -Wno-implicit-atomic-properties -Wno-objc-interface-ivars -Wno-arc-repeated-use-of-weak -Wno-missing-braces -Wparentheses -Wswitch -Wno-unused-function -Wno-unused-label -Wno-unused-parameter -Wno-unused-variable -Wunused-value -Wno-empty-body -Wno-uninitialized -Wno-unknown-pragmas -Wno-shadow -Wno-four-char-constants -Wno-conversion -Wno-constant-conversion -Wno-int-conversion -Wno-bool-conversion -Wno-enum-conversion -Wno-float-conversion -Wno-non-literal-null-conversion -Wno-objc-literal-conversion -Wshorten-64-to-32 -Wpointer-sign -Wno-newline-eof -Wno-selector -Wno-strict-selector-match -Wno-undeclared-selector -Wno-deprecated-implementations -Wno-implicit-fallthrough -isysroot /Applications/Xcode-27.0.0-Release.Candidate.app/Contents/Developer/Platforms/WatchOS.platform/Developer/SDKs/WatchOS27.0.sdk -fstrict-aliasing -Wprotocol -Wdeprecated-declarations -Wno-sign-conversion -Wno-infinite-recursion -Wno-comma -Wno-block-capture-autoreleasing -Wno-strict-prototypes -Wno-semicolon-before-method-body -index-store-path /Users/admin/builder/spi-builder-workspace/.derivedData/Index.noindex/DataStore @/Users/admin/builder/spi-builder-workspace/.derivedData/Build/Intermediates.noindex/LNPreviewToContextMenu.build/Debug-watchos/LNPreviewToContextMenu-t.build/Objects-normal/arm64/e6072d4f65d7061329687fe24e3d63a7-common-args.resp -MMD -MT dependencies -MF /Users/admin/builder/spi-builder-workspace/.derivedData/Build/Intermediates.noindex/LNPreviewToContextMenu.build/Debug-watchos/LNPreviewToContextMenu-t.build/Objects-normal/arm64/UIViewController+UIPreviewContextCompat.d --serialize-diagnostics /Users/admin/builder/spi-builder-workspace/.derivedData/Build/Intermediates.noindex/LNPreviewToContextMenu.build/Debug-watchos/LNPreviewToContextMenu-t.build/Objects-normal/arm64/UIViewController+UIPreviewContextCompat.dia -c /Users/admin/builder/spi-builder-workspace/LNPreviewToContextMenu/LNPreviewToContextMenu/UIViewController+UIPreviewContextCompat.m -o /Users/admin/builder/spi-builder-workspace/.derivedData/Build/Intermediates.noindex/LNPreviewToContextMenu.build/Debug-watchos/LNPreviewToContextMenu-t.build/Objects-normal/arm64/UIViewController+UIPreviewContextCompat.o -index-unit-output-path /LNPreviewToContextMenu.build/Debug-watchos/LNPreviewToContextMenu-t.build/Objects-normal/arm64/UIViewController+UIPreviewContextCompat.o
/Users/admin/builder/spi-builder-workspace/LNPreviewToContextMenu/LNPreviewToContextMenu/UIViewController+UIPreviewContextCompat.m:21:55: error: 'UIViewControllerPreviewing' is unavailable: not available on watchOS
21 | @interface _LNPreviewContextCompatSupport : NSObject <UIViewControllerPreviewing>
| ^
In module 'UIKit' imported from /Users/admin/builder/spi-builder-workspace/LNPreviewToContextMenu/LNPreviewToContextMenu/UIViewController+UIPreviewContextCompat.m:12:
/Applications/Xcode-27.0.0-Release.Candidate.app/Contents/Developer/Platforms/WatchOS.platform/Developer/SDKs/WatchOS27.0.sdk/System/Library/Frameworks/UIKit.framework/Headers/UIViewController.h:634:11: note: 'UIViewControllerPreviewing' has been explicitly marked unavailable here
634 | @protocol UIViewControllerPreviewing <NSObject>
| ^
/Users/admin/builder/spi-builder-workspace/LNPreviewToContextMenu/LNPreviewToContextMenu/UIViewController+UIPreviewContextCompat.m:23:31: error: 'UIGestureRecognizer' is unavailable: not available on watchOS
23 | @property (nonatomic, strong) UIGestureRecognizer *previewingGestureRecognizerForFailureRelationship;
| ^
In module 'UIKit' imported from /Users/admin/builder/spi-builder-workspace/LNPreviewToContextMenu/LNPreviewToContextMenu/UIViewController+UIPreviewContextCompat.m:12:
/Applications/Xcode-27.0.0-Release.Candidate.app/Contents/Developer/Platforms/WatchOS.platform/Developer/SDKs/WatchOS27.0.sdk/System/Library/Frameworks/UIKit.framework/Headers/UIGestureRecognizer.h:35:12: note: 'UIGestureRecognizer' has been explicitly marked unavailable here
35 | @interface UIGestureRecognizer : NSObject
| ^
/Users/admin/builder/spi-builder-workspace/LNPreviewToContextMenu/LNPreviewToContextMenu/UIViewController+UIPreviewContextCompat.m:24:32: error: 'UIViewControllerPreviewingDelegate' is unavailable: not available on watchOS
24 | @property (nonatomic, weak) id<UIViewControllerPreviewingDelegate> delegate;
| ^
In module 'UIKit' imported from /Users/admin/builder/spi-builder-workspace/LNPreviewToContextMenu/LNPreviewToContextMenu/UIViewController+UIPreviewContextCompat.m:12:
/Applications/Xcode-27.0.0-Release.Candidate.app/Contents/Developer/Platforms/WatchOS.platform/Developer/SDKs/WatchOS27.0.sdk/System/Library/Frameworks/UIKit.framework/Headers/UIViewController.h:651:11: note: 'UIViewControllerPreviewingDelegate' has been explicitly marked unavailable here
651 | @protocol UIViewControllerPreviewingDelegate <NSObject>
| ^
/Users/admin/builder/spi-builder-workspace/LNPreviewToContextMenu/LNPreviewToContextMenu/UIViewController+UIPreviewContextCompat.m:25:31: error: 'UIView' is unavailable: not available on watchOS
25 | @property (nonatomic, strong) UIView *sourceView;
| ^
In module 'UIKit' imported from /Users/admin/builder/spi-builder-workspace/LNPreviewToContextMenu/LNPreviewToContextMenu/UIViewController+UIPreviewContextCompat.m:12:
/Applications/Xcode-27.0.0-Release.Candidate.app/Contents/Developer/Platforms/WatchOS.platform/Developer/SDKs/WatchOS27.0.sdk/System/Library/Frameworks/UIKit.framework/Headers/UIView.h:152:12: note: 'UIView' has been explicitly marked unavailable here
152 | @interface UIView : UIResponder <NSCoding, UIAppearance, UIAppearanceContainer, UIDynamicItem, UITraitEnvironment, UICoordinateSpace, UIFocusItem, UIFocusItemContainer, CALayerDelegate>
| ^
/Users/admin/builder/spi-builder-workspace/LNPreviewToContextMenu/LNPreviewToContextMenu/UIViewController+UIPreviewContextCompat.m:43:60: error: 'UIContextMenuInteraction' is unavailable: not available on watchOS
43 | @interface _LNPreviewContextCompatContextMenuInteraction : UIContextMenuInteraction <UIContextMenuInteractionDelegate>
| ^
In module 'UIKit' imported from /Users/admin/builder/spi-builder-workspace/LNPreviewToContextMenu/LNPreviewToContextMenu/UIViewController+UIPreviewContextCompat.m:12:
/Applications/Xcode-27.0.0-Release.Candidate.app/Contents/Developer/Platforms/WatchOS.platform/Developer/SDKs/WatchOS27.0.sdk/System/Library/Frameworks/UIKit.framework/Headers/UIContextMenuInteraction.h:32:12: note: 'UIContextMenuInteraction' has been explicitly marked unavailable here
32 | @interface UIContextMenuInteraction : NSObject <UIInteraction>
| ^
/Users/admin/builder/spi-builder-workspace/LNPreviewToContextMenu/LNPreviewToContextMenu/UIViewController+UIPreviewContextCompat.m:43:86: error: 'UIContextMenuInteractionDelegate' is unavailable: not available on watchOS
43 | @interface _LNPreviewContextCompatContextMenuInteraction : UIContextMenuInteraction <UIContextMenuInteractionDelegate>
| ^
In module 'UIKit' imported from /Users/admin/builder/spi-builder-workspace/LNPreviewToContextMenu/LNPreviewToContextMenu/UIViewController+UIPreviewContextCompat.m:12:
/Applications/Xcode-27.0.0-Release.Candidate.app/Contents/Developer/Platforms/WatchOS.platform/Developer/SDKs/WatchOS27.0.sdk/System/Library/Frameworks/UIKit.framework/Headers/UIContextMenuInteraction.h:99:11: note: 'UIContextMenuInteractionDelegate' has been explicitly marked unavailable here
99 | @protocol UIContextMenuInteractionDelegate <NSObject>
| ^
/Users/admin/builder/spi-builder-workspace/LNPreviewToContextMenu/LNPreviewToContextMenu/UIViewController+UIPreviewContextCompat.m:47:31: error: 'UIViewController' is unavailable: not available on watchOS
47 | @property (nonatomic, strong) UIViewController* previewViewController;
| ^
In module 'UIKit' imported from /Users/admin/builder/spi-builder-workspace/LNPreviewToContextMenu/LNPreviewToContextMenu/UIViewController+UIPreviewContextCompat.m:12:
/Applications/Xcode-27.0.0-Release.Candidate.app/Contents/Developer/Platforms/WatchOS.platform/Developer/SDKs/WatchOS27.0.sdk/System/Library/Frameworks/UIKit.framework/Headers/UIViewController.h:104:12: note: 'UIViewController' has been explicitly marked unavailable here
104 | @interface UIViewController : UIResponder <NSCoding, UIAppearanceContainer, UITraitEnvironment, UIContentContainer, UIFocusEnvironment>
| ^
/Users/admin/builder/spi-builder-workspace/LNPreviewToContextMenu/LNPreviewToContextMenu/UIViewController+UIPreviewContextCompat.m:48:31: error: 'UIView' is unavailable: not available on watchOS
48 | @property (nonatomic, strong) UIView* snapshotForTargetedPreview;
| ^
In module 'UIKit' imported from /Users/admin/builder/spi-builder-workspace/LNPreviewToContextMenu/LNPreviewToContextMenu/UIViewController+UIPreviewContextCompat.m:12:
/Applications/Xcode-27.0.0-Release.Candidate.app/Contents/Developer/Platforms/WatchOS.platform/Developer/SDKs/WatchOS27.0.sdk/System/Library/Frameworks/UIKit.framework/Headers/UIView.h:152:12: note: 'UIView' has been explicitly marked unavailable here
152 | @interface UIView : UIResponder <NSCoding, UIAppearance, UIAppearanceContainer, UIDynamicItem, UITraitEnvironment, UICoordinateSpace, UIFocusItem, UIFocusItemContainer, CALayerDelegate>
| ^
/Users/admin/builder/spi-builder-workspace/LNPreviewToContextMenu/LNPreviewToContextMenu/UIViewController+UIPreviewContextCompat.m:59:4: error: 'UIMenuElement' is unavailable: not available on watchOS
59 | - (UIMenuElement*)_menuElementForPreviewActionItem:(NSObject<UIPreviewActionItem>*)previewActionItem
| ^
In module 'UIKit' imported from /Users/admin/builder/spi-builder-workspace/LNPreviewToContextMenu/LNPreviewToContextMenu/UIViewController+UIPreviewContextCompat.m:12:
/Applications/Xcode-27.0.0-Release.Candidate.app/Contents/Developer/Platforms/WatchOS.platform/Developer/SDKs/WatchOS27.0.sdk/System/Library/Frameworks/UIKit.framework/Headers/UIMenuElement.h:56:12: note: 'UIMenuElement' has been explicitly marked unavailable here
56 | @interface UIMenuElement : NSObject <NSCopying, NSSecureCoding>
| ^
/Users/admin/builder/spi-builder-workspace/LNPreviewToContextMenu/LNPreviewToContextMenu/UIViewController+UIPreviewContextCompat.m:59:62: error: 'UIPreviewActionItem' is unavailable: not available on watchOS
59 | - (UIMenuElement*)_menuElementForPreviewActionItem:(NSObject<UIPreviewActionItem>*)previewActionItem
| ^
In module 'UIKit' imported from /Users/admin/builder/spi-builder-workspace/LNPreviewToContextMenu/LNPreviewToContextMenu/UIViewController+UIPreviewContextCompat.m:12:
/Applications/Xcode-27.0.0-Release.Candidate.app/Contents/Developer/Platforms/WatchOS.platform/Developer/SDKs/WatchOS27.0.sdk/System/Library/Frameworks/UIKit.framework/Headers/UIViewController.h:789:11: note: 'UIPreviewActionItem' has been explicitly marked unavailable here
789 | @protocol UIPreviewActionItem <NSObject>
| ^
/Users/admin/builder/spi-builder-workspace/LNPreviewToContextMenu/LNPreviewToContextMenu/UIViewController+UIPreviewContextCompat.m:101:4: error: 'UIMenu' is unavailable: not available on watchOS
101 | - (UIMenu*)_menuForPreviewViewController
| ^
In module 'UIKit' imported from /Users/admin/builder/spi-builder-workspace/LNPreviewToContextMenu/LNPreviewToContextMenu/UIViewController+UIPreviewContextCompat.m:12:
/Applications/Xcode-27.0.0-Release.Candidate.app/Contents/Developer/Platforms/WatchOS.platform/Developer/SDKs/WatchOS27.0.sdk/System/Library/Frameworks/UIKit.framework/Headers/UIMenu.h:43:12: note: 'UIMenu' has been explicitly marked unavailable here
43 | @interface UIMenu : UIMenuElement
| ^
/Users/admin/builder/spi-builder-workspace/LNPreviewToContextMenu/LNPreviewToContextMenu/UIViewController+UIPreviewContextCompat.m:122:13: error: 'UIContextMenuConfiguration' is unavailable: not available on watchOS
122 | - (nullable UIContextMenuConfiguration *)contextMenuInteraction:(UIContextMenuInteraction *)interaction configurationForMenuAtLocation:(CGPoint)location
| ^
In module 'UIKit' imported from /Users/admin/builder/spi-builder-workspace/LNPreviewToContextMenu/LNPreviewToContextMenu/UIViewController+UIPreviewContextCompat.m:12:
/Applications/Xcode-27.0.0-Release.Candidate.app/Contents/Developer/Platforms/WatchOS.platform/Developer/SDKs/WatchOS27.0.sdk/System/Library/Frameworks/UIKit.framework/Headers/UIContextMenuConfiguration.h:39:12: note: 'UIContextMenuConfiguration' has been explicitly marked unavailable here
39 | @interface UIContextMenuConfiguration : NSObject
| ^
/Users/admin/builder/spi-builder-workspace/LNPreviewToContextMenu/LNPreviewToContextMenu/UIViewController+UIPreviewContextCompat.m:122:66: error: 'UIContextMenuInteraction' is unavailable: not available on watchOS
122 | - (nullable UIContextMenuConfiguration *)contextMenuInteraction:(UIContextMenuInteraction *)interaction configurationForMenuAtLocation:(CGPoint)location
| ^
In module 'UIKit' imported from /Users/admin/builder/spi-builder-workspace/LNPreviewToContextMenu/LNPreviewToContextMenu/UIViewController+UIPreviewContextCompat.m:12:
/Applications/Xcode-27.0.0-Release.Candidate.app/Contents/Developer/Platforms/WatchOS.platform/Developer/SDKs/WatchOS27.0.sdk/System/Library/Frameworks/UIKit.framework/Headers/UIContextMenuInteraction.h:32:12: note: 'UIContextMenuInteraction' has been explicitly marked unavailable here
32 | @interface UIContextMenuInteraction : NSObject <UIInteraction>
| ^
/Users/admin/builder/spi-builder-workspace/LNPreviewToContextMenu/LNPreviewToContextMenu/UIViewController+UIPreviewContextCompat.m:139:13: error: 'UITargetedPreview' is unavailable: not available on watchOS
139 | - (nullable UITargetedPreview *)contextMenuInteraction:(UIContextMenuInteraction *)interaction previewForHighlightingMenuWithConfiguration:(UIContextMenuConfiguration *)configuration
| ^
In module 'UIKit' imported from /Users/admin/builder/spi-builder-workspace/LNPreviewToContextMenu/LNPreviewToContextMenu/UIViewController+UIPreviewContextCompat.m:12:
/Applications/Xcode-27.0.0-Release.Candidate.app/Contents/Developer/Platforms/WatchOS.platform/Developer/SDKs/WatchOS27.0.sdk/System/Library/Frameworks/UIKit.framework/Headers/UITargetedPreview.h:45:12: note: 'UITargetedPreview' has been explicitly marked unavailable here
45 | @interface UITargetedPreview : NSObject <NSCopying>
| ^
/Users/admin/builder/spi-builder-workspace/LNPreviewToContextMenu/LNPreviewToContextMenu/UIViewController+UIPreviewContextCompat.m:139:57: error: 'UIContextMenuInteraction' is unavailable: not available on watchOS
139 | - (nullable UITargetedPreview *)contextMenuInteraction:(UIContextMenuInteraction *)interaction previewForHighlightingMenuWithConfiguration:(UIContextMenuConfiguration *)configuration
| ^
In module 'UIKit' imported from /Users/admin/builder/spi-builder-workspace/LNPreviewToContextMenu/LNPreviewToContextMenu/UIViewController+UIPreviewContextCompat.m:12:
/Applications/Xcode-27.0.0-Release.Candidate.app/Contents/Developer/Platforms/WatchOS.platform/Developer/SDKs/WatchOS27.0.sdk/System/Library/Frameworks/UIKit.framework/Headers/UIContextMenuInteraction.h:32:12: note: 'UIContextMenuInteraction' has been explicitly marked unavailable here
32 | @interface UIContextMenuInteraction : NSObject <UIInteraction>
| ^
/Users/admin/builder/spi-builder-workspace/LNPreviewToContextMenu/LNPreviewToContextMenu/UIViewController+UIPreviewContextCompat.m:139:141: error: 'UIContextMenuConfiguration' is unavailable: not available on watchOS
139 | - (nullable UITargetedPreview *)contextMenuInteraction:(UIContextMenuInteraction *)interaction previewForHighlightingMenuWithConfiguration:(UIContextMenuConfiguration *)configuration
| ^
In module 'UIKit' imported from /Users/admin/builder/spi-builder-workspace/LNPreviewToContextMenu/LNPreviewToContextMenu/UIViewController+UIPreviewContextCompat.m:12:
/Applications/Xcode-27.0.0-Release.Candidate.app/Contents/Developer/Platforms/WatchOS.platform/Developer/SDKs/WatchOS27.0.sdk/System/Library/Frameworks/UIKit.framework/Headers/UIContextMenuConfiguration.h:39:12: note: 'UIContextMenuConfiguration' has been explicitly marked unavailable here
39 | @interface UIContextMenuConfiguration : NSObject
| ^
/Users/admin/builder/spi-builder-workspace/LNPreviewToContextMenu/LNPreviewToContextMenu/UIViewController+UIPreviewContextCompat.m:178:33: error: 'UIContextMenuInteraction' is unavailable: not available on watchOS
178 | - (void)contextMenuInteraction:(UIContextMenuInteraction *)interaction willPerformPreviewActionForMenuWithConfiguration:(UIContextMenuConfiguration *)configuration animator:(id<UIContextMenuInteractionCommitAnimating>)animator
| ^
In module 'UIKit' imported from /Users/admin/builder/spi-builder-workspace/LNPreviewToContextMenu/LNPreviewToContextMenu/UIViewController+UIPreviewContextCompat.m:12:
/Applications/Xcode-27.0.0-Release.Candidate.app/Contents/Developer/Platforms/WatchOS.platform/Developer/SDKs/WatchOS27.0.sdk/System/Library/Frameworks/UIKit.framework/Headers/UIContextMenuInteraction.h:32:12: note: 'UIContextMenuInteraction' has been explicitly marked unavailable here
32 | @interface UIContextMenuInteraction : NSObject <UIInteraction>
| ^
/Users/admin/builder/spi-builder-workspace/LNPreviewToContextMenu/LNPreviewToContextMenu/UIViewController+UIPreviewContextCompat.m:178:122: error: 'UIContextMenuConfiguration' is unavailable: not available on watchOS
178 | - (void)contextMenuInteraction:(UIContextMenuInteraction *)interaction willPerformPreviewActionForMenuWithConfiguration:(UIContextMenuConfiguration *)configuration animator:(id<UIContextMenuInteractionCommitAnimating>)animator
| ^
In module 'UIKit' imported from /Users/admin/builder/spi-builder-workspace/LNPreviewToContextMenu/LNPreviewToContextMenu/UIViewController+UIPreviewContextCompat.m:12:
/Applications/Xcode-27.0.0-Release.Candidate.app/Contents/Developer/Platforms/WatchOS.platform/Developer/SDKs/WatchOS27.0.sdk/System/Library/Frameworks/UIKit.framework/Headers/UIContextMenuConfiguration.h:39:12: note: 'UIContextMenuConfiguration' has been explicitly marked unavailable here
39 | @interface UIContextMenuConfiguration : NSObject
| ^
/Users/admin/builder/spi-builder-workspace/LNPreviewToContextMenu/LNPreviewToContextMenu/UIViewController+UIPreviewContextCompat.m:178:178: error: 'UIContextMenuInteractionCommitAnimating' is unavailable: not available on watchOS
178 | - (void)contextMenuInteraction:(UIContextMenuInteraction *)interaction willPerformPreviewActionForMenuWithConfiguration:(UIContextMenuConfiguration *)configuration animator:(id<UIContextMenuInteractionCommitAnimating>)animator
| ^
In module 'UIKit' imported from /Users/admin/builder/spi-builder-workspace/LNPreviewToContextMenu/LNPreviewToContextMenu/UIViewController+UIPreviewContextCompat.m:12:
/Applications/Xcode-27.0.0-Release.Candidate.app/Contents/Developer/Platforms/WatchOS.platform/Developer/SDKs/WatchOS27.0.sdk/System/Library/Frameworks/UIKit.framework/Headers/UIContextMenuInteraction.h:90:11: note: 'UIContextMenuInteractionCommitAnimating' has been explicitly marked unavailable here
90 | @protocol UIContextMenuInteractionCommitAnimating <UIContextMenuInteractionAnimating>
| ^
fatal error: too many errors emitted, stopping now [-ferror-limit=]
20 errors generated.
Failed frontend command:
/Applications/Xcode-27.0.0-Release.Candidate.app/Contents/Developer/Toolchains/XcodeDefault.xctoolchain/usr/bin/clang -cc1 -Wundef-prefix\=TARGET_OS_ -fdiagnostics-show-note-include-stack -fmacro-backtrace-limit\=0 -ferror-limit 19 -serialize-diagnostic-file /Users/admin/builder/spi-builder-workspace/.derivedData/Build/Intermediates.noindex/LNPreviewToContextMenu.build/Debug-watchos/LNPreviewToContextMenu-t.build/Objects-normal/arm64/UIViewController+UIPreviewContextCompat.dia -Wdeprecated-objc-isa-usage -Werror\=deprecated-objc-isa-usage -Werror\=implicit-function-declaration -Wnon-modular-include-in-framework-module -Werror\=non-modular-include-in-framework-module -Wno-trigraphs -Wno-missing-field-initializers -Wno-missing-prototypes -Wno-return-type -Wno-implicit-atomic-properties -Wno-objc-interface-ivars -Wno-arc-repeated-use-of-weak -Wno-missing-braces -Wparentheses -Wswitch -Wno-unused-function -Wno-unused-label -Wno-unused-parameter -Wno-unused-variable -Wunused-value -Wno-empty-body -Wno-uninitialized -Wno-unknown-pragmas -Wno-shadow -Wno-four-char-constants -Wno-conversion -Wno-constant-conversion -Wno-int-conversion -Wno-bool-conversion -Wno-enum-conversion -Wno-float-conversion -Wno-non-literal-null-conversion -Wno-objc-literal-conversion -Wshorten-64-to-32 -Wpointer-sign -Wno-newline-eof -Wno-selector -Wno-strict-selector-match -Wno-undeclared-selector -Wno-deprecated-implementations -Wno-implicit-fallthrough -Wprotocol -Wdeprecated-declarations -Wno-sign-conversion -Wno-infinite-recursion -Wno-comma -Wno-block-capture-autoreleasing -Wno-strict-prototypes -Wno-semicolon-before-method-body -Wno-elaborated-enum-base -Wno-error\=allocator-wrappers -index-store-path /Users/admin/builder/spi-builder-workspace/.derivedData/Index.noindex/DataStore -index-unit-output-path /LNPreviewToContextMenu.build/Debug-watchos/LNPreviewToContextMenu-t.build/Objects-normal/arm64/UIViewController+UIPreviewContextCompat.o -fmodule-map-file\=/Applications/Xcode-27.0.0-Release.Candidate.app/Contents/Developer/Platforms/WatchOS.platform/Developer/SDKs/WatchOS.sdk/usr/include/ObjectiveC.modulemap -fmodule-map-file\=/Applications/Xcode-27.0.0-Release.Candidate.app/Contents/Developer/Platforms/WatchOS.platform/Developer/SDKs/WatchOS.sdk/System/Library/Frameworks/UIKit.framework/Modules/module.modulemap -o /Users/admin/builder/spi-builder-workspace/.derivedData/Build/Intermediates.noindex/LNPreviewToContextMenu.build/Debug-watchos/LNPreviewToContextMenu-t.build/Objects-normal/arm64/UIViewController+UIPreviewContextCompat.o -disable-free -emit-obj -x objective-c /Users/admin/builder/spi-builder-workspace/LNPreviewToContextMenu/LNPreviewToContextMenu/UIViewController+UIPreviewContextCompat.m -target-abi darwinpcs -target-cpu apple-s9 -target-feature +v8.6a -target-feature +aes -target-feature +bf16 -target-feature +complxnum -target-feature +crc -target-feature +dotprod -target-feature +fp-armv8 -target-feature +fp16fml -target-feature +fpac -target-feature +fullfp16 -target-feature +hcx -target-feature +i8mm -target-feature +jsconv -target-feature +lse -target-feature +neon -target-feature +pauth -target-feature +perfmon -target-feature +ras -target-feature +rcpc -target-feature +rdm -target-feature +sha2 -target-feature +sha3 -target-feature +ssbs -triple arm64-apple-watchos9.0.0 -target-linker-version 1166.2 -target-sdk-version\=27.0 -fmodules-validate-system-headers -fno-modulemap-allow-subdirectory-search -isysroot /Applications/Xcode-27.0.0-Release.Candidate.app/Contents/Developer/Platforms/WatchOS.platform/Developer/SDKs/WatchOS27.0.sdk -resource-dir /Applications/Xcode-27.0.0-Release.Candidate.app/Contents/Developer/Toolchains/XcodeDefault.xctoolchain/usr/lib/clang/21 -fmodule-format\=obj -fmodule-file\=ObjectiveC\=/Users/admin/builder/spi-builder-workspace/.derivedData/Build/Intermediates.noindex/ExplicitPrecompiledModules/ObjectiveC-BKRD1OM40PFBRS2LM5SXEBUZG.pcm -fmodule-file\=UIKit\=/Users/admin/builder/spi-builder-workspace/.derivedData/Build/Intermediates.noindex/ExplicitPrecompiledModules/UIKit-1TVLGSDLITC5FS02QESMIQ3D9.pcm -I /Users/admin/builder/spi-builder-workspace/.derivedData/Build/Products/Debug-watchos/include -I /Users/admin/builder/spi-builder-workspace/LNPreviewToContextMenu/include -I /Users/admin/builder/spi-builder-workspace/LNPreviewToContextMenu -I /Users/admin/builder/spi-builder-workspace/.derivedData/Build/Intermediates.noindex/LNPreviewToContextMenu.build/Debug-watchos/LNPreviewToContextMenu-t.build/DerivedSources-normal/arm64 -I /Users/admin/builder/spi-builder-workspace/.derivedData/Build/Intermediates.noindex/LNPreviewToContextMenu.build/Debug-watchos/LNPreviewToContextMenu-t.build/DerivedSources/arm64 -I /Users/admin/builder/spi-builder-workspace/.derivedData/Build/Intermediates.noindex/LNPreviewToContextMenu.build/Debug-watchos/LNPreviewToContextMenu-t.build/DerivedSources -F /Users/admin/builder/spi-builder-workspace/.derivedData/Build/Products/Debug-watchos -iframework /Applications/Xcode-27.0.0-Release.Candidate.app/Contents/Developer/Platforms/WatchOS.platform/Developer/Library/Frameworks -iframework /Applications/Xcode-27.0.0-Release.Candidate.app/Contents/Developer/Platforms/WatchOS.platform/Developer/SDKs/WatchOS27.0.sdk/Developer/Library/Frameworks -internal-isystem /Applications/Xcode-27.0.0-Release.Candidate.app/Contents/Developer/Platforms/WatchOS.platform/Developer/SDKs/WatchOS27.0.sdk/usr/local/include -internal-isystem /Applications/Xcode-27.0.0-Release.Candidate.app/Contents/Developer/Toolchains/XcodeDefault.xctoolchain/usr/lib/clang/21/include -internal-externc-isystem /Applications/Xcode-27.0.0-Release.Candidate.app/Contents/Developer/Platforms/WatchOS.platform/Developer/SDKs/WatchOS27.0.sdk/usr/include -internal-externc-isystem /Applications/Xcode-27.0.0-Release.Candidate.app/Contents/Developer/Toolchains/XcodeDefault.xctoolchain/usr/include -internal-iframework /Applications/Xcode-27.0.0-Release.Candidate.app/Contents/Developer/Platforms/WatchOS.platform/Developer/SDKs/WatchOS27.0.sdk/System/Library/Frameworks -internal-iframework /Applications/Xcode-27.0.0-Release.Candidate.app/Contents/Developer/Platforms/WatchOS.platform/Developer/SDKs/WatchOS27.0.sdk/System/Library/SubFrameworks -internal-iframework /Applications/Xcode-27.0.0-Release.Candidate.app/Contents/Developer/Platforms/WatchOS.platform/Developer/SDKs/WatchOS27.0.sdk/Library/Frameworks -ivfsstatcache /Users/admin/builder/spi-builder-workspace/.derivedData/SDKStatCaches.noindex/watchos27.0-24R360-e829b21a6f8c9b70876ba0858053c04477534ef55a1706bf4c1112bbb242f0a2.sdkstatcache -std\=gnu11 -fexceptions -fskip-odr-check-in-gmf -fmodules -fmodule-name\=LNPreviewToContextMenu -fno-implicit-modules -fobjc-exceptions -fmax-type-align\=16 -fpascal-strings -fstack-check -fvisibility-inlines-hidden-static-local-var -mdarwin-stkchk-strong-link -fno-odr-hash-protocols -pic-level 2 -fencode-extended-block-signature -stack-protector 1 -fobjc-runtime\=watchos-9.0.0 -fobjc-arc -fobjc-runtime-has-weak -fobjc-weak -fgnuc-version\=4.2.1 -fblocks -fno-convergent-functions -ffp-contract\=on -fclang-abi-compat\=4.0 -fno-experimental-relative-c++-abi-vtables -fno-file-reproducible -clang-vendor-feature\=+disableNonDependentMemberExprInCurrentInstantiation -clang-vendor-feature\=+enableAggressiveVLAFolding -clang-vendor-feature\=+revert09abecef7bbf -clang-vendor-feature\=+thisNoAlignAttr -clang-vendor-feature\=+thisNoNullAttr -clang-vendor-feature\=+disableAtImportPrivateFrameworkInImplementationError -O0 -fno-assume-unique-vtables -fdebug-compilation-dir\=/Users/admin/builder/spi-builder-workspace/.swiftpm/xcode -fcoverage-compilation-dir\=/Users/admin/builder/spi-builder-workspace/.swiftpm/xcode -fcommon -fdwarf2-cfi-asm -fobjc-msgsend-selector-stubs -fregister-global-dtors-with-atexit -fno-strict-return -dwarf-version\=4 -debugger-tuning\=lldb -disable-llvm-verifier -dwarf-ext-refs -funwind-tables\=1 -enable-tlsdesc -clear-ast-before-backend -discard-value-names -main-file-name UIViewController+UIPreviewContextCompat.m -mframe-pointer\=non-leaf -debug-info-kind\=standalone -fno-loop-interchange -fdiagnostics-hotness-threshold\=0 -fdiagnostics-misexpect-tolerance\=0 -D DEBUG\=1 -D OBJC_OLD_DISPATCH_PROTOTYPES\=1 -D SWIFT_PACKAGE -D Xcode -fdefine-target-os-macros -MT dependencies -dependency-file /Users/admin/builder/spi-builder-workspace/.derivedData/Build/Intermediates.noindex/LNPreviewToContextMenu.build/Debug-watchos/LNPreviewToContextMenu-t.build/Objects-normal/arm64/UIViewController+UIPreviewContextCompat.d -skip-unused-modulemap-deps -module-file-deps\=direct -fdepfile-entry\=/Applications/Xcode-27.0.0-Release.Candidate.app/Contents/Developer/Platforms/WatchOS.platform/Developer/SDKs/WatchOS27.0.sdk/SDKSettings.json
CompileC /Users/admin/builder/spi-builder-workspace/.derivedData/Build/Intermediates.noindex/LNPreviewToContextMenu.build/Debug-watchos/LNPreviewToContextMenu-t.build/Objects-normal/arm64_32/UIViewController+UIPreviewContextCompat.o /Users/admin/builder/spi-builder-workspace/LNPreviewToContextMenu/LNPreviewToContextMenu/UIViewController+UIPreviewContextCompat.m normal arm64_32 objective-c com.apple.compilers.llvm.clang.1_0.compiler (in target 'LNPreviewToContextMenu' from project 'LNPreviewToContextMenu')
cd /Users/admin/builder/spi-builder-workspace/.swiftpm/xcode
Using response file: /Users/admin/builder/spi-builder-workspace/.derivedData/Build/Intermediates.noindex/LNPreviewToContextMenu.build/Debug-watchos/LNPreviewToContextMenu-t.build/Objects-normal/arm64_32/e6072d4f65d7061329687fe24e3d63a7-common-args.resp
/Applications/Xcode-27.0.0-Release.Candidate.app/Contents/Developer/Toolchains/XcodeDefault.xctoolchain/usr/bin/clang -x objective-c -ivfsstatcache /Users/admin/builder/spi-builder-workspace/.derivedData/SDKStatCaches.noindex/watchos27.0-24R360-e829b21a6f8c9b70876ba0858053c04477534ef55a1706bf4c1112bbb242f0a2.sdkstatcache -target arm64_32-apple-watchos9.0 -fmessage-length\=0 -fdiagnostics-show-note-include-stack -fmacro-backtrace-limit\=0 -fno-color-diagnostics -fmodules-prune-interval\=86400 -fmodules-prune-after\=345600 -fbuild-session-file\=/Users/admin/builder/spi-builder-workspace/.derivedData/ModuleCache.noindex/Session.modulevalidation -fmodules-validate-once-per-build-session -Wnon-modular-include-in-framework-module -Werror\=non-modular-include-in-framework-module -Wno-trigraphs -Wno-missing-field-initializers -Wno-missing-prototypes -Wno-return-type -Wno-implicit-atomic-properties -Wno-objc-interface-ivars -Wno-arc-repeated-use-of-weak -Wno-missing-braces -Wparentheses -Wswitch -Wno-unused-function -Wno-unused-label -Wno-unused-parameter -Wno-unused-variable -Wunused-value -Wno-empty-body -Wno-uninitialized -Wno-unknown-pragmas -Wno-shadow -Wno-four-char-constants -Wno-conversion -Wno-constant-conversion -Wno-int-conversion -Wno-bool-conversion -Wno-enum-conversion -Wno-float-conversion -Wno-non-literal-null-conversion -Wno-objc-literal-conversion -Wno-shorten-64-to-32 -Wpointer-sign -Wno-newline-eof -Wno-selector -Wno-strict-selector-match -Wno-undeclared-selector -Wno-deprecated-implementations -Wno-implicit-fallthrough -isysroot /Applications/Xcode-27.0.0-Release.Candidate.app/Contents/Developer/Platforms/WatchOS.platform/Developer/SDKs/WatchOS27.0.sdk -fstrict-aliasing -Wprotocol -Wdeprecated-declarations -Wno-sign-conversion -Wno-infinite-recursion -Wno-comma -Wno-block-capture-autoreleasing -Wno-strict-prototypes -Wno-semicolon-before-method-body -index-store-path /Users/admin/builder/spi-builder-workspace/.derivedData/Index.noindex/DataStore @/Users/admin/builder/spi-builder-workspace/.derivedData/Build/Intermediates.noindex/LNPreviewToContextMenu.build/Debug-watchos/LNPreviewToContextMenu-t.build/Objects-normal/arm64_32/e6072d4f65d7061329687fe24e3d63a7-common-args.resp -MMD -MT dependencies -MF /Users/admin/builder/spi-builder-workspace/.derivedData/Build/Intermediates.noindex/LNPreviewToContextMenu.build/Debug-watchos/LNPreviewToContextMenu-t.build/Objects-normal/arm64_32/UIViewController+UIPreviewContextCompat.d --serialize-diagnostics /Users/admin/builder/spi-builder-workspace/.derivedData/Build/Intermediates.noindex/LNPreviewToContextMenu.build/Debug-watchos/LNPreviewToContextMenu-t.build/Objects-normal/arm64_32/UIViewController+UIPreviewContextCompat.dia -c /Users/admin/builder/spi-builder-workspace/LNPreviewToContextMenu/LNPreviewToContextMenu/UIViewController+UIPreviewContextCompat.m -o /Users/admin/builder/spi-builder-workspace/.derivedData/Build/Intermediates.noindex/LNPreviewToContextMenu.build/Debug-watchos/LNPreviewToContextMenu-t.build/Objects-normal/arm64_32/UIViewController+UIPreviewContextCompat.o -index-unit-output-path /LNPreviewToContextMenu.build/Debug-watchos/LNPreviewToContextMenu-t.build/Objects-normal/arm64_32/UIViewController+UIPreviewContextCompat.o
/Users/admin/builder/spi-builder-workspace/LNPreviewToContextMenu/LNPreviewToContextMenu/UIViewController+UIPreviewContextCompat.m:21:55: error: 'UIViewControllerPreviewing' is unavailable: not available on watchOS
21 | @interface _LNPreviewContextCompatSupport : NSObject <UIViewControllerPreviewing>
| ^
In module 'UIKit' imported from /Users/admin/builder/spi-builder-workspace/LNPreviewToContextMenu/LNPreviewToContextMenu/UIViewController+UIPreviewContextCompat.m:12:
/Applications/Xcode-27.0.0-Release.Candidate.app/Contents/Developer/Platforms/WatchOS.platform/Developer/SDKs/WatchOS27.0.sdk/System/Library/Frameworks/UIKit.framework/Headers/UIViewController.h:634:11: note: 'UIViewControllerPreviewing' has been explicitly marked unavailable here
634 | @protocol UIViewControllerPreviewing <NSObject>
| ^
/Users/admin/builder/spi-builder-workspace/LNPreviewToContextMenu/LNPreviewToContextMenu/UIViewController+UIPreviewContextCompat.m:23:31: error: 'UIGestureRecognizer' is unavailable: not available on watchOS
23 | @property (nonatomic, strong) UIGestureRecognizer *previewingGestureRecognizerForFailureRelationship;
| ^
In module 'UIKit' imported from /Users/admin/builder/spi-builder-workspace/LNPreviewToContextMenu/LNPreviewToContextMenu/UIViewController+UIPreviewContextCompat.m:12:
/Applications/Xcode-27.0.0-Release.Candidate.app/Contents/Developer/Platforms/WatchOS.platform/Developer/SDKs/WatchOS27.0.sdk/System/Library/Frameworks/UIKit.framework/Headers/UIGestureRecognizer.h:35:12: note: 'UIGestureRecognizer' has been explicitly marked unavailable here
35 | @interface UIGestureRecognizer : NSObject
| ^
/Users/admin/builder/spi-builder-workspace/LNPreviewToContextMenu/LNPreviewToContextMenu/UIViewController+UIPreviewContextCompat.m:24:32: error: 'UIViewControllerPreviewingDelegate' is unavailable: not available on watchOS
24 | @property (nonatomic, weak) id<UIViewControllerPreviewingDelegate> delegate;
| ^
In module 'UIKit' imported from /Users/admin/builder/spi-builder-workspace/LNPreviewToContextMenu/LNPreviewToContextMenu/UIViewController+UIPreviewContextCompat.m:12:
/Applications/Xcode-27.0.0-Release.Candidate.app/Contents/Developer/Platforms/WatchOS.platform/Developer/SDKs/WatchOS27.0.sdk/System/Library/Frameworks/UIKit.framework/Headers/UIViewController.h:651:11: note: 'UIViewControllerPreviewingDelegate' has been explicitly marked unavailable here
651 | @protocol UIViewControllerPreviewingDelegate <NSObject>
| ^
/Users/admin/builder/spi-builder-workspace/LNPreviewToContextMenu/LNPreviewToContextMenu/UIViewController+UIPreviewContextCompat.m:25:31: error: 'UIView' is unavailable: not available on watchOS
25 | @property (nonatomic, strong) UIView *sourceView;
| ^
In module 'UIKit' imported from /Users/admin/builder/spi-builder-workspace/LNPreviewToContextMenu/LNPreviewToContextMenu/UIViewController+UIPreviewContextCompat.m:12:
/Applications/Xcode-27.0.0-Release.Candidate.app/Contents/Developer/Platforms/WatchOS.platform/Developer/SDKs/WatchOS27.0.sdk/System/Library/Frameworks/UIKit.framework/Headers/UIView.h:152:12: note: 'UIView' has been explicitly marked unavailable here
152 | @interface UIView : UIResponder <NSCoding, UIAppearance, UIAppearanceContainer, UIDynamicItem, UITraitEnvironment, UICoordinateSpace, UIFocusItem, UIFocusItemContainer, CALayerDelegate>
| ^
/Users/admin/builder/spi-builder-workspace/LNPreviewToContextMenu/LNPreviewToContextMenu/UIViewController+UIPreviewContextCompat.m:43:60: error: 'UIContextMenuInteraction' is unavailable: not available on watchOS
43 | @interface _LNPreviewContextCompatContextMenuInteraction : UIContextMenuInteraction <UIContextMenuInteractionDelegate>
| ^
In module 'UIKit' imported from /Users/admin/builder/spi-builder-workspace/LNPreviewToContextMenu/LNPreviewToContextMenu/UIViewController+UIPreviewContextCompat.m:12:
/Applications/Xcode-27.0.0-Release.Candidate.app/Contents/Developer/Platforms/WatchOS.platform/Developer/SDKs/WatchOS27.0.sdk/System/Library/Frameworks/UIKit.framework/Headers/UIContextMenuInteraction.h:32:12: note: 'UIContextMenuInteraction' has been explicitly marked unavailable here
32 | @interface UIContextMenuInteraction : NSObject <UIInteraction>
| ^
/Users/admin/builder/spi-builder-workspace/LNPreviewToContextMenu/LNPreviewToContextMenu/UIViewController+UIPreviewContextCompat.m:43:86: error: 'UIContextMenuInteractionDelegate' is unavailable: not available on watchOS
43 | @interface _LNPreviewContextCompatContextMenuInteraction : UIContextMenuInteraction <UIContextMenuInteractionDelegate>
| ^
In module 'UIKit' imported from /Users/admin/builder/spi-builder-workspace/LNPreviewToContextMenu/LNPreviewToContextMenu/UIViewController+UIPreviewContextCompat.m:12:
/Applications/Xcode-27.0.0-Release.Candidate.app/Contents/Developer/Platforms/WatchOS.platform/Developer/SDKs/WatchOS27.0.sdk/System/Library/Frameworks/UIKit.framework/Headers/UIContextMenuInteraction.h:99:11: note: 'UIContextMenuInteractionDelegate' has been explicitly marked unavailable here
99 | @protocol UIContextMenuInteractionDelegate <NSObject>
| ^
/Users/admin/builder/spi-builder-workspace/LNPreviewToContextMenu/LNPreviewToContextMenu/UIViewController+UIPreviewContextCompat.m:47:31: error: 'UIViewController' is unavailable: not available on watchOS
47 | @property (nonatomic, strong) UIViewController* previewViewController;
| ^
In module 'UIKit' imported from /Users/admin/builder/spi-builder-workspace/LNPreviewToContextMenu/LNPreviewToContextMenu/UIViewController+UIPreviewContextCompat.m:12:
/Applications/Xcode-27.0.0-Release.Candidate.app/Contents/Developer/Platforms/WatchOS.platform/Developer/SDKs/WatchOS27.0.sdk/System/Library/Frameworks/UIKit.framework/Headers/UIViewController.h:104:12: note: 'UIViewController' has been explicitly marked unavailable here
104 | @interface UIViewController : UIResponder <NSCoding, UIAppearanceContainer, UITraitEnvironment, UIContentContainer, UIFocusEnvironment>
| ^
/Users/admin/builder/spi-builder-workspace/LNPreviewToContextMenu/LNPreviewToContextMenu/UIViewController+UIPreviewContextCompat.m:48:31: error: 'UIView' is unavailable: not available on watchOS
48 | @property (nonatomic, strong) UIView* snapshotForTargetedPreview;
| ^
In module 'UIKit' imported from /Users/admin/builder/spi-builder-workspace/LNPreviewToContextMenu/LNPreviewToContextMenu/UIViewController+UIPreviewContextCompat.m:12:
/Applications/Xcode-27.0.0-Release.Candidate.app/Contents/Developer/Platforms/WatchOS.platform/Developer/SDKs/WatchOS27.0.sdk/System/Library/Frameworks/UIKit.framework/Headers/UIView.h:152:12: note: 'UIView' has been explicitly marked unavailable here
152 | @interface UIView : UIResponder <NSCoding, UIAppearance, UIAppearanceContainer, UIDynamicItem, UITraitEnvironment, UICoordinateSpace, UIFocusItem, UIFocusItemContainer, CALayerDelegate>
| ^
/Users/admin/builder/spi-builder-workspace/LNPreviewToContextMenu/LNPreviewToContextMenu/UIViewController+UIPreviewContextCompat.m:59:4: error: 'UIMenuElement' is unavailable: not available on watchOS
59 | - (UIMenuElement*)_menuElementForPreviewActionItem:(NSObject<UIPreviewActionItem>*)previewActionItem
| ^
In module 'UIKit' imported from /Users/admin/builder/spi-builder-workspace/LNPreviewToContextMenu/LNPreviewToContextMenu/UIViewController+UIPreviewContextCompat.m:12:
/Applications/Xcode-27.0.0-Release.Candidate.app/Contents/Developer/Platforms/WatchOS.platform/Developer/SDKs/WatchOS27.0.sdk/System/Library/Frameworks/UIKit.framework/Headers/UIMenuElement.h:56:12: note: 'UIMenuElement' has been explicitly marked unavailable here
56 | @interface UIMenuElement : NSObject <NSCopying, NSSecureCoding>
| ^
/Users/admin/builder/spi-builder-workspace/LNPreviewToContextMenu/LNPreviewToContextMenu/UIViewController+UIPreviewContextCompat.m:59:62: error: 'UIPreviewActionItem' is unavailable: not available on watchOS
59 | - (UIMenuElement*)_menuElementForPreviewActionItem:(NSObject<UIPreviewActionItem>*)previewActionItem
| ^
In module 'UIKit' imported from /Users/admin/builder/spi-builder-workspace/LNPreviewToContextMenu/LNPreviewToContextMenu/UIViewController+UIPreviewContextCompat.m:12:
/Applications/Xcode-27.0.0-Release.Candidate.app/Contents/Developer/Platforms/WatchOS.platform/Developer/SDKs/WatchOS27.0.sdk/System/Library/Frameworks/UIKit.framework/Headers/UIViewController.h:789:11: note: 'UIPreviewActionItem' has been explicitly marked unavailable here
789 | @protocol UIPreviewActionItem <NSObject>
| ^
/Users/admin/builder/spi-builder-workspace/LNPreviewToContextMenu/LNPreviewToContextMenu/UIViewController+UIPreviewContextCompat.m:101:4: error: 'UIMenu' is unavailable: not available on watchOS
101 | - (UIMenu*)_menuForPreviewViewController
| ^
In module 'UIKit' imported from /Users/admin/builder/spi-builder-workspace/LNPreviewToContextMenu/LNPreviewToContextMenu/UIViewController+UIPreviewContextCompat.m:12:
/Applications/Xcode-27.0.0-Release.Candidate.app/Contents/Developer/Platforms/WatchOS.platform/Developer/SDKs/WatchOS27.0.sdk/System/Library/Frameworks/UIKit.framework/Headers/UIMenu.h:43:12: note: 'UIMenu' has been explicitly marked unavailable here
43 | @interface UIMenu : UIMenuElement
| ^
/Users/admin/builder/spi-builder-workspace/LNPreviewToContextMenu/LNPreviewToContextMenu/UIViewController+UIPreviewContextCompat.m:122:13: error: 'UIContextMenuConfiguration' is unavailable: not available on watchOS
122 | - (nullable UIContextMenuConfiguration *)contextMenuInteraction:(UIContextMenuInteraction *)interaction configurationForMenuAtLocation:(CGPoint)location
| ^
In module 'UIKit' imported from /Users/admin/builder/spi-builder-workspace/LNPreviewToContextMenu/LNPreviewToContextMenu/UIViewController+UIPreviewContextCompat.m:12:
/Applications/Xcode-27.0.0-Release.Candidate.app/Contents/Developer/Platforms/WatchOS.platform/Developer/SDKs/WatchOS27.0.sdk/System/Library/Frameworks/UIKit.framework/Headers/UIContextMenuConfiguration.h:39:12: note: 'UIContextMenuConfiguration' has been explicitly marked unavailable here
39 | @interface UIContextMenuConfiguration : NSObject
| ^
/Users/admin/builder/spi-builder-workspace/LNPreviewToContextMenu/LNPreviewToContextMenu/UIViewController+UIPreviewContextCompat.m:122:66: error: 'UIContextMenuInteraction' is unavailable: not available on watchOS
122 | - (nullable UIContextMenuConfiguration *)contextMenuInteraction:(UIContextMenuInteraction *)interaction configurationForMenuAtLocation:(CGPoint)location
| ^
In module 'UIKit' imported from /Users/admin/builder/spi-builder-workspace/LNPreviewToContextMenu/LNPreviewToContextMenu/UIViewController+UIPreviewContextCompat.m:12:
/Applications/Xcode-27.0.0-Release.Candidate.app/Contents/Developer/Platforms/WatchOS.platform/Developer/SDKs/WatchOS27.0.sdk/System/Library/Frameworks/UIKit.framework/Headers/UIContextMenuInteraction.h:32:12: note: 'UIContextMenuInteraction' has been explicitly marked unavailable here
32 | @interface UIContextMenuInteraction : NSObject <UIInteraction>
| ^
/Users/admin/builder/spi-builder-workspace/LNPreviewToContextMenu/LNPreviewToContextMenu/UIViewController+UIPreviewContextCompat.m:139:13: error: 'UITargetedPreview' is unavailable: not available on watchOS
139 | - (nullable UITargetedPreview *)contextMenuInteraction:(UIContextMenuInteraction *)interaction previewForHighlightingMenuWithConfiguration:(UIContextMenuConfiguration *)configuration
| ^
In module 'UIKit' imported from /Users/admin/builder/spi-builder-workspace/LNPreviewToContextMenu/LNPreviewToContextMenu/UIViewController+UIPreviewContextCompat.m:12:
/Applications/Xcode-27.0.0-Release.Candidate.app/Contents/Developer/Platforms/WatchOS.platform/Developer/SDKs/WatchOS27.0.sdk/System/Library/Frameworks/UIKit.framework/Headers/UITargetedPreview.h:45:12: note: 'UITargetedPreview' has been explicitly marked unavailable here
45 | @interface UITargetedPreview : NSObject <NSCopying>
| ^
/Users/admin/builder/spi-builder-workspace/LNPreviewToContextMenu/LNPreviewToContextMenu/UIViewController+UIPreviewContextCompat.m:139:57: error: 'UIContextMenuInteraction' is unavailable: not available on watchOS
139 | - (nullable UITargetedPreview *)contextMenuInteraction:(UIContextMenuInteraction *)interaction previewForHighlightingMenuWithConfiguration:(UIContextMenuConfiguration *)configuration
| ^
In module 'UIKit' imported from /Users/admin/builder/spi-builder-workspace/LNPreviewToContextMenu/LNPreviewToContextMenu/UIViewController+UIPreviewContextCompat.m:12:
/Applications/Xcode-27.0.0-Release.Candidate.app/Contents/Developer/Platforms/WatchOS.platform/Developer/SDKs/WatchOS27.0.sdk/System/Library/Frameworks/UIKit.framework/Headers/UIContextMenuInteraction.h:32:12: note: 'UIContextMenuInteraction' has been explicitly marked unavailable here
32 | @interface UIContextMenuInteraction : NSObject <UIInteraction>
| ^
/Users/admin/builder/spi-builder-workspace/LNPreviewToContextMenu/LNPreviewToContextMenu/UIViewController+UIPreviewContextCompat.m:139:141: error: 'UIContextMenuConfiguration' is unavailable: not available on watchOS
139 | - (nullable UITargetedPreview *)contextMenuInteraction:(UIContextMenuInteraction *)interaction previewForHighlightingMenuWithConfiguration:(UIContextMenuConfiguration *)configuration
| ^
In module 'UIKit' imported from /Users/admin/builder/spi-builder-workspace/LNPreviewToContextMenu/LNPreviewToContextMenu/UIViewController+UIPreviewContextCompat.m:12:
/Applications/Xcode-27.0.0-Release.Candidate.app/Contents/Developer/Platforms/WatchOS.platform/Developer/SDKs/WatchOS27.0.sdk/System/Library/Frameworks/UIKit.framework/Headers/UIContextMenuConfiguration.h:39:12: note: 'UIContextMenuConfiguration' has been explicitly marked unavailable here
39 | @interface UIContextMenuConfiguration : NSObject
| ^
/Users/admin/builder/spi-builder-workspace/LNPreviewToContextMenu/LNPreviewToContextMenu/UIViewController+UIPreviewContextCompat.m:178:33: error: 'UIContextMenuInteraction' is unavailable: not available on watchOS
178 | - (void)contextMenuInteraction:(UIContextMenuInteraction *)interaction willPerformPreviewActionForMenuWithConfiguration:(UIContextMenuConfiguration *)configuration animator:(id<UIContextMenuInteractionCommitAnimating>)animator
| ^
In module 'UIKit' imported from /Users/admin/builder/spi-builder-workspace/LNPreviewToContextMenu/LNPreviewToContextMenu/UIViewController+UIPreviewContextCompat.m:12:
/Applications/Xcode-27.0.0-Release.Candidate.app/Contents/Developer/Platforms/WatchOS.platform/Developer/SDKs/WatchOS27.0.sdk/System/Library/Frameworks/UIKit.framework/Headers/UIContextMenuInteraction.h:32:12: note: 'UIContextMenuInteraction' has been explicitly marked unavailable here
32 | @interface UIContextMenuInteraction : NSObject <UIInteraction>
| ^
/Users/admin/builder/spi-builder-workspace/LNPreviewToContextMenu/LNPreviewToContextMenu/UIViewController+UIPreviewContextCompat.m:178:122: error: 'UIContextMenuConfiguration' is unavailable: not available on watchOS
178 | - (void)contextMenuInteraction:(UIContextMenuInteraction *)interaction willPerformPreviewActionForMenuWithConfiguration:(UIContextMenuConfiguration *)configuration animator:(id<UIContextMenuInteractionCommitAnimating>)animator
| ^
In module 'UIKit' imported from /Users/admin/builder/spi-builder-workspace/LNPreviewToContextMenu/LNPreviewToContextMenu/UIViewController+UIPreviewContextCompat.m:12:
/Applications/Xcode-27.0.0-Release.Candidate.app/Contents/Developer/Platforms/WatchOS.platform/Developer/SDKs/WatchOS27.0.sdk/System/Library/Frameworks/UIKit.framework/Headers/UIContextMenuConfiguration.h:39:12: note: 'UIContextMenuConfiguration' has been explicitly marked unavailable here
39 | @interface UIContextMenuConfiguration : NSObject
| ^
/Users/admin/builder/spi-builder-workspace/LNPreviewToContextMenu/LNPreviewToContextMenu/UIViewController+UIPreviewContextCompat.m:178:178: error: 'UIContextMenuInteractionCommitAnimating' is unavailable: not available on watchOS
178 | - (void)contextMenuInteraction:(UIContextMenuInteraction *)interaction willPerformPreviewActionForMenuWithConfiguration:(UIContextMenuConfiguration *)configuration animator:(id<UIContextMenuInteractionCommitAnimating>)animator
| ^
In module 'UIKit' imported from /Users/admin/builder/spi-builder-workspace/LNPreviewToContextMenu/LNPreviewToContextMenu/UIViewController+UIPreviewContextCompat.m:12:
/Applications/Xcode-27.0.0-Release.Candidate.app/Contents/Developer/Platforms/WatchOS.platform/Developer/SDKs/WatchOS27.0.sdk/System/Library/Frameworks/UIKit.framework/Headers/UIContextMenuInteraction.h:90:11: note: 'UIContextMenuInteractionCommitAnimating' has been explicitly marked unavailable here
90 | @protocol UIContextMenuInteractionCommitAnimating <UIContextMenuInteractionAnimating>
| ^
fatal error: too many errors emitted, stopping now [-ferror-limit=]
20 errors generated.
Failed frontend command:
/Applications/Xcode-27.0.0-Release.Candidate.app/Contents/Developer/Toolchains/XcodeDefault.xctoolchain/usr/bin/clang -cc1 -Wundef-prefix\=TARGET_OS_ -fdiagnostics-show-note-include-stack -fmacro-backtrace-limit\=0 -ferror-limit 19 -serialize-diagnostic-file /Users/admin/builder/spi-builder-workspace/.derivedData/Build/Intermediates.noindex/LNPreviewToContextMenu.build/Debug-watchos/LNPreviewToContextMenu-t.build/Objects-normal/arm64_32/UIViewController+UIPreviewContextCompat.dia -Wdeprecated-objc-isa-usage -Werror\=deprecated-objc-isa-usage -Werror\=implicit-function-declaration -Wnon-modular-include-in-framework-module -Werror\=non-modular-include-in-framework-module -Wno-trigraphs -Wno-missing-field-initializers -Wno-missing-prototypes -Wno-return-type -Wno-implicit-atomic-properties -Wno-objc-interface-ivars -Wno-arc-repeated-use-of-weak -Wno-missing-braces -Wparentheses -Wswitch -Wno-unused-function -Wno-unused-label -Wno-unused-parameter -Wno-unused-variable -Wunused-value -Wno-empty-body -Wno-uninitialized -Wno-unknown-pragmas -Wno-shadow -Wno-four-char-constants -Wno-conversion -Wno-constant-conversion -Wno-int-conversion -Wno-bool-conversion -Wno-enum-conversion -Wno-float-conversion -Wno-non-literal-null-conversion -Wno-objc-literal-conversion -Wno-shorten-64-to-32 -Wpointer-sign -Wno-newline-eof -Wno-selector -Wno-strict-selector-match -Wno-undeclared-selector -Wno-deprecated-implementations -Wno-implicit-fallthrough -Wprotocol -Wdeprecated-declarations -Wno-sign-conversion -Wno-infinite-recursion -Wno-comma -Wno-block-capture-autoreleasing -Wno-strict-prototypes -Wno-semicolon-before-method-body -Wno-elaborated-enum-base -Wno-error\=allocator-wrappers -index-store-path /Users/admin/builder/spi-builder-workspace/.derivedData/Index.noindex/DataStore -index-unit-output-path /LNPreviewToContextMenu.build/Debug-watchos/LNPreviewToContextMenu-t.build/Objects-normal/arm64_32/UIViewController+UIPreviewContextCompat.o -fmodule-map-file\=/Applications/Xcode-27.0.0-Release.Candidate.app/Contents/Developer/Platforms/WatchOS.platform/Developer/SDKs/WatchOS.sdk/usr/include/ObjectiveC.modulemap -fmodule-map-file\=/Applications/Xcode-27.0.0-Release.Candidate.app/Contents/Developer/Platforms/WatchOS.platform/Developer/SDKs/WatchOS.sdk/System/Library/Frameworks/UIKit.framework/Modules/module.modulemap -o /Users/admin/builder/spi-builder-workspace/.derivedData/Build/Intermediates.noindex/LNPreviewToContextMenu.build/Debug-watchos/LNPreviewToContextMenu-t.build/Objects-normal/arm64_32/UIViewController+UIPreviewContextCompat.o -disable-free -emit-obj -x objective-c /Users/admin/builder/spi-builder-workspace/LNPreviewToContextMenu/LNPreviewToContextMenu/UIViewController+UIPreviewContextCompat.m -target-abi darwinpcs -target-cpu apple-s4 -target-feature +v8.3a -target-feature +aes -target-feature +complxnum -target-feature +crc -target-feature +fp-armv8 -target-feature +fullfp16 -target-feature +jsconv -target-feature +lse -target-feature +neon -target-feature +pauth -target-feature +perfmon -target-feature +ras -target-feature +rcpc -target-feature +rdm -target-feature +sha2 -triple arm64_32-apple-watchos9.0.0 -target-linker-version 1166.2 -target-sdk-version\=27.0 -fmodules-validate-system-headers -fno-modulemap-allow-subdirectory-search -isysroot /Applications/Xcode-27.0.0-Release.Candidate.app/Contents/Developer/Platforms/WatchOS.platform/Developer/SDKs/WatchOS27.0.sdk -resource-dir /Applications/Xcode-27.0.0-Release.Candidate.app/Contents/Developer/Toolchains/XcodeDefault.xctoolchain/usr/lib/clang/21 -fmodule-format\=obj -fmodule-file\=ObjectiveC\=/Users/admin/builder/spi-builder-workspace/.derivedData/Build/Intermediates.noindex/ExplicitPrecompiledModules/ObjectiveC-7OFOJRZYIUCKSSSTRWRNXGZ02.pcm -fmodule-file\=UIKit\=/Users/admin/builder/spi-builder-workspace/.derivedData/Build/Intermediates.noindex/ExplicitPrecompiledModules/UIKit-6VLEXFPHHIVZFGPP0CSOJ3UZD.pcm -I /Users/admin/builder/spi-builder-workspace/.derivedData/Build/Products/Debug-watchos/include -I /Users/admin/builder/spi-builder-workspace/LNPreviewToContextMenu/include -I /Users/admin/builder/spi-builder-workspace/LNPreviewToContextMenu -I /Users/admin/builder/spi-builder-workspace/.derivedData/Build/Intermediates.noindex/LNPreviewToContextMenu.build/Debug-watchos/LNPreviewToContextMenu-t.build/DerivedSources-normal/arm64_32 -I /Users/admin/builder/spi-builder-workspace/.derivedData/Build/Intermediates.noindex/LNPreviewToContextMenu.build/Debug-watchos/LNPreviewToContextMenu-t.build/DerivedSources/arm64_32 -I /Users/admin/builder/spi-builder-workspace/.derivedData/Build/Intermediates.noindex/LNPreviewToContextMenu.build/Debug-watchos/LNPreviewToContextMenu-t.build/DerivedSources -F /Users/admin/builder/spi-builder-workspace/.derivedData/Build/Products/Debug-watchos -iframework /Applications/Xcode-27.0.0-Release.Candidate.app/Contents/Developer/Platforms/WatchOS.platform/Developer/Library/Frameworks -iframework /Applications/Xcode-27.0.0-Release.Candidate.app/Contents/Developer/Platforms/WatchOS.platform/Developer/SDKs/WatchOS27.0.sdk/Developer/Library/Frameworks -internal-isystem /Applications/Xcode-27.0.0-Release.Candidate.app/Contents/Developer/Platforms/WatchOS.platform/Developer/SDKs/WatchOS27.0.sdk/usr/local/include -internal-isystem /Applications/Xcode-27.0.0-Release.Candidate.app/Contents/Developer/Toolchains/XcodeDefault.xctoolchain/usr/lib/clang/21/include -internal-externc-isystem /Applications/Xcode-27.0.0-Release.Candidate.app/Contents/Developer/Platforms/WatchOS.platform/Developer/SDKs/WatchOS27.0.sdk/usr/include -internal-externc-isystem /Applications/Xcode-27.0.0-Release.Candidate.app/Contents/Developer/Toolchains/XcodeDefault.xctoolchain/usr/include -internal-iframework /Applications/Xcode-27.0.0-Release.Candidate.app/Contents/Developer/Platforms/WatchOS.platform/Developer/SDKs/WatchOS27.0.sdk/System/Library/Frameworks -internal-iframework /Applications/Xcode-27.0.0-Release.Candidate.app/Contents/Developer/Platforms/WatchOS.platform/Developer/SDKs/WatchOS27.0.sdk/System/Library/SubFrameworks -internal-iframework /Applications/Xcode-27.0.0-Release.Candidate.app/Contents/Developer/Platforms/WatchOS.platform/Developer/SDKs/WatchOS27.0.sdk/Library/Frameworks -ivfsstatcache /Users/admin/builder/spi-builder-workspace/.derivedData/SDKStatCaches.noindex/watchos27.0-24R360-e829b21a6f8c9b70876ba0858053c04477534ef55a1706bf4c1112bbb242f0a2.sdkstatcache -std\=gnu11 -fexceptions -fskip-odr-check-in-gmf -fmodules -fmodule-name\=LNPreviewToContextMenu -fno-implicit-modules -fobjc-exceptions -fmax-type-align\=16 -fpascal-strings -fvisibility-inlines-hidden-static-local-var -mdarwin-stkchk-strong-link -fno-odr-hash-protocols -pic-level 2 -fencode-extended-block-signature -stack-protector 1 -fobjc-runtime\=watchos-9.0.0 -fobjc-arc -fobjc-runtime-has-weak -fobjc-weak -fgnuc-version\=4.2.1 -fblocks -fno-convergent-functions -ffp-contract\=on -fclang-abi-compat\=4.0 -fno-experimental-relative-c++-abi-vtables -fno-file-reproducible -clang-vendor-feature\=+disableNonDependentMemberExprInCurrentInstantiation -clang-vendor-feature\=+enableAggressiveVLAFolding -clang-vendor-feature\=+revert09abecef7bbf -clang-vendor-feature\=+thisNoAlignAttr -clang-vendor-feature\=+thisNoNullAttr -clang-vendor-feature\=+disableAtImportPrivateFrameworkInImplementationError -O0 -fno-assume-unique-vtables -fdebug-compilation-dir\=/Users/admin/builder/spi-builder-workspace/.swiftpm/xcode -fcoverage-compilation-dir\=/Users/admin/builder/spi-builder-workspace/.swiftpm/xcode -fcommon -fdwarf2-cfi-asm -fobjc-msgsend-selector-stubs -fregister-global-dtors-with-atexit -fno-strict-return -dwarf-version\=4 -debugger-tuning\=lldb -disable-llvm-verifier -dwarf-ext-refs -funwind-tables\=1 -enable-tlsdesc -clear-ast-before-backend -discard-value-names -main-file-name UIViewController+UIPreviewContextCompat.m -mframe-pointer\=non-leaf -debug-info-kind\=standalone -fno-loop-interchange -fdiagnostics-hotness-threshold\=0 -fdiagnostics-misexpect-tolerance\=0 -D DEBUG\=1 -D OBJC_OLD_DISPATCH_PROTOTYPES\=1 -D SWIFT_PACKAGE -D Xcode -fdefine-target-os-macros -MT dependencies -dependency-file /Users/admin/builder/spi-builder-workspace/.derivedData/Build/Intermediates.noindex/LNPreviewToContextMenu.build/Debug-watchos/LNPreviewToContextMenu-t.build/Objects-normal/arm64_32/UIViewController+UIPreviewContextCompat.d -skip-unused-modulemap-deps -module-file-deps\=direct -fdepfile-entry\=/Applications/Xcode-27.0.0-Release.Candidate.app/Contents/Developer/Platforms/WatchOS.platform/Developer/SDKs/WatchOS27.0.sdk/SDKSettings.json
PruneExplicitPrecompiledModules /Users/admin/builder/spi-builder-workspace/.derivedData/SDKExplicitPrecompiledModules
PruneExplicitPrecompiledModules /Users/admin/builder/spi-builder-workspace/.derivedData/Build/Intermediates.noindex/SwiftExplicitPrecompiledModules
PruneExplicitPrecompiledModules /Users/admin/builder/spi-builder-workspace/.derivedData/Build/Intermediates.noindex/ExplicitPrecompiledModules
2026-09-17 17:08:17.620 xcodebuild[754:4665] [MT] IDERunDestination: Supported platforms for the buildables in the current scheme is empty.
** BUILD FAILED **
The following build commands failed:
CompileC /Users/admin/builder/spi-builder-workspace/.derivedData/Build/Intermediates.noindex/LNPreviewToContextMenu.build/Debug-watchos/LNPreviewToContextMenu-t.build/Objects-normal/arm64/UIViewController+UIPreviewContextCompat.o /Users/admin/builder/spi-builder-workspace/LNPreviewToContextMenu/LNPreviewToContextMenu/UIViewController+UIPreviewContextCompat.m normal arm64 objective-c com.apple.compilers.llvm.clang.1_0.compiler (in target 'LNPreviewToContextMenu' from project 'LNPreviewToContextMenu')
CompileC /Users/admin/builder/spi-builder-workspace/.derivedData/Build/Intermediates.noindex/LNPreviewToContextMenu.build/Debug-watchos/LNPreviewToContextMenu-t.build/Objects-normal/arm64_32/UIViewController+UIPreviewContextCompat.o /Users/admin/builder/spi-builder-workspace/LNPreviewToContextMenu/LNPreviewToContextMenu/UIViewController+UIPreviewContextCompat.m normal arm64_32 objective-c com.apple.compilers.llvm.clang.1_0.compiler (in target 'LNPreviewToContextMenu' from project 'LNPreviewToContextMenu')
Building workspace LNPreviewToContextMenu with scheme LNPreviewToContextMenu-Package
(3 failures)
BUILD FAILURE 6.4 watchOS