The Swift Package Index logo.Swift Package Index

Build Information

Failed to build HSObserver, reference 1.2.0 (e3e5be), with Swift 6.4 for Wasm on 17 Sep 2026 17:57:04 UTC.

Build Command

bash -c docker run --pull=always --rm -v "checkouts-53886769-1":/host -w "$PWD" -e JAVA_HOME="/root/.sdkman/candidates/java/current" -e SPI_BUILD="1" -e SPI_PROCESSING="1" registry.gitlab.com/saguaro1/spi-images:wasm-6.4-latest swift build --swift-sdk swift-6.4.x-DEVELOPMENT-SNAPSHOT-2026-09-04-a_wasm 2>&1

Build Log

========================================
RunAll
========================================
Builder version: 5.1.0
Interrupt handler set up.
========================================
Checkout
========================================
Clone URL: https://github.com/ConfusedVorlon/HSObserver.git
Reference: 1.2.0
Initialized empty Git repository in /host/spi-builder-workspace/.git/
hint: Using 'master' as the name for the initial branch. This default branch name
hint: is subject to change. To configure the initial branch name to use in all
hint: of your new repositories, which will suppress this warning, call:
hint:
hint: 	git config --global init.defaultBranch <name>
hint:
hint: Names commonly chosen instead of 'master' are 'main', 'trunk' and
hint: 'development'. The just-created branch can be renamed via this command:
hint:
hint: 	git branch -m <name>
From https://github.com/ConfusedVorlon/HSObserver
 * tag               1.2.0      -> FETCH_HEAD
HEAD is now at e3e5be5 Tidy up docs
Cloned https://github.com/ConfusedVorlon/HSObserver.git
Revision (git rev-parse @):
e3e5be504eae3d1f97adec90887a945f389de5ee
SUCCESS checkout https://github.com/ConfusedVorlon/HSObserver.git at 1.2.0
========================================
Build
========================================
Selected platform:         wasm
Swift version:             6.4
Building package at path:  $PWD
https://github.com/ConfusedVorlon/HSObserver.git
Running build ...
bash -c docker run --pull=always --rm -v "checkouts-53886769-1":/host -w "$PWD" -e JAVA_HOME="/root/.sdkman/candidates/java/current" -e SPI_BUILD="1" -e SPI_PROCESSING="1" registry.gitlab.com/saguaro1/spi-images:wasm-6.4-latest swift build --swift-sdk swift-6.4.x-DEVELOPMENT-SNAPSHOT-2026-09-04-a_wasm 2>&1
wasm-6.4-latest: Pulling from saguaro1/spi-images
Digest: sha256:4328fdb43c680d205c1d6761b1e3267aa38277eefdda9ddfb17b6a0f1a77857a
Status: Image is up to date for registry.gitlab.com/saguaro1/spi-images:wasm-6.4-latest
Building for debugging...
[Planning deferred tasks]
error: SwiftCompile normal wasm32 failed with a nonzero exit code. Command line:     cd /host

/host/spi-builder-workspace/Sources/HSObserver/HSKeyPathObserver.swift:26:75: error: cannot find type 'NSKeyValueObservingOptions' in scope
24 |     ///   - activate: whether to immediately activate the observer
25 |     ///   - block: the block to call when there is a change
26 |     public init(forKeyPath keyPath: String,of object: AnyObject, options: NSKeyValueObservingOptions = [],activate:Bool = false, block:@escaping ([NSKeyValueChangeKey:Any]?)->Void ){
   |                                                                           `- error: cannot find type 'NSKeyValueObservingOptions' in scope
27 |         self.block = block
28 |         self.keyPath = keyPath
/host/spi-builder-workspace/Sources/HSObserver/HSKeyPathObserver.swift:26:148: error: cannot find type 'NSKeyValueChangeKey' in scope
24 |     ///   - activate: whether to immediately activate the observer
25 |     ///   - block: the block to call when there is a change
26 |     public init(forKeyPath keyPath: String,of object: AnyObject, options: NSKeyValueObservingOptions = [],activate:Bool = false, block:@escaping ([NSKeyValueChangeKey:Any]?)->Void ){
   |                                                                                                                                                    `- error: cannot find type 'NSKeyValueChangeKey' in scope
27 |         self.block = block
28 |         self.keyPath = keyPath
/host/spi-builder-workspace/Sources/HSObserver/HSKeyPathObserver.swift:13:25: error: cannot find type 'NSKeyValueChangeKey' in scope
11 |
12 | public class HSKeyPathObserver:NSObject, HSObserves {
13 |     private var block:([NSKeyValueChangeKey:Any]?)->Void
   |                         `- error: cannot find type 'NSKeyValueChangeKey' in scope
14 |     private var keyPath:String
15 |     private var options:NSKeyValueObservingOptions
/host/spi-builder-workspace/Sources/HSObserver/HSKeyPathObserver.swift:15:25: error: cannot find type 'NSKeyValueObservingOptions' in scope
13 |     private var block:([NSKeyValueChangeKey:Any]?)->Void
14 |     private var keyPath:String
15 |     private var options:NSKeyValueObservingOptions
   |                         `- error: cannot find type 'NSKeyValueObservingOptions' in scope
16 |     weak private var object:AnyObject?
17 |
/host/spi-builder-workspace/Sources/HSObserver/HSKeyPathObserver.swift:57:94: error: cannot find type 'NSKeyValueChangeKey' in scope
55 |     }
56 |
57 |     override public func observeValue(forKeyPath keyPath: String?, of object: Any?, change: [NSKeyValueChangeKey : Any]?, context: UnsafeMutableRawPointer?)
   |                                                                                              `- error: cannot find type 'NSKeyValueChangeKey' in scope
58 |     {
59 |         block(change)
/host/spi-builder-workspace/Sources/HSObserver/HSObserver.swift:24:20: error: cannot find type 'OperationQueue' in scope
 22 |     }
 23 |     open var object:Any?
 24 |     open var queue:OperationQueue?
    |                    `- error: cannot find type 'OperationQueue' in scope
 25 |     open var block:((Notification) -> Swift.Void)
 26 |
/host/spi-builder-workspace/Sources/HSObserver/HSObserver.swift:40:29: error: cannot find type 'OperationQueue' in scope
 38 |     /// - returns: unactivated manager. Call activate() to start
 39 |     public convenience init(forName name: NSNotification.Name, object obj: Any? = nil,
 40 |                      queue: OperationQueue? = .main,
    |                             `- error: cannot find type 'OperationQueue' in scope
 41 |                      center newCenter: NotificationCenter = NotificationCenter.default,
 42 |                      activate: Bool = false,
/host/spi-builder-workspace/Sources/HSObserver/HSObserver.swift:58:17: error: cannot find type 'OperationQueue' in scope
 56 |     /// - returns: unactivated manager. Call activate() to start
 57 |     public init(forNames names: [NSNotification.Name], object obj: Any? = nil,
 58 |          queue: OperationQueue? = .main,
    |                 `- error: cannot find type 'OperationQueue' in scope
 59 |          center newCenter: NotificationCenter = NotificationCenter.default,
 60 |          activate: Bool = false,
Failed frontend command:
/usr/bin/swift-frontend -frontend -emit-module -experimental-skip-non-inlinable-function-bodies-without-types /host/spi-builder-workspace/Sources/HSObserver/HSHasObservers.swift /host/spi-builder-workspace/Sources/HSObserver/HSKeyPathObserver.swift /host/spi-builder-workspace/Sources/HSObserver/HSObserver.swift /host/spi-builder-workspace/Sources/HSObserver/HSObserves.swift /host/spi-builder-workspace/Sources/HSObserver/NSNotification+HSObserver.swift -target wasm32-unknown-wasip1 -disable-objc-interop -sdk /root/.swiftpm/swift-sdks/swift-6.4.x-DEVELOPMENT-SNAPSHOT-2026-09-04-a_wasm.artifactbundle/swift-6.4.x-DEVELOPMENT-SNAPSHOT-2026-09-04-a_wasm/wasm32-unknown-wasip1/WASI.sdk -sysroot /root/.swiftpm/swift-sdks/swift-6.4.x-DEVELOPMENT-SNAPSHOT-2026-09-04-a_wasm.artifactbundle/swift-6.4.x-DEVELOPMENT-SNAPSHOT-2026-09-04-a_wasm/wasm32-unknown-wasip1/WASI.sdk -I /host/spi-builder-workspace/.build/out/Products/Debug-webassembly-wasm32 -module-cache-path /host/spi-builder-workspace/.build/out/ModuleCache.noindex -color-diagnostics -Xcc -fcolor-diagnostics -enable-testing -g -debug-info-format\=dwarf -dwarf-version\=4 -swift-version 5 -Onone -D SWIFT_PACKAGE -D DEBUG -D SWIFT_MODULE_RESOURCE_BUNDLE_UNAVAILABLE -D Xcode -serialize-debugging-options -enable-experimental-feature DebugDescriptionMacro -empty-abi-descriptor -external-plugin-path /usr/lib/swift/host/plugins/testing\#/usr/bin/swift-plugin-server -validate-clang-modules-once -clang-build-session-file /host/spi-builder-workspace/.build/out/ModuleCache.noindex/Session.modulevalidation -Xcc -working-directory -Xcc /host -resource-dir /root/.swiftpm/swift-sdks/swift-6.4.x-DEVELOPMENT-SNAPSHOT-2026-09-04-a_wasm.artifactbundle/swift-6.4.x-DEVELOPMENT-SNAPSHOT-2026-09-04-a_wasm/wasm32-unknown-wasip1/swift.xctoolchain/usr/lib/swift_static -use-static-resource-dir -enable-anonymous-context-mangled-names -file-compilation-dir /host -Xcc -resource-dir -Xcc /root/.swiftpm/swift-sdks/swift-6.4.x-DEVELOPMENT-SNAPSHOT-2026-09-04-a_wasm.artifactbundle/swift-6.4.x-DEVELOPMENT-SNAPSHOT-2026-09-04-a_wasm/wasm32-unknown-wasip1/swift.xctoolchain/usr/lib/swift_static/clang -Xcc -D_LIBCPP_HARDENING_MODE\=_LIBCPP_HARDENING_MODE_DEBUG -Xcc -fmodules-prune-interval\=86400 -Xcc -fmodules-prune-after\=345600 -Xcc -I/host/spi-builder-workspace/.build/out/Products/Debug-webassembly-wasm32/include -Xcc -I/host/spi-builder-workspace/.build/out/Intermediates.noindex/HSObserver.build/Debug-webassembly-wasm32/HSObserver-t.build/DerivedSources-normal/wasm32 -Xcc -I/host/spi-builder-workspace/.build/out/Intermediates.noindex/HSObserver.build/Debug-webassembly-wasm32/HSObserver-t.build/DerivedSources/wasm32 -Xcc -I/host/spi-builder-workspace/.build/out/Intermediates.noindex/HSObserver.build/Debug-webassembly-wasm32/HSObserver-t.build/DerivedSources -Xcc -DSWIFT_PACKAGE -Xcc -DDEBUG\=1 -no-auto-bridging-header-chaining -module-name HSObserver -const-gather-protocols-file /host/spi-builder-workspace/.build/out/Intermediates.noindex/HSObserver.build/Debug-webassembly-wasm32/HSObserver-t.build/Objects-normal/wasm32/HSObserver_const_extract_protocols.json -in-process-plugin-server-path /usr/lib/swift/host/libSwiftInProcPluginServer.so -plugin-path /usr/lib/swift/host/plugins -plugin-path /usr/local/lib/swift/host/plugins -emit-module-doc-path /host/spi-builder-workspace/.build/out/Intermediates.noindex/HSObserver.build/Debug-webassembly-wasm32/HSObserver-t.build/Objects-normal/wasm32/Modules/HSObserver.swiftdoc -emit-module-source-info-path /host/spi-builder-workspace/.build/out/Intermediates.noindex/HSObserver.build/Debug-webassembly-wasm32/HSObserver-t.build/Objects-normal/wasm32/Modules/HSObserver.swiftsourceinfo -emit-objc-header-path /host/spi-builder-workspace/.build/out/Intermediates.noindex/HSObserver.build/Debug-webassembly-wasm32/HSObserver-t.build/Objects-normal/wasm32/HSObserver-Swift.h -serialize-diagnostics-path /host/spi-builder-workspace/.build/out/Intermediates.noindex/HSObserver.build/Debug-webassembly-wasm32/HSObserver-t.build/Objects-normal/wasm32/HSObserver-primary-emit-module.dia -emit-dependencies-path /host/spi-builder-workspace/.build/out/Intermediates.noindex/HSObserver.build/Debug-webassembly-wasm32/HSObserver-t.build/Objects-normal/wasm32/HSObserver-primary-emit-module.d -parse-as-library -o /host/spi-builder-workspace/.build/out/Intermediates.noindex/HSObserver.build/Debug-webassembly-wasm32/HSObserver-t.build/Objects-normal/wasm32/Modules/HSObserver.swiftmodule
error: Build failed
BUILD FAILURE 6.4 wasm