Build Information
Failed to build ApplicationExtensions, reference master (f858e0), with Swift 6.4 for watchOS using Xcode 27.0 on 17 Sep 2026 14:57:11 UTC.
Build Command
env DEVELOPER_DIR=/Applications/Xcode-27.0.0-Release.Candidate.app xcrun xcodebuild -IDEClonedSourcePackagesDirPathOverride=$PWD/.dependencies -skipMacroValidation -skipPackagePluginValidation -derivedDataPath $PWD/.derivedData build -scheme ApplicationExtensions -destination generic/platform=watchOSBuild Log
SwiftMergeGeneratedHeaders /Users/admin/builder/spi-builder-workspace/.derivedData/Build/Intermediates.noindex/GeneratedModuleMaps-watchos/Images-Swift.h /Users/admin/builder/spi-builder-workspace/.derivedData/Build/Intermediates.noindex/Images.build/Debug-watchos/Images-t.build/Objects-normal/arm64/Images-Swift.h /Users/admin/builder/spi-builder-workspace/.derivedData/Build/Intermediates.noindex/Images.build/Debug-watchos/Images-t.build/Objects-normal/arm64_32/Images-Swift.h (in target 'Images' from project 'Images')
cd /Users/admin/builder/spi-builder-workspace/.dependencies/checkouts/Images
builtin-swiftHeaderTool -arch arm64 /Users/admin/builder/spi-builder-workspace/.derivedData/Build/Intermediates.noindex/Images.build/Debug-watchos/Images-t.build/Objects-normal/arm64/Images-Swift.h -arch arm64_32 /Users/admin/builder/spi-builder-workspace/.derivedData/Build/Intermediates.noindex/Images.build/Debug-watchos/Images-t.build/Objects-normal/arm64_32/Images-Swift.h -o /Users/admin/builder/spi-builder-workspace/.derivedData/Build/Intermediates.noindex/GeneratedModuleMaps-watchos/Images-Swift.h
Copy /Users/admin/builder/spi-builder-workspace/.derivedData/Build/Products/Debug-watchos/Images.swiftmodule/arm64_32-apple-watchos.swiftmodule /Users/admin/builder/spi-builder-workspace/.derivedData/Build/Intermediates.noindex/Images.build/Debug-watchos/Images-t.build/Objects-normal/arm64_32/Images.swiftmodule (in target 'Images' from project 'Images')
cd /Users/admin/builder/spi-builder-workspace/.dependencies/checkouts/Images
builtin-copy -exclude .DS_Store -exclude CVS -exclude .svn -exclude .git -exclude .hg -resolve-src-symlinks -rename /Users/admin/builder/spi-builder-workspace/.derivedData/Build/Intermediates.noindex/Images.build/Debug-watchos/Images-t.build/Objects-normal/arm64_32/Images.swiftmodule /Users/admin/builder/spi-builder-workspace/.derivedData/Build/Products/Debug-watchos/Images.swiftmodule/arm64_32-apple-watchos.swiftmodule
Copy /Users/admin/builder/spi-builder-workspace/.derivedData/Build/Products/Debug-watchos/Images.swiftmodule/arm64_32-apple-watchos.swiftdoc /Users/admin/builder/spi-builder-workspace/.derivedData/Build/Intermediates.noindex/Images.build/Debug-watchos/Images-t.build/Objects-normal/arm64_32/Images.swiftdoc (in target 'Images' from project 'Images')
cd /Users/admin/builder/spi-builder-workspace/.dependencies/checkouts/Images
builtin-copy -exclude .DS_Store -exclude CVS -exclude .svn -exclude .git -exclude .hg -resolve-src-symlinks -rename /Users/admin/builder/spi-builder-workspace/.derivedData/Build/Intermediates.noindex/Images.build/Debug-watchos/Images-t.build/Objects-normal/arm64_32/Images.swiftdoc /Users/admin/builder/spi-builder-workspace/.derivedData/Build/Products/Debug-watchos/Images.swiftmodule/arm64_32-apple-watchos.swiftdoc
Copy /Users/admin/builder/spi-builder-workspace/.derivedData/Build/Products/Debug-watchos/Images.swiftmodule/arm64_32-apple-watchos.abi.json /Users/admin/builder/spi-builder-workspace/.derivedData/Build/Intermediates.noindex/Images.build/Debug-watchos/Images-t.build/Objects-normal/arm64_32/Images.abi.json (in target 'Images' from project 'Images')
cd /Users/admin/builder/spi-builder-workspace/.dependencies/checkouts/Images
builtin-copy -exclude .DS_Store -exclude CVS -exclude .svn -exclude .git -exclude .hg -resolve-src-symlinks -rename /Users/admin/builder/spi-builder-workspace/.derivedData/Build/Intermediates.noindex/Images.build/Debug-watchos/Images-t.build/Objects-normal/arm64_32/Images.abi.json /Users/admin/builder/spi-builder-workspace/.derivedData/Build/Products/Debug-watchos/Images.swiftmodule/arm64_32-apple-watchos.abi.json
Copy /Users/admin/builder/spi-builder-workspace/.derivedData/Build/Products/Debug-watchos/Images.swiftmodule/Project/arm64_32-apple-watchos.swiftsourceinfo /Users/admin/builder/spi-builder-workspace/.derivedData/Build/Intermediates.noindex/Images.build/Debug-watchos/Images-t.build/Objects-normal/arm64_32/Images.swiftsourceinfo (in target 'Images' from project 'Images')
cd /Users/admin/builder/spi-builder-workspace/.dependencies/checkouts/Images
builtin-copy -exclude .DS_Store -exclude CVS -exclude .svn -exclude .git -exclude .hg -resolve-src-symlinks -rename /Users/admin/builder/spi-builder-workspace/.derivedData/Build/Intermediates.noindex/Images.build/Debug-watchos/Images-t.build/Objects-normal/arm64_32/Images.swiftsourceinfo /Users/admin/builder/spi-builder-workspace/.derivedData/Build/Products/Debug-watchos/Images.swiftmodule/Project/arm64_32-apple-watchos.swiftsourceinfo
SwiftDriver Bundles normal arm64 com.apple.xcode.tools.swift.compiler (in target 'Bundles' from project 'Bundles')
cd /Users/admin/builder/spi-builder-workspace/.swiftpm/xcode
builtin-SwiftDriver -- /Applications/Xcode-27.0.0-Release.Candidate.app/Contents/Developer/Toolchains/XcodeDefault.xctoolchain/usr/bin/swiftc -parse-as-library -module-name Bundles -Onone @/Users/admin/builder/spi-builder-workspace/.derivedData/Build/Intermediates.noindex/Bundles.build/Debug-watchos/Bundles-t.build/Objects-normal/arm64/Bundles.SwiftFileList -DSWIFT_PACKAGE -DDEBUG -DSWIFT_MODULE_RESOURCE_BUNDLE_UNAVAILABLE -DXcode -plugin-path /Applications/Xcode-27.0.0-Release.Candidate.app/Contents/Developer/Toolchains/XcodeDefault.xctoolchain/usr/lib/swift/host/plugins/testing -enable-experimental-feature DebugDescriptionMacro -sdk /Applications/Xcode-27.0.0-Release.Candidate.app/Contents/Developer/Platforms/WatchOS.platform/Developer/SDKs/WatchOS27.0.sdk -target arm64-apple-watchos9.0 -g -module-cache-path /Users/admin/builder/spi-builder-workspace/.derivedData/ModuleCache.noindex -Xfrontend -serialize-debugging-options -enable-testing -suppress-warnings -index-store-path /Users/admin/builder/spi-builder-workspace/.derivedData/Index.noindex/DataStore -Xcc -D_LIBCPP_HARDENING_MODE\=_LIBCPP_HARDENING_MODE_DEBUG -swift-version 5 -I /Users/admin/builder/spi-builder-workspace/.derivedData/Build/Products/Debug-watchos -Isystem /Applications/Xcode-27.0.0-Release.Candidate.app/Contents/Developer/Platforms/WatchOS.platform/Developer/usr/lib -F /Users/admin/builder/spi-builder-workspace/.derivedData/Build/Products/Debug-watchos/PackageFrameworks -F /Users/admin/builder/spi-builder-workspace/.derivedData/Build/Products/Debug-watchos -F /Applications/Xcode-27.0.0-Release.Candidate.app/Contents/Developer/Platforms/WatchOS.platform/Developer/Library/Frameworks -F /Applications/Xcode-27.0.0-Release.Candidate.app/Contents/Developer/Platforms/WatchOS.platform/Developer/SDKs/WatchOS27.0.sdk/Developer/Library/Frameworks -c -j10 -enable-batch-mode -incremental -Xcc -ivfsstatcache -Xcc /Users/admin/builder/spi-builder-workspace/.derivedData/SDKStatCaches.noindex/watchos27.0-24R360-e829b21a6f8c9b70876ba0858053c04477534ef55a1706bf4c1112bbb242f0a2.sdkstatcache -output-file-map /Users/admin/builder/spi-builder-workspace/.derivedData/Build/Intermediates.noindex/Bundles.build/Debug-watchos/Bundles-t.build/Objects-normal/arm64/Bundles-OutputFileMap.json -save-temps -no-color-diagnostics -explicit-module-build -module-cache-path /Users/admin/builder/spi-builder-workspace/.derivedData/Build/Intermediates.noindex/SwiftExplicitPrecompiledModules -clang-scanner-module-cache-path /Users/admin/builder/spi-builder-workspace/.derivedData/ModuleCache.noindex -sdk-module-cache-path /Users/admin/builder/spi-builder-workspace/.derivedData/SDKExplicitPrecompiledModules -emit-dependencies -emit-module -emit-module-path /Users/admin/builder/spi-builder-workspace/.derivedData/Build/Intermediates.noindex/Bundles.build/Debug-watchos/Bundles-t.build/Objects-normal/arm64/Bundles.swiftmodule -serialize-diagnostics -dependency-scan-serialize-diagnostics-path /Users/admin/builder/spi-builder-workspace/.derivedData/Build/Intermediates.noindex/Bundles.build/Debug-watchos/Bundles-t.build/Objects-normal/arm64/Bundles-dependency-scan.dia -validate-clang-modules-once -clang-build-session-file /Users/admin/builder/spi-builder-workspace/.derivedData/ModuleCache.noindex/Session.modulevalidation -Xcc -fmodules-prune-interval\=86400 -Xcc -fmodules-prune-after\=345600 -emit-const-values -const-gather-protocols-list /Users/admin/builder/spi-builder-workspace/.derivedData/Build/Intermediates.noindex/Bundles.build/Debug-watchos/Bundles-t.build/Objects-normal/arm64/Bundles_const_extract_protocols.json -Xcc -I/Users/admin/builder/spi-builder-workspace/.derivedData/Build/Products/Debug-watchos/include -Xcc -I/Users/admin/builder/spi-builder-workspace/.derivedData/Build/Intermediates.noindex/Bundles.build/Debug-watchos/Bundles-t.build/DerivedSources-normal/arm64 -Xcc -I/Users/admin/builder/spi-builder-workspace/.derivedData/Build/Intermediates.noindex/Bundles.build/Debug-watchos/Bundles-t.build/DerivedSources/arm64 -Xcc -I/Users/admin/builder/spi-builder-workspace/.derivedData/Build/Intermediates.noindex/Bundles.build/Debug-watchos/Bundles-t.build/DerivedSources -Xcc -DSWIFT_PACKAGE -Xcc -DDEBUG\=1 -emit-objc-header -emit-objc-header-path /Users/admin/builder/spi-builder-workspace/.derivedData/Build/Intermediates.noindex/Bundles.build/Debug-watchos/Bundles-t.build/Objects-normal/arm64/Bundles-Swift.h -working-directory /Users/admin/builder/spi-builder-workspace/.swiftpm/xcode -experimental-emit-module-separately -disable-cmo
SwiftDriver Bundles normal arm64_32 com.apple.xcode.tools.swift.compiler (in target 'Bundles' from project 'Bundles')
cd /Users/admin/builder/spi-builder-workspace/.swiftpm/xcode
builtin-SwiftDriver -- /Applications/Xcode-27.0.0-Release.Candidate.app/Contents/Developer/Toolchains/XcodeDefault.xctoolchain/usr/bin/swiftc -parse-as-library -module-name Bundles -Onone @/Users/admin/builder/spi-builder-workspace/.derivedData/Build/Intermediates.noindex/Bundles.build/Debug-watchos/Bundles-t.build/Objects-normal/arm64_32/Bundles.SwiftFileList -DSWIFT_PACKAGE -DDEBUG -DSWIFT_MODULE_RESOURCE_BUNDLE_UNAVAILABLE -DXcode -plugin-path /Applications/Xcode-27.0.0-Release.Candidate.app/Contents/Developer/Toolchains/XcodeDefault.xctoolchain/usr/lib/swift/host/plugins/testing -enable-experimental-feature DebugDescriptionMacro -sdk /Applications/Xcode-27.0.0-Release.Candidate.app/Contents/Developer/Platforms/WatchOS.platform/Developer/SDKs/WatchOS27.0.sdk -target arm64_32-apple-watchos9.0 -g -module-cache-path /Users/admin/builder/spi-builder-workspace/.derivedData/ModuleCache.noindex -Xfrontend -serialize-debugging-options -enable-testing -suppress-warnings -index-store-path /Users/admin/builder/spi-builder-workspace/.derivedData/Index.noindex/DataStore -Xcc -D_LIBCPP_HARDENING_MODE\=_LIBCPP_HARDENING_MODE_DEBUG -swift-version 5 -I /Users/admin/builder/spi-builder-workspace/.derivedData/Build/Products/Debug-watchos -Isystem /Applications/Xcode-27.0.0-Release.Candidate.app/Contents/Developer/Platforms/WatchOS.platform/Developer/usr/lib -F /Users/admin/builder/spi-builder-workspace/.derivedData/Build/Products/Debug-watchos/PackageFrameworks -F /Users/admin/builder/spi-builder-workspace/.derivedData/Build/Products/Debug-watchos -F /Applications/Xcode-27.0.0-Release.Candidate.app/Contents/Developer/Platforms/WatchOS.platform/Developer/Library/Frameworks -F /Applications/Xcode-27.0.0-Release.Candidate.app/Contents/Developer/Platforms/WatchOS.platform/Developer/SDKs/WatchOS27.0.sdk/Developer/Library/Frameworks -c -j10 -enable-batch-mode -incremental -Xcc -ivfsstatcache -Xcc /Users/admin/builder/spi-builder-workspace/.derivedData/SDKStatCaches.noindex/watchos27.0-24R360-e829b21a6f8c9b70876ba0858053c04477534ef55a1706bf4c1112bbb242f0a2.sdkstatcache -output-file-map /Users/admin/builder/spi-builder-workspace/.derivedData/Build/Intermediates.noindex/Bundles.build/Debug-watchos/Bundles-t.build/Objects-normal/arm64_32/Bundles-OutputFileMap.json -save-temps -no-color-diagnostics -explicit-module-build -module-cache-path /Users/admin/builder/spi-builder-workspace/.derivedData/Build/Intermediates.noindex/SwiftExplicitPrecompiledModules -clang-scanner-module-cache-path /Users/admin/builder/spi-builder-workspace/.derivedData/ModuleCache.noindex -sdk-module-cache-path /Users/admin/builder/spi-builder-workspace/.derivedData/SDKExplicitPrecompiledModules -emit-dependencies -emit-module -emit-module-path /Users/admin/builder/spi-builder-workspace/.derivedData/Build/Intermediates.noindex/Bundles.build/Debug-watchos/Bundles-t.build/Objects-normal/arm64_32/Bundles.swiftmodule -serialize-diagnostics -dependency-scan-serialize-diagnostics-path /Users/admin/builder/spi-builder-workspace/.derivedData/Build/Intermediates.noindex/Bundles.build/Debug-watchos/Bundles-t.build/Objects-normal/arm64_32/Bundles-dependency-scan.dia -validate-clang-modules-once -clang-build-session-file /Users/admin/builder/spi-builder-workspace/.derivedData/ModuleCache.noindex/Session.modulevalidation -Xcc -fmodules-prune-interval\=86400 -Xcc -fmodules-prune-after\=345600 -emit-const-values -const-gather-protocols-list /Users/admin/builder/spi-builder-workspace/.derivedData/Build/Intermediates.noindex/Bundles.build/Debug-watchos/Bundles-t.build/Objects-normal/arm64_32/Bundles_const_extract_protocols.json -Xcc -I/Users/admin/builder/spi-builder-workspace/.derivedData/Build/Products/Debug-watchos/include -Xcc -I/Users/admin/builder/spi-builder-workspace/.derivedData/Build/Intermediates.noindex/Bundles.build/Debug-watchos/Bundles-t.build/DerivedSources-normal/arm64_32 -Xcc -I/Users/admin/builder/spi-builder-workspace/.derivedData/Build/Intermediates.noindex/Bundles.build/Debug-watchos/Bundles-t.build/DerivedSources/arm64_32 -Xcc -I/Users/admin/builder/spi-builder-workspace/.derivedData/Build/Intermediates.noindex/Bundles.build/Debug-watchos/Bundles-t.build/DerivedSources -Xcc -DSWIFT_PACKAGE -Xcc -DDEBUG\=1 -emit-objc-header -emit-objc-header-path /Users/admin/builder/spi-builder-workspace/.derivedData/Build/Intermediates.noindex/Bundles.build/Debug-watchos/Bundles-t.build/Objects-normal/arm64_32/Bundles-Swift.h -working-directory /Users/admin/builder/spi-builder-workspace/.swiftpm/xcode -experimental-emit-module-separately -disable-cmo
SwiftDriverJobDiscovery normal arm64_32 Compiling ImageFactory.swift (in target 'Images' from project 'Images')
SwiftDriverJobDiscovery normal arm64_32 Compiling Image+Extensions.swift (in target 'Images' from project 'Images')
SwiftDriverJobDiscovery normal arm64_32 Compiling AsyncImage.swift (in target 'Images' from project 'Images')
SwiftDriverJobDiscovery normal arm64 Compiling ImageCache.swift (in target 'Images' from project 'Images')
SwiftDriverJobDiscovery normal arm64_32 Compiling ImageCache.swift (in target 'Images' from project 'Images')
SwiftEmitModule normal arm64 Emitting\ module\ for\ Bundles (in target 'Bundles' from project 'Bundles')
SwiftCompile normal arm64 (in target 'Bundles' from project 'Bundles')
cd /Users/admin/builder/spi-builder-workspace/.swiftpm/xcode
SwiftCompile normal arm64 Compiling\ Bundle+Decoding.swift /Users/admin/builder/spi-builder-workspace/.dependencies/checkouts/Bundles/Sources/Bundles/Bundle+Decoding.swift (in target 'Bundles' from project 'Bundles')
SwiftCompile normal arm64 /Users/admin/builder/spi-builder-workspace/.dependencies/checkouts/Bundles/Sources/Bundles/Bundle+Decoding.swift (in target 'Bundles' from project 'Bundles')
cd /Users/admin/builder/spi-builder-workspace/.swiftpm/xcode
builtin-SwiftPerFileCompile Bundle+Decoding.swift
SwiftCompile normal arm64 Compiling\ Bundle+Folders.swift /Users/admin/builder/spi-builder-workspace/.dependencies/checkouts/Bundles/Sources/Bundles/Bundle+Folders.swift (in target 'Bundles' from project 'Bundles')
SwiftCompile normal arm64 /Users/admin/builder/spi-builder-workspace/.dependencies/checkouts/Bundles/Sources/Bundles/Bundle+Folders.swift (in target 'Bundles' from project 'Bundles')
cd /Users/admin/builder/spi-builder-workspace/.swiftpm/xcode
builtin-SwiftPerFileCompile Bundle+Folders.swift
SwiftCompile normal arm64 Compiling\ BundleInfo.swift /Users/admin/builder/spi-builder-workspace/.dependencies/checkouts/Bundles/Sources/Bundles/BundleInfo.swift (in target 'Bundles' from project 'Bundles')
SwiftCompile normal arm64 /Users/admin/builder/spi-builder-workspace/.dependencies/checkouts/Bundles/Sources/Bundles/BundleInfo.swift (in target 'Bundles' from project 'Bundles')
cd /Users/admin/builder/spi-builder-workspace/.swiftpm/xcode
builtin-SwiftPerFileCompile BundleInfo.swift
SwiftCompile normal arm64_32 Compiling\ BundleInfo.swift /Users/admin/builder/spi-builder-workspace/.dependencies/checkouts/Bundles/Sources/Bundles/BundleInfo.swift (in target 'Bundles' from project 'Bundles')
SwiftCompile normal arm64_32 /Users/admin/builder/spi-builder-workspace/.dependencies/checkouts/Bundles/Sources/Bundles/BundleInfo.swift (in target 'Bundles' from project 'Bundles')
cd /Users/admin/builder/spi-builder-workspace/.swiftpm/xcode
builtin-SwiftPerFileCompile BundleInfo.swift
SwiftCompile normal arm64_32 Compiling\ Bundle+Decoding.swift /Users/admin/builder/spi-builder-workspace/.dependencies/checkouts/Bundles/Sources/Bundles/Bundle+Decoding.swift (in target 'Bundles' from project 'Bundles')
SwiftCompile normal arm64_32 /Users/admin/builder/spi-builder-workspace/.dependencies/checkouts/Bundles/Sources/Bundles/Bundle+Decoding.swift (in target 'Bundles' from project 'Bundles')
cd /Users/admin/builder/spi-builder-workspace/.swiftpm/xcode
builtin-SwiftPerFileCompile Bundle+Decoding.swift
SwiftCompile normal arm64_32 Compiling\ Bundle+Folders.swift /Users/admin/builder/spi-builder-workspace/.dependencies/checkouts/Bundles/Sources/Bundles/Bundle+Folders.swift (in target 'Bundles' from project 'Bundles')
SwiftCompile normal arm64_32 /Users/admin/builder/spi-builder-workspace/.dependencies/checkouts/Bundles/Sources/Bundles/Bundle+Folders.swift (in target 'Bundles' from project 'Bundles')
cd /Users/admin/builder/spi-builder-workspace/.swiftpm/xcode
builtin-SwiftPerFileCompile Bundle+Folders.swift
SwiftEmitModule normal arm64_32 Emitting\ module\ for\ Bundles (in target 'Bundles' from project 'Bundles')
SwiftCompile normal arm64_32 (in target 'Bundles' from project 'Bundles')
cd /Users/admin/builder/spi-builder-workspace/.swiftpm/xcode
SwiftDriverJobDiscovery normal arm64 Compiling Bundle+Folders.swift (in target 'Bundles' from project 'Bundles')
SwiftDriverJobDiscovery normal arm64_32 Compiling Bundle+Folders.swift (in target 'Bundles' from project 'Bundles')
SwiftDriverJobDiscovery normal arm64_32 Emitting module for Bundles (in target 'Bundles' from project 'Bundles')
SwiftDriver\ Compilation\ Requirements Bundles normal arm64_32 com.apple.xcode.tools.swift.compiler (in target 'Bundles' from project 'Bundles')
cd /Users/admin/builder/spi-builder-workspace/.swiftpm/xcode
builtin-Swift-Compilation-Requirements -- /Applications/Xcode-27.0.0-Release.Candidate.app/Contents/Developer/Toolchains/XcodeDefault.xctoolchain/usr/bin/swiftc -parse-as-library -module-name Bundles -Onone @/Users/admin/builder/spi-builder-workspace/.derivedData/Build/Intermediates.noindex/Bundles.build/Debug-watchos/Bundles-t.build/Objects-normal/arm64_32/Bundles.SwiftFileList -DSWIFT_PACKAGE -DDEBUG -DSWIFT_MODULE_RESOURCE_BUNDLE_UNAVAILABLE -DXcode -plugin-path /Applications/Xcode-27.0.0-Release.Candidate.app/Contents/Developer/Toolchains/XcodeDefault.xctoolchain/usr/lib/swift/host/plugins/testing -enable-experimental-feature DebugDescriptionMacro -sdk /Applications/Xcode-27.0.0-Release.Candidate.app/Contents/Developer/Platforms/WatchOS.platform/Developer/SDKs/WatchOS27.0.sdk -target arm64_32-apple-watchos9.0 -g -module-cache-path /Users/admin/builder/spi-builder-workspace/.derivedData/ModuleCache.noindex -Xfrontend -serialize-debugging-options -enable-testing -suppress-warnings -index-store-path /Users/admin/builder/spi-builder-workspace/.derivedData/Index.noindex/DataStore -Xcc -D_LIBCPP_HARDENING_MODE\=_LIBCPP_HARDENING_MODE_DEBUG -swift-version 5 -I /Users/admin/builder/spi-builder-workspace/.derivedData/Build/Products/Debug-watchos -Isystem /Applications/Xcode-27.0.0-Release.Candidate.app/Contents/Developer/Platforms/WatchOS.platform/Developer/usr/lib -F /Users/admin/builder/spi-builder-workspace/.derivedData/Build/Products/Debug-watchos/PackageFrameworks -F /Users/admin/builder/spi-builder-workspace/.derivedData/Build/Products/Debug-watchos -F /Applications/Xcode-27.0.0-Release.Candidate.app/Contents/Developer/Platforms/WatchOS.platform/Developer/Library/Frameworks -F /Applications/Xcode-27.0.0-Release.Candidate.app/Contents/Developer/Platforms/WatchOS.platform/Developer/SDKs/WatchOS27.0.sdk/Developer/Library/Frameworks -c -j10 -enable-batch-mode -incremental -Xcc -ivfsstatcache -Xcc /Users/admin/builder/spi-builder-workspace/.derivedData/SDKStatCaches.noindex/watchos27.0-24R360-e829b21a6f8c9b70876ba0858053c04477534ef55a1706bf4c1112bbb242f0a2.sdkstatcache -output-file-map /Users/admin/builder/spi-builder-workspace/.derivedData/Build/Intermediates.noindex/Bundles.build/Debug-watchos/Bundles-t.build/Objects-normal/arm64_32/Bundles-OutputFileMap.json -save-temps -no-color-diagnostics -explicit-module-build -module-cache-path /Users/admin/builder/spi-builder-workspace/.derivedData/Build/Intermediates.noindex/SwiftExplicitPrecompiledModules -clang-scanner-module-cache-path /Users/admin/builder/spi-builder-workspace/.derivedData/ModuleCache.noindex -sdk-module-cache-path /Users/admin/builder/spi-builder-workspace/.derivedData/SDKExplicitPrecompiledModules -emit-dependencies -emit-module -emit-module-path /Users/admin/builder/spi-builder-workspace/.derivedData/Build/Intermediates.noindex/Bundles.build/Debug-watchos/Bundles-t.build/Objects-normal/arm64_32/Bundles.swiftmodule -serialize-diagnostics -dependency-scan-serialize-diagnostics-path /Users/admin/builder/spi-builder-workspace/.derivedData/Build/Intermediates.noindex/Bundles.build/Debug-watchos/Bundles-t.build/Objects-normal/arm64_32/Bundles-dependency-scan.dia -validate-clang-modules-once -clang-build-session-file /Users/admin/builder/spi-builder-workspace/.derivedData/ModuleCache.noindex/Session.modulevalidation -Xcc -fmodules-prune-interval\=86400 -Xcc -fmodules-prune-after\=345600 -emit-const-values -const-gather-protocols-list /Users/admin/builder/spi-builder-workspace/.derivedData/Build/Intermediates.noindex/Bundles.build/Debug-watchos/Bundles-t.build/Objects-normal/arm64_32/Bundles_const_extract_protocols.json -Xcc -I/Users/admin/builder/spi-builder-workspace/.derivedData/Build/Products/Debug-watchos/include -Xcc -I/Users/admin/builder/spi-builder-workspace/.derivedData/Build/Intermediates.noindex/Bundles.build/Debug-watchos/Bundles-t.build/DerivedSources-normal/arm64_32 -Xcc -I/Users/admin/builder/spi-builder-workspace/.derivedData/Build/Intermediates.noindex/Bundles.build/Debug-watchos/Bundles-t.build/DerivedSources/arm64_32 -Xcc -I/Users/admin/builder/spi-builder-workspace/.derivedData/Build/Intermediates.noindex/Bundles.build/Debug-watchos/Bundles-t.build/DerivedSources -Xcc -DSWIFT_PACKAGE -Xcc -DDEBUG\=1 -emit-objc-header -emit-objc-header-path /Users/admin/builder/spi-builder-workspace/.derivedData/Build/Intermediates.noindex/Bundles.build/Debug-watchos/Bundles-t.build/Objects-normal/arm64_32/Bundles-Swift.h -working-directory /Users/admin/builder/spi-builder-workspace/.swiftpm/xcode -experimental-emit-module-separately -disable-cmo
SwiftDriverJobDiscovery normal arm64 Emitting module for Bundles (in target 'Bundles' from project 'Bundles')
SwiftDriver\ Compilation\ Requirements Bundles normal arm64 com.apple.xcode.tools.swift.compiler (in target 'Bundles' from project 'Bundles')
cd /Users/admin/builder/spi-builder-workspace/.swiftpm/xcode
builtin-Swift-Compilation-Requirements -- /Applications/Xcode-27.0.0-Release.Candidate.app/Contents/Developer/Toolchains/XcodeDefault.xctoolchain/usr/bin/swiftc -parse-as-library -module-name Bundles -Onone @/Users/admin/builder/spi-builder-workspace/.derivedData/Build/Intermediates.noindex/Bundles.build/Debug-watchos/Bundles-t.build/Objects-normal/arm64/Bundles.SwiftFileList -DSWIFT_PACKAGE -DDEBUG -DSWIFT_MODULE_RESOURCE_BUNDLE_UNAVAILABLE -DXcode -plugin-path /Applications/Xcode-27.0.0-Release.Candidate.app/Contents/Developer/Toolchains/XcodeDefault.xctoolchain/usr/lib/swift/host/plugins/testing -enable-experimental-feature DebugDescriptionMacro -sdk /Applications/Xcode-27.0.0-Release.Candidate.app/Contents/Developer/Platforms/WatchOS.platform/Developer/SDKs/WatchOS27.0.sdk -target arm64-apple-watchos9.0 -g -module-cache-path /Users/admin/builder/spi-builder-workspace/.derivedData/ModuleCache.noindex -Xfrontend -serialize-debugging-options -enable-testing -suppress-warnings -index-store-path /Users/admin/builder/spi-builder-workspace/.derivedData/Index.noindex/DataStore -Xcc -D_LIBCPP_HARDENING_MODE\=_LIBCPP_HARDENING_MODE_DEBUG -swift-version 5 -I /Users/admin/builder/spi-builder-workspace/.derivedData/Build/Products/Debug-watchos -Isystem /Applications/Xcode-27.0.0-Release.Candidate.app/Contents/Developer/Platforms/WatchOS.platform/Developer/usr/lib -F /Users/admin/builder/spi-builder-workspace/.derivedData/Build/Products/Debug-watchos/PackageFrameworks -F /Users/admin/builder/spi-builder-workspace/.derivedData/Build/Products/Debug-watchos -F /Applications/Xcode-27.0.0-Release.Candidate.app/Contents/Developer/Platforms/WatchOS.platform/Developer/Library/Frameworks -F /Applications/Xcode-27.0.0-Release.Candidate.app/Contents/Developer/Platforms/WatchOS.platform/Developer/SDKs/WatchOS27.0.sdk/Developer/Library/Frameworks -c -j10 -enable-batch-mode -incremental -Xcc -ivfsstatcache -Xcc /Users/admin/builder/spi-builder-workspace/.derivedData/SDKStatCaches.noindex/watchos27.0-24R360-e829b21a6f8c9b70876ba0858053c04477534ef55a1706bf4c1112bbb242f0a2.sdkstatcache -output-file-map /Users/admin/builder/spi-builder-workspace/.derivedData/Build/Intermediates.noindex/Bundles.build/Debug-watchos/Bundles-t.build/Objects-normal/arm64/Bundles-OutputFileMap.json -save-temps -no-color-diagnostics -explicit-module-build -module-cache-path /Users/admin/builder/spi-builder-workspace/.derivedData/Build/Intermediates.noindex/SwiftExplicitPrecompiledModules -clang-scanner-module-cache-path /Users/admin/builder/spi-builder-workspace/.derivedData/ModuleCache.noindex -sdk-module-cache-path /Users/admin/builder/spi-builder-workspace/.derivedData/SDKExplicitPrecompiledModules -emit-dependencies -emit-module -emit-module-path /Users/admin/builder/spi-builder-workspace/.derivedData/Build/Intermediates.noindex/Bundles.build/Debug-watchos/Bundles-t.build/Objects-normal/arm64/Bundles.swiftmodule -serialize-diagnostics -dependency-scan-serialize-diagnostics-path /Users/admin/builder/spi-builder-workspace/.derivedData/Build/Intermediates.noindex/Bundles.build/Debug-watchos/Bundles-t.build/Objects-normal/arm64/Bundles-dependency-scan.dia -validate-clang-modules-once -clang-build-session-file /Users/admin/builder/spi-builder-workspace/.derivedData/ModuleCache.noindex/Session.modulevalidation -Xcc -fmodules-prune-interval\=86400 -Xcc -fmodules-prune-after\=345600 -emit-const-values -const-gather-protocols-list /Users/admin/builder/spi-builder-workspace/.derivedData/Build/Intermediates.noindex/Bundles.build/Debug-watchos/Bundles-t.build/Objects-normal/arm64/Bundles_const_extract_protocols.json -Xcc -I/Users/admin/builder/spi-builder-workspace/.derivedData/Build/Products/Debug-watchos/include -Xcc -I/Users/admin/builder/spi-builder-workspace/.derivedData/Build/Intermediates.noindex/Bundles.build/Debug-watchos/Bundles-t.build/DerivedSources-normal/arm64 -Xcc -I/Users/admin/builder/spi-builder-workspace/.derivedData/Build/Intermediates.noindex/Bundles.build/Debug-watchos/Bundles-t.build/DerivedSources/arm64 -Xcc -I/Users/admin/builder/spi-builder-workspace/.derivedData/Build/Intermediates.noindex/Bundles.build/Debug-watchos/Bundles-t.build/DerivedSources -Xcc -DSWIFT_PACKAGE -Xcc -DDEBUG\=1 -emit-objc-header -emit-objc-header-path /Users/admin/builder/spi-builder-workspace/.derivedData/Build/Intermediates.noindex/Bundles.build/Debug-watchos/Bundles-t.build/Objects-normal/arm64/Bundles-Swift.h -working-directory /Users/admin/builder/spi-builder-workspace/.swiftpm/xcode -experimental-emit-module-separately -disable-cmo
Copy /Users/admin/builder/spi-builder-workspace/.derivedData/Build/Products/Debug-watchos/Bundles.swiftmodule/arm64_32-apple-watchos.swiftmodule /Users/admin/builder/spi-builder-workspace/.derivedData/Build/Intermediates.noindex/Bundles.build/Debug-watchos/Bundles-t.build/Objects-normal/arm64_32/Bundles.swiftmodule (in target 'Bundles' from project 'Bundles')
cd /Users/admin/builder/spi-builder-workspace/.dependencies/checkouts/Bundles
builtin-copy -exclude .DS_Store -exclude CVS -exclude .svn -exclude .git -exclude .hg -resolve-src-symlinks -rename /Users/admin/builder/spi-builder-workspace/.derivedData/Build/Intermediates.noindex/Bundles.build/Debug-watchos/Bundles-t.build/Objects-normal/arm64_32/Bundles.swiftmodule /Users/admin/builder/spi-builder-workspace/.derivedData/Build/Products/Debug-watchos/Bundles.swiftmodule/arm64_32-apple-watchos.swiftmodule
Copy /Users/admin/builder/spi-builder-workspace/.derivedData/Build/Products/Debug-watchos/Bundles.swiftmodule/arm64_32-apple-watchos.swiftdoc /Users/admin/builder/spi-builder-workspace/.derivedData/Build/Intermediates.noindex/Bundles.build/Debug-watchos/Bundles-t.build/Objects-normal/arm64_32/Bundles.swiftdoc (in target 'Bundles' from project 'Bundles')
cd /Users/admin/builder/spi-builder-workspace/.dependencies/checkouts/Bundles
builtin-copy -exclude .DS_Store -exclude CVS -exclude .svn -exclude .git -exclude .hg -resolve-src-symlinks -rename /Users/admin/builder/spi-builder-workspace/.derivedData/Build/Intermediates.noindex/Bundles.build/Debug-watchos/Bundles-t.build/Objects-normal/arm64_32/Bundles.swiftdoc /Users/admin/builder/spi-builder-workspace/.derivedData/Build/Products/Debug-watchos/Bundles.swiftmodule/arm64_32-apple-watchos.swiftdoc
Copy /Users/admin/builder/spi-builder-workspace/.derivedData/Build/Products/Debug-watchos/Bundles.swiftmodule/arm64_32-apple-watchos.abi.json /Users/admin/builder/spi-builder-workspace/.derivedData/Build/Intermediates.noindex/Bundles.build/Debug-watchos/Bundles-t.build/Objects-normal/arm64_32/Bundles.abi.json (in target 'Bundles' from project 'Bundles')
cd /Users/admin/builder/spi-builder-workspace/.dependencies/checkouts/Bundles
builtin-copy -exclude .DS_Store -exclude CVS -exclude .svn -exclude .git -exclude .hg -resolve-src-symlinks -rename /Users/admin/builder/spi-builder-workspace/.derivedData/Build/Intermediates.noindex/Bundles.build/Debug-watchos/Bundles-t.build/Objects-normal/arm64_32/Bundles.abi.json /Users/admin/builder/spi-builder-workspace/.derivedData/Build/Products/Debug-watchos/Bundles.swiftmodule/arm64_32-apple-watchos.abi.json
Copy /Users/admin/builder/spi-builder-workspace/.derivedData/Build/Products/Debug-watchos/Bundles.swiftmodule/Project/arm64_32-apple-watchos.swiftsourceinfo /Users/admin/builder/spi-builder-workspace/.derivedData/Build/Intermediates.noindex/Bundles.build/Debug-watchos/Bundles-t.build/Objects-normal/arm64_32/Bundles.swiftsourceinfo (in target 'Bundles' from project 'Bundles')
cd /Users/admin/builder/spi-builder-workspace/.dependencies/checkouts/Bundles
builtin-copy -exclude .DS_Store -exclude CVS -exclude .svn -exclude .git -exclude .hg -resolve-src-symlinks -rename /Users/admin/builder/spi-builder-workspace/.derivedData/Build/Intermediates.noindex/Bundles.build/Debug-watchos/Bundles-t.build/Objects-normal/arm64_32/Bundles.swiftsourceinfo /Users/admin/builder/spi-builder-workspace/.derivedData/Build/Products/Debug-watchos/Bundles.swiftmodule/Project/arm64_32-apple-watchos.swiftsourceinfo
SwiftMergeGeneratedHeaders /Users/admin/builder/spi-builder-workspace/.derivedData/Build/Intermediates.noindex/GeneratedModuleMaps-watchos/Bundles-Swift.h /Users/admin/builder/spi-builder-workspace/.derivedData/Build/Intermediates.noindex/Bundles.build/Debug-watchos/Bundles-t.build/Objects-normal/arm64/Bundles-Swift.h /Users/admin/builder/spi-builder-workspace/.derivedData/Build/Intermediates.noindex/Bundles.build/Debug-watchos/Bundles-t.build/Objects-normal/arm64_32/Bundles-Swift.h (in target 'Bundles' from project 'Bundles')
cd /Users/admin/builder/spi-builder-workspace/.dependencies/checkouts/Bundles
builtin-swiftHeaderTool -arch arm64 /Users/admin/builder/spi-builder-workspace/.derivedData/Build/Intermediates.noindex/Bundles.build/Debug-watchos/Bundles-t.build/Objects-normal/arm64/Bundles-Swift.h -arch arm64_32 /Users/admin/builder/spi-builder-workspace/.derivedData/Build/Intermediates.noindex/Bundles.build/Debug-watchos/Bundles-t.build/Objects-normal/arm64_32/Bundles-Swift.h -o /Users/admin/builder/spi-builder-workspace/.derivedData/Build/Intermediates.noindex/GeneratedModuleMaps-watchos/Bundles-Swift.h
Copy /Users/admin/builder/spi-builder-workspace/.derivedData/Build/Products/Debug-watchos/Bundles.swiftmodule/arm64-apple-watchos.swiftmodule /Users/admin/builder/spi-builder-workspace/.derivedData/Build/Intermediates.noindex/Bundles.build/Debug-watchos/Bundles-t.build/Objects-normal/arm64/Bundles.swiftmodule (in target 'Bundles' from project 'Bundles')
cd /Users/admin/builder/spi-builder-workspace/.dependencies/checkouts/Bundles
builtin-copy -exclude .DS_Store -exclude CVS -exclude .svn -exclude .git -exclude .hg -resolve-src-symlinks -rename /Users/admin/builder/spi-builder-workspace/.derivedData/Build/Intermediates.noindex/Bundles.build/Debug-watchos/Bundles-t.build/Objects-normal/arm64/Bundles.swiftmodule /Users/admin/builder/spi-builder-workspace/.derivedData/Build/Products/Debug-watchos/Bundles.swiftmodule/arm64-apple-watchos.swiftmodule
Copy /Users/admin/builder/spi-builder-workspace/.derivedData/Build/Products/Debug-watchos/Bundles.swiftmodule/arm64-apple-watchos.swiftdoc /Users/admin/builder/spi-builder-workspace/.derivedData/Build/Intermediates.noindex/Bundles.build/Debug-watchos/Bundles-t.build/Objects-normal/arm64/Bundles.swiftdoc (in target 'Bundles' from project 'Bundles')
cd /Users/admin/builder/spi-builder-workspace/.dependencies/checkouts/Bundles
builtin-copy -exclude .DS_Store -exclude CVS -exclude .svn -exclude .git -exclude .hg -resolve-src-symlinks -rename /Users/admin/builder/spi-builder-workspace/.derivedData/Build/Intermediates.noindex/Bundles.build/Debug-watchos/Bundles-t.build/Objects-normal/arm64/Bundles.swiftdoc /Users/admin/builder/spi-builder-workspace/.derivedData/Build/Products/Debug-watchos/Bundles.swiftmodule/arm64-apple-watchos.swiftdoc
Copy /Users/admin/builder/spi-builder-workspace/.derivedData/Build/Products/Debug-watchos/Bundles.swiftmodule/arm64-apple-watchos.abi.json /Users/admin/builder/spi-builder-workspace/.derivedData/Build/Intermediates.noindex/Bundles.build/Debug-watchos/Bundles-t.build/Objects-normal/arm64/Bundles.abi.json (in target 'Bundles' from project 'Bundles')
cd /Users/admin/builder/spi-builder-workspace/.dependencies/checkouts/Bundles
builtin-copy -exclude .DS_Store -exclude CVS -exclude .svn -exclude .git -exclude .hg -resolve-src-symlinks -rename /Users/admin/builder/spi-builder-workspace/.derivedData/Build/Intermediates.noindex/Bundles.build/Debug-watchos/Bundles-t.build/Objects-normal/arm64/Bundles.abi.json /Users/admin/builder/spi-builder-workspace/.derivedData/Build/Products/Debug-watchos/Bundles.swiftmodule/arm64-apple-watchos.abi.json
Copy /Users/admin/builder/spi-builder-workspace/.derivedData/Build/Products/Debug-watchos/Bundles.swiftmodule/Project/arm64-apple-watchos.swiftsourceinfo /Users/admin/builder/spi-builder-workspace/.derivedData/Build/Intermediates.noindex/Bundles.build/Debug-watchos/Bundles-t.build/Objects-normal/arm64/Bundles.swiftsourceinfo (in target 'Bundles' from project 'Bundles')
cd /Users/admin/builder/spi-builder-workspace/.dependencies/checkouts/Bundles
builtin-copy -exclude .DS_Store -exclude CVS -exclude .svn -exclude .git -exclude .hg -resolve-src-symlinks -rename /Users/admin/builder/spi-builder-workspace/.derivedData/Build/Intermediates.noindex/Bundles.build/Debug-watchos/Bundles-t.build/Objects-normal/arm64/Bundles.swiftsourceinfo /Users/admin/builder/spi-builder-workspace/.derivedData/Build/Products/Debug-watchos/Bundles.swiftmodule/Project/arm64-apple-watchos.swiftsourceinfo
SwiftDriver ApplicationExtensions normal arm64_32 com.apple.xcode.tools.swift.compiler (in target 'ApplicationExtensions' from project 'ApplicationExtensions')
cd /Users/admin/builder/spi-builder-workspace/.swiftpm/xcode
builtin-SwiftDriver -- /Applications/Xcode-27.0.0-Release.Candidate.app/Contents/Developer/Toolchains/XcodeDefault.xctoolchain/usr/bin/swiftc -parse-as-library -module-name ApplicationExtensions -Onone @/Users/admin/builder/spi-builder-workspace/.derivedData/Build/Intermediates.noindex/ApplicationExtensions.build/Debug-watchos/ApplicationExtensions-t.build/Objects-normal/arm64_32/ApplicationExtensions.SwiftFileList -DSWIFT_PACKAGE -DDEBUG -DSWIFT_MODULE_RESOURCE_BUNDLE_UNAVAILABLE -DXcode -plugin-path /Applications/Xcode-27.0.0-Release.Candidate.app/Contents/Developer/Toolchains/XcodeDefault.xctoolchain/usr/lib/swift/host/plugins/testing -enable-experimental-feature DebugDescriptionMacro -sdk /Applications/Xcode-27.0.0-Release.Candidate.app/Contents/Developer/Platforms/WatchOS.platform/Developer/SDKs/WatchOS27.0.sdk -target arm64_32-apple-watchos9.0 -g -module-cache-path /Users/admin/builder/spi-builder-workspace/.derivedData/ModuleCache.noindex -Xfrontend -serialize-debugging-options -enable-testing -index-store-path /Users/admin/builder/spi-builder-workspace/.derivedData/Index.noindex/DataStore -Xcc -D_LIBCPP_HARDENING_MODE\=_LIBCPP_HARDENING_MODE_DEBUG -swift-version 5 -I /Users/admin/builder/spi-builder-workspace/.derivedData/Build/Products/Debug-watchos -Isystem /Applications/Xcode-27.0.0-Release.Candidate.app/Contents/Developer/Platforms/WatchOS.platform/Developer/usr/lib -F /Users/admin/builder/spi-builder-workspace/.derivedData/Build/Products/Debug-watchos/PackageFrameworks -F /Users/admin/builder/spi-builder-workspace/.derivedData/Build/Products/Debug-watchos -F /Applications/Xcode-27.0.0-Release.Candidate.app/Contents/Developer/Platforms/WatchOS.platform/Developer/Library/Frameworks -F /Applications/Xcode-27.0.0-Release.Candidate.app/Contents/Developer/Platforms/WatchOS.platform/Developer/SDKs/WatchOS27.0.sdk/Developer/Library/Frameworks -c -j10 -enable-batch-mode -incremental -Xcc -ivfsstatcache -Xcc /Users/admin/builder/spi-builder-workspace/.derivedData/SDKStatCaches.noindex/watchos27.0-24R360-e829b21a6f8c9b70876ba0858053c04477534ef55a1706bf4c1112bbb242f0a2.sdkstatcache -output-file-map /Users/admin/builder/spi-builder-workspace/.derivedData/Build/Intermediates.noindex/ApplicationExtensions.build/Debug-watchos/ApplicationExtensions-t.build/Objects-normal/arm64_32/ApplicationExtensions-OutputFileMap.json -save-temps -no-color-diagnostics -explicit-module-build -module-cache-path /Users/admin/builder/spi-builder-workspace/.derivedData/Build/Intermediates.noindex/SwiftExplicitPrecompiledModules -clang-scanner-module-cache-path /Users/admin/builder/spi-builder-workspace/.derivedData/ModuleCache.noindex -sdk-module-cache-path /Users/admin/builder/spi-builder-workspace/.derivedData/SDKExplicitPrecompiledModules -emit-dependencies -emit-module -emit-module-path /Users/admin/builder/spi-builder-workspace/.derivedData/Build/Intermediates.noindex/ApplicationExtensions.build/Debug-watchos/ApplicationExtensions-t.build/Objects-normal/arm64_32/ApplicationExtensions.swiftmodule -serialize-diagnostics -dependency-scan-serialize-diagnostics-path /Users/admin/builder/spi-builder-workspace/.derivedData/Build/Intermediates.noindex/ApplicationExtensions.build/Debug-watchos/ApplicationExtensions-t.build/Objects-normal/arm64_32/ApplicationExtensions-dependency-scan.dia -validate-clang-modules-once -clang-build-session-file /Users/admin/builder/spi-builder-workspace/.derivedData/ModuleCache.noindex/Session.modulevalidation -Xcc -fmodules-prune-interval\=86400 -Xcc -fmodules-prune-after\=345600 -emit-const-values -const-gather-protocols-list /Users/admin/builder/spi-builder-workspace/.derivedData/Build/Intermediates.noindex/ApplicationExtensions.build/Debug-watchos/ApplicationExtensions-t.build/Objects-normal/arm64_32/ApplicationExtensions_const_extract_protocols.json -Xcc -I/Users/admin/builder/spi-builder-workspace/.derivedData/Build/Products/Debug-watchos/include -Xcc -I/Users/admin/builder/spi-builder-workspace/.derivedData/Build/Intermediates.noindex/ApplicationExtensions.build/Debug-watchos/ApplicationExtensions-t.build/DerivedSources-normal/arm64_32 -Xcc -I/Users/admin/builder/spi-builder-workspace/.derivedData/Build/Intermediates.noindex/ApplicationExtensions.build/Debug-watchos/ApplicationExtensions-t.build/DerivedSources/arm64_32 -Xcc -I/Users/admin/builder/spi-builder-workspace/.derivedData/Build/Intermediates.noindex/ApplicationExtensions.build/Debug-watchos/ApplicationExtensions-t.build/DerivedSources -Xcc -DSWIFT_PACKAGE -Xcc -DDEBUG\=1 -emit-objc-header -emit-objc-header-path /Users/admin/builder/spi-builder-workspace/.derivedData/Build/Intermediates.noindex/ApplicationExtensions.build/Debug-watchos/ApplicationExtensions-t.build/Objects-normal/arm64_32/ApplicationExtensions-Swift.h -working-directory /Users/admin/builder/spi-builder-workspace/.swiftpm/xcode -experimental-emit-module-separately -disable-cmo
SwiftDriver ApplicationExtensions normal arm64 com.apple.xcode.tools.swift.compiler (in target 'ApplicationExtensions' from project 'ApplicationExtensions')
cd /Users/admin/builder/spi-builder-workspace/.swiftpm/xcode
builtin-SwiftDriver -- /Applications/Xcode-27.0.0-Release.Candidate.app/Contents/Developer/Toolchains/XcodeDefault.xctoolchain/usr/bin/swiftc -parse-as-library -module-name ApplicationExtensions -Onone @/Users/admin/builder/spi-builder-workspace/.derivedData/Build/Intermediates.noindex/ApplicationExtensions.build/Debug-watchos/ApplicationExtensions-t.build/Objects-normal/arm64/ApplicationExtensions.SwiftFileList -DSWIFT_PACKAGE -DDEBUG -DSWIFT_MODULE_RESOURCE_BUNDLE_UNAVAILABLE -DXcode -plugin-path /Applications/Xcode-27.0.0-Release.Candidate.app/Contents/Developer/Toolchains/XcodeDefault.xctoolchain/usr/lib/swift/host/plugins/testing -enable-experimental-feature DebugDescriptionMacro -sdk /Applications/Xcode-27.0.0-Release.Candidate.app/Contents/Developer/Platforms/WatchOS.platform/Developer/SDKs/WatchOS27.0.sdk -target arm64-apple-watchos9.0 -g -module-cache-path /Users/admin/builder/spi-builder-workspace/.derivedData/ModuleCache.noindex -Xfrontend -serialize-debugging-options -enable-testing -index-store-path /Users/admin/builder/spi-builder-workspace/.derivedData/Index.noindex/DataStore -Xcc -D_LIBCPP_HARDENING_MODE\=_LIBCPP_HARDENING_MODE_DEBUG -swift-version 5 -I /Users/admin/builder/spi-builder-workspace/.derivedData/Build/Products/Debug-watchos -Isystem /Applications/Xcode-27.0.0-Release.Candidate.app/Contents/Developer/Platforms/WatchOS.platform/Developer/usr/lib -F /Users/admin/builder/spi-builder-workspace/.derivedData/Build/Products/Debug-watchos/PackageFrameworks -F /Users/admin/builder/spi-builder-workspace/.derivedData/Build/Products/Debug-watchos -F /Applications/Xcode-27.0.0-Release.Candidate.app/Contents/Developer/Platforms/WatchOS.platform/Developer/Library/Frameworks -F /Applications/Xcode-27.0.0-Release.Candidate.app/Contents/Developer/Platforms/WatchOS.platform/Developer/SDKs/WatchOS27.0.sdk/Developer/Library/Frameworks -c -j10 -enable-batch-mode -incremental -Xcc -ivfsstatcache -Xcc /Users/admin/builder/spi-builder-workspace/.derivedData/SDKStatCaches.noindex/watchos27.0-24R360-e829b21a6f8c9b70876ba0858053c04477534ef55a1706bf4c1112bbb242f0a2.sdkstatcache -output-file-map /Users/admin/builder/spi-builder-workspace/.derivedData/Build/Intermediates.noindex/ApplicationExtensions.build/Debug-watchos/ApplicationExtensions-t.build/Objects-normal/arm64/ApplicationExtensions-OutputFileMap.json -save-temps -no-color-diagnostics -explicit-module-build -module-cache-path /Users/admin/builder/spi-builder-workspace/.derivedData/Build/Intermediates.noindex/SwiftExplicitPrecompiledModules -clang-scanner-module-cache-path /Users/admin/builder/spi-builder-workspace/.derivedData/ModuleCache.noindex -sdk-module-cache-path /Users/admin/builder/spi-builder-workspace/.derivedData/SDKExplicitPrecompiledModules -emit-dependencies -emit-module -emit-module-path /Users/admin/builder/spi-builder-workspace/.derivedData/Build/Intermediates.noindex/ApplicationExtensions.build/Debug-watchos/ApplicationExtensions-t.build/Objects-normal/arm64/ApplicationExtensions.swiftmodule -serialize-diagnostics -dependency-scan-serialize-diagnostics-path /Users/admin/builder/spi-builder-workspace/.derivedData/Build/Intermediates.noindex/ApplicationExtensions.build/Debug-watchos/ApplicationExtensions-t.build/Objects-normal/arm64/ApplicationExtensions-dependency-scan.dia -validate-clang-modules-once -clang-build-session-file /Users/admin/builder/spi-builder-workspace/.derivedData/ModuleCache.noindex/Session.modulevalidation -Xcc -fmodules-prune-interval\=86400 -Xcc -fmodules-prune-after\=345600 -emit-const-values -const-gather-protocols-list /Users/admin/builder/spi-builder-workspace/.derivedData/Build/Intermediates.noindex/ApplicationExtensions.build/Debug-watchos/ApplicationExtensions-t.build/Objects-normal/arm64/ApplicationExtensions_const_extract_protocols.json -Xcc -I/Users/admin/builder/spi-builder-workspace/.derivedData/Build/Products/Debug-watchos/include -Xcc -I/Users/admin/builder/spi-builder-workspace/.derivedData/Build/Intermediates.noindex/ApplicationExtensions.build/Debug-watchos/ApplicationExtensions-t.build/DerivedSources-normal/arm64 -Xcc -I/Users/admin/builder/spi-builder-workspace/.derivedData/Build/Intermediates.noindex/ApplicationExtensions.build/Debug-watchos/ApplicationExtensions-t.build/DerivedSources/arm64 -Xcc -I/Users/admin/builder/spi-builder-workspace/.derivedData/Build/Intermediates.noindex/ApplicationExtensions.build/Debug-watchos/ApplicationExtensions-t.build/DerivedSources -Xcc -DSWIFT_PACKAGE -Xcc -DDEBUG\=1 -emit-objc-header -emit-objc-header-path /Users/admin/builder/spi-builder-workspace/.derivedData/Build/Intermediates.noindex/ApplicationExtensions.build/Debug-watchos/ApplicationExtensions-t.build/Objects-normal/arm64/ApplicationExtensions-Swift.h -working-directory /Users/admin/builder/spi-builder-workspace/.swiftpm/xcode -experimental-emit-module-separately -disable-cmo
SwiftDriverJobDiscovery normal arm64 Compiling BundleInfo.swift (in target 'Bundles' from project 'Bundles')
SwiftDriverJobDiscovery normal arm64_32 Compiling BundleInfo.swift (in target 'Bundles' from project 'Bundles')
SwiftDriverJobDiscovery normal arm64 Compiling Bundle+Decoding.swift (in target 'Bundles' from project 'Bundles')
SwiftDriver\ Compilation Bundles normal arm64 com.apple.xcode.tools.swift.compiler (in target 'Bundles' from project 'Bundles')
cd /Users/admin/builder/spi-builder-workspace/.swiftpm/xcode
builtin-Swift-Compilation -- /Applications/Xcode-27.0.0-Release.Candidate.app/Contents/Developer/Toolchains/XcodeDefault.xctoolchain/usr/bin/swiftc -parse-as-library -module-name Bundles -Onone @/Users/admin/builder/spi-builder-workspace/.derivedData/Build/Intermediates.noindex/Bundles.build/Debug-watchos/Bundles-t.build/Objects-normal/arm64/Bundles.SwiftFileList -DSWIFT_PACKAGE -DDEBUG -DSWIFT_MODULE_RESOURCE_BUNDLE_UNAVAILABLE -DXcode -plugin-path /Applications/Xcode-27.0.0-Release.Candidate.app/Contents/Developer/Toolchains/XcodeDefault.xctoolchain/usr/lib/swift/host/plugins/testing -enable-experimental-feature DebugDescriptionMacro -sdk /Applications/Xcode-27.0.0-Release.Candidate.app/Contents/Developer/Platforms/WatchOS.platform/Developer/SDKs/WatchOS27.0.sdk -target arm64-apple-watchos9.0 -g -module-cache-path /Users/admin/builder/spi-builder-workspace/.derivedData/ModuleCache.noindex -Xfrontend -serialize-debugging-options -enable-testing -suppress-warnings -index-store-path /Users/admin/builder/spi-builder-workspace/.derivedData/Index.noindex/DataStore -Xcc -D_LIBCPP_HARDENING_MODE\=_LIBCPP_HARDENING_MODE_DEBUG -swift-version 5 -I /Users/admin/builder/spi-builder-workspace/.derivedData/Build/Products/Debug-watchos -Isystem /Applications/Xcode-27.0.0-Release.Candidate.app/Contents/Developer/Platforms/WatchOS.platform/Developer/usr/lib -F /Users/admin/builder/spi-builder-workspace/.derivedData/Build/Products/Debug-watchos/PackageFrameworks -F /Users/admin/builder/spi-builder-workspace/.derivedData/Build/Products/Debug-watchos -F /Applications/Xcode-27.0.0-Release.Candidate.app/Contents/Developer/Platforms/WatchOS.platform/Developer/Library/Frameworks -F /Applications/Xcode-27.0.0-Release.Candidate.app/Contents/Developer/Platforms/WatchOS.platform/Developer/SDKs/WatchOS27.0.sdk/Developer/Library/Frameworks -c -j10 -enable-batch-mode -incremental -Xcc -ivfsstatcache -Xcc /Users/admin/builder/spi-builder-workspace/.derivedData/SDKStatCaches.noindex/watchos27.0-24R360-e829b21a6f8c9b70876ba0858053c04477534ef55a1706bf4c1112bbb242f0a2.sdkstatcache -output-file-map /Users/admin/builder/spi-builder-workspace/.derivedData/Build/Intermediates.noindex/Bundles.build/Debug-watchos/Bundles-t.build/Objects-normal/arm64/Bundles-OutputFileMap.json -save-temps -no-color-diagnostics -explicit-module-build -module-cache-path /Users/admin/builder/spi-builder-workspace/.derivedData/Build/Intermediates.noindex/SwiftExplicitPrecompiledModules -clang-scanner-module-cache-path /Users/admin/builder/spi-builder-workspace/.derivedData/ModuleCache.noindex -sdk-module-cache-path /Users/admin/builder/spi-builder-workspace/.derivedData/SDKExplicitPrecompiledModules -emit-dependencies -emit-module -emit-module-path /Users/admin/builder/spi-builder-workspace/.derivedData/Build/Intermediates.noindex/Bundles.build/Debug-watchos/Bundles-t.build/Objects-normal/arm64/Bundles.swiftmodule -serialize-diagnostics -dependency-scan-serialize-diagnostics-path /Users/admin/builder/spi-builder-workspace/.derivedData/Build/Intermediates.noindex/Bundles.build/Debug-watchos/Bundles-t.build/Objects-normal/arm64/Bundles-dependency-scan.dia -validate-clang-modules-once -clang-build-session-file /Users/admin/builder/spi-builder-workspace/.derivedData/ModuleCache.noindex/Session.modulevalidation -Xcc -fmodules-prune-interval\=86400 -Xcc -fmodules-prune-after\=345600 -emit-const-values -const-gather-protocols-list /Users/admin/builder/spi-builder-workspace/.derivedData/Build/Intermediates.noindex/Bundles.build/Debug-watchos/Bundles-t.build/Objects-normal/arm64/Bundles_const_extract_protocols.json -Xcc -I/Users/admin/builder/spi-builder-workspace/.derivedData/Build/Products/Debug-watchos/include -Xcc -I/Users/admin/builder/spi-builder-workspace/.derivedData/Build/Intermediates.noindex/Bundles.build/Debug-watchos/Bundles-t.build/DerivedSources-normal/arm64 -Xcc -I/Users/admin/builder/spi-builder-workspace/.derivedData/Build/Intermediates.noindex/Bundles.build/Debug-watchos/Bundles-t.build/DerivedSources/arm64 -Xcc -I/Users/admin/builder/spi-builder-workspace/.derivedData/Build/Intermediates.noindex/Bundles.build/Debug-watchos/Bundles-t.build/DerivedSources -Xcc -DSWIFT_PACKAGE -Xcc -DDEBUG\=1 -emit-objc-header -emit-objc-header-path /Users/admin/builder/spi-builder-workspace/.derivedData/Build/Intermediates.noindex/Bundles.build/Debug-watchos/Bundles-t.build/Objects-normal/arm64/Bundles-Swift.h -working-directory /Users/admin/builder/spi-builder-workspace/.swiftpm/xcode -experimental-emit-module-separately -disable-cmo
SwiftDriverJobDiscovery normal arm64_32 Compiling Bundle+Decoding.swift (in target 'Bundles' from project 'Bundles')
SwiftDriver\ Compilation Bundles normal arm64_32 com.apple.xcode.tools.swift.compiler (in target 'Bundles' from project 'Bundles')
cd /Users/admin/builder/spi-builder-workspace/.swiftpm/xcode
builtin-Swift-Compilation -- /Applications/Xcode-27.0.0-Release.Candidate.app/Contents/Developer/Toolchains/XcodeDefault.xctoolchain/usr/bin/swiftc -parse-as-library -module-name Bundles -Onone @/Users/admin/builder/spi-builder-workspace/.derivedData/Build/Intermediates.noindex/Bundles.build/Debug-watchos/Bundles-t.build/Objects-normal/arm64_32/Bundles.SwiftFileList -DSWIFT_PACKAGE -DDEBUG -DSWIFT_MODULE_RESOURCE_BUNDLE_UNAVAILABLE -DXcode -plugin-path /Applications/Xcode-27.0.0-Release.Candidate.app/Contents/Developer/Toolchains/XcodeDefault.xctoolchain/usr/lib/swift/host/plugins/testing -enable-experimental-feature DebugDescriptionMacro -sdk /Applications/Xcode-27.0.0-Release.Candidate.app/Contents/Developer/Platforms/WatchOS.platform/Developer/SDKs/WatchOS27.0.sdk -target arm64_32-apple-watchos9.0 -g -module-cache-path /Users/admin/builder/spi-builder-workspace/.derivedData/ModuleCache.noindex -Xfrontend -serialize-debugging-options -enable-testing -suppress-warnings -index-store-path /Users/admin/builder/spi-builder-workspace/.derivedData/Index.noindex/DataStore -Xcc -D_LIBCPP_HARDENING_MODE\=_LIBCPP_HARDENING_MODE_DEBUG -swift-version 5 -I /Users/admin/builder/spi-builder-workspace/.derivedData/Build/Products/Debug-watchos -Isystem /Applications/Xcode-27.0.0-Release.Candidate.app/Contents/Developer/Platforms/WatchOS.platform/Developer/usr/lib -F /Users/admin/builder/spi-builder-workspace/.derivedData/Build/Products/Debug-watchos/PackageFrameworks -F /Users/admin/builder/spi-builder-workspace/.derivedData/Build/Products/Debug-watchos -F /Applications/Xcode-27.0.0-Release.Candidate.app/Contents/Developer/Platforms/WatchOS.platform/Developer/Library/Frameworks -F /Applications/Xcode-27.0.0-Release.Candidate.app/Contents/Developer/Platforms/WatchOS.platform/Developer/SDKs/WatchOS27.0.sdk/Developer/Library/Frameworks -c -j10 -enable-batch-mode -incremental -Xcc -ivfsstatcache -Xcc /Users/admin/builder/spi-builder-workspace/.derivedData/SDKStatCaches.noindex/watchos27.0-24R360-e829b21a6f8c9b70876ba0858053c04477534ef55a1706bf4c1112bbb242f0a2.sdkstatcache -output-file-map /Users/admin/builder/spi-builder-workspace/.derivedData/Build/Intermediates.noindex/Bundles.build/Debug-watchos/Bundles-t.build/Objects-normal/arm64_32/Bundles-OutputFileMap.json -save-temps -no-color-diagnostics -explicit-module-build -module-cache-path /Users/admin/builder/spi-builder-workspace/.derivedData/Build/Intermediates.noindex/SwiftExplicitPrecompiledModules -clang-scanner-module-cache-path /Users/admin/builder/spi-builder-workspace/.derivedData/ModuleCache.noindex -sdk-module-cache-path /Users/admin/builder/spi-builder-workspace/.derivedData/SDKExplicitPrecompiledModules -emit-dependencies -emit-module -emit-module-path /Users/admin/builder/spi-builder-workspace/.derivedData/Build/Intermediates.noindex/Bundles.build/Debug-watchos/Bundles-t.build/Objects-normal/arm64_32/Bundles.swiftmodule -serialize-diagnostics -dependency-scan-serialize-diagnostics-path /Users/admin/builder/spi-builder-workspace/.derivedData/Build/Intermediates.noindex/Bundles.build/Debug-watchos/Bundles-t.build/Objects-normal/arm64_32/Bundles-dependency-scan.dia -validate-clang-modules-once -clang-build-session-file /Users/admin/builder/spi-builder-workspace/.derivedData/ModuleCache.noindex/Session.modulevalidation -Xcc -fmodules-prune-interval\=86400 -Xcc -fmodules-prune-after\=345600 -emit-const-values -const-gather-protocols-list /Users/admin/builder/spi-builder-workspace/.derivedData/Build/Intermediates.noindex/Bundles.build/Debug-watchos/Bundles-t.build/Objects-normal/arm64_32/Bundles_const_extract_protocols.json -Xcc -I/Users/admin/builder/spi-builder-workspace/.derivedData/Build/Products/Debug-watchos/include -Xcc -I/Users/admin/builder/spi-builder-workspace/.derivedData/Build/Intermediates.noindex/Bundles.build/Debug-watchos/Bundles-t.build/DerivedSources-normal/arm64_32 -Xcc -I/Users/admin/builder/spi-builder-workspace/.derivedData/Build/Intermediates.noindex/Bundles.build/Debug-watchos/Bundles-t.build/DerivedSources/arm64_32 -Xcc -I/Users/admin/builder/spi-builder-workspace/.derivedData/Build/Intermediates.noindex/Bundles.build/Debug-watchos/Bundles-t.build/DerivedSources -Xcc -DSWIFT_PACKAGE -Xcc -DDEBUG\=1 -emit-objc-header -emit-objc-header-path /Users/admin/builder/spi-builder-workspace/.derivedData/Build/Intermediates.noindex/Bundles.build/Debug-watchos/Bundles-t.build/Objects-normal/arm64_32/Bundles-Swift.h -working-directory /Users/admin/builder/spi-builder-workspace/.swiftpm/xcode -experimental-emit-module-separately -disable-cmo
SwiftDriverJobDiscovery normal arm64 Compiling Image+UIKit.swift (in target 'Images' from project 'Images')
SwiftDriver\ Compilation Images normal arm64 com.apple.xcode.tools.swift.compiler (in target 'Images' from project 'Images')
cd /Users/admin/builder/spi-builder-workspace/.swiftpm/xcode
builtin-Swift-Compilation -- /Applications/Xcode-27.0.0-Release.Candidate.app/Contents/Developer/Toolchains/XcodeDefault.xctoolchain/usr/bin/swiftc -parse-as-library -module-name Images -Onone @/Users/admin/builder/spi-builder-workspace/.derivedData/Build/Intermediates.noindex/Images.build/Debug-watchos/Images-t.build/Objects-normal/arm64/Images.SwiftFileList -DSWIFT_PACKAGE -DDEBUG -DSWIFT_MODULE_RESOURCE_BUNDLE_UNAVAILABLE -DXcode -plugin-path /Applications/Xcode-27.0.0-Release.Candidate.app/Contents/Developer/Toolchains/XcodeDefault.xctoolchain/usr/lib/swift/host/plugins/testing -enable-experimental-feature DebugDescriptionMacro -sdk /Applications/Xcode-27.0.0-Release.Candidate.app/Contents/Developer/Platforms/WatchOS.platform/Developer/SDKs/WatchOS27.0.sdk -target arm64-apple-watchos9.0 -g -module-cache-path /Users/admin/builder/spi-builder-workspace/.derivedData/ModuleCache.noindex -Xfrontend -serialize-debugging-options -enable-testing -suppress-warnings -index-store-path /Users/admin/builder/spi-builder-workspace/.derivedData/Index.noindex/DataStore -Xcc -D_LIBCPP_HARDENING_MODE\=_LIBCPP_HARDENING_MODE_DEBUG -swift-version 5 -I /Users/admin/builder/spi-builder-workspace/.derivedData/Build/Products/Debug-watchos -Isystem /Applications/Xcode-27.0.0-Release.Candidate.app/Contents/Developer/Platforms/WatchOS.platform/Developer/usr/lib -F /Users/admin/builder/spi-builder-workspace/.derivedData/Build/Products/Debug-watchos/PackageFrameworks -F /Users/admin/builder/spi-builder-workspace/.derivedData/Build/Products/Debug-watchos -F /Applications/Xcode-27.0.0-Release.Candidate.app/Contents/Developer/Platforms/WatchOS.platform/Developer/Library/Frameworks -F /Applications/Xcode-27.0.0-Release.Candidate.app/Contents/Developer/Platforms/WatchOS.platform/Developer/SDKs/WatchOS27.0.sdk/Developer/Library/Frameworks -c -j10 -enable-batch-mode -incremental -Xcc -ivfsstatcache -Xcc /Users/admin/builder/spi-builder-workspace/.derivedData/SDKStatCaches.noindex/watchos27.0-24R360-e829b21a6f8c9b70876ba0858053c04477534ef55a1706bf4c1112bbb242f0a2.sdkstatcache -output-file-map /Users/admin/builder/spi-builder-workspace/.derivedData/Build/Intermediates.noindex/Images.build/Debug-watchos/Images-t.build/Objects-normal/arm64/Images-OutputFileMap.json -save-temps -no-color-diagnostics -explicit-module-build -module-cache-path /Users/admin/builder/spi-builder-workspace/.derivedData/Build/Intermediates.noindex/SwiftExplicitPrecompiledModules -clang-scanner-module-cache-path /Users/admin/builder/spi-builder-workspace/.derivedData/ModuleCache.noindex -sdk-module-cache-path /Users/admin/builder/spi-builder-workspace/.derivedData/SDKExplicitPrecompiledModules -emit-dependencies -emit-module -emit-module-path /Users/admin/builder/spi-builder-workspace/.derivedData/Build/Intermediates.noindex/Images.build/Debug-watchos/Images-t.build/Objects-normal/arm64/Images.swiftmodule -serialize-diagnostics -dependency-scan-serialize-diagnostics-path /Users/admin/builder/spi-builder-workspace/.derivedData/Build/Intermediates.noindex/Images.build/Debug-watchos/Images-t.build/Objects-normal/arm64/Images-dependency-scan.dia -validate-clang-modules-once -clang-build-session-file /Users/admin/builder/spi-builder-workspace/.derivedData/ModuleCache.noindex/Session.modulevalidation -Xcc -fmodules-prune-interval\=86400 -Xcc -fmodules-prune-after\=345600 -emit-const-values -const-gather-protocols-list /Users/admin/builder/spi-builder-workspace/.derivedData/Build/Intermediates.noindex/Images.build/Debug-watchos/Images-t.build/Objects-normal/arm64/Images_const_extract_protocols.json -Xcc -I/Users/admin/builder/spi-builder-workspace/.derivedData/Build/Products/Debug-watchos/include -Xcc -I/Users/admin/builder/spi-builder-workspace/.derivedData/Build/Intermediates.noindex/Images.build/Debug-watchos/Images-t.build/DerivedSources-normal/arm64 -Xcc -I/Users/admin/builder/spi-builder-workspace/.derivedData/Build/Intermediates.noindex/Images.build/Debug-watchos/Images-t.build/DerivedSources/arm64 -Xcc -I/Users/admin/builder/spi-builder-workspace/.derivedData/Build/Intermediates.noindex/Images.build/Debug-watchos/Images-t.build/DerivedSources -Xcc -DSWIFT_PACKAGE -Xcc -DDEBUG\=1 -emit-objc-header -emit-objc-header-path /Users/admin/builder/spi-builder-workspace/.derivedData/Build/Intermediates.noindex/Images.build/Debug-watchos/Images-t.build/Objects-normal/arm64/Images-Swift.h -working-directory /Users/admin/builder/spi-builder-workspace/.swiftpm/xcode -experimental-emit-module-separately -disable-cmo
Ld /Users/admin/builder/spi-builder-workspace/.derivedData/Build/Intermediates.noindex/Images.build/Debug-watchos/Images-t.build/Objects-normal/arm64/Binary/Images.o normal arm64 (in target 'Images' from project 'Images')
cd /Users/admin/builder/spi-builder-workspace/.dependencies/checkouts/Images
/Applications/Xcode-27.0.0-Release.Candidate.app/Contents/Developer/Toolchains/XcodeDefault.xctoolchain/usr/bin/clang -Xlinker -reproducible -target arm64-apple-watchos9.0 -r -isysroot /Applications/Xcode-27.0.0-Release.Candidate.app/Contents/Developer/Platforms/WatchOS.platform/Developer/SDKs/WatchOS27.0.sdk -O0 -w -Xlinker -no_warn_duplicate_libraries -F/Users/admin/builder/spi-builder-workspace/.derivedData/Build/Intermediates.noindex/EagerLinkingTBDs/Debug-watchos -F/Users/admin/builder/spi-builder-workspace/.derivedData/Build/Products/Debug-watchos/PackageFrameworks -F/Users/admin/builder/spi-builder-workspace/.derivedData/Build/Products/Debug-watchos -iframework /Applications/Xcode-27.0.0-Release.Candidate.app/Contents/Developer/Platforms/WatchOS.platform/Developer/Library/Frameworks -iframework /Applications/Xcode-27.0.0-Release.Candidate.app/Contents/Developer/Platforms/WatchOS.platform/Developer/SDKs/WatchOS27.0.sdk/Developer/Library/Frameworks -filelist /Users/admin/builder/spi-builder-workspace/.derivedData/Build/Intermediates.noindex/Images.build/Debug-watchos/Images-t.build/Objects-normal/arm64/Images.LinkFileList -nostdlib -Xlinker -object_path_lto -Xlinker /Users/admin/builder/spi-builder-workspace/.derivedData/Build/Intermediates.noindex/Images.build/Debug-watchos/Images-t.build/Objects-normal/arm64/Images_lto.o -Xlinker -no_deduplicate -Xlinker -dependency_info -Xlinker /Users/admin/builder/spi-builder-workspace/.derivedData/Build/Intermediates.noindex/Images.build/Debug-watchos/Images-t.build/Objects-normal/arm64/Images_dependency_info.dat -fobjc-link-runtime -L/Applications/Xcode-27.0.0-Release.Candidate.app/Contents/Developer/Toolchains/XcodeDefault.xctoolchain/usr/lib/swift/watchos -L/usr/lib/swift -Xlinker -add_ast_path -Xlinker /Users/admin/builder/spi-builder-workspace/.derivedData/Build/Intermediates.noindex/Images.build/Debug-watchos/Images-t.build/Objects-normal/arm64/Images.swiftmodule -o /Users/admin/builder/spi-builder-workspace/.derivedData/Build/Intermediates.noindex/Images.build/Debug-watchos/Images-t.build/Objects-normal/arm64/Binary/Images.o
SwiftDriverJobDiscovery normal arm64_32 Compiling Image+UIKit.swift (in target 'Images' from project 'Images')
SwiftDriver\ Compilation Images normal arm64_32 com.apple.xcode.tools.swift.compiler (in target 'Images' from project 'Images')
cd /Users/admin/builder/spi-builder-workspace/.swiftpm/xcode
builtin-Swift-Compilation -- /Applications/Xcode-27.0.0-Release.Candidate.app/Contents/Developer/Toolchains/XcodeDefault.xctoolchain/usr/bin/swiftc -parse-as-library -module-name Images -Onone @/Users/admin/builder/spi-builder-workspace/.derivedData/Build/Intermediates.noindex/Images.build/Debug-watchos/Images-t.build/Objects-normal/arm64_32/Images.SwiftFileList -DSWIFT_PACKAGE -DDEBUG -DSWIFT_MODULE_RESOURCE_BUNDLE_UNAVAILABLE -DXcode -plugin-path /Applications/Xcode-27.0.0-Release.Candidate.app/Contents/Developer/Toolchains/XcodeDefault.xctoolchain/usr/lib/swift/host/plugins/testing -enable-experimental-feature DebugDescriptionMacro -sdk /Applications/Xcode-27.0.0-Release.Candidate.app/Contents/Developer/Platforms/WatchOS.platform/Developer/SDKs/WatchOS27.0.sdk -target arm64_32-apple-watchos9.0 -g -module-cache-path /Users/admin/builder/spi-builder-workspace/.derivedData/ModuleCache.noindex -Xfrontend -serialize-debugging-options -enable-testing -suppress-warnings -index-store-path /Users/admin/builder/spi-builder-workspace/.derivedData/Index.noindex/DataStore -Xcc -D_LIBCPP_HARDENING_MODE\=_LIBCPP_HARDENING_MODE_DEBUG -swift-version 5 -I /Users/admin/builder/spi-builder-workspace/.derivedData/Build/Products/Debug-watchos -Isystem /Applications/Xcode-27.0.0-Release.Candidate.app/Contents/Developer/Platforms/WatchOS.platform/Developer/usr/lib -F /Users/admin/builder/spi-builder-workspace/.derivedData/Build/Products/Debug-watchos/PackageFrameworks -F /Users/admin/builder/spi-builder-workspace/.derivedData/Build/Products/Debug-watchos -F /Applications/Xcode-27.0.0-Release.Candidate.app/Contents/Developer/Platforms/WatchOS.platform/Developer/Library/Frameworks -F /Applications/Xcode-27.0.0-Release.Candidate.app/Contents/Developer/Platforms/WatchOS.platform/Developer/SDKs/WatchOS27.0.sdk/Developer/Library/Frameworks -c -j10 -enable-batch-mode -incremental -Xcc -ivfsstatcache -Xcc /Users/admin/builder/spi-builder-workspace/.derivedData/SDKStatCaches.noindex/watchos27.0-24R360-e829b21a6f8c9b70876ba0858053c04477534ef55a1706bf4c1112bbb242f0a2.sdkstatcache -output-file-map /Users/admin/builder/spi-builder-workspace/.derivedData/Build/Intermediates.noindex/Images.build/Debug-watchos/Images-t.build/Objects-normal/arm64_32/Images-OutputFileMap.json -save-temps -no-color-diagnostics -explicit-module-build -module-cache-path /Users/admin/builder/spi-builder-workspace/.derivedData/Build/Intermediates.noindex/SwiftExplicitPrecompiledModules -clang-scanner-module-cache-path /Users/admin/builder/spi-builder-workspace/.derivedData/ModuleCache.noindex -sdk-module-cache-path /Users/admin/builder/spi-builder-workspace/.derivedData/SDKExplicitPrecompiledModules -emit-dependencies -emit-module -emit-module-path /Users/admin/builder/spi-builder-workspace/.derivedData/Build/Intermediates.noindex/Images.build/Debug-watchos/Images-t.build/Objects-normal/arm64_32/Images.swiftmodule -serialize-diagnostics -dependency-scan-serialize-diagnostics-path /Users/admin/builder/spi-builder-workspace/.derivedData/Build/Intermediates.noindex/Images.build/Debug-watchos/Images-t.build/Objects-normal/arm64_32/Images-dependency-scan.dia -validate-clang-modules-once -clang-build-session-file /Users/admin/builder/spi-builder-workspace/.derivedData/ModuleCache.noindex/Session.modulevalidation -Xcc -fmodules-prune-interval\=86400 -Xcc -fmodules-prune-after\=345600 -emit-const-values -const-gather-protocols-list /Users/admin/builder/spi-builder-workspace/.derivedData/Build/Intermediates.noindex/Images.build/Debug-watchos/Images-t.build/Objects-normal/arm64_32/Images_const_extract_protocols.json -Xcc -I/Users/admin/builder/spi-builder-workspace/.derivedData/Build/Products/Debug-watchos/include -Xcc -I/Users/admin/builder/spi-builder-workspace/.derivedData/Build/Intermediates.noindex/Images.build/Debug-watchos/Images-t.build/DerivedSources-normal/arm64_32 -Xcc -I/Users/admin/builder/spi-builder-workspace/.derivedData/Build/Intermediates.noindex/Images.build/Debug-watchos/Images-t.build/DerivedSources/arm64_32 -Xcc -I/Users/admin/builder/spi-builder-workspace/.derivedData/Build/Intermediates.noindex/Images.build/Debug-watchos/Images-t.build/DerivedSources -Xcc -DSWIFT_PACKAGE -Xcc -DDEBUG\=1 -emit-objc-header -emit-objc-header-path /Users/admin/builder/spi-builder-workspace/.derivedData/Build/Intermediates.noindex/Images.build/Debug-watchos/Images-t.build/Objects-normal/arm64_32/Images-Swift.h -working-directory /Users/admin/builder/spi-builder-workspace/.swiftpm/xcode -experimental-emit-module-separately -disable-cmo
Ld /Users/admin/builder/spi-builder-workspace/.derivedData/Build/Intermediates.noindex/Images.build/Debug-watchos/Images-t.build/Objects-normal/arm64_32/Binary/Images.o normal arm64_32 (in target 'Images' from project 'Images')
cd /Users/admin/builder/spi-builder-workspace/.dependencies/checkouts/Images
/Applications/Xcode-27.0.0-Release.Candidate.app/Contents/Developer/Toolchains/XcodeDefault.xctoolchain/usr/bin/clang -Xlinker -reproducible -target arm64_32-apple-watchos9.0 -r -isysroot /Applications/Xcode-27.0.0-Release.Candidate.app/Contents/Developer/Platforms/WatchOS.platform/Developer/SDKs/WatchOS27.0.sdk -O0 -w -Xlinker -no_warn_duplicate_libraries -F/Users/admin/builder/spi-builder-workspace/.derivedData/Build/Intermediates.noindex/EagerLinkingTBDs/Debug-watchos -F/Users/admin/builder/spi-builder-workspace/.derivedData/Build/Products/Debug-watchos/PackageFrameworks -F/Users/admin/builder/spi-builder-workspace/.derivedData/Build/Products/Debug-watchos -iframework /Applications/Xcode-27.0.0-Release.Candidate.app/Contents/Developer/Platforms/WatchOS.platform/Developer/Library/Frameworks -iframework /Applications/Xcode-27.0.0-Release.Candidate.app/Contents/Developer/Platforms/WatchOS.platform/Developer/SDKs/WatchOS27.0.sdk/Developer/Library/Frameworks -filelist /Users/admin/builder/spi-builder-workspace/.derivedData/Build/Intermediates.noindex/Images.build/Debug-watchos/Images-t.build/Objects-normal/arm64_32/Images.LinkFileList -nostdlib -Xlinker -object_path_lto -Xlinker /Users/admin/builder/spi-builder-workspace/.derivedData/Build/Intermediates.noindex/Images.build/Debug-watchos/Images-t.build/Objects-normal/arm64_32/Images_lto.o -Xlinker -no_deduplicate -Xlinker -dependency_info -Xlinker /Users/admin/builder/spi-builder-workspace/.derivedData/Build/Intermediates.noindex/Images.build/Debug-watchos/Images-t.build/Objects-normal/arm64_32/Images_dependency_info.dat -fobjc-link-runtime -L/Applications/Xcode-27.0.0-Release.Candidate.app/Contents/Developer/Toolchains/XcodeDefault.xctoolchain/usr/lib/swift/watchos -L/usr/lib/swift -Xlinker -add_ast_path -Xlinker /Users/admin/builder/spi-builder-workspace/.derivedData/Build/Intermediates.noindex/Images.build/Debug-watchos/Images-t.build/Objects-normal/arm64_32/Images.swiftmodule -o /Users/admin/builder/spi-builder-workspace/.derivedData/Build/Intermediates.noindex/Images.build/Debug-watchos/Images-t.build/Objects-normal/arm64_32/Binary/Images.o
SwiftCompile normal arm64 Compiling\ BasicApplication.swift /Users/admin/builder/spi-builder-workspace/Sources/ApplicationExtensions/BasicApplication.swift (in target 'ApplicationExtensions' from project 'ApplicationExtensions')
SwiftCompile normal arm64 /Users/admin/builder/spi-builder-workspace/Sources/ApplicationExtensions/BasicApplication.swift (in target 'ApplicationExtensions' from project 'ApplicationExtensions')
cd /Users/admin/builder/spi-builder-workspace/.swiftpm/xcode
builtin-SwiftPerFileCompile BasicApplication.swift
SwiftCompile normal arm64 Compiling\ ApplicationExtensions.swift /Users/admin/builder/spi-builder-workspace/Sources/ApplicationExtensions/ApplicationExtensions.swift (in target 'ApplicationExtensions' from project 'ApplicationExtensions')
SwiftCompile normal arm64 /Users/admin/builder/spi-builder-workspace/Sources/ApplicationExtensions/ApplicationExtensions.swift (in target 'ApplicationExtensions' from project 'ApplicationExtensions')
cd /Users/admin/builder/spi-builder-workspace/.swiftpm/xcode
builtin-SwiftPerFileCompile ApplicationExtensions.swift
SwiftCompile normal arm64 Compiling\ StateWatcher.swift /Users/admin/builder/spi-builder-workspace/Sources/ApplicationExtensions/StateWatcher.swift (in target 'ApplicationExtensions' from project 'ApplicationExtensions')
SwiftCompile normal arm64 /Users/admin/builder/spi-builder-workspace/Sources/ApplicationExtensions/StateWatcher.swift (in target 'ApplicationExtensions' from project 'ApplicationExtensions')
cd /Users/admin/builder/spi-builder-workspace/.swiftpm/xcode
builtin-SwiftPerFileCompile StateWatcher.swift
SwiftCompile normal arm64 Compiling\ BasicScene.swift /Users/admin/builder/spi-builder-workspace/Sources/ApplicationExtensions/BasicScene.swift (in target 'ApplicationExtensions' from project 'ApplicationExtensions')
/Users/admin/builder/spi-builder-workspace/Sources/ApplicationExtensions/BasicScene.swift:10:24: error: cannot find type 'LoggerScene' in scope
8 | import LoggerKit
9 |
10 | open class BasicScene: LoggerScene {
| `- error: cannot find type 'LoggerScene' in scope
11 | public let stateQueue = DispatchQueue.global(qos: .background)
12 | var isConnected = false
/Users/admin/builder/spi-builder-workspace/Sources/ApplicationExtensions/BasicScene.swift:14:45: error: 'UIScene' is unavailable in watchOS
12 | var isConnected = false
13 |
14 | public typealias LoadSceneCompletion = (UIScene, UISceneSession, UIScene.ConnectionOptions) -> ()
| `- error: 'UIScene' is unavailable in watchOS
15 |
16 | open func loadState(completion: @escaping () -> ()) {
/Applications/Xcode-27.0.0-Release.Candidate.app/Contents/Developer/Platforms/WatchOS.platform/Developer/SDKs/WatchOS27.0.sdk/System/Library/Frameworks/UIKit.framework/Headers/UIScene.h:20:12: note: 'UIScene' has been explicitly marked unavailable here
18 |
19 | UIKIT_EXTERN API_AVAILABLE(ios(13.0)) API_UNAVAILABLE(watchos) NS_SWIFT_UI_ACTOR
20 | @interface UIScene : UIResponder
| `- note: 'UIScene' has been explicitly marked unavailable here
21 | + (instancetype)new NS_UNAVAILABLE;
22 | - (instancetype)init NS_UNAVAILABLE;
/Users/admin/builder/spi-builder-workspace/Sources/ApplicationExtensions/BasicScene.swift:14:54: error: 'UISceneSession' is unavailable in watchOS
12 | var isConnected = false
13 |
14 | public typealias LoadSceneCompletion = (UIScene, UISceneSession, UIScene.ConnectionOptions) -> ()
| `- error: 'UISceneSession' is unavailable in watchOS
15 |
16 | open func loadState(completion: @escaping () -> ()) {
/Applications/Xcode-27.0.0-Release.Candidate.app/Contents/Developer/Platforms/WatchOS.platform/Developer/SDKs/WatchOS27.0.sdk/System/Library/Frameworks/UIKit.framework/Headers/UISceneSession.h:19:12: note: 'UISceneSession' has been explicitly marked unavailable here
17 |
18 | UIKIT_EXTERN API_AVAILABLE(ios(13.0)) API_UNAVAILABLE(watchos) NS_SWIFT_UI_ACTOR
19 | @interface UISceneSession : NSObject <NSSecureCoding>
| `- note: 'UISceneSession' has been explicitly marked unavailable here
20 | + (instancetype)new NS_UNAVAILABLE;
21 | - (instancetype)init NS_UNAVAILABLE;
/Users/admin/builder/spi-builder-workspace/Sources/ApplicationExtensions/BasicScene.swift:14:70: error: 'UIScene' is unavailable in watchOS
12 | var isConnected = false
13 |
14 | public typealias LoadSceneCompletion = (UIScene, UISceneSession, UIScene.ConnectionOptions) -> ()
| `- error: 'UIScene' is unavailable in watchOS
15 |
16 | open func loadState(completion: @escaping () -> ()) {
/Applications/Xcode-27.0.0-Release.Candidate.app/Contents/Developer/Platforms/WatchOS.platform/Developer/SDKs/WatchOS27.0.sdk/System/Library/Frameworks/UIKit.framework/Headers/UIScene.h:20:12: note: 'UIScene' has been explicitly marked unavailable here
18 |
19 | UIKIT_EXTERN API_AVAILABLE(ios(13.0)) API_UNAVAILABLE(watchos) NS_SWIFT_UI_ACTOR
20 | @interface UIScene : UIResponder
| `- note: 'UIScene' has been explicitly marked unavailable here
21 | + (instancetype)new NS_UNAVAILABLE;
22 | - (instancetype)init NS_UNAVAILABLE;
/Users/admin/builder/spi-builder-workspace/Sources/ApplicationExtensions/BasicScene.swift:28:34: error: 'UIScene' is unavailable in watchOS
26 | }
27 |
28 | open func makeScene(_ scene: UIScene, willConnectTo session: UISceneSession, options connectionOptions: UIScene.ConnectionOptions) {
| `- error: 'UIScene' is unavailable in watchOS
29 | }
30 |
/Applications/Xcode-27.0.0-Release.Candidate.app/Contents/Developer/Platforms/WatchOS.platform/Developer/SDKs/WatchOS27.0.sdk/System/Library/Frameworks/UIKit.framework/Headers/UIScene.h:20:12: note: 'UIScene' has been explicitly marked unavailable here
18 |
19 | UIKIT_EXTERN API_AVAILABLE(ios(13.0)) API_UNAVAILABLE(watchos) NS_SWIFT_UI_ACTOR
20 | @interface UIScene : UIResponder
| `- note: 'UIScene' has been explicitly marked unavailable here
21 | + (instancetype)new NS_UNAVAILABLE;
22 | - (instancetype)init NS_UNAVAILABLE;
/Users/admin/builder/spi-builder-workspace/Sources/ApplicationExtensions/BasicScene.swift:28:66: error: 'UISceneSession' is unavailable in watchOS
26 | }
27 |
28 | open func makeScene(_ scene: UIScene, willConnectTo session: UISceneSession, options connectionOptions: UIScene.ConnectionOptions) {
| `- error: 'UISceneSession' is unavailable in watchOS
29 | }
30 |
/Applications/Xcode-27.0.0-Release.Candidate.app/Contents/Developer/Platforms/WatchOS.platform/Developer/SDKs/WatchOS27.0.sdk/System/Library/Frameworks/UIKit.framework/Headers/UISceneSession.h:19:12: note: 'UISceneSession' has been explicitly marked unavailable here
17 |
18 | UIKIT_EXTERN API_AVAILABLE(ios(13.0)) API_UNAVAILABLE(watchos) NS_SWIFT_UI_ACTOR
19 | @interface UISceneSession : NSObject <NSSecureCoding>
| `- note: 'UISceneSession' has been explicitly marked unavailable here
20 | + (instancetype)new NS_UNAVAILABLE;
21 | - (instancetype)init NS_UNAVAILABLE;
/Users/admin/builder/spi-builder-workspace/Sources/ApplicationExtensions/BasicScene.swift:28:109: error: 'UIScene' is unavailable in watchOS
26 | }
27 |
28 | open func makeScene(_ scene: UIScene, willConnectTo session: UISceneSession, options connectionOptions: UIScene.ConnectionOptions) {
| `- error: 'UIScene' is unavailable in watchOS
29 | }
30 |
/Applications/Xcode-27.0.0-Release.Candidate.app/Contents/Developer/Platforms/WatchOS.platform/Developer/SDKs/WatchOS27.0.sdk/System/Library/Frameworks/UIKit.framework/Headers/UIScene.h:20:12: note: 'UIScene' has been explicitly marked unavailable here
18 |
19 | UIKIT_EXTERN API_AVAILABLE(ios(13.0)) API_UNAVAILABLE(watchos) NS_SWIFT_UI_ACTOR
20 | @interface UIScene : UIResponder
| `- note: 'UIScene' has been explicitly marked unavailable here
21 | + (instancetype)new NS_UNAVAILABLE;
22 | - (instancetype)init NS_UNAVAILABLE;
/Users/admin/builder/spi-builder-workspace/Sources/ApplicationExtensions/BasicScene.swift:31:39: error: 'UIScene' is unavailable in watchOS
29 | }
30 |
31 | open override func scene(_ scene: UIScene, willConnectTo session: UISceneSession, options connectionOptions: UIScene.ConnectionOptions) {
| `- error: 'UIScene' is unavailable in watchOS
32 | sceneChannel.debug("connecting")
33 |
/Applications/Xcode-27.0.0-Release.Candidate.app/Contents/Developer/Platforms/WatchOS.platform/Developer/SDKs/WatchOS27.0.sdk/System/Library/Frameworks/UIKit.framework/Headers/UIScene.h:20:12: note: 'UIScene' has been explicitly marked unavailable here
18 |
19 | UIKIT_EXTERN API_AVAILABLE(ios(13.0)) API_UNAVAILABLE(watchos) NS_SWIFT_UI_ACTOR
20 | @interface UIScene : UIResponder
| `- note: 'UIScene' has been explicitly marked unavailable here
21 | + (instancetype)new NS_UNAVAILABLE;
22 | - (instancetype)init NS_UNAVAILABLE;
/Users/admin/builder/spi-builder-workspace/Sources/ApplicationExtensions/BasicScene.swift:31:71: error: 'UISceneSession' is unavailable in watchOS
29 | }
30 |
31 | open override func scene(_ scene: UIScene, willConnectTo session: UISceneSession, options connectionOptions: UIScene.ConnectionOptions) {
| `- error: 'UISceneSession' is unavailable in watchOS
32 | sceneChannel.debug("connecting")
33 |
/Applications/Xcode-27.0.0-Release.Candidate.app/Contents/Developer/Platforms/WatchOS.platform/Developer/SDKs/WatchOS27.0.sdk/System/Library/Frameworks/UIKit.framework/Headers/UISceneSession.h:19:12: note: 'UISceneSession' has been explicitly marked unavailable here
17 |
18 | UIKIT_EXTERN API_AVAILABLE(ios(13.0)) API_UNAVAILABLE(watchos) NS_SWIFT_UI_ACTOR
19 | @interface UISceneSession : NSObject <NSSecureCoding>
| `- note: 'UISceneSession' has been explicitly marked unavailable here
20 | + (instancetype)new NS_UNAVAILABLE;
21 | - (instancetype)init NS_UNAVAILABLE;
/Users/admin/builder/spi-builder-workspace/Sources/ApplicationExtensions/BasicScene.swift:31:114: error: 'UIScene' is unavailable in watchOS
29 | }
30 |
31 | open override func scene(_ scene: UIScene, willConnectTo session: UISceneSession, options connectionOptions: UIScene.ConnectionOptions) {
| `- error: 'UIScene' is unavailable in watchOS
32 | sceneChannel.debug("connecting")
33 |
/Applications/Xcode-27.0.0-Release.Candidate.app/Contents/Developer/Platforms/WatchOS.platform/Developer/SDKs/WatchOS27.0.sdk/System/Library/Frameworks/UIKit.framework/Headers/UIScene.h:20:12: note: 'UIScene' has been explicitly marked unavailable here
18 |
19 | UIKIT_EXTERN API_AVAILABLE(ios(13.0)) API_UNAVAILABLE(watchos) NS_SWIFT_UI_ACTOR
20 | @interface UIScene : UIResponder
| `- note: 'UIScene' has been explicitly marked unavailable here
21 | + (instancetype)new NS_UNAVAILABLE;
22 | - (instancetype)init NS_UNAVAILABLE;
/Users/admin/builder/spi-builder-workspace/Sources/ApplicationExtensions/BasicScene.swift:31:24: error: method does not override any method from its superclass
29 | }
30 |
31 | open override func scene(_ scene: UIScene, willConnectTo session: UISceneSession, options connectionOptions: UIScene.ConnectionOptions) {
| `- error: method does not override any method from its superclass
32 | sceneChannel.debug("connecting")
33 |
/Users/admin/builder/spi-builder-workspace/Sources/ApplicationExtensions/BasicScene.swift:96:55: error: 'UIScene' is unavailable in watchOS
94 | }
95 |
96 | open override func sceneWillResignActive(_ scene: UIScene) {
| `- error: 'UIScene' is unavailable in watchOS
97 | super.sceneWillResignActive(scene)
98 | saveAllState()
/Applications/Xcode-27.0.0-Release.Candidate.app/Contents/Developer/Platforms/WatchOS.platform/Developer/SDKs/WatchOS27.0.sdk/System/Library/Frameworks/UIKit.framework/Headers/UIScene.h:20:12: note: 'UIScene' has been explicitly marked unavailable here
18 |
19 | UIKIT_EXTERN API_AVAILABLE(ios(13.0)) API_UNAVAILABLE(watchos) NS_SWIFT_UI_ACTOR
20 | @interface UIScene : UIResponder
| `- note: 'UIScene' has been explicitly marked unavailable here
21 | + (instancetype)new NS_UNAVAILABLE;
22 | - (instancetype)init NS_UNAVAILABLE;
/Users/admin/builder/spi-builder-workspace/Sources/ApplicationExtensions/BasicScene.swift:96:24: error: method does not override any method from its superclass
94 | }
95 |
96 | open override func sceneWillResignActive(_ scene: UIScene) {
| `- error: method does not override any method from its superclass
97 | super.sceneWillResignActive(scene)
98 | saveAllState()
/Users/admin/builder/spi-builder-workspace/Sources/ApplicationExtensions/BasicScene.swift:101:52: error: 'UIScene' is unavailable in watchOS
99 | }
100 |
101 | open override func sceneDidDisconnect(_ scene: UIScene) {
| `- error: 'UIScene' is unavailable in watchOS
102 | super.sceneDidDisconnect(scene)
103 | saveAllState()
/Applications/Xcode-27.0.0-Release.Candidate.app/Contents/Developer/Platforms/WatchOS.platform/Developer/SDKs/WatchOS27.0.sdk/System/Library/Frameworks/UIKit.framework/Headers/UIScene.h:20:12: note: 'UIScene' has been explicitly marked unavailable here
18 |
19 | UIKIT_EXTERN API_AVAILABLE(ios(13.0)) API_UNAVAILABLE(watchos) NS_SWIFT_UI_ACTOR
20 | @interface UIScene : UIResponder
| `- note: 'UIScene' has been explicitly marked unavailable here
21 | + (instancetype)new NS_UNAVAILABLE;
22 | - (instancetype)init NS_UNAVAILABLE;
/Users/admin/builder/spi-builder-workspace/Sources/ApplicationExtensions/BasicScene.swift:101:24: error: method does not override any method from its superclass
99 | }
100 |
101 | open override func sceneDidDisconnect(_ scene: UIScene) {
| `- error: method does not override any method from its superclass
102 | super.sceneDidDisconnect(scene)
103 | saveAllState()
/Users/admin/builder/spi-builder-workspace/Sources/ApplicationExtensions/BasicScene.swift:106:58: error: 'UIScene' is unavailable in watchOS
104 | }
105 |
106 | open override func sceneWillEnterForeground(_ scene: UIScene) {
| `- error: 'UIScene' is unavailable in watchOS
107 | super.sceneWillEnterForeground(scene)
108 | if isConnected {
/Applications/Xcode-27.0.0-Release.Candidate.app/Contents/Developer/Platforms/WatchOS.platform/Developer/SDKs/WatchOS27.0.sdk/System/Library/Frameworks/UIKit.framework/Headers/UIScene.h:20:12: note: 'UIScene' has been explicitly marked unavailable here
18 |
19 | UIKIT_EXTERN API_AVAILABLE(ios(13.0)) API_UNAVAILABLE(watchos) NS_SWIFT_UI_ACTOR
20 | @interface UIScene : UIResponder
| `- note: 'UIScene' has been explicitly marked unavailable here
21 | + (instancetype)new NS_UNAVAILABLE;
22 | - (instancetype)init NS_UNAVAILABLE;
/Users/admin/builder/spi-builder-workspace/Sources/ApplicationExtensions/BasicScene.swift:106:24: error: method does not override any method from its superclass
104 | }
105 |
106 | open override func sceneWillEnterForeground(_ scene: UIScene) {
| `- error: method does not override any method from its superclass
107 | super.sceneWillEnterForeground(scene)
108 | if isConnected {
/Users/admin/builder/spi-builder-workspace/Sources/ApplicationExtensions/BasicScene.swift:32:9: error: cannot find 'sceneChannel' in scope
30 |
31 | open override func scene(_ scene: UIScene, willConnectTo session: UISceneSession, options connectionOptions: UIScene.ConnectionOptions) {
32 | sceneChannel.debug("connecting")
| `- error: cannot find 'sceneChannel' in scope
33 |
34 | super.scene(scene, willConnectTo: session, options: connectionOptions)
/Users/admin/builder/spi-builder-workspace/Sources/ApplicationExtensions/BasicScene.swift:34:9: error: 'super' cannot be used in class 'BasicScene' because it has no superclass
32 | sceneChannel.debug("connecting")
33 |
34 | super.scene(scene, willConnectTo: session, options: connectionOptions)
| `- error: 'super' cannot be used in class 'BasicScene' because it has no superclass
35 | guard let _ = (scene as? UIWindowScene) else { return }
36 |
/Users/admin/builder/spi-builder-workspace/Sources/ApplicationExtensions/BasicScene.swift:35:34: error: 'UIWindowScene' is unavailable in watchOS
33 |
34 | super.scene(scene, willConnectTo: session, options: connectionOptions)
35 | guard let _ = (scene as? UIWindowScene) else { return }
| `- error: 'UIWindowScene' is unavailable in watchOS
36 |
37 | BasicApplication.shared.afterSetup {
/Applications/Xcode-27.0.0-Release.Candidate.app/Contents/Developer/Platforms/WatchOS.platform/Developer/SDKs/WatchOS27.0.sdk/System/Library/Frameworks/UIKit.framework/Headers/UIWindowScene.h:22:12: note: 'UIWindowScene' has been explicitly marked unavailable here
20 |
21 | UIKIT_EXTERN API_AVAILABLE(ios(13.0)) API_UNAVAILABLE(watchos) NS_SWIFT_UI_ACTOR
22 | @interface UIWindowScene : UIScene
| `- note: 'UIWindowScene' has been explicitly marked unavailable here
23 |
24 | #pragma mark Geometry
/Users/admin/builder/spi-builder-workspace/Sources/ApplicationExtensions/BasicScene.swift:38:13: error: cannot find 'sceneChannel' in scope
36 |
37 | BasicApplication.shared.afterSetup {
38 | sceneChannel.debug("loading")
| `- error: cannot find 'sceneChannel' in scope
39 | self.loadState() {
40 | onMainQueue {
/Users/admin/builder/spi-builder-workspace/Sources/ApplicationExtensions/BasicScene.swift:41:21: error: cannot find 'sceneChannel' in scope
39 | self.loadState() {
40 | onMainQueue {
41 | sceneChannel.log("finished loading")
| `- error: cannot find 'sceneChannel' in scope
42 | self.makeScene(scene, willConnectTo:session, options: connectionOptions)
43 | self.isConnected = true
/Users/admin/builder/spi-builder-workspace/Sources/ApplicationExtensions/BasicScene.swift:44:21: error: cannot find 'sceneChannel' in scope
42 | self.makeScene(scene, willConnectTo:session, options: connectionOptions)
43 | self.isConnected = true
44 | sceneChannel.debug("shown")
| `- error: cannot find 'sceneChannel' in scope
45 | }
46 | }
/Users/admin/builder/spi-builder-workspace/Sources/ApplicationExtensions/BasicScene.swift:69:13: error: cannot find 'sceneChannel' in scope
67 |
68 | group.notify(queue: .main) {
69 | sceneChannel.log("Done refreshing all state.")
| `- error: cannot find 'sceneChannel' in scope
70 | }
71 | }
/Users/admin/builder/spi-builder-workspace/Sources/ApplicationExtensions/BasicApplication.swift:11:65: error: cannot find type 'LoggerApplication' in scope
9 | import LoggerKit
10 |
11 | @available(iOS 13.0, tvOS 13.0, *) open class BasicApplication: LoggerApplication {
| `- error: cannot find type 'LoggerApplication' in scope
12 | public enum SetupState {
13 | case launching
/Users/admin/builder/spi-builder-workspace/Sources/ApplicationExtensions/BasicScene.swift:92:13: error: cannot find 'sceneChannel' in scope
90 |
91 | group.notify(queue: .main) {
92 | sceneChannel.log("Done saving all state.")
| `- error: cannot find 'sceneChannel' in scope
93 | }
94 | }
/Users/admin/builder/spi-builder-workspace/Sources/ApplicationExtensions/BasicScene.swift:97:9: error: 'super' cannot be used in class 'BasicScene' because it has no superclass
95 |
96 | open override func sceneWillResignActive(_ scene: UIScene) {
97 | super.sceneWillResignActive(scene)
| `- error: 'super' cannot be used in class 'BasicScene' because it has no superclass
98 | saveAllState()
99 | }
/Users/admin/builder/spi-builder-workspace/Sources/ApplicationExtensions/BasicScene.swift:102:9: error: 'super' cannot be used in class 'BasicScene' because it has no superclass
100 |
101 | open override func sceneDidDisconnect(_ scene: UIScene) {
102 | super.sceneDidDisconnect(scene)
| `- error: 'super' cannot be used in class 'BasicScene' because it has no superclass
103 | saveAllState()
104 | }
/Users/admin/builder/spi-builder-workspace/Sources/ApplicationExtensions/BasicScene.swift:107:9: error: 'super' cannot be used in class 'BasicScene' because it has no superclass
105 |
106 | open override func sceneWillEnterForeground(_ scene: UIScene) {
107 | super.sceneWillEnterForeground(scene)
| `- error: 'super' cannot be used in class 'BasicScene' because it has no superclass
108 | if isConnected {
109 | refreshAllState()
Failed frontend command:
/Applications/Xcode-27.0.0-Release.Candidate.app/Contents/Developer/Toolchains/XcodeDefault.xctoolchain/usr/bin/swift-frontend -frontend -c /Users/admin/builder/spi-builder-workspace/Sources/ApplicationExtensions/ApplicationExtensions.swift /Users/admin/builder/spi-builder-workspace/Sources/ApplicationExtensions/BasicApplication.swift -primary-file /Users/admin/builder/spi-builder-workspace/Sources/ApplicationExtensions/BasicScene.swift /Users/admin/builder/spi-builder-workspace/Sources/ApplicationExtensions/DispatchQueue+Extensions.swift /Users/admin/builder/spi-builder-workspace/Sources/ApplicationExtensions/DocumentExtensions.swift /Users/admin/builder/spi-builder-workspace/Sources/ApplicationExtensions/StateWatcher.swift -emit-dependencies-path /Users/admin/builder/spi-builder-workspace/.derivedData/Build/Intermediates.noindex/ApplicationExtensions.build/Debug-watchos/ApplicationExtensions-t.build/Objects-normal/arm64/BasicScene.d -emit-const-values-path /Users/admin/builder/spi-builder-workspace/.derivedData/Build/Intermediates.noindex/ApplicationExtensions.build/Debug-watchos/ApplicationExtensions-t.build/Objects-normal/arm64/BasicScene.swiftconstvalues -emit-reference-dependencies-path /Users/admin/builder/spi-builder-workspace/.derivedData/Build/Intermediates.noindex/ApplicationExtensions.build/Debug-watchos/ApplicationExtensions-t.build/Objects-normal/arm64/BasicScene.swiftdeps -serialize-diagnostics-path /Users/admin/builder/spi-builder-workspace/.derivedData/Build/Intermediates.noindex/ApplicationExtensions.build/Debug-watchos/ApplicationExtensions-t.build/Objects-normal/arm64/BasicScene.dia -target arm64-apple-watchos9.0 -module-can-import-version UIKit 9127.0.84.1 9127.0.84 -disable-cross-import-overlay-search -load-resolved-plugin /Applications/Xcode-27.0.0-Release.Candidate.app/Contents/Developer/Platforms/WatchOS.platform/Developer/usr/lib/swift/host/plugins/libFoundationMacros.dylib\#/Applications/Xcode-27.0.0-Release.Candidate.app/Contents/Developer/Platforms/WatchOS.platform/Developer/usr/bin/swift-plugin-server\#FoundationMacros -load-resolved-plugin /Applications/Xcode-27.0.0-Release.Candidate.app/Contents/Developer/Platforms/WatchOS.platform/Developer/usr/lib/swift/host/plugins/libObservationMacros.dylib\#/Applications/Xcode-27.0.0-Release.Candidate.app/Contents/Developer/Platforms/WatchOS.platform/Developer/usr/bin/swift-plugin-server\#ObservationMacros -load-resolved-plugin /Applications/Xcode-27.0.0-Release.Candidate.app/Contents/Developer/Platforms/WatchOS.platform/Developer/usr/lib/swift/host/plugins/libSwiftMacros.dylib\#/Applications/Xcode-27.0.0-Release.Candidate.app/Contents/Developer/Platforms/WatchOS.platform/Developer/usr/bin/swift-plugin-server\#SwiftMacros -load-resolved-plugin /Applications/Xcode-27.0.0-Release.Candidate.app/Contents/Developer/Platforms/WatchOS.platform/Developer/usr/lib/swift/host/plugins/libSwiftUIMacros.dylib\#/Applications/Xcode-27.0.0-Release.Candidate.app/Contents/Developer/Platforms/WatchOS.platform/Developer/usr/bin/swift-plugin-server\#SwiftUIMacros -disable-implicit-swift-modules -Xcc -fno-implicit-modules -Xcc -fno-implicit-module-maps -explicit-swift-module-map-file /Users/admin/builder/spi-builder-workspace/.derivedData/Build/Intermediates.noindex/ApplicationExtensions.build/Debug-watchos/ApplicationExtensions-t.build/Objects-normal/arm64/ApplicationExtensions-dependencies-1.json -Xllvm -aarch64-use-tbi -enable-objc-interop -stack-check -sdk /Applications/Xcode-27.0.0-Release.Candidate.app/Contents/Developer/Platforms/WatchOS.platform/Developer/SDKs/WatchOS27.0.sdk -I /Users/admin/builder/spi-builder-workspace/.derivedData/Build/Products/Debug-watchos -Isystem /Applications/Xcode-27.0.0-Release.Candidate.app/Contents/Developer/Platforms/WatchOS.platform/Developer/usr/lib -F /Users/admin/builder/spi-builder-workspace/.derivedData/Build/Products/Debug-watchos/PackageFrameworks -F /Users/admin/builder/spi-builder-workspace/.derivedData/Build/Products/Debug-watchos -F /Applications/Xcode-27.0.0-Release.Candidate.app/Contents/Developer/Platforms/WatchOS.platform/Developer/Library/Frameworks -F /Applications/Xcode-27.0.0-Release.Candidate.app/Contents/Developer/Platforms/WatchOS.platform/Developer/SDKs/WatchOS27.0.sdk/Developer/Library/Frameworks -module-cache-path /Users/admin/builder/spi-builder-workspace/.derivedData/Build/Intermediates.noindex/SwiftExplicitPrecompiledModules -no-color-diagnostics -Xcc -fno-color-diagnostics -enable-testing -g -debug-info-format\=dwarf -dwarf-version\=4 -swift-version 5 -Onone -D SWIFT_PACKAGE -D DEBUG -D SWIFT_MODULE_RESOURCE_BUNDLE_UNAVAILABLE -D Xcode -serialize-debugging-options -enable-experimental-feature DebugDescriptionMacro -empty-abi-descriptor -validate-clang-modules-once -clang-build-session-file /Users/admin/builder/spi-builder-workspace/.derivedData/ModuleCache.noindex/Session.modulevalidation -Xcc -working-directory -Xcc /Users/admin/builder/spi-builder-workspace/.swiftpm/xcode -enable-anonymous-context-mangled-names -file-compilation-dir /Users/admin/builder/spi-builder-workspace/.swiftpm/xcode -Xcc -D_LIBCPP_HARDENING_MODE\=_LIBCPP_HARDENING_MODE_DEBUG -Xcc -ivfsstatcache -Xcc /Users/admin/builder/spi-builder-workspace/.derivedData/SDKStatCaches.noindex/watchos27.0-24R360-e829b21a6f8c9b70876ba0858053c04477534ef55a1706bf4c1112bbb242f0a2.sdkstatcache -Xcc -fmodules-prune-interval\=86400 -Xcc -fmodules-prune-after\=345600 -Xcc -I/Users/admin/builder/spi-builder-workspace/.derivedData/Build/Products/Debug-watchos/include -Xcc -I/Users/admin/builder/spi-builder-workspace/.derivedData/Build/Intermediates.noindex/ApplicationExtensions.build/Debug-watchos/ApplicationExtensions-t.build/DerivedSources-normal/arm64 -Xcc -I/Users/admin/builder/spi-builder-workspace/.derivedData/Build/Intermediates.noindex/ApplicationExtensions.build/Debug-watchos/ApplicationExtensions-t.build/DerivedSources/arm64 -Xcc -I/Users/admin/builder/spi-builder-workspace/.derivedData/Build/Intermediates.noindex/ApplicationExtensions.build/Debug-watchos/ApplicationExtensions-t.build/DerivedSources -Xcc -DSWIFT_PACKAGE -Xcc -DDEBUG\=1 -no-auto-bridging-header-chaining -module-name ApplicationExtensions -const-gather-protocols-file /Users/admin/builder/spi-builder-workspace/.derivedData/Build/Intermediates.noindex/ApplicationExtensions.build/Debug-watchos/ApplicationExtensions-t.build/Objects-normal/arm64/ApplicationExtensions_const_extract_protocols.json -disable-clang-spi -clang-target arm64-apple-watchos27.0 -target-sdk-version 27.0 -target-sdk-name watchos27.0 -in-process-plugin-server-path /Applications/Xcode-27.0.0-Release.Candidate.app/Contents/Developer/Toolchains/XcodeDefault.xctoolchain/usr/lib/swift/host/libSwiftInProcPluginServer.dylib -parse-as-library -o /Users/admin/builder/spi-builder-workspace/.derivedData/Build/Intermediates.noindex/ApplicationExtensions.build/Debug-watchos/ApplicationExtensions-t.build/Objects-normal/arm64/BasicScene.o -debug-module-path /Users/admin/builder/spi-builder-workspace/.derivedData/Build/Intermediates.noindex/ApplicationExtensions.build/Debug-watchos/ApplicationExtensions-t.build/Objects-normal/arm64/ApplicationExtensions.swiftmodule -index-unit-output-path /ApplicationExtensions.build/Debug-watchos/ApplicationExtensions-t.build/Objects-normal/arm64/BasicScene.o -index-store-path /Users/admin/builder/spi-builder-workspace/.derivedData/Index.noindex/DataStore -index-system-modules
SwiftCompile normal arm64 /Users/admin/builder/spi-builder-workspace/Sources/ApplicationExtensions/BasicScene.swift (in target 'ApplicationExtensions' from project 'ApplicationExtensions')
cd /Users/admin/builder/spi-builder-workspace/.swiftpm/xcode
builtin-SwiftPerFileCompile BasicScene.swift
SwiftCompile normal arm64 Compiling\ DocumentExtensions.swift /Users/admin/builder/spi-builder-workspace/Sources/ApplicationExtensions/DocumentExtensions.swift (in target 'ApplicationExtensions' from project 'ApplicationExtensions')
SwiftCompile normal arm64 /Users/admin/builder/spi-builder-workspace/Sources/ApplicationExtensions/DocumentExtensions.swift (in target 'ApplicationExtensions' from project 'ApplicationExtensions')
cd /Users/admin/builder/spi-builder-workspace/.swiftpm/xcode
builtin-SwiftPerFileCompile DocumentExtensions.swift
/Users/admin/builder/spi-builder-workspace/Sources/ApplicationExtensions/DocumentExtensions.swift:15:114: error: cannot find type 'UIDocumentBrowserViewController' in scope
13 | /// - pathExtension: extension to save the new document with
14 | /// - importHandler: document browser import handler to pass the new document's location
15 | class func createForDocumentBrowser(withPathExtension pathExtension: String, importHandler: @escaping (URL?, UIDocumentBrowserViewController.ImportMode) -> Void) {
| `- error: cannot find type 'UIDocumentBrowserViewController' in scope
16 | let url = UIApplication.newDocumentURL(withPathExtension: pathExtension)
17 | let document = Self.init(fileURL: url)
/Applications/Xcode-27.0.0-Release.Candidate.app/Contents/Developer/Platforms/WatchOS.platform/Developer/SDKs/WatchOS27.0.sdk/System/Library/Frameworks/UIKit.framework/Headers/UIDocumentViewControllerLaunchOptions.h:16:1: note: interface 'UIDocumentBrowserViewController' forward declared here
14 | NS_HEADER_AUDIT_BEGIN(nullability, sendability)
15 |
16 | @class UIDocumentBrowserViewController;
| `- note: interface 'UIDocumentBrowserViewController' forward declared here
17 |
18 | UIKIT_EXTERN API_AVAILABLE(ios(18.0)) API_UNAVAILABLE(tvos, watchos) NS_SWIFT_NAME(UIDocumentViewController.LaunchOptions) NS_SWIFT_UI_ACTOR
/Users/admin/builder/spi-builder-workspace/Sources/ApplicationExtensions/DocumentExtensions.swift:9:18: error: 'UIDocument' is unavailable in watchOS
7 | import UIKit
8 |
9 | public extension UIDocument {
| `- error: 'UIDocument' is unavailable in watchOS
10 |
11 | /// Create and save an instance for the UIDocumentBrowser to use as a new document.
/Applications/Xcode-27.0.0-Release.Candidate.app/Contents/Developer/Platforms/WatchOS.platform/Developer/SDKs/WatchOS27.0.sdk/System/Library/Frameworks/UIKit.framework/Headers/UIDocument.h:52:12: note: 'UIDocument' has been explicitly marked unavailable here
50 |
51 | UIKIT_EXTERN API_AVAILABLE(ios(5.0)) API_UNAVAILABLE(tvos, watchos) NS_SWIFT_NONISOLATED
52 | @interface UIDocument : NSObject <NSFilePresenter, NSProgressReporting>
| `- note: 'UIDocument' has been explicitly marked unavailable here
53 |
54 | #pragma mark *** Initialization ***
/Users/admin/builder/spi-builder-workspace/Sources/ApplicationExtensions/DocumentExtensions.swift:61:46: error: 'UIDocument' is unavailable in watchOS
59 | /// Populate the new document with the content that's being exported.
60 | /// - Parameter document: the document to populate
61 | func prepareExport(forDocument document: UIDocument)
| `- error: 'UIDocument' is unavailable in watchOS
62 |
63 | /// Display an error indicating that the export document failed to save.
/Applications/Xcode-27.0.0-Release.Candidate.app/Contents/Developer/Platforms/WatchOS.platform/Developer/SDKs/WatchOS27.0.sdk/System/Library/Frameworks/UIKit.framework/Headers/UIDocument.h:52:12: note: 'UIDocument' has been explicitly marked unavailable here
50 |
51 | UIKIT_EXTERN API_AVAILABLE(ios(5.0)) API_UNAVAILABLE(tvos, watchos) NS_SWIFT_NONISOLATED
52 | @interface UIDocument : NSObject <NSFilePresenter, NSProgressReporting>
| `- note: 'UIDocument' has been explicitly marked unavailable here
53 |
54 | #pragma mark *** Initialization ***
/Users/admin/builder/spi-builder-workspace/Sources/ApplicationExtensions/DocumentExtensions.swift:65:47: error: 'UIDocument' is unavailable in watchOS
63 | /// Display an error indicating that the export document failed to save.
64 | /// - Parameter document: the document that failed
65 | func presentFailure(forDocument document: UIDocument)
| `- error: 'UIDocument' is unavailable in watchOS
66 |
67 | /// Display a document picker for the user to choose the final destination of an export.
/Applications/Xcode-27.0.0-Release.Candidate.app/Contents/Developer/Platforms/WatchOS.platform/Developer/SDKs/WatchOS27.0.sdk/System/Library/Frameworks/UIKit.framework/Headers/UIDocument.h:52:12: note: 'UIDocument' has been explicitly marked unavailable here
50 |
51 | UIKIT_EXTERN API_AVAILABLE(ios(5.0)) API_UNAVAILABLE(tvos, watchos) NS_SWIFT_NONISOLATED
52 | @interface UIDocument : NSObject <NSFilePresenter, NSProgressReporting>
| `- note: 'UIDocument' has been explicitly marked unavailable here
53 |
54 | #pragma mark *** Initialization ***
/Users/admin/builder/spi-builder-workspace/Sources/ApplicationExtensions/DocumentExtensions.swift:71:34: error: 'UIDocumentPickerViewController' is unavailable in watchOS
69 | /// - document: the document being exported
70 | /// - picker: the picker to display
71 | func presentPicker(_ picker: UIDocumentPickerViewController, forDocument document: UIDocument)
| `- error: 'UIDocumentPickerViewController' is unavailable in watchOS
72 | }
73 | #endif
/Applications/Xcode-27.0.0-Release.Candidate.app/Contents/Developer/Platforms/WatchOS.platform/Developer/SDKs/WatchOS27.0.sdk/System/Library/Frameworks/UIKit.framework/Headers/UIDocumentPickerViewController.h:38:12: note: 'UIDocumentPickerViewController' has been explicitly marked unavailable here
36 |
37 | UIKIT_EXTERN API_AVAILABLE(ios(8.0)) API_UNAVAILABLE(tvos, watchos) NS_SWIFT_UI_ACTOR
38 | @interface UIDocumentPickerViewController : UIViewController
| `- note: 'UIDocumentPickerViewController' has been explicitly marked unavailable here
39 |
40 | // Initializes the picker instance for selecting a document in a remote location. The valid modes are Import and Open.
/Users/admin/builder/spi-builder-workspace/Sources/ApplicationExtensions/DocumentExtensions.swift:71:88: error: 'UIDocument' is unavailable in watchOS
69 | /// - document: the document being exported
70 | /// - picker: the picker to display
71 | func presentPicker(_ picker: UIDocumentPickerViewController, forDocument document: UIDocument)
| `- error: 'UIDocument' is unavailable in watchOS
72 | }
73 | #endif
/Applications/Xcode-27.0.0-Release.Candidate.app/Contents/Developer/Platforms/WatchOS.platform/Developer/SDKs/WatchOS27.0.sdk/System/Library/Frameworks/UIKit.framework/Headers/UIDocument.h:52:12: note: 'UIDocument' has been explicitly marked unavailable here
50 |
51 | UIKIT_EXTERN API_AVAILABLE(ios(5.0)) API_UNAVAILABLE(tvos, watchos) NS_SWIFT_NONISOLATED
52 | @interface UIDocument : NSObject <NSFilePresenter, NSProgressReporting>
| `- note: 'UIDocument' has been explicitly marked unavailable here
53 |
54 | #pragma mark *** Initialization ***
/Users/admin/builder/spi-builder-workspace/Sources/ApplicationExtensions/DocumentExtensions.swift:58:40: error: 'UIDocumentPickerDelegate' is unavailable in watchOS
56 | /// Document export helper.
57 | /// An instance of this protocol is supplied to `createForExport` to assist with the export process.
58 | public protocol DocumentExportHandler: UIDocumentPickerDelegate {
| `- error: 'UIDocumentPickerDelegate' is unavailable in watchOS
59 | /// Populate the new document with the content that's being exported.
60 | /// - Parameter document: the document to populate
/Applications/Xcode-27.0.0-Release.Candidate.app/Contents/Developer/Platforms/WatchOS.platform/Developer/SDKs/WatchOS27.0.sdk/System/Library/Frameworks/UIKit.framework/Headers/UIDocumentPickerViewController.h:18:11: note: 'UIDocumentPickerDelegate' has been explicitly marked unavailable here
16 |
17 | API_UNAVAILABLE(tvos, watchos) NS_SWIFT_UI_ACTOR
18 | @protocol UIDocumentPickerDelegate <NSObject>
| `- note: 'UIDocumentPickerDelegate' has been explicitly marked unavailable here
19 |
20 | @optional
SwiftCompile normal arm64 Compiling\ DispatchQueue+Extensions.swift /Users/admin/builder/spi-builder-workspace/Sources/ApplicationExtensions/DispatchQueue+Extensions.swift (in target 'ApplicationExtensions' from project 'ApplicationExtensions')
SwiftCompile normal arm64 /Users/admin/builder/spi-builder-workspace/Sources/ApplicationExtensions/DispatchQueue+Extensions.swift (in target 'ApplicationExtensions' from project 'ApplicationExtensions')
cd /Users/admin/builder/spi-builder-workspace/.swiftpm/xcode
builtin-SwiftPerFileCompile DispatchQueue+Extensions.swift
SwiftEmitModule normal arm64 Emitting\ module\ for\ ApplicationExtensions (in target 'ApplicationExtensions' from project 'ApplicationExtensions')
SwiftCompile normal arm64 (in target 'ApplicationExtensions' from project 'ApplicationExtensions')
cd /Users/admin/builder/spi-builder-workspace/.swiftpm/xcode
CreateUniversalBinary /Users/admin/builder/spi-builder-workspace/.derivedData/Build/Products/Debug-watchos/Images.o normal arm64\ arm64_32 (in target 'Images' from project 'Images')
cd /Users/admin/builder/spi-builder-workspace/.dependencies/checkouts/Images
/Applications/Xcode-27.0.0-Release.Candidate.app/Contents/Developer/Toolchains/XcodeDefault.xctoolchain/usr/bin/lipo -create /Users/admin/builder/spi-builder-workspace/.derivedData/Build/Intermediates.noindex/Images.build/Debug-watchos/Images-t.build/Objects-normal/arm64/Binary/Images.o /Users/admin/builder/spi-builder-workspace/.derivedData/Build/Intermediates.noindex/Images.build/Debug-watchos/Images-t.build/Objects-normal/arm64_32/Binary/Images.o -output /Users/admin/builder/spi-builder-workspace/.derivedData/Build/Products/Debug-watchos/Images.o
SwiftEmitModule normal arm64_32 Emitting\ module\ for\ ApplicationExtensions (in target 'ApplicationExtensions' from project 'ApplicationExtensions')
SwiftCompile normal arm64_32 (in target 'ApplicationExtensions' from project 'ApplicationExtensions')
cd /Users/admin/builder/spi-builder-workspace/.swiftpm/xcode
SwiftCompile normal arm64_32 Compiling\ BasicApplication.swift /Users/admin/builder/spi-builder-workspace/Sources/ApplicationExtensions/BasicApplication.swift (in target 'ApplicationExtensions' from project 'ApplicationExtensions')
SwiftCompile normal arm64_32 /Users/admin/builder/spi-builder-workspace/Sources/ApplicationExtensions/BasicApplication.swift (in target 'ApplicationExtensions' from project 'ApplicationExtensions')
cd /Users/admin/builder/spi-builder-workspace/.swiftpm/xcode
builtin-SwiftPerFileCompile BasicApplication.swift
SwiftCompile normal arm64_32 Compiling\ DocumentExtensions.swift /Users/admin/builder/spi-builder-workspace/Sources/ApplicationExtensions/DocumentExtensions.swift (in target 'ApplicationExtensions' from project 'ApplicationExtensions')
/Users/admin/builder/spi-builder-workspace/Sources/ApplicationExtensions/DocumentExtensions.swift:15:114: error: cannot find type 'UIDocumentBrowserViewController' in scope
13 | /// - pathExtension: extension to save the new document with
14 | /// - importHandler: document browser import handler to pass the new document's location
15 | class func createForDocumentBrowser(withPathExtension pathExtension: String, importHandler: @escaping (URL?, UIDocumentBrowserViewController.ImportMode) -> Void) {
| `- error: cannot find type 'UIDocumentBrowserViewController' in scope
16 | let url = UIApplication.newDocumentURL(withPathExtension: pathExtension)
17 | let document = Self.init(fileURL: url)
/Applications/Xcode-27.0.0-Release.Candidate.app/Contents/Developer/Platforms/WatchOS.platform/Developer/SDKs/WatchOS27.0.sdk/System/Library/Frameworks/UIKit.framework/Headers/UIDocumentViewControllerLaunchOptions.h:16:1: note: interface 'UIDocumentBrowserViewController' forward declared here
14 | NS_HEADER_AUDIT_BEGIN(nullability, sendability)
15 |
16 | @class UIDocumentBrowserViewController;
| `- note: interface 'UIDocumentBrowserViewController' forward declared here
17 |
18 | UIKIT_EXTERN API_AVAILABLE(ios(18.0)) API_UNAVAILABLE(tvos, watchos) NS_SWIFT_NAME(UIDocumentViewController.LaunchOptions) NS_SWIFT_UI_ACTOR
/Users/admin/builder/spi-builder-workspace/Sources/ApplicationExtensions/DocumentExtensions.swift:9:18: error: 'UIDocument' is unavailable in watchOS
7 | import UIKit
8 |
9 | public extension UIDocument {
| `- error: 'UIDocument' is unavailable in watchOS
10 |
11 | /// Create and save an instance for the UIDocumentBrowser to use as a new document.
/Applications/Xcode-27.0.0-Release.Candidate.app/Contents/Developer/Platforms/WatchOS.platform/Developer/SDKs/WatchOS27.0.sdk/System/Library/Frameworks/UIKit.framework/Headers/UIDocument.h:52:12: note: 'UIDocument' has been explicitly marked unavailable here
50 |
51 | UIKIT_EXTERN API_AVAILABLE(ios(5.0)) API_UNAVAILABLE(tvos, watchos) NS_SWIFT_NONISOLATED
52 | @interface UIDocument : NSObject <NSFilePresenter, NSProgressReporting>
| `- note: 'UIDocument' has been explicitly marked unavailable here
53 |
54 | #pragma mark *** Initialization ***
/Users/admin/builder/spi-builder-workspace/Sources/ApplicationExtensions/DocumentExtensions.swift:61:46: error: 'UIDocument' is unavailable in watchOS
59 | /// Populate the new document with the content that's being exported.
60 | /// - Parameter document: the document to populate
61 | func prepareExport(forDocument document: UIDocument)
| `- error: 'UIDocument' is unavailable in watchOS
62 |
63 | /// Display an error indicating that the export document failed to save.
/Applications/Xcode-27.0.0-Release.Candidate.app/Contents/Developer/Platforms/WatchOS.platform/Developer/SDKs/WatchOS27.0.sdk/System/Library/Frameworks/UIKit.framework/Headers/UIDocument.h:52:12: note: 'UIDocument' has been explicitly marked unavailable here
50 |
51 | UIKIT_EXTERN API_AVAILABLE(ios(5.0)) API_UNAVAILABLE(tvos, watchos) NS_SWIFT_NONISOLATED
52 | @interface UIDocument : NSObject <NSFilePresenter, NSProgressReporting>
| `- note: 'UIDocument' has been explicitly marked unavailable here
53 |
54 | #pragma mark *** Initialization ***
/Users/admin/builder/spi-builder-workspace/Sources/ApplicationExtensions/DocumentExtensions.swift:65:47: error: 'UIDocument' is unavailable in watchOS
63 | /// Display an error indicating that the export document failed to save.
64 | /// - Parameter document: the document that failed
65 | func presentFailure(forDocument document: UIDocument)
| `- error: 'UIDocument' is unavailable in watchOS
66 |
67 | /// Display a document picker for the user to choose the final destination of an export.
/Applications/Xcode-27.0.0-Release.Candidate.app/Contents/Developer/Platforms/WatchOS.platform/Developer/SDKs/WatchOS27.0.sdk/System/Library/Frameworks/UIKit.framework/Headers/UIDocument.h:52:12: note: 'UIDocument' has been explicitly marked unavailable here
50 |
51 | UIKIT_EXTERN API_AVAILABLE(ios(5.0)) API_UNAVAILABLE(tvos, watchos) NS_SWIFT_NONISOLATED
52 | @interface UIDocument : NSObject <NSFilePresenter, NSProgressReporting>
| `- note: 'UIDocument' has been explicitly marked unavailable here
53 |
54 | #pragma mark *** Initialization ***
/Users/admin/builder/spi-builder-workspace/Sources/ApplicationExtensions/DocumentExtensions.swift:71:34: error: 'UIDocumentPickerViewController' is unavailable in watchOS
69 | /// - document: the document being exported
70 | /// - picker: the picker to display
71 | func presentPicker(_ picker: UIDocumentPickerViewController, forDocument document: UIDocument)
| `- error: 'UIDocumentPickerViewController' is unavailable in watchOS
72 | }
73 | #endif
/Applications/Xcode-27.0.0-Release.Candidate.app/Contents/Developer/Platforms/WatchOS.platform/Developer/SDKs/WatchOS27.0.sdk/System/Library/Frameworks/UIKit.framework/Headers/UIDocumentPickerViewController.h:38:12: note: 'UIDocumentPickerViewController' has been explicitly marked unavailable here
36 |
37 | UIKIT_EXTERN API_AVAILABLE(ios(8.0)) API_UNAVAILABLE(tvos, watchos) NS_SWIFT_UI_ACTOR
38 | @interface UIDocumentPickerViewController : UIViewController
| `- note: 'UIDocumentPickerViewController' has been explicitly marked unavailable here
39 |
40 | // Initializes the picker instance for selecting a document in a remote location. The valid modes are Import and Open.
/Users/admin/builder/spi-builder-workspace/Sources/ApplicationExtensions/DocumentExtensions.swift:71:88: error: 'UIDocument' is unavailable in watchOS
69 | /// - document: the document being exported
70 | /// - picker: the picker to display
71 | func presentPicker(_ picker: UIDocumentPickerViewController, forDocument document: UIDocument)
| `- error: 'UIDocument' is unavailable in watchOS
72 | }
73 | #endif
/Applications/Xcode-27.0.0-Release.Candidate.app/Contents/Developer/Platforms/WatchOS.platform/Developer/SDKs/WatchOS27.0.sdk/System/Library/Frameworks/UIKit.framework/Headers/UIDocument.h:52:12: note: 'UIDocument' has been explicitly marked unavailable here
50 |
51 | UIKIT_EXTERN API_AVAILABLE(ios(5.0)) API_UNAVAILABLE(tvos, watchos) NS_SWIFT_NONISOLATED
52 | @interface UIDocument : NSObject <NSFilePresenter, NSProgressReporting>
| `- note: 'UIDocument' has been explicitly marked unavailable here
53 |
54 | #pragma mark *** Initialization ***
/Users/admin/builder/spi-builder-workspace/Sources/ApplicationExtensions/DocumentExtensions.swift:58:40: error: 'UIDocumentPickerDelegate' is unavailable in watchOS
56 | /// Document export helper.
57 | /// An instance of this protocol is supplied to `createForExport` to assist with the export process.
58 | public protocol DocumentExportHandler: UIDocumentPickerDelegate {
| `- error: 'UIDocumentPickerDelegate' is unavailable in watchOS
59 | /// Populate the new document with the content that's being exported.
60 | /// - Parameter document: the document to populate
/Applications/Xcode-27.0.0-Release.Candidate.app/Contents/Developer/Platforms/WatchOS.platform/Developer/SDKs/WatchOS27.0.sdk/System/Library/Frameworks/UIKit.framework/Headers/UIDocumentPickerViewController.h:18:11: note: 'UIDocumentPickerDelegate' has been explicitly marked unavailable here
16 |
17 | API_UNAVAILABLE(tvos, watchos) NS_SWIFT_UI_ACTOR
18 | @protocol UIDocumentPickerDelegate <NSObject>
| `- note: 'UIDocumentPickerDelegate' has been explicitly marked unavailable here
19 |
20 | @optional
SwiftCompile normal arm64_32 /Users/admin/builder/spi-builder-workspace/Sources/ApplicationExtensions/DocumentExtensions.swift (in target 'ApplicationExtensions' from project 'ApplicationExtensions')
cd /Users/admin/builder/spi-builder-workspace/.swiftpm/xcode
builtin-SwiftPerFileCompile DocumentExtensions.swift
PruneExplicitPrecompiledModules /Users/admin/builder/spi-builder-workspace/.derivedData/SDKExplicitPrecompiledModules
PruneExplicitPrecompiledModules /Users/admin/builder/spi-builder-workspace/.derivedData/Build/Intermediates.noindex/SwiftExplicitPrecompiledModules
PruneExplicitPrecompiledModules /Users/admin/builder/spi-builder-workspace/.derivedData/Build/Intermediates.noindex/ExplicitPrecompiledModules
2026-09-17 10:56:49.979 xcodebuild[1028:5791] [MT] IDERunDestination: Supported platforms for the buildables in the current scheme is empty.
2026-09-17 10:56:50.084 xcodebuild[1028:5791] [MT] IDERunDestination: Supported platforms for the buildables in the current scheme is empty.
** BUILD FAILED **
The following build commands failed:
SwiftCompile normal arm64 Compiling\ BasicScene.swift /Users/admin/builder/spi-builder-workspace/Sources/ApplicationExtensions/BasicScene.swift (in target 'ApplicationExtensions' from project 'ApplicationExtensions')
SwiftCompile normal arm64 /Users/admin/builder/spi-builder-workspace/Sources/ApplicationExtensions/BasicScene.swift (in target 'ApplicationExtensions' from project 'ApplicationExtensions')
Building workspace ApplicationExtensions with scheme ApplicationExtensions
(3 failures)
Command line invocation:
/Applications/Xcode-27.0.0-Release.Candidate.app/Contents/Developer/usr/bin/xcodebuild -IDEClonedSourcePackagesDirPathOverride=/Users/admin/builder/spi-builder-workspace/.dependencies -resolvePackageDependencies
Resolve Package Graph
Resolved source packages:
Coercion: https://github.com/elegantchaos/Coercion.git @ 1.1.3
Files: https://github.com/elegantchaos/Files.git @ 1.2.2
Logger: https://github.com/elegantchaos/Logger.git @ 1.8.2
ThreadExtensions: https://github.com/elegantchaos/ThreadExtensions.git @ 1.0.1
Matchable: https://github.com/elegantchaos/Matchable.git @ 1.0.7
ApplicationExtensions: /Users/admin/builder/spi-builder-workspace
Bundles: https://github.com/elegantchaos/Bundles.git @ 1.0.10
Images: https://github.com/elegantchaos/Images.git @ 1.1.6
SemanticVersion: https://github.com/elegantchaos/SemanticVersion.git @ 1.1.0
XCTestExtensions: https://github.com/elegantchaos/XCTestExtensions @ 1.5.1
CollectionExtensions: https://github.com/elegantchaos/CollectionExtensions.git @ 1.0.2
resolved source packages: Coercion, Files, Logger, ThreadExtensions, Matchable, ApplicationExtensions, Bundles, Images, SemanticVersion, XCTestExtensions, CollectionExtensions
2026-09-17 10:57:06.025 xcodebuild[1408:8011] [MT] IDERunDestination: Supported platforms for the buildables in the current scheme is empty.
2026-09-17 10:57:06.126 xcodebuild[1408:8011] [MT] IDERunDestination: Supported platforms for the buildables in the current scheme is empty.
{
"dependencies" : [
{
"identity" : "bundles",
"requirement" : {
"range" : [
{
"lower_bound" : "1.0.6",
"upper_bound" : "2.0.0"
}
]
},
"type" : "sourceControl",
"url" : "https://github.com/elegantchaos/Bundles.git"
},
{
"identity" : "collectionextensions",
"requirement" : {
"range" : [
{
"lower_bound" : "1.0.2",
"upper_bound" : "2.0.0"
}
]
},
"type" : "sourceControl",
"url" : "https://github.com/elegantchaos/CollectionExtensions.git"
},
{
"identity" : "logger",
"requirement" : {
"range" : [
{
"lower_bound" : "1.5.7",
"upper_bound" : "2.0.0"
}
]
},
"type" : "sourceControl",
"url" : "https://github.com/elegantchaos/Logger.git"
}
],
"manifest_display_name" : "ApplicationExtensions",
"name" : "ApplicationExtensions",
"path" : "/Users/admin/builder/spi-builder-workspace",
"platforms" : [
{
"name" : "macos",
"version" : "10.13"
},
{
"name" : "ios",
"version" : "13.0"
},
{
"name" : "tvos",
"version" : "13.0"
}
],
"products" : [
{
"name" : "ApplicationExtensions",
"targets" : [
"ApplicationExtensions"
],
"type" : {
"library" : [
"automatic"
]
}
}
],
"targets" : [
{
"c99name" : "ApplicationExtensionsTests",
"module_type" : "SwiftTarget",
"name" : "ApplicationExtensionsTests",
"path" : "Tests/ApplicationExtensionsTests",
"sources" : [
"ApplicationExtensionsTests.swift",
"XCTestManifests.swift"
],
"target_dependencies" : [
"ApplicationExtensions"
],
"type" : "test"
},
{
"c99name" : "ApplicationExtensions",
"module_type" : "SwiftTarget",
"name" : "ApplicationExtensions",
"path" : "Sources/ApplicationExtensions",
"product_dependencies" : [
"Bundles",
"LoggerKit",
"CollectionExtensions"
],
"product_memberships" : [
"ApplicationExtensions"
],
"sources" : [
"ApplicationExtensions.swift",
"BasicApplication.swift",
"BasicScene.swift",
"DispatchQueue+Extensions.swift",
"DocumentExtensions.swift",
"StateWatcher.swift"
],
"type" : "library"
}
],
"tools_version" : "5.1"
}
{
"workspace" : {
"name" : "ApplicationExtensions",
"schemes" : [
"ApplicationExtensions",
"Bundles",
"Coercion",
"CollectionExtensions",
"Files",
"Files-Package",
"FilesKit",
"Images",
"Logger",
"Logger-Package",
"LoggerKit",
"LoggerTestSupport",
"Matchable",
"SemanticVersion",
"ThreadExtensions",
"XCTestExtensions"
]
}
}
2026-09-17 10:57:07.334 xcodebuild[1416:8077] [MT] IDERunDestination: Supported platforms for the buildables in the current scheme is empty.
2026-09-17 10:57:07.435 xcodebuild[1416:8077] [MT] IDERunDestination: Supported platforms for the buildables in the current scheme is empty.
{
"workspace" : {
"name" : "ApplicationExtensions",
"schemes" : [
"ApplicationExtensions",
"Bundles",
"Coercion",
"CollectionExtensions",
"Files",
"Files-Package",
"FilesKit",
"Images",
"Logger",
"Logger-Package",
"LoggerKit",
"LoggerTestSupport",
"Matchable",
"SemanticVersion",
"ThreadExtensions",
"XCTestExtensions"
]
}
}
2026-09-17 10:57:08.384 xcodebuild[1418:8107] [MT] IDERunDestination: Supported platforms for the buildables in the current scheme is empty.
2026-09-17 10:57:08.485 xcodebuild[1418:8107] [MT] IDERunDestination: Supported platforms for the buildables in the current scheme is empty.
Running build ...
env DEVELOPER_DIR=/Applications/Xcode-27.0.0-Release.Candidate.app xcrun xcodebuild -IDEClonedSourcePackagesDirPathOverride=$PWD/.dependencies -skipMacroValidation -skipPackagePluginValidation -derivedDataPath $PWD/.derivedData build -scheme ApplicationExtensions -destination generic/platform=watchOS
Command line invocation:
/Applications/Xcode-27.0.0-Release.Candidate.app/Contents/Developer/usr/bin/xcodebuild -IDEClonedSourcePackagesDirPathOverride=/Users/admin/builder/spi-builder-workspace/.dependencies -skipMacroValidation -skipPackagePluginValidation -derivedDataPath /Users/admin/builder/spi-builder-workspace/.derivedData build -scheme ApplicationExtensions -destination generic/platform=watchOS
Resolve Package Graph
Resolved source packages:
Bundles: https://github.com/elegantchaos/Bundles.git @ 1.0.10
Coercion: https://github.com/elegantchaos/Coercion.git @ 1.1.3
ApplicationExtensions: /Users/admin/builder/spi-builder-workspace
CollectionExtensions: https://github.com/elegantchaos/CollectionExtensions.git @ 1.0.2
Logger: https://github.com/elegantchaos/Logger.git @ 1.8.2
SemanticVersion: https://github.com/elegantchaos/SemanticVersion.git @ 1.1.0
Files: https://github.com/elegantchaos/Files.git @ 1.2.2
Matchable: https://github.com/elegantchaos/Matchable.git @ 1.0.7
Images: https://github.com/elegantchaos/Images.git @ 1.1.6
ThreadExtensions: https://github.com/elegantchaos/ThreadExtensions.git @ 1.0.1
XCTestExtensions: https://github.com/elegantchaos/XCTestExtensions @ 1.5.1
ComputePackagePrebuildTargetDependencyGraph
Prepare packages
CreateBuildRequest
SendProjectDescription
CreateBuildOperation
ComputeTargetDependencyGraph
note: Building targets in dependency order
note: Target dependency graph (20 targets)
Target 'ApplicationExtensions-product' in project 'ApplicationExtensions'
➜ Explicit dependency on target 'ApplicationExtensions' in project 'ApplicationExtensions'
➜ Explicit dependency on target 'Bundles-product' in project 'Bundles'
➜ Explicit dependency on target 'LoggerKit-product' in project 'Logger'
➜ Explicit dependency on target 'CollectionExtensions-product' in project 'CollectionExtensions'
Target 'ApplicationExtensions' in project 'ApplicationExtensions'
➜ Explicit dependency on target 'Bundles-product' in project 'Bundles'
➜ Explicit dependency on target 'LoggerKit-product' in project 'Logger'
➜ Explicit dependency on target 'CollectionExtensions-product' in project 'CollectionExtensions'
Target 'CollectionExtensions-product' in project 'CollectionExtensions'
➜ Explicit dependency on target 'CollectionExtensions' in project 'CollectionExtensions'
Target 'CollectionExtensions' in project 'CollectionExtensions' (no dependencies)
Target 'LoggerKit-product' in project 'Logger'
➜ Explicit dependency on target 'LoggerKit' in project 'Logger'
➜ Explicit dependency on target 'Logger' in project 'Logger'
Target 'LoggerKit' in project 'Logger'
➜ Explicit dependency on target 'Logger' in project 'Logger'
Target 'Bundles-product' in project 'Bundles'
➜ Explicit dependency on target 'Bundles' in project 'Bundles'
➜ Explicit dependency on target 'Coercion-product' in project 'Coercion'
➜ Explicit dependency on target 'Files-product' in project 'Files'
➜ Explicit dependency on target 'Images-product' in project 'Images'
➜ Explicit dependency on target 'SemanticVersion-product' in project 'SemanticVersion'
Target 'Bundles' in project 'Bundles'
➜ Explicit dependency on target 'Coercion-product' in project 'Coercion'
➜ Explicit dependency on target 'Files-product' in project 'Files'
➜ Explicit dependency on target 'Images-product' in project 'Images'
➜ Explicit dependency on target 'SemanticVersion-product' in project 'SemanticVersion'
Target 'SemanticVersion-product' in project 'SemanticVersion'
➜ Explicit dependency on target 'SemanticVersion' in project 'SemanticVersion'
Target 'SemanticVersion' in project 'SemanticVersion' (no dependencies)
Target 'Images-product' in project 'Images'
➜ Explicit dependency on target 'Images' in project 'Images'
➜ Explicit dependency on target 'Logger-product' in project 'Logger'
➜ Explicit dependency on target 'ThreadExtensions-product' in project 'ThreadExtensions'
Target 'Images' in project 'Images'
➜ Explicit dependency on target 'Logger-product' in project 'Logger'
➜ Explicit dependency on target 'ThreadExtensions-product' in project 'ThreadExtensions'
Target 'ThreadExtensions-product' in project 'ThreadExtensions'
➜ Explicit dependency on target 'ThreadExtensions' in project 'ThreadExtensions'
Target 'ThreadExtensions' in project 'ThreadExtensions' (no dependencies)
Target 'Logger-product' in project 'Logger'
➜ Explicit dependency on target 'Logger' in project 'Logger'
Target 'Logger' in project 'Logger' (no dependencies)
Target 'Files-product' in project 'Files'
➜ Explicit dependency on target 'Files' in project 'Files'
Target 'Files' in project 'Files' (no dependencies)
Target 'Coercion-product' in project 'Coercion'
➜ Explicit dependency on target 'Coercion' in project 'Coercion'
Target 'Coercion' in project 'Coercion' (no dependencies)
GatherProvisioningInputs
CreateBuildDescription
ClangStatCache /Applications/Xcode-27.0.0-Release.Candidate.app/Contents/Developer/Toolchains/XcodeDefault.xctoolchain/usr/bin/clang-stat-cache /Applications/Xcode-27.0.0-Release.Candidate.app/Contents/Developer/Platforms/WatchOS.platform/Developer/SDKs/WatchOS27.0.sdk /Users/admin/builder/spi-builder-workspace/.derivedData/SDKStatCaches.noindex/watchos27.0-24R360-e829b21a6f8c9b70876ba0858053c04477534ef55a1706bf4c1112bbb242f0a2.sdkstatcache
cd /Users/admin/builder/spi-builder-workspace/.swiftpm/xcode
/Applications/Xcode-27.0.0-Release.Candidate.app/Contents/Developer/Toolchains/XcodeDefault.xctoolchain/usr/bin/clang-stat-cache /Applications/Xcode-27.0.0-Release.Candidate.app/Contents/Developer/Platforms/WatchOS.platform/Developer/SDKs/WatchOS27.0.sdk -o /Users/admin/builder/spi-builder-workspace/.derivedData/SDKStatCaches.noindex/watchos27.0-24R360-e829b21a6f8c9b70876ba0858053c04477534ef55a1706bf4c1112bbb242f0a2.sdkstatcache
SwiftDriver ApplicationExtensions normal arm64_32 com.apple.xcode.tools.swift.compiler (in target 'ApplicationExtensions' from project 'ApplicationExtensions')
cd /Users/admin/builder/spi-builder-workspace/.swiftpm/xcode
builtin-SwiftDriver -- /Applications/Xcode-27.0.0-Release.Candidate.app/Contents/Developer/Toolchains/XcodeDefault.xctoolchain/usr/bin/swiftc -parse-as-library -module-name ApplicationExtensions -Onone @/Users/admin/builder/spi-builder-workspace/.derivedData/Build/Intermediates.noindex/ApplicationExtensions.build/Debug-watchos/ApplicationExtensions-t.build/Objects-normal/arm64_32/ApplicationExtensions.SwiftFileList -DSWIFT_PACKAGE -DDEBUG -DSWIFT_MODULE_RESOURCE_BUNDLE_UNAVAILABLE -DXcode -plugin-path /Applications/Xcode-27.0.0-Release.Candidate.app/Contents/Developer/Toolchains/XcodeDefault.xctoolchain/usr/lib/swift/host/plugins/testing -enable-experimental-feature DebugDescriptionMacro -sdk /Applications/Xcode-27.0.0-Release.Candidate.app/Contents/Developer/Platforms/WatchOS.platform/Developer/SDKs/WatchOS27.0.sdk -target arm64_32-apple-watchos9.0 -g -module-cache-path /Users/admin/builder/spi-builder-workspace/.derivedData/ModuleCache.noindex -Xfrontend -serialize-debugging-options -enable-testing -index-store-path /Users/admin/builder/spi-builder-workspace/.derivedData/Index.noindex/DataStore -Xcc -D_LIBCPP_HARDENING_MODE\=_LIBCPP_HARDENING_MODE_DEBUG -swift-version 5 -I /Users/admin/builder/spi-builder-workspace/.derivedData/Build/Products/Debug-watchos -Isystem /Applications/Xcode-27.0.0-Release.Candidate.app/Contents/Developer/Platforms/WatchOS.platform/Developer/usr/lib -F /Users/admin/builder/spi-builder-workspace/.derivedData/Build/Products/Debug-watchos/PackageFrameworks -F /Users/admin/builder/spi-builder-workspace/.derivedData/Build/Products/Debug-watchos -F /Applications/Xcode-27.0.0-Release.Candidate.app/Contents/Developer/Platforms/WatchOS.platform/Developer/Library/Frameworks -F /Applications/Xcode-27.0.0-Release.Candidate.app/Contents/Developer/Platforms/WatchOS.platform/Developer/SDKs/WatchOS27.0.sdk/Developer/Library/Frameworks -c -j10 -enable-batch-mode -incremental -Xcc -ivfsstatcache -Xcc /Users/admin/builder/spi-builder-workspace/.derivedData/SDKStatCaches.noindex/watchos27.0-24R360-e829b21a6f8c9b70876ba0858053c04477534ef55a1706bf4c1112bbb242f0a2.sdkstatcache -output-file-map /Users/admin/builder/spi-builder-workspace/.derivedData/Build/Intermediates.noindex/ApplicationExtensions.build/Debug-watchos/ApplicationExtensions-t.build/Objects-normal/arm64_32/ApplicationExtensions-OutputFileMap.json -save-temps -no-color-diagnostics -explicit-module-build -module-cache-path /Users/admin/builder/spi-builder-workspace/.derivedData/Build/Intermediates.noindex/SwiftExplicitPrecompiledModules -clang-scanner-module-cache-path /Users/admin/builder/spi-builder-workspace/.derivedData/ModuleCache.noindex -sdk-module-cache-path /Users/admin/builder/spi-builder-workspace/.derivedData/SDKExplicitPrecompiledModules -emit-dependencies -emit-module -emit-module-path /Users/admin/builder/spi-builder-workspace/.derivedData/Build/Intermediates.noindex/ApplicationExtensions.build/Debug-watchos/ApplicationExtensions-t.build/Objects-normal/arm64_32/ApplicationExtensions.swiftmodule -serialize-diagnostics -dependency-scan-serialize-diagnostics-path /Users/admin/builder/spi-builder-workspace/.derivedData/Build/Intermediates.noindex/ApplicationExtensions.build/Debug-watchos/ApplicationExtensions-t.build/Objects-normal/arm64_32/ApplicationExtensions-dependency-scan.dia -validate-clang-modules-once -clang-build-session-file /Users/admin/builder/spi-builder-workspace/.derivedData/ModuleCache.noindex/Session.modulevalidation -Xcc -fmodules-prune-interval\=86400 -Xcc -fmodules-prune-after\=345600 -emit-const-values -const-gather-protocols-list /Users/admin/builder/spi-builder-workspace/.derivedData/Build/Intermediates.noindex/ApplicationExtensions.build/Debug-watchos/ApplicationExtensions-t.build/Objects-normal/arm64_32/ApplicationExtensions_const_extract_protocols.json -Xcc -I/Users/admin/builder/spi-builder-workspace/.derivedData/Build/Products/Debug-watchos/include -Xcc -I/Users/admin/builder/spi-builder-workspace/.derivedData/Build/Intermediates.noindex/ApplicationExtensions.build/Debug-watchos/ApplicationExtensions-t.build/DerivedSources-normal/arm64_32 -Xcc -I/Users/admin/builder/spi-builder-workspace/.derivedData/Build/Intermediates.noindex/ApplicationExtensions.build/Debug-watchos/ApplicationExtensions-t.build/DerivedSources/arm64_32 -Xcc -I/Users/admin/builder/spi-builder-workspace/.derivedData/Build/Intermediates.noindex/ApplicationExtensions.build/Debug-watchos/ApplicationExtensions-t.build/DerivedSources -Xcc -DSWIFT_PACKAGE -Xcc -DDEBUG\=1 -emit-objc-header -emit-objc-header-path /Users/admin/builder/spi-builder-workspace/.derivedData/Build/Intermediates.noindex/ApplicationExtensions.build/Debug-watchos/ApplicationExtensions-t.build/Objects-normal/arm64_32/ApplicationExtensions-Swift.h -working-directory /Users/admin/builder/spi-builder-workspace/.swiftpm/xcode -experimental-emit-module-separately -disable-cmo
SwiftDriver ApplicationExtensions normal arm64 com.apple.xcode.tools.swift.compiler (in target 'ApplicationExtensions' from project 'ApplicationExtensions')
cd /Users/admin/builder/spi-builder-workspace/.swiftpm/xcode
builtin-SwiftDriver -- /Applications/Xcode-27.0.0-Release.Candidate.app/Contents/Developer/Toolchains/XcodeDefault.xctoolchain/usr/bin/swiftc -parse-as-library -module-name ApplicationExtensions -Onone @/Users/admin/builder/spi-builder-workspace/.derivedData/Build/Intermediates.noindex/ApplicationExtensions.build/Debug-watchos/ApplicationExtensions-t.build/Objects-normal/arm64/ApplicationExtensions.SwiftFileList -DSWIFT_PACKAGE -DDEBUG -DSWIFT_MODULE_RESOURCE_BUNDLE_UNAVAILABLE -DXcode -plugin-path /Applications/Xcode-27.0.0-Release.Candidate.app/Contents/Developer/Toolchains/XcodeDefault.xctoolchain/usr/lib/swift/host/plugins/testing -enable-experimental-feature DebugDescriptionMacro -sdk /Applications/Xcode-27.0.0-Release.Candidate.app/Contents/Developer/Platforms/WatchOS.platform/Developer/SDKs/WatchOS27.0.sdk -target arm64-apple-watchos9.0 -g -module-cache-path /Users/admin/builder/spi-builder-workspace/.derivedData/ModuleCache.noindex -Xfrontend -serialize-debugging-options -enable-testing -index-store-path /Users/admin/builder/spi-builder-workspace/.derivedData/Index.noindex/DataStore -Xcc -D_LIBCPP_HARDENING_MODE\=_LIBCPP_HARDENING_MODE_DEBUG -swift-version 5 -I /Users/admin/builder/spi-builder-workspace/.derivedData/Build/Products/Debug-watchos -Isystem /Applications/Xcode-27.0.0-Release.Candidate.app/Contents/Developer/Platforms/WatchOS.platform/Developer/usr/lib -F /Users/admin/builder/spi-builder-workspace/.derivedData/Build/Products/Debug-watchos/PackageFrameworks -F /Users/admin/builder/spi-builder-workspace/.derivedData/Build/Products/Debug-watchos -F /Applications/Xcode-27.0.0-Release.Candidate.app/Contents/Developer/Platforms/WatchOS.platform/Developer/Library/Frameworks -F /Applications/Xcode-27.0.0-Release.Candidate.app/Contents/Developer/Platforms/WatchOS.platform/Developer/SDKs/WatchOS27.0.sdk/Developer/Library/Frameworks -c -j10 -enable-batch-mode -incremental -Xcc -ivfsstatcache -Xcc /Users/admin/builder/spi-builder-workspace/.derivedData/SDKStatCaches.noindex/watchos27.0-24R360-e829b21a6f8c9b70876ba0858053c04477534ef55a1706bf4c1112bbb242f0a2.sdkstatcache -output-file-map /Users/admin/builder/spi-builder-workspace/.derivedData/Build/Intermediates.noindex/ApplicationExtensions.build/Debug-watchos/ApplicationExtensions-t.build/Objects-normal/arm64/ApplicationExtensions-OutputFileMap.json -save-temps -no-color-diagnostics -explicit-module-build -module-cache-path /Users/admin/builder/spi-builder-workspace/.derivedData/Build/Intermediates.noindex/SwiftExplicitPrecompiledModules -clang-scanner-module-cache-path /Users/admin/builder/spi-builder-workspace/.derivedData/ModuleCache.noindex -sdk-module-cache-path /Users/admin/builder/spi-builder-workspace/.derivedData/SDKExplicitPrecompiledModules -emit-dependencies -emit-module -emit-module-path /Users/admin/builder/spi-builder-workspace/.derivedData/Build/Intermediates.noindex/ApplicationExtensions.build/Debug-watchos/ApplicationExtensions-t.build/Objects-normal/arm64/ApplicationExtensions.swiftmodule -serialize-diagnostics -dependency-scan-serialize-diagnostics-path /Users/admin/builder/spi-builder-workspace/.derivedData/Build/Intermediates.noindex/ApplicationExtensions.build/Debug-watchos/ApplicationExtensions-t.build/Objects-normal/arm64/ApplicationExtensions-dependency-scan.dia -validate-clang-modules-once -clang-build-session-file /Users/admin/builder/spi-builder-workspace/.derivedData/ModuleCache.noindex/Session.modulevalidation -Xcc -fmodules-prune-interval\=86400 -Xcc -fmodules-prune-after\=345600 -emit-const-values -const-gather-protocols-list /Users/admin/builder/spi-builder-workspace/.derivedData/Build/Intermediates.noindex/ApplicationExtensions.build/Debug-watchos/ApplicationExtensions-t.build/Objects-normal/arm64/ApplicationExtensions_const_extract_protocols.json -Xcc -I/Users/admin/builder/spi-builder-workspace/.derivedData/Build/Products/Debug-watchos/include -Xcc -I/Users/admin/builder/spi-builder-workspace/.derivedData/Build/Intermediates.noindex/ApplicationExtensions.build/Debug-watchos/ApplicationExtensions-t.build/DerivedSources-normal/arm64 -Xcc -I/Users/admin/builder/spi-builder-workspace/.derivedData/Build/Intermediates.noindex/ApplicationExtensions.build/Debug-watchos/ApplicationExtensions-t.build/DerivedSources/arm64 -Xcc -I/Users/admin/builder/spi-builder-workspace/.derivedData/Build/Intermediates.noindex/ApplicationExtensions.build/Debug-watchos/ApplicationExtensions-t.build/DerivedSources -Xcc -DSWIFT_PACKAGE -Xcc -DDEBUG\=1 -emit-objc-header -emit-objc-header-path /Users/admin/builder/spi-builder-workspace/.derivedData/Build/Intermediates.noindex/ApplicationExtensions.build/Debug-watchos/ApplicationExtensions-t.build/Objects-normal/arm64/ApplicationExtensions-Swift.h -working-directory /Users/admin/builder/spi-builder-workspace/.swiftpm/xcode -experimental-emit-module-separately -disable-cmo
ExtractAppIntentsMetadata (in target 'Images' from project 'Images')
cd /Users/admin/builder/spi-builder-workspace/.dependencies/checkouts/Images
/Applications/Xcode-27.0.0-Release.Candidate.app/Contents/Developer/Toolchains/XcodeDefault.xctoolchain/usr/bin/appintentsmetadataprocessor --toolchain-dir /var/run/com.apple.security.cryptexd/mnt/com.apple.MobileAsset.MetalToolchain-v27.1.266.1.wCg5UA/Metal.xctoolchain --module-name Images --sdk-root /Applications/Xcode-27.0.0-Release.Candidate.app/Contents/Developer/Platforms/WatchOS.platform/Developer/SDKs/WatchOS27.0.sdk --xcode-version 27A266a --platform-family watchOS --deployment-target 9.0 --bundle-identifier images.Images --output /Users/admin/builder/spi-builder-workspace/.derivedData/Build/Products/Debug-watchos/Images.appintents --target-triple arm64-apple-watchos9.0 --target-triple arm64_32-apple-watchos9.0 --binary-file /Users/admin/builder/spi-builder-workspace/.derivedData/Build/Products/Debug-watchos/Images.o --dependency-file /Users/admin/builder/spi-builder-workspace/.derivedData/Build/Intermediates.noindex/Images.build/Debug-watchos/Images-t.build/Objects-normal/arm64/Images_dependency_info.dat --dependency-file /Users/admin/builder/spi-builder-workspace/.derivedData/Build/Intermediates.noindex/Images.build/Debug-watchos/Images-t.build/Objects-normal/arm64_32/Images_dependency_info.dat --stringsdata-file /Users/admin/builder/spi-builder-workspace/.derivedData/Build/Intermediates.noindex/Images.build/Debug-watchos/Images-t.build/Objects-normal/arm64/ExtractedAppShortcutsMetadata.stringsdata --stringsdata-file /Users/admin/builder/spi-builder-workspace/.derivedData/Build/Intermediates.noindex/Images.build/Debug-watchos/Images-t.build/Objects-normal/arm64_32/ExtractedAppShortcutsMetadata.stringsdata --source-file-list /Users/admin/builder/spi-builder-workspace/.derivedData/Build/Intermediates.noindex/Images.build/Debug-watchos/Images-t.build/Objects-normal/arm64/Images.SwiftFileList --source-file-list /Users/admin/builder/spi-builder-workspace/.derivedData/Build/Intermediates.noindex/Images.build/Debug-watchos/Images-t.build/Objects-normal/arm64_32/Images.SwiftFileList --metadata-file-list /Users/admin/builder/spi-builder-workspace/.derivedData/Build/Intermediates.noindex/Images.build/Debug-watchos/Images-t.build/Images.DependencyMetadataFileList --static-metadata-file-list /Users/admin/builder/spi-builder-workspace/.derivedData/Build/Intermediates.noindex/Images.build/Debug-watchos/Images-t.build/Images.DependencyStaticMetadataFileList --swift-const-vals-list /Users/admin/builder/spi-builder-workspace/.derivedData/Build/Intermediates.noindex/Images.build/Debug-watchos/Images-t.build/Objects-normal/arm64/Images.SwiftConstValuesFileList --swift-const-vals-list /Users/admin/builder/spi-builder-workspace/.derivedData/Build/Intermediates.noindex/Images.build/Debug-watchos/Images-t.build/Objects-normal/arm64_32/Images.SwiftConstValuesFileList --force --compile-time-extraction --deployment-aware-processing --no-app-shortcuts-localization
2026-09-17 10:57:10.811 appintentsmetadataprocessor[1422:8180] Starting appintentsmetadataprocessor export
2026-09-17 10:57:10.872 appintentsmetadataprocessor[1422:8180] Extracted no relevant App Intents symbols, skipping writing output
Ld /Users/admin/builder/spi-builder-workspace/.derivedData/Build/Intermediates.noindex/Bundles.build/Debug-watchos/Bundles-t.build/Objects-normal/arm64/Binary/Bundles.o normal arm64 (in target 'Bundles' from project 'Bundles')
cd /Users/admin/builder/spi-builder-workspace/.dependencies/checkouts/Bundles
/Applications/Xcode-27.0.0-Release.Candidate.app/Contents/Developer/Toolchains/XcodeDefault.xctoolchain/usr/bin/clang -Xlinker -reproducible -target arm64-apple-watchos9.0 -r -isysroot /Applications/Xcode-27.0.0-Release.Candidate.app/Contents/Developer/Platforms/WatchOS.platform/Developer/SDKs/WatchOS27.0.sdk -O0 -w -Xlinker -no_warn_duplicate_libraries -F/Users/admin/builder/spi-builder-workspace/.derivedData/Build/Intermediates.noindex/EagerLinkingTBDs/Debug-watchos -F/Users/admin/builder/spi-builder-workspace/.derivedData/Build/Products/Debug-watchos/PackageFrameworks -F/Users/admin/builder/spi-builder-workspace/.derivedData/Build/Products/Debug-watchos -iframework /Applications/Xcode-27.0.0-Release.Candidate.app/Contents/Developer/Platforms/WatchOS.platform/Developer/Library/Frameworks -iframework /Applications/Xcode-27.0.0-Release.Candidate.app/Contents/Developer/Platforms/WatchOS.platform/Developer/SDKs/WatchOS27.0.sdk/Developer/Library/Frameworks -filelist /Users/admin/builder/spi-builder-workspace/.derivedData/Build/Intermediates.noindex/Bundles.build/Debug-watchos/Bundles-t.build/Objects-normal/arm64/Bundles.LinkFileList -nostdlib -Xlinker -object_path_lto -Xlinker /Users/admin/builder/spi-builder-workspace/.derivedData/Build/Intermediates.noindex/Bundles.build/Debug-watchos/Bundles-t.build/Objects-normal/arm64/Bundles_lto.o -Xlinker -no_deduplicate -Xlinker -dependency_info -Xlinker /Users/admin/builder/spi-builder-workspace/.derivedData/Build/Intermediates.noindex/Bundles.build/Debug-watchos/Bundles-t.build/Objects-normal/arm64/Bundles_dependency_info.dat -fobjc-link-runtime -L/Applications/Xcode-27.0.0-Release.Candidate.app/Contents/Developer/Toolchains/XcodeDefault.xctoolchain/usr/lib/swift/watchos -L/usr/lib/swift -Xlinker -add_ast_path -Xlinker /Users/admin/builder/spi-builder-workspace/.derivedData/Build/Intermediates.noindex/Bundles.build/Debug-watchos/Bundles-t.build/Objects-normal/arm64/Bundles.swiftmodule -o /Users/admin/builder/spi-builder-workspace/.derivedData/Build/Intermediates.noindex/Bundles.build/Debug-watchos/Bundles-t.build/Objects-normal/arm64/Binary/Bundles.o
Ld /Users/admin/builder/spi-builder-workspace/.derivedData/Build/Intermediates.noindex/Bundles.build/Debug-watchos/Bundles-t.build/Objects-normal/arm64_32/Binary/Bundles.o normal arm64_32 (in target 'Bundles' from project 'Bundles')
cd /Users/admin/builder/spi-builder-workspace/.dependencies/checkouts/Bundles
/Applications/Xcode-27.0.0-Release.Candidate.app/Contents/Developer/Toolchains/XcodeDefault.xctoolchain/usr/bin/clang -Xlinker -reproducible -target arm64_32-apple-watchos9.0 -r -isysroot /Applications/Xcode-27.0.0-Release.Candidate.app/Contents/Developer/Platforms/WatchOS.platform/Developer/SDKs/WatchOS27.0.sdk -O0 -w -Xlinker -no_warn_duplicate_libraries -F/Users/admin/builder/spi-builder-workspace/.derivedData/Build/Intermediates.noindex/EagerLinkingTBDs/Debug-watchos -F/Users/admin/builder/spi-builder-workspace/.derivedData/Build/Products/Debug-watchos/PackageFrameworks -F/Users/admin/builder/spi-builder-workspace/.derivedData/Build/Products/Debug-watchos -iframework /Applications/Xcode-27.0.0-Release.Candidate.app/Contents/Developer/Platforms/WatchOS.platform/Developer/Library/Frameworks -iframework /Applications/Xcode-27.0.0-Release.Candidate.app/Contents/Developer/Platforms/WatchOS.platform/Developer/SDKs/WatchOS27.0.sdk/Developer/Library/Frameworks -filelist /Users/admin/builder/spi-builder-workspace/.derivedData/Build/Intermediates.noindex/Bundles.build/Debug-watchos/Bundles-t.build/Objects-normal/arm64_32/Bundles.LinkFileList -nostdlib -Xlinker -object_path_lto -Xlinker /Users/admin/builder/spi-builder-workspace/.derivedData/Build/Intermediates.noindex/Bundles.build/Debug-watchos/Bundles-t.build/Objects-normal/arm64_32/Bundles_lto.o -Xlinker -no_deduplicate -Xlinker -dependency_info -Xlinker /Users/admin/builder/spi-builder-workspace/.derivedData/Build/Intermediates.noindex/Bundles.build/Debug-watchos/Bundles-t.build/Objects-normal/arm64_32/Bundles_dependency_info.dat -fobjc-link-runtime -L/Applications/Xcode-27.0.0-Release.Candidate.app/Contents/Developer/Toolchains/XcodeDefault.xctoolchain/usr/lib/swift/watchos -L/usr/lib/swift -Xlinker -add_ast_path -Xlinker /Users/admin/builder/spi-builder-workspace/.derivedData/Build/Intermediates.noindex/Bundles.build/Debug-watchos/Bundles-t.build/Objects-normal/arm64_32/Bundles.swiftmodule -o /Users/admin/builder/spi-builder-workspace/.derivedData/Build/Intermediates.noindex/Bundles.build/Debug-watchos/Bundles-t.build/Objects-normal/arm64_32/Binary/Bundles.o
CreateUniversalBinary /Users/admin/builder/spi-builder-workspace/.derivedData/Build/Products/Debug-watchos/Bundles.o normal arm64\ arm64_32 (in target 'Bundles' from project 'Bundles')
cd /Users/admin/builder/spi-builder-workspace/.dependencies/checkouts/Bundles
/Applications/Xcode-27.0.0-Release.Candidate.app/Contents/Developer/Toolchains/XcodeDefault.xctoolchain/usr/bin/lipo -create /Users/admin/builder/spi-builder-workspace/.derivedData/Build/Intermediates.noindex/Bundles.build/Debug-watchos/Bundles-t.build/Objects-normal/arm64/Binary/Bundles.o /Users/admin/builder/spi-builder-workspace/.derivedData/Build/Intermediates.noindex/Bundles.build/Debug-watchos/Bundles-t.build/Objects-normal/arm64_32/Binary/Bundles.o -output /Users/admin/builder/spi-builder-workspace/.derivedData/Build/Products/Debug-watchos/Bundles.o
ExtractAppIntentsMetadata (in target 'Bundles' from project 'Bundles')
cd /Users/admin/builder/spi-builder-workspace/.dependencies/checkouts/Bundles
/Applications/Xcode-27.0.0-Release.Candidate.app/Contents/Developer/Toolchains/XcodeDefault.xctoolchain/usr/bin/appintentsmetadataprocessor --toolchain-dir /var/run/com.apple.security.cryptexd/mnt/com.apple.MobileAsset.MetalToolchain-v27.1.266.1.wCg5UA/Metal.xctoolchain --module-name Bundles --sdk-root /Applications/Xcode-27.0.0-Release.Candidate.app/Contents/Developer/Platforms/WatchOS.platform/Developer/SDKs/WatchOS27.0.sdk --xcode-version 27A266a --platform-family watchOS --deployment-target 9.0 --bundle-identifier bundles.Bundles --output /Users/admin/builder/spi-builder-workspace/.derivedData/Build/Products/Debug-watchos/Bundles.appintents --target-triple arm64-apple-watchos9.0 --target-triple arm64_32-apple-watchos9.0 --binary-file /Users/admin/builder/spi-builder-workspace/.derivedData/Build/Products/Debug-watchos/Bundles.o --dependency-file /Users/admin/builder/spi-builder-workspace/.derivedData/Build/Intermediates.noindex/Bundles.build/Debug-watchos/Bundles-t.build/Objects-normal/arm64/Bundles_dependency_info.dat --dependency-file /Users/admin/builder/spi-builder-workspace/.derivedData/Build/Intermediates.noindex/Bundles.build/Debug-watchos/Bundles-t.build/Objects-normal/arm64_32/Bundles_dependency_info.dat --stringsdata-file /Users/admin/builder/spi-builder-workspace/.derivedData/Build/Intermediates.noindex/Bundles.build/Debug-watchos/Bundles-t.build/Objects-normal/arm64/ExtractedAppShortcutsMetadata.stringsdata --stringsdata-file /Users/admin/builder/spi-builder-workspace/.derivedData/Build/Intermediates.noindex/Bundles.build/Debug-watchos/Bundles-t.build/Objects-normal/arm64_32/ExtractedAppShortcutsMetadata.stringsdata --source-file-list /Users/admin/builder/spi-builder-workspace/.derivedData/Build/Intermediates.noindex/Bundles.build/Debug-watchos/Bundles-t.build/Objects-normal/arm64/Bundles.SwiftFileList --source-file-list /Users/admin/builder/spi-builder-workspace/.derivedData/Build/Intermediates.noindex/Bundles.build/Debug-watchos/Bundles-t.build/Objects-normal/arm64_32/Bundles.SwiftFileList --metadata-file-list /Users/admin/builder/spi-builder-workspace/.derivedData/Build/Intermediates.noindex/Bundles.build/Debug-watchos/Bundles-t.build/Bundles.DependencyMetadataFileList --static-metadata-file-list /Users/admin/builder/spi-builder-workspace/.derivedData/Build/Intermediates.noindex/Bundles.build/Debug-watchos/Bundles-t.build/Bundles.DependencyStaticMetadataFileList --swift-const-vals-list /Users/admin/builder/spi-builder-workspace/.derivedData/Build/Intermediates.noindex/Bundles.build/Debug-watchos/Bundles-t.build/Objects-normal/arm64/Bundles.SwiftConstValuesFileList --swift-const-vals-list /Users/admin/builder/spi-builder-workspace/.derivedData/Build/Intermediates.noindex/Bundles.build/Debug-watchos/Bundles-t.build/Objects-normal/arm64_32/Bundles.SwiftConstValuesFileList --force --compile-time-extraction --deployment-aware-processing --no-app-shortcuts-localization
2026-09-17 10:57:10.944 appintentsmetadataprocessor[1428:8226] Starting appintentsmetadataprocessor export
2026-09-17 10:57:11.033 appintentsmetadataprocessor[1428:8226] Extracted no relevant App Intents symbols, skipping writing output
SwiftCompile normal arm64 Compiling\ ApplicationExtensions.swift /Users/admin/builder/spi-builder-workspace/Sources/ApplicationExtensions/ApplicationExtensions.swift (in target 'ApplicationExtensions' from project 'ApplicationExtensions')
SwiftCompile normal arm64 /Users/admin/builder/spi-builder-workspace/Sources/ApplicationExtensions/ApplicationExtensions.swift (in target 'ApplicationExtensions' from project 'ApplicationExtensions')
cd /Users/admin/builder/spi-builder-workspace/.swiftpm/xcode
builtin-SwiftPerFileCompile ApplicationExtensions.swift
SwiftCompile normal arm64 Compiling\ BasicApplication.swift /Users/admin/builder/spi-builder-workspace/Sources/ApplicationExtensions/BasicApplication.swift (in target 'ApplicationExtensions' from project 'ApplicationExtensions')
SwiftCompile normal arm64 /Users/admin/builder/spi-builder-workspace/Sources/ApplicationExtensions/BasicApplication.swift (in target 'ApplicationExtensions' from project 'ApplicationExtensions')
cd /Users/admin/builder/spi-builder-workspace/.swiftpm/xcode
builtin-SwiftPerFileCompile BasicApplication.swift
SwiftCompile normal arm64 Compiling\ BasicScene.swift /Users/admin/builder/spi-builder-workspace/Sources/ApplicationExtensions/BasicScene.swift (in target 'ApplicationExtensions' from project 'ApplicationExtensions')
/Users/admin/builder/spi-builder-workspace/Sources/ApplicationExtensions/BasicScene.swift:10:24: error: cannot find type 'LoggerScene' in scope
8 | import LoggerKit
9 |
10 | open class BasicScene: LoggerScene {
| `- error: cannot find type 'LoggerScene' in scope
11 | public let stateQueue = DispatchQueue.global(qos: .background)
12 | var isConnected = false
/Users/admin/builder/spi-builder-workspace/Sources/ApplicationExtensions/BasicScene.swift:14:45: error: 'UIScene' is unavailable in watchOS
12 | var isConnected = false
13 |
14 | public typealias LoadSceneCompletion = (UIScene, UISceneSession, UIScene.ConnectionOptions) -> ()
| `- error: 'UIScene' is unavailable in watchOS
15 |
16 | open func loadState(completion: @escaping () -> ()) {
/Applications/Xcode-27.0.0-Release.Candidate.app/Contents/Developer/Platforms/WatchOS.platform/Developer/SDKs/WatchOS27.0.sdk/System/Library/Frameworks/UIKit.framework/Headers/UIScene.h:20:12: note: 'UIScene' has been explicitly marked unavailable here
18 |
19 | UIKIT_EXTERN API_AVAILABLE(ios(13.0)) API_UNAVAILABLE(watchos) NS_SWIFT_UI_ACTOR
20 | @interface UIScene : UIResponder
| `- note: 'UIScene' has been explicitly marked unavailable here
21 | + (instancetype)new NS_UNAVAILABLE;
22 | - (instancetype)init NS_UNAVAILABLE;
/Users/admin/builder/spi-builder-workspace/Sources/ApplicationExtensions/BasicScene.swift:14:54: error: 'UISceneSession' is unavailable in watchOS
12 | var isConnected = false
13 |
14 | public typealias LoadSceneCompletion = (UIScene, UISceneSession, UIScene.ConnectionOptions) -> ()
| `- error: 'UISceneSession' is unavailable in watchOS
15 |
16 | open func loadState(completion: @escaping () -> ()) {
/Applications/Xcode-27.0.0-Release.Candidate.app/Contents/Developer/Platforms/WatchOS.platform/Developer/SDKs/WatchOS27.0.sdk/System/Library/Frameworks/UIKit.framework/Headers/UISceneSession.h:19:12: note: 'UISceneSession' has been explicitly marked unavailable here
17 |
18 | UIKIT_EXTERN API_AVAILABLE(ios(13.0)) API_UNAVAILABLE(watchos) NS_SWIFT_UI_ACTOR
19 | @interface UISceneSession : NSObject <NSSecureCoding>
| `- note: 'UISceneSession' has been explicitly marked unavailable here
20 | + (instancetype)new NS_UNAVAILABLE;
21 | - (instancetype)init NS_UNAVAILABLE;
/Users/admin/builder/spi-builder-workspace/Sources/ApplicationExtensions/BasicScene.swift:14:70: error: 'UIScene' is unavailable in watchOS
12 | var isConnected = false
13 |
14 | public typealias LoadSceneCompletion = (UIScene, UISceneSession, UIScene.ConnectionOptions) -> ()
| `- error: 'UIScene' is unavailable in watchOS
15 |
16 | open func loadState(completion: @escaping () -> ()) {
/Applications/Xcode-27.0.0-Release.Candidate.app/Contents/Developer/Platforms/WatchOS.platform/Developer/SDKs/WatchOS27.0.sdk/System/Library/Frameworks/UIKit.framework/Headers/UIScene.h:20:12: note: 'UIScene' has been explicitly marked unavailable here
18 |
19 | UIKIT_EXTERN API_AVAILABLE(ios(13.0)) API_UNAVAILABLE(watchos) NS_SWIFT_UI_ACTOR
20 | @interface UIScene : UIResponder
| `- note: 'UIScene' has been explicitly marked unavailable here
21 | + (instancetype)new NS_UNAVAILABLE;
22 | - (instancetype)init NS_UNAVAILABLE;
/Users/admin/builder/spi-builder-workspace/Sources/ApplicationExtensions/BasicScene.swift:28:34: error: 'UIScene' is unavailable in watchOS
26 | }
27 |
28 | open func makeScene(_ scene: UIScene, willConnectTo session: UISceneSession, options connectionOptions: UIScene.ConnectionOptions) {
| `- error: 'UIScene' is unavailable in watchOS
29 | }
30 |
/Applications/Xcode-27.0.0-Release.Candidate.app/Contents/Developer/Platforms/WatchOS.platform/Developer/SDKs/WatchOS27.0.sdk/System/Library/Frameworks/UIKit.framework/Headers/UIScene.h:20:12: note: 'UIScene' has been explicitly marked unavailable here
18 |
19 | UIKIT_EXTERN API_AVAILABLE(ios(13.0)) API_UNAVAILABLE(watchos) NS_SWIFT_UI_ACTOR
20 | @interface UIScene : UIResponder
| `- note: 'UIScene' has been explicitly marked unavailable here
21 | + (instancetype)new NS_UNAVAILABLE;
22 | - (instancetype)init NS_UNAVAILABLE;
/Users/admin/builder/spi-builder-workspace/Sources/ApplicationExtensions/BasicScene.swift:28:66: error: 'UISceneSession' is unavailable in watchOS
26 | }
27 |
28 | open func makeScene(_ scene: UIScene, willConnectTo session: UISceneSession, options connectionOptions: UIScene.ConnectionOptions) {
| `- error: 'UISceneSession' is unavailable in watchOS
29 | }
30 |
/Applications/Xcode-27.0.0-Release.Candidate.app/Contents/Developer/Platforms/WatchOS.platform/Developer/SDKs/WatchOS27.0.sdk/System/Library/Frameworks/UIKit.framework/Headers/UISceneSession.h:19:12: note: 'UISceneSession' has been explicitly marked unavailable here
17 |
18 | UIKIT_EXTERN API_AVAILABLE(ios(13.0)) API_UNAVAILABLE(watchos) NS_SWIFT_UI_ACTOR
19 | @interface UISceneSession : NSObject <NSSecureCoding>
| `- note: 'UISceneSession' has been explicitly marked unavailable here
20 | + (instancetype)new NS_UNAVAILABLE;
21 | - (instancetype)init NS_UNAVAILABLE;
/Users/admin/builder/spi-builder-workspace/Sources/ApplicationExtensions/BasicScene.swift:28:109: error: 'UIScene' is unavailable in watchOS
26 | }
27 |
28 | open func makeScene(_ scene: UIScene, willConnectTo session: UISceneSession, options connectionOptions: UIScene.ConnectionOptions) {
| `- error: 'UIScene' is unavailable in watchOS
29 | }
30 |
/Applications/Xcode-27.0.0-Release.Candidate.app/Contents/Developer/Platforms/WatchOS.platform/Developer/SDKs/WatchOS27.0.sdk/System/Library/Frameworks/UIKit.framework/Headers/UIScene.h:20:12: note: 'UIScene' has been explicitly marked unavailable here
18 |
19 | UIKIT_EXTERN API_AVAILABLE(ios(13.0)) API_UNAVAILABLE(watchos) NS_SWIFT_UI_ACTOR
20 | @interface UIScene : UIResponder
| `- note: 'UIScene' has been explicitly marked unavailable here
21 | + (instancetype)new NS_UNAVAILABLE;
22 | - (instancetype)init NS_UNAVAILABLE;
/Users/admin/builder/spi-builder-workspace/Sources/ApplicationExtensions/BasicScene.swift:31:39: error: 'UIScene' is unavailable in watchOS
29 | }
30 |
31 | open override func scene(_ scene: UIScene, willConnectTo session: UISceneSession, options connectionOptions: UIScene.ConnectionOptions) {
| `- error: 'UIScene' is unavailable in watchOS
32 | sceneChannel.debug("connecting")
33 |
/Applications/Xcode-27.0.0-Release.Candidate.app/Contents/Developer/Platforms/WatchOS.platform/Developer/SDKs/WatchOS27.0.sdk/System/Library/Frameworks/UIKit.framework/Headers/UIScene.h:20:12: note: 'UIScene' has been explicitly marked unavailable here
18 |
19 | UIKIT_EXTERN API_AVAILABLE(ios(13.0)) API_UNAVAILABLE(watchos) NS_SWIFT_UI_ACTOR
20 | @interface UIScene : UIResponder
| `- note: 'UIScene' has been explicitly marked unavailable here
21 | + (instancetype)new NS_UNAVAILABLE;
22 | - (instancetype)init NS_UNAVAILABLE;
/Users/admin/builder/spi-builder-workspace/Sources/ApplicationExtensions/BasicScene.swift:31:71: error: 'UISceneSession' is unavailable in watchOS
29 | }
30 |
31 | open override func scene(_ scene: UIScene, willConnectTo session: UISceneSession, options connectionOptions: UIScene.ConnectionOptions) {
| `- error: 'UISceneSession' is unavailable in watchOS
32 | sceneChannel.debug("connecting")
33 |
/Applications/Xcode-27.0.0-Release.Candidate.app/Contents/Developer/Platforms/WatchOS.platform/Developer/SDKs/WatchOS27.0.sdk/System/Library/Frameworks/UIKit.framework/Headers/UISceneSession.h:19:12: note: 'UISceneSession' has been explicitly marked unavailable here
17 |
18 | UIKIT_EXTERN API_AVAILABLE(ios(13.0)) API_UNAVAILABLE(watchos) NS_SWIFT_UI_ACTOR
19 | @interface UISceneSession : NSObject <NSSecureCoding>
| `- note: 'UISceneSession' has been explicitly marked unavailable here
20 | + (instancetype)new NS_UNAVAILABLE;
21 | - (instancetype)init NS_UNAVAILABLE;
/Users/admin/builder/spi-builder-workspace/Sources/ApplicationExtensions/BasicScene.swift:31:114: error: 'UIScene' is unavailable in watchOS
29 | }
30 |
31 | open override func scene(_ scene: UIScene, willConnectTo session: UISceneSession, options connectionOptions: UIScene.ConnectionOptions) {
| `- error: 'UIScene' is unavailable in watchOS
32 | sceneChannel.debug("connecting")
33 |
/Applications/Xcode-27.0.0-Release.Candidate.app/Contents/Developer/Platforms/WatchOS.platform/Developer/SDKs/WatchOS27.0.sdk/System/Library/Frameworks/UIKit.framework/Headers/UIScene.h:20:12: note: 'UIScene' has been explicitly marked unavailable here
18 |
19 | UIKIT_EXTERN API_AVAILABLE(ios(13.0)) API_UNAVAILABLE(watchos) NS_SWIFT_UI_ACTOR
20 | @interface UIScene : UIResponder
| `- note: 'UIScene' has been explicitly marked unavailable here
21 | + (instancetype)new NS_UNAVAILABLE;
22 | - (instancetype)init NS_UNAVAILABLE;
/Users/admin/builder/spi-builder-workspace/Sources/ApplicationExtensions/BasicScene.swift:31:24: error: method does not override any method from its superclass
29 | }
30 |
31 | open override func scene(_ scene: UIScene, willConnectTo session: UISceneSession, options connectionOptions: UIScene.ConnectionOptions) {
| `- error: method does not override any method from its superclass
32 | sceneChannel.debug("connecting")
33 |
/Users/admin/builder/spi-builder-workspace/Sources/ApplicationExtensions/BasicScene.swift:96:55: error: 'UIScene' is unavailable in watchOS
94 | }
95 |
96 | open override func sceneWillResignActive(_ scene: UIScene) {
| `- error: 'UIScene' is unavailable in watchOS
97 | super.sceneWillResignActive(scene)
98 | saveAllState()
/Applications/Xcode-27.0.0-Release.Candidate.app/Contents/Developer/Platforms/WatchOS.platform/Developer/SDKs/WatchOS27.0.sdk/System/Library/Frameworks/UIKit.framework/Headers/UIScene.h:20:12: note: 'UIScene' has been explicitly marked unavailable here
18 |
19 | UIKIT_EXTERN API_AVAILABLE(ios(13.0)) API_UNAVAILABLE(watchos) NS_SWIFT_UI_ACTOR
20 | @interface UIScene : UIResponder
| `- note: 'UIScene' has been explicitly marked unavailable here
21 | + (instancetype)new NS_UNAVAILABLE;
22 | - (instancetype)init NS_UNAVAILABLE;
/Users/admin/builder/spi-builder-workspace/Sources/ApplicationExtensions/BasicScene.swift:96:24: error: method does not override any method from its superclass
94 | }
95 |
96 | open override func sceneWillResignActive(_ scene: UIScene) {
| `- error: method does not override any method from its superclass
97 | super.sceneWillResignActive(scene)
98 | saveAllState()
/Users/admin/builder/spi-builder-workspace/Sources/ApplicationExtensions/BasicScene.swift:101:52: error: 'UIScene' is unavailable in watchOS
99 | }
100 |
101 | open override func sceneDidDisconnect(_ scene: UIScene) {
| `- error: 'UIScene' is unavailable in watchOS
102 | super.sceneDidDisconnect(scene)
103 | saveAllState()
/Applications/Xcode-27.0.0-Release.Candidate.app/Contents/Developer/Platforms/WatchOS.platform/Developer/SDKs/WatchOS27.0.sdk/System/Library/Frameworks/UIKit.framework/Headers/UIScene.h:20:12: note: 'UIScene' has been explicitly marked unavailable here
18 |
19 | UIKIT_EXTERN API_AVAILABLE(ios(13.0)) API_UNAVAILABLE(watchos) NS_SWIFT_UI_ACTOR
20 | @interface UIScene : UIResponder
| `- note: 'UIScene' has been explicitly marked unavailable here
21 | + (instancetype)new NS_UNAVAILABLE;
22 | - (instancetype)init NS_UNAVAILABLE;
/Users/admin/builder/spi-builder-workspace/Sources/ApplicationExtensions/BasicScene.swift:101:24: error: method does not override any method from its superclass
99 | }
100 |
101 | open override func sceneDidDisconnect(_ scene: UIScene) {
| `- error: method does not override any method from its superclass
102 | super.sceneDidDisconnect(scene)
103 | saveAllState()
/Users/admin/builder/spi-builder-workspace/Sources/ApplicationExtensions/BasicScene.swift:106:58: error: 'UIScene' is unavailable in watchOS
104 | }
105 |
106 | open override func sceneWillEnterForeground(_ scene: UIScene) {
| `- error: 'UIScene' is unavailable in watchOS
107 | super.sceneWillEnterForeground(scene)
108 | if isConnected {
/Applications/Xcode-27.0.0-Release.Candidate.app/Contents/Developer/Platforms/WatchOS.platform/Developer/SDKs/WatchOS27.0.sdk/System/Library/Frameworks/UIKit.framework/Headers/UIScene.h:20:12: note: 'UIScene' has been explicitly marked unavailable here
18 |
19 | UIKIT_EXTERN API_AVAILABLE(ios(13.0)) API_UNAVAILABLE(watchos) NS_SWIFT_UI_ACTOR
20 | @interface UIScene : UIResponder
| `- note: 'UIScene' has been explicitly marked unavailable here
21 | + (instancetype)new NS_UNAVAILABLE;
22 | - (instancetype)init NS_UNAVAILABLE;
/Users/admin/builder/spi-builder-workspace/Sources/ApplicationExtensions/BasicScene.swift:106:24: error: method does not override any method from its superclass
104 | }
105 |
106 | open override func sceneWillEnterForeground(_ scene: UIScene) {
| `- error: method does not override any method from its superclass
107 | super.sceneWillEnterForeground(scene)
108 | if isConnected {
/Users/admin/builder/spi-builder-workspace/Sources/ApplicationExtensions/BasicScene.swift:32:9: error: cannot find 'sceneChannel' in scope
30 |
31 | open override func scene(_ scene: UIScene, willConnectTo session: UISceneSession, options connectionOptions: UIScene.ConnectionOptions) {
32 | sceneChannel.debug("connecting")
| `- error: cannot find 'sceneChannel' in scope
33 |
34 | super.scene(scene, willConnectTo: session, options: connectionOptions)
/Users/admin/builder/spi-builder-workspace/Sources/ApplicationExtensions/BasicScene.swift:34:9: error: 'super' cannot be used in class 'BasicScene' because it has no superclass
32 | sceneChannel.debug("connecting")
33 |
34 | super.scene(scene, willConnectTo: session, options: connectionOptions)
| `- error: 'super' cannot be used in class 'BasicScene' because it has no superclass
35 | guard let _ = (scene as? UIWindowScene) else { return }
36 |
/Users/admin/builder/spi-builder-workspace/Sources/ApplicationExtensions/BasicScene.swift:35:34: error: 'UIWindowScene' is unavailable in watchOS
33 |
34 | super.scene(scene, willConnectTo: session, options: connectionOptions)
35 | guard let _ = (scene as? UIWindowScene) else { return }
| `- error: 'UIWindowScene' is unavailable in watchOS
36 |
37 | BasicApplication.shared.afterSetup {
/Applications/Xcode-27.0.0-Release.Candidate.app/Contents/Developer/Platforms/WatchOS.platform/Developer/SDKs/WatchOS27.0.sdk/System/Library/Frameworks/UIKit.framework/Headers/UIWindowScene.h:22:12: note: 'UIWindowScene' has been explicitly marked unavailable here
20 |
21 | UIKIT_EXTERN API_AVAILABLE(ios(13.0)) API_UNAVAILABLE(watchos) NS_SWIFT_UI_ACTOR
22 | @interface UIWindowScene : UIScene
| `- note: 'UIWindowScene' has been explicitly marked unavailable here
23 |
24 | #pragma mark Geometry
/Users/admin/builder/spi-builder-workspace/Sources/ApplicationExtensions/BasicScene.swift:38:13: error: cannot find 'sceneChannel' in scope
36 |
37 | BasicApplication.shared.afterSetup {
38 | sceneChannel.debug("loading")
| `- error: cannot find 'sceneChannel' in scope
39 | self.loadState() {
40 | onMainQueue {
/Users/admin/builder/spi-builder-workspace/Sources/ApplicationExtensions/BasicScene.swift:41:21: error: cannot find 'sceneChannel' in scope
39 | self.loadState() {
40 | onMainQueue {
41 | sceneChannel.log("finished loading")
| `- error: cannot find 'sceneChannel' in scope
42 | self.makeScene(scene, willConnectTo:session, options: connectionOptions)
43 | self.isConnected = true
/Users/admin/builder/spi-builder-workspace/Sources/ApplicationExtensions/BasicScene.swift:44:21: error: cannot find 'sceneChannel' in scope
42 | self.makeScene(scene, willConnectTo:session, options: connectionOptions)
43 | self.isConnected = true
44 | sceneChannel.debug("shown")
| `- error: cannot find 'sceneChannel' in scope
45 | }
46 | }
/Users/admin/builder/spi-builder-workspace/Sources/ApplicationExtensions/BasicScene.swift:69:13: error: cannot find 'sceneChannel' in scope
67 |
68 | group.notify(queue: .main) {
69 | sceneChannel.log("Done refreshing all state.")
| `- error: cannot find 'sceneChannel' in scope
70 | }
71 | }
/Users/admin/builder/spi-builder-workspace/Sources/ApplicationExtensions/BasicApplication.swift:11:65: error: cannot find type 'LoggerApplication' in scope
9 | import LoggerKit
10 |
11 | @available(iOS 13.0, tvOS 13.0, *) open class BasicApplication: LoggerApplication {
| `- error: cannot find type 'LoggerApplication' in scope
12 | public enum SetupState {
13 | case launching
/Users/admin/builder/spi-builder-workspace/Sources/ApplicationExtensions/BasicScene.swift:92:13: error: cannot find 'sceneChannel' in scope
90 |
91 | group.notify(queue: .main) {
92 | sceneChannel.log("Done saving all state.")
| `- error: cannot find 'sceneChannel' in scope
93 | }
94 | }
/Users/admin/builder/spi-builder-workspace/Sources/ApplicationExtensions/BasicScene.swift:97:9: error: 'super' cannot be used in class 'BasicScene' because it has no superclass
95 |
96 | open override func sceneWillResignActive(_ scene: UIScene) {
97 | super.sceneWillResignActive(scene)
| `- error: 'super' cannot be used in class 'BasicScene' because it has no superclass
98 | saveAllState()
99 | }
/Users/admin/builder/spi-builder-workspace/Sources/ApplicationExtensions/BasicScene.swift:102:9: error: 'super' cannot be used in class 'BasicScene' because it has no superclass
100 |
101 | open override func sceneDidDisconnect(_ scene: UIScene) {
102 | super.sceneDidDisconnect(scene)
| `- error: 'super' cannot be used in class 'BasicScene' because it has no superclass
103 | saveAllState()
104 | }
/Users/admin/builder/spi-builder-workspace/Sources/ApplicationExtensions/BasicScene.swift:107:9: error: 'super' cannot be used in class 'BasicScene' because it has no superclass
105 |
106 | open override func sceneWillEnterForeground(_ scene: UIScene) {
107 | super.sceneWillEnterForeground(scene)
| `- error: 'super' cannot be used in class 'BasicScene' because it has no superclass
108 | if isConnected {
109 | refreshAllState()
Failed frontend command:
/Applications/Xcode-27.0.0-Release.Candidate.app/Contents/Developer/Toolchains/XcodeDefault.xctoolchain/usr/bin/swift-frontend -frontend -c /Users/admin/builder/spi-builder-workspace/Sources/ApplicationExtensions/ApplicationExtensions.swift /Users/admin/builder/spi-builder-workspace/Sources/ApplicationExtensions/BasicApplication.swift -primary-file /Users/admin/builder/spi-builder-workspace/Sources/ApplicationExtensions/BasicScene.swift /Users/admin/builder/spi-builder-workspace/Sources/ApplicationExtensions/DispatchQueue+Extensions.swift /Users/admin/builder/spi-builder-workspace/Sources/ApplicationExtensions/DocumentExtensions.swift /Users/admin/builder/spi-builder-workspace/Sources/ApplicationExtensions/StateWatcher.swift -emit-dependencies-path /Users/admin/builder/spi-builder-workspace/.derivedData/Build/Intermediates.noindex/ApplicationExtensions.build/Debug-watchos/ApplicationExtensions-t.build/Objects-normal/arm64/BasicScene.d -emit-const-values-path /Users/admin/builder/spi-builder-workspace/.derivedData/Build/Intermediates.noindex/ApplicationExtensions.build/Debug-watchos/ApplicationExtensions-t.build/Objects-normal/arm64/BasicScene.swiftconstvalues -emit-reference-dependencies-path /Users/admin/builder/spi-builder-workspace/.derivedData/Build/Intermediates.noindex/ApplicationExtensions.build/Debug-watchos/ApplicationExtensions-t.build/Objects-normal/arm64/BasicScene.swiftdeps -serialize-diagnostics-path /Users/admin/builder/spi-builder-workspace/.derivedData/Build/Intermediates.noindex/ApplicationExtensions.build/Debug-watchos/ApplicationExtensions-t.build/Objects-normal/arm64/BasicScene.dia -target arm64-apple-watchos9.0 -module-can-import-version UIKit 9127.0.84.1 9127.0.84 -disable-cross-import-overlay-search -load-resolved-plugin /Applications/Xcode-27.0.0-Release.Candidate.app/Contents/Developer/Platforms/WatchOS.platform/Developer/usr/lib/swift/host/plugins/libFoundationMacros.dylib\#/Applications/Xcode-27.0.0-Release.Candidate.app/Contents/Developer/Platforms/WatchOS.platform/Developer/usr/bin/swift-plugin-server\#FoundationMacros -load-resolved-plugin /Applications/Xcode-27.0.0-Release.Candidate.app/Contents/Developer/Platforms/WatchOS.platform/Developer/usr/lib/swift/host/plugins/libObservationMacros.dylib\#/Applications/Xcode-27.0.0-Release.Candidate.app/Contents/Developer/Platforms/WatchOS.platform/Developer/usr/bin/swift-plugin-server\#ObservationMacros -load-resolved-plugin /Applications/Xcode-27.0.0-Release.Candidate.app/Contents/Developer/Platforms/WatchOS.platform/Developer/usr/lib/swift/host/plugins/libSwiftMacros.dylib\#/Applications/Xcode-27.0.0-Release.Candidate.app/Contents/Developer/Platforms/WatchOS.platform/Developer/usr/bin/swift-plugin-server\#SwiftMacros -load-resolved-plugin /Applications/Xcode-27.0.0-Release.Candidate.app/Contents/Developer/Platforms/WatchOS.platform/Developer/usr/lib/swift/host/plugins/libSwiftUIMacros.dylib\#/Applications/Xcode-27.0.0-Release.Candidate.app/Contents/Developer/Platforms/WatchOS.platform/Developer/usr/bin/swift-plugin-server\#SwiftUIMacros -disable-implicit-swift-modules -Xcc -fno-implicit-modules -Xcc -fno-implicit-module-maps -explicit-swift-module-map-file /Users/admin/builder/spi-builder-workspace/.derivedData/Build/Intermediates.noindex/ApplicationExtensions.build/Debug-watchos/ApplicationExtensions-t.build/Objects-normal/arm64/ApplicationExtensions-dependencies-2.json -Xllvm -aarch64-use-tbi -enable-objc-interop -stack-check -sdk /Applications/Xcode-27.0.0-Release.Candidate.app/Contents/Developer/Platforms/WatchOS.platform/Developer/SDKs/WatchOS27.0.sdk -I /Users/admin/builder/spi-builder-workspace/.derivedData/Build/Products/Debug-watchos -Isystem /Applications/Xcode-27.0.0-Release.Candidate.app/Contents/Developer/Platforms/WatchOS.platform/Developer/usr/lib -F /Users/admin/builder/spi-builder-workspace/.derivedData/Build/Products/Debug-watchos/PackageFrameworks -F /Users/admin/builder/spi-builder-workspace/.derivedData/Build/Products/Debug-watchos -F /Applications/Xcode-27.0.0-Release.Candidate.app/Contents/Developer/Platforms/WatchOS.platform/Developer/Library/Frameworks -F /Applications/Xcode-27.0.0-Release.Candidate.app/Contents/Developer/Platforms/WatchOS.platform/Developer/SDKs/WatchOS27.0.sdk/Developer/Library/Frameworks -module-cache-path /Users/admin/builder/spi-builder-workspace/.derivedData/Build/Intermediates.noindex/SwiftExplicitPrecompiledModules -no-color-diagnostics -Xcc -fno-color-diagnostics -enable-testing -g -debug-info-format\=dwarf -dwarf-version\=4 -swift-version 5 -Onone -D SWIFT_PACKAGE -D DEBUG -D SWIFT_MODULE_RESOURCE_BUNDLE_UNAVAILABLE -D Xcode -serialize-debugging-options -enable-experimental-feature DebugDescriptionMacro -empty-abi-descriptor -validate-clang-modules-once -clang-build-session-file /Users/admin/builder/spi-builder-workspace/.derivedData/ModuleCache.noindex/Session.modulevalidation -Xcc -working-directory -Xcc /Users/admin/builder/spi-builder-workspace/.swiftpm/xcode -enable-anonymous-context-mangled-names -file-compilation-dir /Users/admin/builder/spi-builder-workspace/.swiftpm/xcode -Xcc -D_LIBCPP_HARDENING_MODE\=_LIBCPP_HARDENING_MODE_DEBUG -Xcc -ivfsstatcache -Xcc /Users/admin/builder/spi-builder-workspace/.derivedData/SDKStatCaches.noindex/watchos27.0-24R360-e829b21a6f8c9b70876ba0858053c04477534ef55a1706bf4c1112bbb242f0a2.sdkstatcache -Xcc -fmodules-prune-interval\=86400 -Xcc -fmodules-prune-after\=345600 -Xcc -I/Users/admin/builder/spi-builder-workspace/.derivedData/Build/Products/Debug-watchos/include -Xcc -I/Users/admin/builder/spi-builder-workspace/.derivedData/Build/Intermediates.noindex/ApplicationExtensions.build/Debug-watchos/ApplicationExtensions-t.build/DerivedSources-normal/arm64 -Xcc -I/Users/admin/builder/spi-builder-workspace/.derivedData/Build/Intermediates.noindex/ApplicationExtensions.build/Debug-watchos/ApplicationExtensions-t.build/DerivedSources/arm64 -Xcc -I/Users/admin/builder/spi-builder-workspace/.derivedData/Build/Intermediates.noindex/ApplicationExtensions.build/Debug-watchos/ApplicationExtensions-t.build/DerivedSources -Xcc -DSWIFT_PACKAGE -Xcc -DDEBUG\=1 -no-auto-bridging-header-chaining -module-name ApplicationExtensions -const-gather-protocols-file /Users/admin/builder/spi-builder-workspace/.derivedData/Build/Intermediates.noindex/ApplicationExtensions.build/Debug-watchos/ApplicationExtensions-t.build/Objects-normal/arm64/ApplicationExtensions_const_extract_protocols.json -disable-clang-spi -clang-target arm64-apple-watchos27.0 -target-sdk-version 27.0 -target-sdk-name watchos27.0 -in-process-plugin-server-path /Applications/Xcode-27.0.0-Release.Candidate.app/Contents/Developer/Toolchains/XcodeDefault.xctoolchain/usr/lib/swift/host/libSwiftInProcPluginServer.dylib -parse-as-library -o /Users/admin/builder/spi-builder-workspace/.derivedData/Build/Intermediates.noindex/ApplicationExtensions.build/Debug-watchos/ApplicationExtensions-t.build/Objects-normal/arm64/BasicScene.o -debug-module-path /Users/admin/builder/spi-builder-workspace/.derivedData/Build/Intermediates.noindex/ApplicationExtensions.build/Debug-watchos/ApplicationExtensions-t.build/Objects-normal/arm64/ApplicationExtensions.swiftmodule -index-unit-output-path /ApplicationExtensions.build/Debug-watchos/ApplicationExtensions-t.build/Objects-normal/arm64/BasicScene.o -index-store-path /Users/admin/builder/spi-builder-workspace/.derivedData/Index.noindex/DataStore -index-system-modules
SwiftCompile normal arm64 /Users/admin/builder/spi-builder-workspace/Sources/ApplicationExtensions/BasicScene.swift (in target 'ApplicationExtensions' from project 'ApplicationExtensions')
cd /Users/admin/builder/spi-builder-workspace/.swiftpm/xcode
builtin-SwiftPerFileCompile BasicScene.swift
SwiftEmitModule normal arm64 Emitting\ module\ for\ ApplicationExtensions (in target 'ApplicationExtensions' from project 'ApplicationExtensions')
SwiftCompile normal arm64 (in target 'ApplicationExtensions' from project 'ApplicationExtensions')
cd /Users/admin/builder/spi-builder-workspace/.swiftpm/xcode
SwiftCompile normal arm64 Compiling\ DispatchQueue+Extensions.swift /Users/admin/builder/spi-builder-workspace/Sources/ApplicationExtensions/DispatchQueue+Extensions.swift (in target 'ApplicationExtensions' from project 'ApplicationExtensions')
SwiftCompile normal arm64 /Users/admin/builder/spi-builder-workspace/Sources/ApplicationExtensions/DispatchQueue+Extensions.swift (in target 'ApplicationExtensions' from project 'ApplicationExtensions')
cd /Users/admin/builder/spi-builder-workspace/.swiftpm/xcode
builtin-SwiftPerFileCompile DispatchQueue+Extensions.swift
SwiftCompile normal arm64 Compiling\ DocumentExtensions.swift /Users/admin/builder/spi-builder-workspace/Sources/ApplicationExtensions/DocumentExtensions.swift (in target 'ApplicationExtensions' from project 'ApplicationExtensions')
/Users/admin/builder/spi-builder-workspace/Sources/ApplicationExtensions/DocumentExtensions.swift:15:114: error: cannot find type 'UIDocumentBrowserViewController' in scope
13 | /// - pathExtension: extension to save the new document with
14 | /// - importHandler: document browser import handler to pass the new document's location
15 | class func createForDocumentBrowser(withPathExtension pathExtension: String, importHandler: @escaping (URL?, UIDocumentBrowserViewController.ImportMode) -> Void) {
| `- error: cannot find type 'UIDocumentBrowserViewController' in scope
16 | let url = UIApplication.newDocumentURL(withPathExtension: pathExtension)
17 | let document = Self.init(fileURL: url)
/Applications/Xcode-27.0.0-Release.Candidate.app/Contents/Developer/Platforms/WatchOS.platform/Developer/SDKs/WatchOS27.0.sdk/System/Library/Frameworks/UIKit.framework/Headers/UIDocumentViewControllerLaunchOptions.h:16:1: note: interface 'UIDocumentBrowserViewController' forward declared here
14 | NS_HEADER_AUDIT_BEGIN(nullability, sendability)
15 |
16 | @class UIDocumentBrowserViewController;
| `- note: interface 'UIDocumentBrowserViewController' forward declared here
17 |
18 | UIKIT_EXTERN API_AVAILABLE(ios(18.0)) API_UNAVAILABLE(tvos, watchos) NS_SWIFT_NAME(UIDocumentViewController.LaunchOptions) NS_SWIFT_UI_ACTOR
/Users/admin/builder/spi-builder-workspace/Sources/ApplicationExtensions/DocumentExtensions.swift:9:18: error: 'UIDocument' is unavailable in watchOS
7 | import UIKit
8 |
9 | public extension UIDocument {
| `- error: 'UIDocument' is unavailable in watchOS
10 |
11 | /// Create and save an instance for the UIDocumentBrowser to use as a new document.
/Applications/Xcode-27.0.0-Release.Candidate.app/Contents/Developer/Platforms/WatchOS.platform/Developer/SDKs/WatchOS27.0.sdk/System/Library/Frameworks/UIKit.framework/Headers/UIDocument.h:52:12: note: 'UIDocument' has been explicitly marked unavailable here
50 |
51 | UIKIT_EXTERN API_AVAILABLE(ios(5.0)) API_UNAVAILABLE(tvos, watchos) NS_SWIFT_NONISOLATED
52 | @interface UIDocument : NSObject <NSFilePresenter, NSProgressReporting>
| `- note: 'UIDocument' has been explicitly marked unavailable here
53 |
54 | #pragma mark *** Initialization ***
/Users/admin/builder/spi-builder-workspace/Sources/ApplicationExtensions/DocumentExtensions.swift:61:46: error: 'UIDocument' is unavailable in watchOS
59 | /// Populate the new document with the content that's being exported.
60 | /// - Parameter document: the document to populate
61 | func prepareExport(forDocument document: UIDocument)
| `- error: 'UIDocument' is unavailable in watchOS
62 |
63 | /// Display an error indicating that the export document failed to save.
/Applications/Xcode-27.0.0-Release.Candidate.app/Contents/Developer/Platforms/WatchOS.platform/Developer/SDKs/WatchOS27.0.sdk/System/Library/Frameworks/UIKit.framework/Headers/UIDocument.h:52:12: note: 'UIDocument' has been explicitly marked unavailable here
50 |
51 | UIKIT_EXTERN API_AVAILABLE(ios(5.0)) API_UNAVAILABLE(tvos, watchos) NS_SWIFT_NONISOLATED
52 | @interface UIDocument : NSObject <NSFilePresenter, NSProgressReporting>
| `- note: 'UIDocument' has been explicitly marked unavailable here
53 |
54 | #pragma mark *** Initialization ***
/Users/admin/builder/spi-builder-workspace/Sources/ApplicationExtensions/DocumentExtensions.swift:65:47: error: 'UIDocument' is unavailable in watchOS
63 | /// Display an error indicating that the export document failed to save.
64 | /// - Parameter document: the document that failed
65 | func presentFailure(forDocument document: UIDocument)
| `- error: 'UIDocument' is unavailable in watchOS
66 |
67 | /// Display a document picker for the user to choose the final destination of an export.
/Applications/Xcode-27.0.0-Release.Candidate.app/Contents/Developer/Platforms/WatchOS.platform/Developer/SDKs/WatchOS27.0.sdk/System/Library/Frameworks/UIKit.framework/Headers/UIDocument.h:52:12: note: 'UIDocument' has been explicitly marked unavailable here
50 |
51 | UIKIT_EXTERN API_AVAILABLE(ios(5.0)) API_UNAVAILABLE(tvos, watchos) NS_SWIFT_NONISOLATED
52 | @interface UIDocument : NSObject <NSFilePresenter, NSProgressReporting>
| `- note: 'UIDocument' has been explicitly marked unavailable here
53 |
54 | #pragma mark *** Initialization ***
/Users/admin/builder/spi-builder-workspace/Sources/ApplicationExtensions/DocumentExtensions.swift:71:34: error: 'UIDocumentPickerViewController' is unavailable in watchOS
69 | /// - document: the document being exported
70 | /// - picker: the picker to display
71 | func presentPicker(_ picker: UIDocumentPickerViewController, forDocument document: UIDocument)
| `- error: 'UIDocumentPickerViewController' is unavailable in watchOS
72 | }
73 | #endif
/Applications/Xcode-27.0.0-Release.Candidate.app/Contents/Developer/Platforms/WatchOS.platform/Developer/SDKs/WatchOS27.0.sdk/System/Library/Frameworks/UIKit.framework/Headers/UIDocumentPickerViewController.h:38:12: note: 'UIDocumentPickerViewController' has been explicitly marked unavailable here
36 |
37 | UIKIT_EXTERN API_AVAILABLE(ios(8.0)) API_UNAVAILABLE(tvos, watchos) NS_SWIFT_UI_ACTOR
38 | @interface UIDocumentPickerViewController : UIViewController
| `- note: 'UIDocumentPickerViewController' has been explicitly marked unavailable here
39 |
40 | // Initializes the picker instance for selecting a document in a remote location. The valid modes are Import and Open.
/Users/admin/builder/spi-builder-workspace/Sources/ApplicationExtensions/DocumentExtensions.swift:71:88: error: 'UIDocument' is unavailable in watchOS
69 | /// - document: the document being exported
70 | /// - picker: the picker to display
71 | func presentPicker(_ picker: UIDocumentPickerViewController, forDocument document: UIDocument)
| `- error: 'UIDocument' is unavailable in watchOS
72 | }
73 | #endif
/Applications/Xcode-27.0.0-Release.Candidate.app/Contents/Developer/Platforms/WatchOS.platform/Developer/SDKs/WatchOS27.0.sdk/System/Library/Frameworks/UIKit.framework/Headers/UIDocument.h:52:12: note: 'UIDocument' has been explicitly marked unavailable here
50 |
51 | UIKIT_EXTERN API_AVAILABLE(ios(5.0)) API_UNAVAILABLE(tvos, watchos) NS_SWIFT_NONISOLATED
52 | @interface UIDocument : NSObject <NSFilePresenter, NSProgressReporting>
| `- note: 'UIDocument' has been explicitly marked unavailable here
53 |
54 | #pragma mark *** Initialization ***
/Users/admin/builder/spi-builder-workspace/Sources/ApplicationExtensions/DocumentExtensions.swift:58:40: error: 'UIDocumentPickerDelegate' is unavailable in watchOS
56 | /// Document export helper.
57 | /// An instance of this protocol is supplied to `createForExport` to assist with the export process.
58 | public protocol DocumentExportHandler: UIDocumentPickerDelegate {
| `- error: 'UIDocumentPickerDelegate' is unavailable in watchOS
59 | /// Populate the new document with the content that's being exported.
60 | /// - Parameter document: the document to populate
/Applications/Xcode-27.0.0-Release.Candidate.app/Contents/Developer/Platforms/WatchOS.platform/Developer/SDKs/WatchOS27.0.sdk/System/Library/Frameworks/UIKit.framework/Headers/UIDocumentPickerViewController.h:18:11: note: 'UIDocumentPickerDelegate' has been explicitly marked unavailable here
16 |
17 | API_UNAVAILABLE(tvos, watchos) NS_SWIFT_UI_ACTOR
18 | @protocol UIDocumentPickerDelegate <NSObject>
| `- note: 'UIDocumentPickerDelegate' has been explicitly marked unavailable here
19 |
20 | @optional
SwiftCompile normal arm64 /Users/admin/builder/spi-builder-workspace/Sources/ApplicationExtensions/DocumentExtensions.swift (in target 'ApplicationExtensions' from project 'ApplicationExtensions')
cd /Users/admin/builder/spi-builder-workspace/.swiftpm/xcode
builtin-SwiftPerFileCompile DocumentExtensions.swift
SwiftCompile normal arm64 Compiling\ StateWatcher.swift /Users/admin/builder/spi-builder-workspace/Sources/ApplicationExtensions/StateWatcher.swift (in target 'ApplicationExtensions' from project 'ApplicationExtensions')
SwiftCompile normal arm64 /Users/admin/builder/spi-builder-workspace/Sources/ApplicationExtensions/StateWatcher.swift (in target 'ApplicationExtensions' from project 'ApplicationExtensions')
cd /Users/admin/builder/spi-builder-workspace/.swiftpm/xcode
builtin-SwiftPerFileCompile StateWatcher.swift
SwiftEmitModule normal arm64_32 Emitting\ module\ for\ ApplicationExtensions (in target 'ApplicationExtensions' from project 'ApplicationExtensions')
SwiftCompile normal arm64_32 (in target 'ApplicationExtensions' from project 'ApplicationExtensions')
cd /Users/admin/builder/spi-builder-workspace/.swiftpm/xcode
SwiftCompile normal arm64_32 Compiling\ StateWatcher.swift /Users/admin/builder/spi-builder-workspace/Sources/ApplicationExtensions/StateWatcher.swift (in target 'ApplicationExtensions' from project 'ApplicationExtensions')
SwiftCompile normal arm64_32 /Users/admin/builder/spi-builder-workspace/Sources/ApplicationExtensions/StateWatcher.swift (in target 'ApplicationExtensions' from project 'ApplicationExtensions')
cd /Users/admin/builder/spi-builder-workspace/.swiftpm/xcode
builtin-SwiftPerFileCompile StateWatcher.swift
SwiftCompile normal arm64_32 Compiling\ BasicApplication.swift /Users/admin/builder/spi-builder-workspace/Sources/ApplicationExtensions/BasicApplication.swift (in target 'ApplicationExtensions' from project 'ApplicationExtensions')
SwiftCompile normal arm64_32 /Users/admin/builder/spi-builder-workspace/Sources/ApplicationExtensions/BasicApplication.swift (in target 'ApplicationExtensions' from project 'ApplicationExtensions')
cd /Users/admin/builder/spi-builder-workspace/.swiftpm/xcode
builtin-SwiftPerFileCompile BasicApplication.swift
SwiftCompile normal arm64_32 Compiling\ ApplicationExtensions.swift /Users/admin/builder/spi-builder-workspace/Sources/ApplicationExtensions/ApplicationExtensions.swift (in target 'ApplicationExtensions' from project 'ApplicationExtensions')
SwiftCompile normal arm64_32 /Users/admin/builder/spi-builder-workspace/Sources/ApplicationExtensions/ApplicationExtensions.swift (in target 'ApplicationExtensions' from project 'ApplicationExtensions')
cd /Users/admin/builder/spi-builder-workspace/.swiftpm/xcode
builtin-SwiftPerFileCompile ApplicationExtensions.swift
PruneExplicitPrecompiledModules /Users/admin/builder/spi-builder-workspace/.derivedData/Build/Intermediates.noindex/ExplicitPrecompiledModules
PruneExplicitPrecompiledModules /Users/admin/builder/spi-builder-workspace/.derivedData/Build/Intermediates.noindex/SwiftExplicitPrecompiledModules
PruneExplicitPrecompiledModules /Users/admin/builder/spi-builder-workspace/.derivedData/SDKExplicitPrecompiledModules
2026-09-17 10:57:09.441 xcodebuild[1419:8134] [MT] IDERunDestination: Supported platforms for the buildables in the current scheme is empty.
2026-09-17 10:57:09.545 xcodebuild[1419:8134] [MT] IDERunDestination: Supported platforms for the buildables in the current scheme is empty.
** BUILD FAILED **
The following build commands failed:
SwiftCompile normal arm64 Compiling\ BasicScene.swift /Users/admin/builder/spi-builder-workspace/Sources/ApplicationExtensions/BasicScene.swift (in target 'ApplicationExtensions' from project 'ApplicationExtensions')
SwiftCompile normal arm64 /Users/admin/builder/spi-builder-workspace/Sources/ApplicationExtensions/BasicScene.swift (in target 'ApplicationExtensions' from project 'ApplicationExtensions')
Building workspace ApplicationExtensions with scheme ApplicationExtensions
(3 failures)
BUILD FAILURE 6.4 watchOS