The Swift Package Index logo.Swift Package Index

Build Information

Failed to build SwiftPygments, reference master (c22bcf), with Swift 6.4 for iOS using Xcode 27.0 on 17 Sep 2026 06:15:53 UTC.

Build Command

No build command. This typically means the build failed at an early stage where we determine the build command.

Build Log

========================================
RunAll
========================================
Builder version: 5.1.0
Interrupt handler set up.
========================================
Checkout
========================================
Clone URL: https://github.com/Ze0nC/SwiftPygments.git
Reference: master
Initialized empty Git repository in /Users/admin/builder/spi-builder-workspace/.git/
From https://github.com/Ze0nC/SwiftPygments
 * branch            master     -> FETCH_HEAD
 * [new branch]      master     -> origin/master
HEAD is now at c22bcfc Updated README
Cloned https://github.com/Ze0nC/SwiftPygments.git
Revision (git rev-parse @):
c22bcfcc5931db56c971c1d2722de856a8bfaf39
SUCCESS checkout https://github.com/Ze0nC/SwiftPygments.git at master
========================================
Build
========================================
Selected platform:         iOS
Swift version:             6.4
Building package at path:  $PWD
https://github.com/Ze0nC/SwiftPygments.git
Command line invocation:
    /Applications/Xcode-27.0.0-Release.Candidate.app/Contents/Developer/usr/bin/xcodebuild -IDEClonedSourcePackagesDirPathOverride=/Users/admin/builder/spi-builder-workspace/.dependencies -resolvePackageDependencies
Resolve Package Graph
Fetching from https://github.com/pvieito/PythonKit.git
could not find a branch named ‘master’ in https://github.com/pvieito/PythonKit.git (did you mean ‘main’?)Resolve Package Graph
Updating from https://github.com/pvieito/PythonKit.git
could not find a branch named ‘master’ in https://github.com/pvieito/PythonKit.git (did you mean ‘main’?)
Resolved source packages:
  spi-builder-workspace: (null)
2026-09-17 02:15:51.959 xcodebuild[529:3024] Writing error result bundle to /var/folders/xq/y_g06wb113726d38xsyx71_h0000gn/T/ResultBundle_2026-17-09_02-15-0051.xcresult
xcodebuild: error: Could not resolve package dependencies:
  could not find a branch named ‘master’ in https://github.com/pvieito/PythonKit.git (did you mean ‘main’?)
Command line invocation:
    /Applications/Xcode-27.0.0-Release.Candidate.app/Contents/Developer/usr/bin/xcodebuild -IDEClonedSourcePackagesDirPathOverride=/Users/admin/builder/spi-builder-workspace/.dependencies -resolvePackageDependencies
Resolve Package Graph
Updating from https://github.com/pvieito/PythonKit.git
could not find a branch named ‘master’ in https://github.com/pvieito/PythonKit.git (did you mean ‘main’?)
Resolved source packages:
  spi-builder-workspace: (null)
2026-09-17 02:15:53.562 xcodebuild[623:3756] Writing error result bundle to /var/folders/xq/y_g06wb113726d38xsyx71_h0000gn/T/ResultBundle_2026-17-09_02-15-0053.xcresult
xcodebuild: error: Could not resolve package dependencies:
  could not find a branch named ‘master’ in https://github.com/pvieito/PythonKit.git (did you mean ‘main’?)
BUILD FAILURE 6.4 iOS