Build Information
Failed to build Sheetify, reference main (6845dd), with Swift 6.4 for tvOS using Xcode 27.0 on 22 Sep 2026 05:42:42 UTC.
Build Command
No build command. This typically means the build failed at an early stage where we determine the build command.Build Log
========================================
RunAll
========================================
Builder version: 5.1.0
Interrupt handler set up.
========================================
Checkout
========================================
Clone URL: https://github.com/Isiguenza/Sheetify.git
Reference: main
Initialized empty Git repository in /Users/admin/builder/spi-builder-workspace/.git/
From https://github.com/Isiguenza/Sheetify
* branch main -> FETCH_HEAD
* [new branch] main -> origin/main
HEAD is now at 6845ddd Update Readme.md
Cloned https://github.com/Isiguenza/Sheetify.git
Revision (git rev-parse @):
6845dddef4c29e92ccdd5f8920f3c092c7c17e2c
SUCCESS checkout https://github.com/Isiguenza/Sheetify.git at main
========================================
Build
========================================
Selected platform: tvOS
Swift version: 6.4
Building package at path: $PWD
https://github.com/Isiguenza/Sheetify.git
Command line invocation:
/Applications/Xcode-27.0.0-Release.Candidate.app/Contents/Developer/usr/bin/xcodebuild -IDEClonedSourcePackagesDirPathOverride=/Users/admin/builder/spi-builder-workspace/.dependencies -resolvePackageDependencies
Resolve Package Graph
Fetching from https://github.com/nalexn/ViewInspector.git
Invalid manifest (compiled with: ["/Applications/Xcode-27.0.0-Release.Candidate.app/Contents/Developer/Toolchains/XcodeDefault.xctoolchain/usr/bin/swiftc", "-vfsoverlay", "/var/folders/xq/y_g06wb113726d38xsyx71_h0000gn/T/TemporaryDirectory.QIEJi7/vfs.yaml", "-L", "/Applications/Xcode-27.0.0-Release.Candidate.app/Contents/SharedFrameworks/SwiftPM.framework/SharedSupport/ManifestAPI", "-lPackageDescription", "-Xlinker", "-rpath", "-Xlinker", "/Applications/Xcode-27.0.0-Release.Candidate.app/Contents/SharedFrameworks/SwiftPM.framework/SharedSupport/ManifestAPI", "-target", "arm64-apple-macos14.0", "-plugin-path", "/Applications/Xcode-27.0.0-Release.Candidate.app/Contents/Developer/Toolchains/XcodeDefault.xctoolchain/usr/lib/swift/host/plugins/testing", "-sdk", "/Applications/Xcode-27.0.0-Release.Candidate.app/Contents/Developer/Platforms/MacOSX.platform/Developer/SDKs/MacOSX27.0.sdk", "-swift-version", "5", "-I", "/Applications/Xcode-27.0.0-Release.Candidate.app/Contents/SharedFrameworks/SwiftPM.framework/SharedSupport/ManifestAPI", "-sdk", "/Applications/Xcode-27.0.0-Release.Candidate.app/Contents/Developer/Platforms/MacOSX.platform/Developer/SDKs/MacOSX27.0.sdk", "-package-description-version", "5.9.0", "-Xfrontend", "-serialize-diagnostics-path", "-Xfrontend", "/Users/admin/Library/Caches/org.swift.swiftpm/manifests/ManifestLoading/viewinspector.dia", "/Package.swift", "-o", "/var/folders/xq/y_g06wb113726d38xsyx71_h0000gn/T/TemporaryDirectory.zIQebs/viewinspector-manifest"])
/Package.swift:10:74: error: 'v2' is unavailable
8 | defaultLocalization: "en",
9 | platforms: [
10 | .macOS(.v12), .iOS(.v15), .tvOS(.v15), .watchOS(.v9), .visionOS(.v2)
| `- error: 'v2' is unavailable
11 | ],
12 | products: [
PackageDescription.SupportedPlatform.VisionOSVersion.v2:4:23: note: 'v2' was introduced in PackageDescription 6.0
2 | struct VisionOSVersion {
3 | @available(_PackageDescription 6.0)
4 | public static let v2: PackageDescription.SupportedPlatform.VisionOSVersion }
| `- note: 'v2' was introduced in PackageDescription 6.0
5 | }
6 | in https://github.com/nalexn/ViewInspector.gitthe target name SheetifyTests has different case on the filesystem and the Package.swift manifest fileResolve Package Graph
Updating from https://github.com/nalexn/ViewInspector.git
Invalid manifest (compiled with: ["/Applications/Xcode-27.0.0-Release.Candidate.app/Contents/Developer/Toolchains/XcodeDefault.xctoolchain/usr/bin/swiftc", "-vfsoverlay", "/var/folders/xq/y_g06wb113726d38xsyx71_h0000gn/T/TemporaryDirectory.IRDJ2E/vfs.yaml", "-L", "/Applications/Xcode-27.0.0-Release.Candidate.app/Contents/SharedFrameworks/SwiftPM.framework/SharedSupport/ManifestAPI", "-lPackageDescription", "-Xlinker", "-rpath", "-Xlinker", "/Applications/Xcode-27.0.0-Release.Candidate.app/Contents/SharedFrameworks/SwiftPM.framework/SharedSupport/ManifestAPI", "-target", "arm64-apple-macos14.0", "-plugin-path", "/Applications/Xcode-27.0.0-Release.Candidate.app/Contents/Developer/Toolchains/XcodeDefault.xctoolchain/usr/lib/swift/host/plugins/testing", "-sdk", "/Applications/Xcode-27.0.0-Release.Candidate.app/Contents/Developer/Platforms/MacOSX.platform/Developer/SDKs/MacOSX27.0.sdk", "-swift-version", "5", "-I", "/Applications/Xcode-27.0.0-Release.Candidate.app/Contents/SharedFrameworks/SwiftPM.framework/SharedSupport/ManifestAPI", "-sdk", "/Applications/Xcode-27.0.0-Release.Candidate.app/Contents/Developer/Platforms/MacOSX.platform/Developer/SDKs/MacOSX27.0.sdk", "-package-description-version", "5.9.0", "-Xfrontend", "-serialize-diagnostics-path", "-Xfrontend", "/Users/admin/Library/Caches/org.swift.swiftpm/manifests/ManifestLoading/viewinspector.dia", "/Package.swift", "-o", "/var/folders/xq/y_g06wb113726d38xsyx71_h0000gn/T/TemporaryDirectory.Fx5IIm/viewinspector-manifest"])
/Package.swift:10:74: error: 'v2' is unavailable
8 | defaultLocalization: "en",
9 | platforms: [
10 | .macOS(.v12), .iOS(.v15), .tvOS(.v15), .watchOS(.v9), .visionOS(.v2)
| `- error: 'v2' is unavailable
11 | ],
12 | products: [
PackageDescription.SupportedPlatform.VisionOSVersion.v2:4:23: note: 'v2' was introduced in PackageDescription 6.0
2 | struct VisionOSVersion {
3 | @available(_PackageDescription 6.0)
4 | public static let v2: PackageDescription.SupportedPlatform.VisionOSVersion }
| `- note: 'v2' was introduced in PackageDescription 6.0
5 | }
6 | in https://github.com/nalexn/ViewInspector.gitthe target name SheetifyTests has different case on the filesystem and the Package.swift manifest file
Resolved source packages:
spi-builder-workspace: (null)
2026-09-22 01:42:40.648 xcodebuild[525:3009] Writing error result bundle to /var/folders/xq/y_g06wb113726d38xsyx71_h0000gn/T/ResultBundle_2026-22-09_01-42-0040.xcresult
xcodebuild: error: Could not resolve package dependencies:
Invalid manifest (compiled with: ["/Applications/Xcode-27.0.0-Release.Candidate.app/Contents/Developer/Toolchains/XcodeDefault.xctoolchain/usr/bin/swiftc", "-vfsoverlay", "/var/folders/xq/y_g06wb113726d38xsyx71_h0000gn/T/TemporaryDirectory.IRDJ2E/vfs.yaml", "-L", "/Applications/Xcode-27.0.0-Release.Candidate.app/Contents/SharedFrameworks/SwiftPM.framework/SharedSupport/ManifestAPI", "-lPackageDescription", "-Xlinker", "-rpath", "-Xlinker", "/Applications/Xcode-27.0.0-Release.Candidate.app/Contents/SharedFrameworks/SwiftPM.framework/SharedSupport/ManifestAPI", "-target", "arm64-apple-macos14.0", "-plugin-path", "/Applications/Xcode-27.0.0-Release.Candidate.app/Contents/Developer/Toolchains/XcodeDefault.xctoolchain/usr/lib/swift/host/plugins/testing", "-sdk", "/Applications/Xcode-27.0.0-Release.Candidate.app/Contents/Developer/Platforms/MacOSX.platform/Developer/SDKs/MacOSX27.0.sdk", "-swift-version", "5", "-I", "/Applications/Xcode-27.0.0-Release.Candidate.app/Contents/SharedFrameworks/SwiftPM.framework/SharedSupport/ManifestAPI", "-sdk", "/Applications/Xcode-27.0.0-Release.Candidate.app/Contents/Developer/Platforms/MacOSX.platform/Developer/SDKs/MacOSX27.0.sdk", "-package-description-version", "5.9.0", "-Xfrontend", "-serialize-diagnostics-path", "-Xfrontend", "/Users/admin/Library/Caches/org.swift.swiftpm/manifests/ManifestLoading/viewinspector.dia", "/Package.swift", "-o", "/var/folders/xq/y_g06wb113726d38xsyx71_h0000gn/T/TemporaryDirectory.Fx5IIm/viewinspector-manifest"])
Command line invocation:
/Applications/Xcode-27.0.0-Release.Candidate.app/Contents/Developer/usr/bin/xcodebuild -IDEClonedSourcePackagesDirPathOverride=/Users/admin/builder/spi-builder-workspace/.dependencies -resolvePackageDependencies
Resolve Package Graph
Updating from https://github.com/nalexn/ViewInspector.git
Invalid manifest (compiled with: ["/Applications/Xcode-27.0.0-Release.Candidate.app/Contents/Developer/Toolchains/XcodeDefault.xctoolchain/usr/bin/swiftc", "-vfsoverlay", "/var/folders/xq/y_g06wb113726d38xsyx71_h0000gn/T/TemporaryDirectory.SHgoJY/vfs.yaml", "-L", "/Applications/Xcode-27.0.0-Release.Candidate.app/Contents/SharedFrameworks/SwiftPM.framework/SharedSupport/ManifestAPI", "-lPackageDescription", "-Xlinker", "-rpath", "-Xlinker", "/Applications/Xcode-27.0.0-Release.Candidate.app/Contents/SharedFrameworks/SwiftPM.framework/SharedSupport/ManifestAPI", "-target", "arm64-apple-macos14.0", "-plugin-path", "/Applications/Xcode-27.0.0-Release.Candidate.app/Contents/Developer/Toolchains/XcodeDefault.xctoolchain/usr/lib/swift/host/plugins/testing", "-sdk", "/Applications/Xcode-27.0.0-Release.Candidate.app/Contents/Developer/Platforms/MacOSX.platform/Developer/SDKs/MacOSX27.0.sdk", "-swift-version", "5", "-I", "/Applications/Xcode-27.0.0-Release.Candidate.app/Contents/SharedFrameworks/SwiftPM.framework/SharedSupport/ManifestAPI", "-sdk", "/Applications/Xcode-27.0.0-Release.Candidate.app/Contents/Developer/Platforms/MacOSX.platform/Developer/SDKs/MacOSX27.0.sdk", "-package-description-version", "5.9.0", "-Xfrontend", "-serialize-diagnostics-path", "-Xfrontend", "/Users/admin/Library/Caches/org.swift.swiftpm/manifests/ManifestLoading/viewinspector.dia", "/Package.swift", "-o", "/var/folders/xq/y_g06wb113726d38xsyx71_h0000gn/T/TemporaryDirectory.Cq5y4d/viewinspector-manifest"])
/Package.swift:10:74: error: 'v2' is unavailable
8 | defaultLocalization: "en",
9 | platforms: [
10 | .macOS(.v12), .iOS(.v15), .tvOS(.v15), .watchOS(.v9), .visionOS(.v2)
| `- error: 'v2' is unavailable
11 | ],
12 | products: [
PackageDescription.SupportedPlatform.VisionOSVersion.v2:4:23: note: 'v2' was introduced in PackageDescription 6.0
2 | struct VisionOSVersion {
3 | @available(_PackageDescription 6.0)
4 | public static let v2: PackageDescription.SupportedPlatform.VisionOSVersion }
| `- note: 'v2' was introduced in PackageDescription 6.0
5 | }
6 | in https://github.com/nalexn/ViewInspector.gitthe target name SheetifyTests has different case on the filesystem and the Package.swift manifest file
Resolved source packages:
spi-builder-workspace: (null)
2026-09-22 01:42:42.554 xcodebuild[622:3745] Writing error result bundle to /var/folders/xq/y_g06wb113726d38xsyx71_h0000gn/T/ResultBundle_2026-22-09_01-42-0042.xcresult
xcodebuild: error: Could not resolve package dependencies:
Invalid manifest (compiled with: ["/Applications/Xcode-27.0.0-Release.Candidate.app/Contents/Developer/Toolchains/XcodeDefault.xctoolchain/usr/bin/swiftc", "-vfsoverlay", "/var/folders/xq/y_g06wb113726d38xsyx71_h0000gn/T/TemporaryDirectory.SHgoJY/vfs.yaml", "-L", "/Applications/Xcode-27.0.0-Release.Candidate.app/Contents/SharedFrameworks/SwiftPM.framework/SharedSupport/ManifestAPI", "-lPackageDescription", "-Xlinker", "-rpath", "-Xlinker", "/Applications/Xcode-27.0.0-Release.Candidate.app/Contents/SharedFrameworks/SwiftPM.framework/SharedSupport/ManifestAPI", "-target", "arm64-apple-macos14.0", "-plugin-path", "/Applications/Xcode-27.0.0-Release.Candidate.app/Contents/Developer/Toolchains/XcodeDefault.xctoolchain/usr/lib/swift/host/plugins/testing", "-sdk", "/Applications/Xcode-27.0.0-Release.Candidate.app/Contents/Developer/Platforms/MacOSX.platform/Developer/SDKs/MacOSX27.0.sdk", "-swift-version", "5", "-I", "/Applications/Xcode-27.0.0-Release.Candidate.app/Contents/SharedFrameworks/SwiftPM.framework/SharedSupport/ManifestAPI", "-sdk", "/Applications/Xcode-27.0.0-Release.Candidate.app/Contents/Developer/Platforms/MacOSX.platform/Developer/SDKs/MacOSX27.0.sdk", "-package-description-version", "5.9.0", "-Xfrontend", "-serialize-diagnostics-path", "-Xfrontend", "/Users/admin/Library/Caches/org.swift.swiftpm/manifests/ManifestLoading/viewinspector.dia", "/Package.swift", "-o", "/var/folders/xq/y_g06wb113726d38xsyx71_h0000gn/T/TemporaryDirectory.Cq5y4d/viewinspector-manifest"])
BUILD FAILURE 6.4 tvOS