The Swift Package Index logo.Swift Package Index

Build Information

Failed to build Colibri, reference main (f8a14e), with Swift 6.4 for Wasm on 21 Sep 2026 21:41:55 UTC.

Build Command

bash -c docker run --pull=always --rm -v "checkouts-53886770-0":/host -w "$PWD" -e JAVA_HOME="/root/.sdkman/candidates/java/current" -e SPI_BUILD="1" -e SPI_PROCESSING="1" registry.gitlab.com/saguaro1/spi-images:wasm-6.4-latest swift build --swift-sdk swift-6.4.x-DEVELOPMENT-SNAPSHOT-2026-09-04-a_wasm 2>&1

Build Log

========================================
RunAll
========================================
Builder version: 5.1.0
Interrupt handler set up.
========================================
Checkout
========================================
Clone URL: https://github.com/rock-n-code/colibri.git
Reference: main
Initialized empty Git repository in /host/spi-builder-workspace/.git/
hint: Using 'master' as the name for the initial branch. This default branch name
hint: is subject to change. To configure the initial branch name to use in all
hint: of your new repositories, which will suppress this warning, call:
hint:
hint: 	git config --global init.defaultBranch <name>
hint:
hint: Names commonly chosen instead of 'master' are 'main', 'trunk' and
hint: 'development'. The just-created branch can be renamed via this command:
hint:
hint: 	git branch -m <name>
From https://github.com/rock-n-code/colibri
 * branch            main       -> FETCH_HEAD
 * [new branch]      main       -> origin/main
HEAD is now at f8a14e4 Improved the Build subcommand to support the building of Docker images (#11)
Cloned https://github.com/rock-n-code/colibri.git
Revision (git rev-parse @):
f8a14e46ed87414971e2429d11df2cc2ed5cbdd0
SUCCESS checkout https://github.com/rock-n-code/colibri.git at main
========================================
Build
========================================
Selected platform:         wasm
Swift version:             6.4
Building package at path:  $PWD
https://github.com/rock-n-code/colibri.git
Running build ...
bash -c docker run --pull=always --rm -v "checkouts-53886770-0":/host -w "$PWD" -e JAVA_HOME="/root/.sdkman/candidates/java/current" -e SPI_BUILD="1" -e SPI_PROCESSING="1" registry.gitlab.com/saguaro1/spi-images:wasm-6.4-latest swift build --swift-sdk swift-6.4.x-DEVELOPMENT-SNAPSHOT-2026-09-04-a_wasm 2>&1
wasm-6.4-latest: Pulling from saguaro1/spi-images
Digest: sha256:4328fdb43c680d205c1d6761b1e3267aa38277eefdda9ddfb17b6a0f1a77857a
Status: Image is up to date for registry.gitlab.com/saguaro1/spi-images:wasm-6.4-latest
Fetching https://github.com/apple/swift-argument-parser
Fetching https://github.com/hummingbird-project/swift-mustache
[1/2069] Fetching swift-mustache
Fetched https://github.com/hummingbird-project/swift-mustache (0.49s)
[1/18918] Fetching swift-argument-parser
Fetched https://github.com/apple/swift-argument-parser (0.79s)
Computing version for https://github.com/hummingbird-project/swift-mustache
Computed https://github.com/hummingbird-project/swift-mustache at 2.1.0 (0.97s)
Computing version for https://github.com/apple/swift-argument-parser
Computed https://github.com/apple/swift-argument-parser at 1.8.2 (0.17s)
Creating working copy for https://github.com/apple/swift-argument-parser
Working copy of https://github.com/apple/swift-argument-parser resolved at 1.8.2
Creating working copy for https://github.com/hummingbird-project/swift-mustache
Working copy of https://github.com/hummingbird-project/swift-mustache resolved at 2.1.0
Building for debugging...
[Constructing description]
[Planning deferred tasks]
[53 / 87] Mustache
[54 / 87] ArgumentParserToolInfo
[64 / 87] Mustache-product
[65 / 87] Mustache-product
[71 / 98] ColibriLibrary
error: SwiftCompile normal wasm32 failed with a nonzero exit code. Command line:     cd /host

/host/spi-builder-workspace/Library/Sources/Internal/Extensions/Process+Conformances.swift:5:11: error: cannot find type 'Process' in scope
3 | // MARK: - Processable
4 |
5 | extension Process: Processable {}
  |           `- error: cannot find type 'Process' in scope
6 |
/host/spi-builder-workspace/Library/Sources/Internal/Protocols/Processable.swift:11:41: error: cannot find type 'Process' in scope
 9 |     var standardError: Any? { get set }
10 |     var standardOutput: Any? { get set }
11 |     var terminationHandler: (@Sendable (Process) -> Void)? { get set }
   |                                         `- error: cannot find type 'Process' in scope
12 |
13 |     // MARK: Functions
Failed frontend command:
/usr/bin/swift-frontend -frontend -emit-module -experimental-skip-non-inlinable-function-bodies-without-types /host/spi-builder-workspace/.build/out/Intermediates.noindex/Colibri.build/Debug-webassembly-wasm32/ColibriLibrary-t.build/DerivedSources/resource_bundle_accessor.swift /host/spi-builder-workspace/Library/Sources/Internal/Enumerations/File.swift /host/spi-builder-workspace/Library/Sources/Internal/Enumerations/Folder.swift /host/spi-builder-workspace/Library/Sources/Internal/Enumerations/Template.swift /host/spi-builder-workspace/Library/Sources/Internal/Extensions/Bundle+Conformances.swift /host/spi-builder-workspace/Library/Sources/Internal/Extensions/Pipe+Properties.swift /host/spi-builder-workspace/Library/Sources/Internal/Extensions/Process+Conformances.swift /host/spi-builder-workspace/Library/Sources/Internal/Extensions/URL+Extensions.swift /host/spi-builder-workspace/Library/Sources/Internal/Protocols/Processable.swift /host/spi-builder-workspace/Library/Sources/Internal/Protocols/Randomable.swift /host/spi-builder-workspace/Library/Sources/Public/Enumerations/Artifact.swift /host/spi-builder-workspace/Library/Sources/Public/Enumerations/IDE.swift /host/spi-builder-workspace/Library/Sources/Public/Models/Project.swift /host/spi-builder-workspace/Library/Sources/Public/Protocols/Bundleable.swift /host/spi-builder-workspace/Library/Sources/Public/Protocols/FileServicing.swift /host/spi-builder-workspace/Library/Sources/Public/Protocols/Locationable.swift /host/spi-builder-workspace/Library/Sources/Public/Protocols/TemplateServicing.swift /host/spi-builder-workspace/Library/Sources/Public/Protocols/TerminalServicing.swift /host/spi-builder-workspace/Library/Sources/Public/Services/FileService.swift /host/spi-builder-workspace/Library/Sources/Public/Services/TemplateService.swift /host/spi-builder-workspace/Library/Sources/Public/Services/TerminalService.swift /host/spi-builder-workspace/Library/Sources/Public/Tasks/BuildArtifactTask.swift /host/spi-builder-workspace/Library/Sources/Public/Tasks/CleanProjectTask.swift /host/spi-builder-workspace/Library/Sources/Public/Tasks/CopyFilesTask.swift /host/spi-builder-workspace/Library/Sources/Public/Tasks/CreateFoldersTask.swift /host/spi-builder-workspace/Library/Sources/Public/Tasks/CreateRootFolderTask.swift /host/spi-builder-workspace/Library/Sources/Public/Tasks/InitGitInFolderTask.swift /host/spi-builder-workspace/Library/Sources/Public/Tasks/OpenProjectTask.swift /host/spi-builder-workspace/Library/Sources/Public/Tasks/RenderFilesTask.swift /host/spi-builder-workspace/Library/Sources/Public/Tasks/UpdateDependenciesTask.swift -target wasm32-unknown-wasip1 -disable-objc-interop -sdk /root/.swiftpm/swift-sdks/swift-6.4.x-DEVELOPMENT-SNAPSHOT-2026-09-04-a_wasm.artifactbundle/swift-6.4.x-DEVELOPMENT-SNAPSHOT-2026-09-04-a_wasm/wasm32-unknown-wasip1/WASI.sdk -sysroot /root/.swiftpm/swift-sdks/swift-6.4.x-DEVELOPMENT-SNAPSHOT-2026-09-04-a_wasm.artifactbundle/swift-6.4.x-DEVELOPMENT-SNAPSHOT-2026-09-04-a_wasm/wasm32-unknown-wasip1/WASI.sdk -I /host/spi-builder-workspace/.build/out/Products/Debug-webassembly-wasm32 -module-cache-path /host/spi-builder-workspace/.build/out/ModuleCache.noindex -color-diagnostics -Xcc -fcolor-diagnostics -enable-testing -g -debug-info-format\=dwarf -dwarf-version\=4 -swift-version 6 -Onone -D SWIFT_PACKAGE -D DEBUG -D SWIFT_MODULE_RESOURCE_BUNDLE_AVAILABLE -D Xcode -serialize-debugging-options -enable-experimental-feature DebugDescriptionMacro -empty-abi-descriptor -external-plugin-path /usr/lib/swift/host/plugins/testing\#/usr/bin/swift-plugin-server -validate-clang-modules-once -clang-build-session-file /host/spi-builder-workspace/.build/out/ModuleCache.noindex/Session.modulevalidation -Xcc -working-directory -Xcc /host -resource-dir /root/.swiftpm/swift-sdks/swift-6.4.x-DEVELOPMENT-SNAPSHOT-2026-09-04-a_wasm.artifactbundle/swift-6.4.x-DEVELOPMENT-SNAPSHOT-2026-09-04-a_wasm/wasm32-unknown-wasip1/swift.xctoolchain/usr/lib/swift_static -use-static-resource-dir -enable-anonymous-context-mangled-names -file-compilation-dir /host -Xcc -resource-dir -Xcc /root/.swiftpm/swift-sdks/swift-6.4.x-DEVELOPMENT-SNAPSHOT-2026-09-04-a_wasm.artifactbundle/swift-6.4.x-DEVELOPMENT-SNAPSHOT-2026-09-04-a_wasm/wasm32-unknown-wasip1/swift.xctoolchain/usr/lib/swift_static/clang -Xcc -D_LIBCPP_HARDENING_MODE\=_LIBCPP_HARDENING_MODE_DEBUG -Xcc -fmodules-prune-interval\=86400 -Xcc -fmodules-prune-after\=345600 -Xcc -I/host/spi-builder-workspace/.build/out/Products/Debug-webassembly-wasm32/include -Xcc -I/host/spi-builder-workspace/.build/out/Intermediates.noindex/Colibri.build/Debug-webassembly-wasm32/ColibriLibrary-t.build/DerivedSources-normal/wasm32 -Xcc -I/host/spi-builder-workspace/.build/out/Intermediates.noindex/Colibri.build/Debug-webassembly-wasm32/ColibriLibrary-t.build/DerivedSources/wasm32 -Xcc -I/host/spi-builder-workspace/.build/out/Intermediates.noindex/Colibri.build/Debug-webassembly-wasm32/ColibriLibrary-t.build/DerivedSources -Xcc -DSWIFT_PACKAGE -Xcc -DDEBUG\=1 -no-auto-bridging-header-chaining -module-name ColibriLibrary -package-name spi_builder_workspace -const-gather-protocols-file /host/spi-builder-workspace/.build/out/Intermediates.noindex/Colibri.build/Debug-webassembly-wasm32/ColibriLibrary-t.build/Objects-normal/wasm32/ColibriLibrary_const_extract_protocols.json -in-process-plugin-server-path /usr/lib/swift/host/libSwiftInProcPluginServer.so -plugin-path /usr/lib/swift/host/plugins -plugin-path /usr/local/lib/swift/host/plugins -emit-module-doc-path /host/spi-builder-workspace/.build/out/Intermediates.noindex/Colibri.build/Debug-webassembly-wasm32/ColibriLibrary-t.build/Objects-normal/wasm32/Modules/ColibriLibrary.swiftdoc -emit-module-source-info-path /host/spi-builder-workspace/.build/out/Intermediates.noindex/Colibri.build/Debug-webassembly-wasm32/ColibriLibrary-t.build/Objects-normal/wasm32/Modules/ColibriLibrary.swiftsourceinfo -emit-objc-header-path /host/spi-builder-workspace/.build/out/Intermediates.noindex/Colibri.build/Debug-webassembly-wasm32/ColibriLibrary-t.build/Objects-normal/wasm32/ColibriLibrary-Swift.h -serialize-diagnostics-path /host/spi-builder-workspace/.build/out/Intermediates.noindex/Colibri.build/Debug-webassembly-wasm32/ColibriLibrary-t.build/Objects-normal/wasm32/ColibriLibrary-primary-emit-module.dia -emit-dependencies-path /host/spi-builder-workspace/.build/out/Intermediates.noindex/Colibri.build/Debug-webassembly-wasm32/ColibriLibrary-t.build/Objects-normal/wasm32/ColibriLibrary-primary-emit-module.d -parse-as-library -o /host/spi-builder-workspace/.build/out/Intermediates.noindex/Colibri.build/Debug-webassembly-wasm32/ColibriLibrary-t.build/Objects-normal/wasm32/Modules/ColibriLibrary.swiftmodule
error: Build failed
BUILD FAILURE 6.4 wasm