Build Information
Failed to build vger, reference main (98a642), with Swift 6.4 for watchOS using Xcode 27.0 on 18 Sep 2026 14:23:52 UTC.
Build Command
env DEVELOPER_DIR=/Applications/Xcode-27.0.0-Release.Candidate.app xcrun xcodebuild -IDEClonedSourcePackagesDirPathOverride=$PWD/.dependencies -skipMacroValidation -skipPackagePluginValidation -derivedDataPath $PWD/.derivedData build -scheme vger -destination generic/platform=watchOSBuild Log
========================================
RunAll
========================================
Builder version: 5.1.0
Interrupt handler set up.
========================================
Checkout
========================================
Clone URL: https://github.com/audulus/vger.git
Reference: main
Initialized empty Git repository in /Users/admin/builder/spi-builder-workspace/.git/
From https://github.com/audulus/vger
* branch main -> FETCH_HEAD
* [new branch] main -> origin/main
HEAD is now at 98a6422 Load images as non-sRGB textures
Cloned https://github.com/audulus/vger.git
Revision (git rev-parse @):
98a64226d90cedbb6c74f006cfc35c9fe8dc9f32
SPI manifest file found: $PWD/.spi.yml
SUCCESS checkout https://github.com/audulus/vger.git at main
========================================
Build
========================================
Selected platform: watchOS
Swift version: 6.4
Building package at path: $PWD
https://github.com/audulus/vger.git
Command line invocation:
/Applications/Xcode-27.0.0-Release.Candidate.app/Contents/Developer/usr/bin/xcodebuild -IDEClonedSourcePackagesDirPathOverride=/Users/admin/builder/spi-builder-workspace/.dependencies -resolvePackageDependencies
Resolve Package Graph
Fetching from https://github.com/wtholliday/MetalNanoVG
Creating working copy of package ‘MetalNanoVG’
Checking out spm (b6f7f25) of package ‘MetalNanoVG’
Resolve Package Graph
Resolved source packages:
MetalNanoVG: https://github.com/wtholliday/MetalNanoVG @ spm (b6f7f25)
vger: /Users/admin/builder/spi-builder-workspace
resolved source packages: MetalNanoVG, vger
2026-09-18 10:23:10.073 xcodebuild[563:3079] [MT] IDERunDestination: Supported platforms for the buildables in the current scheme is empty.
{
"cxx_language_standard" : "c++20",
"dependencies" : [
{
"identity" : "metalnanovg",
"requirement" : {
"branch" : [
"spm"
]
},
"type" : "sourceControl",
"url" : "https://github.com/wtholliday/MetalNanoVG"
}
],
"manifest_display_name" : "vger",
"name" : "vger",
"path" : "/Users/admin/builder/spi-builder-workspace",
"platforms" : [
{
"name" : "macos",
"version" : "11.0"
},
{
"name" : "ios",
"version" : "14.0"
}
],
"products" : [
{
"name" : "vger",
"targets" : [
"vger",
"vgerSwift"
],
"type" : {
"library" : [
"automatic"
]
}
}
],
"targets" : [
{
"c99name" : "vgerTests",
"module_type" : "ClangTarget",
"name" : "vgerTests",
"path" : "Tests/vgerTests",
"product_dependencies" : [
"MetalNanoVG"
],
"resources" : [
{
"path" : "/Users/admin/builder/spi-builder-workspace/Tests/vgerTests/images",
"rule" : {
"copy" : {
}
}
}
],
"sources" : [
"link.m",
"sdfTests.mm",
"testUtils.mm",
"vgerGlyphCacheTests.mm",
"vgerPathScannerTests.mm",
"vgerTests.mm",
"vgerTextureManagerTests.mm"
],
"target_dependencies" : [
"vger"
],
"type" : "test"
},
{
"c99name" : "vgerSwift",
"module_type" : "SwiftTarget",
"name" : "vgerSwift",
"path" : "Sources/vgerSwift",
"product_memberships" : [
"vger"
],
"sources" : [
"MTKView+ContentScaleFactor.swift",
"Renderer.swift",
"TextureHandle.swift",
"TextureRenderer.swift",
"VgerView.swift"
],
"target_dependencies" : [
"vger"
],
"type" : "library"
},
{
"c99name" : "vger",
"module_type" : "ClangTarget",
"name" : "vger",
"path" : "Sources/vger",
"product_memberships" : [
"vger"
],
"resources" : [
{
"path" : "/Users/admin/builder/spi-builder-workspace/Sources/vger/fonts",
"rule" : {
"copy" : {
}
}
}
],
"sources" : [
"stb_rect_pack.cpp",
"vger.mm",
"vgerGlyphCache.mm",
"vgerGlyphPathCache.mm",
"vgerPathScanner.mm",
"vgerRenderer.mm",
"vgerTextureManager.mm"
],
"type" : "library"
}
],
"tools_version" : "5.9"
}
{
"workspace" : {
"name" : "vger",
"schemes" : [
"vger"
]
}
}
2026-09-18 10:23:42.368 xcodebuild[695:4036] [MT] IDERunDestination: Supported platforms for the buildables in the current scheme is empty.
Running build ...
env DEVELOPER_DIR=/Applications/Xcode-27.0.0-Release.Candidate.app xcrun xcodebuild -IDEClonedSourcePackagesDirPathOverride=$PWD/.dependencies -skipMacroValidation -skipPackagePluginValidation -derivedDataPath $PWD/.derivedData build -scheme vger -destination generic/platform=watchOS
Command line invocation:
/Applications/Xcode-27.0.0-Release.Candidate.app/Contents/Developer/usr/bin/xcodebuild -IDEClonedSourcePackagesDirPathOverride=/Users/admin/builder/spi-builder-workspace/.dependencies -skipMacroValidation -skipPackagePluginValidation -derivedDataPath /Users/admin/builder/spi-builder-workspace/.derivedData build -scheme vger -destination generic/platform=watchOS
Resolve Package Graph
Resolve Package Graph
Resolved source packages:
vger: /Users/admin/builder/spi-builder-workspace
MetalNanoVG: https://github.com/wtholliday/MetalNanoVG @ spm (b6f7f25)
ComputePackagePrebuildTargetDependencyGraph
Prepare packages
CreateBuildRequest
SendProjectDescription
CreateBuildOperation
ComputeTargetDependencyGraph
note: Building targets in dependency order
note: Target dependency graph (5 targets)
Target 'vger-product' in project 'vger'
➜ Explicit dependency on target 'vger' in project 'vger'
➜ Explicit dependency on target 'vgerSwift' in project 'vger'
➜ Explicit dependency on target 'vger_vger' in project 'vger'
➜ Explicit dependency on target 'vger_vgerSwift' in project 'vger'
Target 'vgerSwift' in project 'vger'
➜ Explicit dependency on target 'vger_vgerSwift' in project 'vger'
➜ Explicit dependency on target 'vger' in project 'vger'
Target 'vger_vgerSwift' in project 'vger' (no dependencies)
Target 'vger' in project 'vger'
➜ Explicit dependency on target 'vger_vger' in project 'vger'
Target 'vger_vger' in project 'vger' (no dependencies)
GatherProvisioningInputs
CreateBuildDescription
ExecuteExternalTool /Applications/Xcode-27.0.0-Release.Candidate.app/Contents/Developer/Toolchains/XcodeDefault.xctoolchain/usr/bin/clang -v -E -dM -arch arm64 -isysroot /Applications/Xcode-27.0.0-Release.Candidate.app/Contents/Developer/Platforms/WatchOS.platform/Developer/SDKs/WatchOS27.0.sdk -x objective-c -c /dev/null
ExecuteExternalTool /Applications/Xcode-27.0.0-Release.Candidate.app/Contents/Developer/Toolchains/XcodeDefault.xctoolchain/usr/bin/clang -v -E -dM -isysroot /Applications/Xcode-27.0.0-Release.Candidate.app/Contents/Developer/Platforms/WatchOS.platform/Developer/SDKs/WatchOS27.0.sdk -x c -c /dev/null
ExecuteExternalTool /Applications/Xcode-27.0.0-Release.Candidate.app/Contents/Developer/Toolchains/XcodeDefault.xctoolchain/usr/bin/swiftc --version
ExecuteExternalTool /Applications/Xcode-27.0.0-Release.Candidate.app/Contents/Developer/Toolchains/XcodeDefault.xctoolchain/usr/bin/clang -v -E -dM -arch arm64 -isysroot /Applications/Xcode-27.0.0-Release.Candidate.app/Contents/Developer/Platforms/WatchOS.platform/Developer/SDKs/WatchOS27.0.sdk -x c -c /dev/null
ExecuteExternalTool /Applications/Xcode-27.0.0-Release.Candidate.app/Contents/Developer/Toolchains/XcodeDefault.xctoolchain/usr/bin/clang -v -E -dM -arch arm64 -isysroot /Applications/Xcode-27.0.0-Release.Candidate.app/Contents/Developer/Platforms/WatchOS.platform/Developer/SDKs/WatchOS27.0.sdk -x c++ -c /dev/null
ExecuteExternalTool /Applications/Xcode-27.0.0-Release.Candidate.app/Contents/Developer/Toolchains/XcodeDefault.xctoolchain/usr/bin/clang -v -E -dM -arch arm64 -isysroot /Applications/Xcode-27.0.0-Release.Candidate.app/Contents/Developer/Platforms/WatchOS.platform/Developer/SDKs/WatchOS27.0.sdk -x objective-c++ -c /dev/null
ExecuteExternalTool /Applications/Xcode-27.0.0-Release.Candidate.app/Contents/Developer/Toolchains/XcodeDefault.xctoolchain/usr/bin/ld -version_details
ReadFileContents /Applications/Xcode-27.0.0-Release.Candidate.app/Contents/Developer/Toolchains/XcodeDefault.xctoolchain/usr/share/docc/features.json
ExecuteExternalTool /Applications/Xcode-27.0.0-Release.Candidate.app/Contents/Developer/Toolchains/XcodeDefault.xctoolchain/usr/bin/clang -v -E -dM -arch arm64_32 -isysroot /Applications/Xcode-27.0.0-Release.Candidate.app/Contents/Developer/Platforms/WatchOS.platform/Developer/SDKs/WatchOS27.0.sdk -x objective-c -c /dev/null
ExecuteExternalTool /Applications/Xcode-27.0.0-Release.Candidate.app/Contents/Developer/Toolchains/XcodeDefault.xctoolchain/usr/bin/clang -v -E -dM -arch arm64_32 -isysroot /Applications/Xcode-27.0.0-Release.Candidate.app/Contents/Developer/Platforms/WatchOS.platform/Developer/SDKs/WatchOS27.0.sdk -x c -c /dev/null
ExecuteExternalTool /Applications/Xcode-27.0.0-Release.Candidate.app/Contents/Developer/Toolchains/XcodeDefault.xctoolchain/usr/bin/clang -v -E -dM -arch arm64_32 -isysroot /Applications/Xcode-27.0.0-Release.Candidate.app/Contents/Developer/Platforms/WatchOS.platform/Developer/SDKs/WatchOS27.0.sdk -x c++ -c /dev/null
ExecuteExternalTool /Applications/Xcode-27.0.0-Release.Candidate.app/Contents/Developer/Toolchains/XcodeDefault.xctoolchain/usr/bin/clang -v -E -dM -arch arm64_32 -isysroot /Applications/Xcode-27.0.0-Release.Candidate.app/Contents/Developer/Platforms/WatchOS.platform/Developer/SDKs/WatchOS27.0.sdk -x objective-c++ -c /dev/null
Build description signature: 60a4e7e14320f9dbfd9ccf8efe927130
Build description path: /Users/admin/builder/spi-builder-workspace/.derivedData/Build/Intermediates.noindex/XCBuildData/60a4e7e14320f9dbfd9ccf8efe927130.xcbuilddata
CreateBuildDirectory /Users/admin/builder/spi-builder-workspace/.derivedData/CompilationCache.noindex
cd /Users/admin/builder/spi-builder-workspace/.swiftpm/xcode
builtin-create-build-directory /Users/admin/builder/spi-builder-workspace/.derivedData/CompilationCache.noindex
CreateBuildDirectory /Users/admin/builder/spi-builder-workspace/.derivedData/SDKExplicitPrecompiledModules
cd /Users/admin/builder/spi-builder-workspace/.swiftpm/xcode
builtin-create-build-directory /Users/admin/builder/spi-builder-workspace/.derivedData/SDKExplicitPrecompiledModules
CreateBuildDirectory /Users/admin/builder/spi-builder-workspace/.derivedData/ModuleCache.noindex
cd /Users/admin/builder/spi-builder-workspace/.swiftpm/xcode
builtin-create-build-directory /Users/admin/builder/spi-builder-workspace/.derivedData/ModuleCache.noindex
CreateBuildDirectory /Users/admin/builder/spi-builder-workspace/.derivedData/Build/Products
cd /Users/admin/builder/spi-builder-workspace/.swiftpm/xcode
builtin-create-build-directory /Users/admin/builder/spi-builder-workspace/.derivedData/Build/Products
CreateBuildDirectory /Users/admin/builder/spi-builder-workspace/.derivedData/Build/Intermediates.noindex
cd /Users/admin/builder/spi-builder-workspace/.swiftpm/xcode
builtin-create-build-directory /Users/admin/builder/spi-builder-workspace/.derivedData/Build/Intermediates.noindex
ClangStatCache /Applications/Xcode-27.0.0-Release.Candidate.app/Contents/Developer/Toolchains/XcodeDefault.xctoolchain/usr/bin/clang-stat-cache /Applications/Xcode-27.0.0-Release.Candidate.app/Contents/Developer/Platforms/WatchOS.platform/Developer/SDKs/WatchOS27.0.sdk /Users/admin/builder/spi-builder-workspace/.derivedData/SDKStatCaches.noindex/watchos27.0-24R360-e829b21a6f8c9b70876ba0858053c04477534ef55a1706bf4c1112bbb242f0a2.sdkstatcache
cd /Users/admin/builder/spi-builder-workspace/.swiftpm/xcode
/Applications/Xcode-27.0.0-Release.Candidate.app/Contents/Developer/Toolchains/XcodeDefault.xctoolchain/usr/bin/clang-stat-cache /Applications/Xcode-27.0.0-Release.Candidate.app/Contents/Developer/Platforms/WatchOS.platform/Developer/SDKs/WatchOS27.0.sdk -o /Users/admin/builder/spi-builder-workspace/.derivedData/SDKStatCaches.noindex/watchos27.0-24R360-e829b21a6f8c9b70876ba0858053c04477534ef55a1706bf4c1112bbb242f0a2.sdkstatcache
CreateBuildDirectory /Users/admin/builder/spi-builder-workspace/.derivedData/Build/Intermediates.noindex/PrecompiledHeaders
cd /Users/admin/builder/spi-builder-workspace/.swiftpm/xcode
builtin-create-build-directory /Users/admin/builder/spi-builder-workspace/.derivedData/Build/Intermediates.noindex/PrecompiledHeaders
CreateBuildDirectory /Users/admin/builder/spi-builder-workspace/.derivedData/Build/Intermediates.noindex/SwiftExplicitPrecompiledModules
cd /Users/admin/builder/spi-builder-workspace/.swiftpm/xcode
builtin-create-build-directory /Users/admin/builder/spi-builder-workspace/.derivedData/Build/Intermediates.noindex/SwiftExplicitPrecompiledModules
CreateBuildDirectory /Users/admin/builder/spi-builder-workspace/.derivedData/Build/Intermediates.noindex/ExplicitPrecompiledModules
cd /Users/admin/builder/spi-builder-workspace/.swiftpm/xcode
builtin-create-build-directory /Users/admin/builder/spi-builder-workspace/.derivedData/Build/Intermediates.noindex/ExplicitPrecompiledModules
CreateBuildDirectory /Users/admin/builder/spi-builder-workspace/.derivedData/Build/Products/Debug-watchos
cd /Users/admin/builder/spi-builder-workspace/.swiftpm/xcode
builtin-create-build-directory /Users/admin/builder/spi-builder-workspace/.derivedData/Build/Products/Debug-watchos
CreateBuildDirectory /Users/admin/builder/spi-builder-workspace/.derivedData/Build/Intermediates.noindex/EagerLinkingTBDs/Debug-watchos
cd /Users/admin/builder/spi-builder-workspace/.swiftpm/xcode
builtin-create-build-directory /Users/admin/builder/spi-builder-workspace/.derivedData/Build/Intermediates.noindex/EagerLinkingTBDs/Debug-watchos
CreateBuildDirectory /Users/admin/builder/spi-builder-workspace/.derivedData/Build/Products/Debug-watchos/PackageFrameworks
cd /Users/admin/builder/spi-builder-workspace/.swiftpm/xcode
builtin-create-build-directory /Users/admin/builder/spi-builder-workspace/.derivedData/Build/Products/Debug-watchos/PackageFrameworks
MkDir /Users/admin/builder/spi-builder-workspace/.derivedData/Build/Products/Debug-watchos/vger_vgerSwift.bundle (in target 'vger_vgerSwift' from project 'vger')
cd /Users/admin/builder/spi-builder-workspace
/bin/mkdir -p /Users/admin/builder/spi-builder-workspace/.derivedData/Build/Products/Debug-watchos/vger_vgerSwift.bundle
WriteAuxiliaryFile /Users/admin/builder/spi-builder-workspace/.derivedData/Build/Intermediates.noindex/vger.build/Debug-watchos/vger_vger-b.build/vger_vger.DependencyStaticMetadataFileList (in target 'vger_vger' from project 'vger')
cd /Users/admin/builder/spi-builder-workspace
write-file /Users/admin/builder/spi-builder-workspace/.derivedData/Build/Intermediates.noindex/vger.build/Debug-watchos/vger_vger-b.build/vger_vger.DependencyStaticMetadataFileList
WriteAuxiliaryFile /Users/admin/builder/spi-builder-workspace/.derivedData/Build/Intermediates.noindex/vger.build/Debug-watchos/vger_vger-b.build/empty-vger_vger.plist (in target 'vger_vger' from project 'vger')
cd /Users/admin/builder/spi-builder-workspace
write-file /Users/admin/builder/spi-builder-workspace/.derivedData/Build/Intermediates.noindex/vger.build/Debug-watchos/vger_vger-b.build/empty-vger_vger.plist
WriteAuxiliaryFile /Users/admin/builder/spi-builder-workspace/.derivedData/Build/Intermediates.noindex/vger.build/Debug-watchos/vger_vger-b.build/vger_vger.DependencyMetadataFileList (in target 'vger_vger' from project 'vger')
cd /Users/admin/builder/spi-builder-workspace
write-file /Users/admin/builder/spi-builder-workspace/.derivedData/Build/Intermediates.noindex/vger.build/Debug-watchos/vger_vger-b.build/vger_vger.DependencyMetadataFileList
WriteAuxiliaryFile /Users/admin/builder/spi-builder-workspace/.derivedData/Build/Intermediates.noindex/vger.build/Debug-watchos/vger_vgerSwift-b.build/vger_vgerSwift.DependencyMetadataFileList (in target 'vger_vgerSwift' from project 'vger')
cd /Users/admin/builder/spi-builder-workspace
write-file /Users/admin/builder/spi-builder-workspace/.derivedData/Build/Intermediates.noindex/vger.build/Debug-watchos/vger_vgerSwift-b.build/vger_vgerSwift.DependencyMetadataFileList
WriteAuxiliaryFile /Users/admin/builder/spi-builder-workspace/.derivedData/Build/Intermediates.noindex/vger.build/Debug-watchos/vger_vgerSwift-b.build/vger_vgerSwift.DependencyStaticMetadataFileList (in target 'vger_vgerSwift' from project 'vger')
cd /Users/admin/builder/spi-builder-workspace
write-file /Users/admin/builder/spi-builder-workspace/.derivedData/Build/Intermediates.noindex/vger.build/Debug-watchos/vger_vgerSwift-b.build/vger_vgerSwift.DependencyStaticMetadataFileList
WriteAuxiliaryFile /Users/admin/builder/spi-builder-workspace/.derivedData/Build/Intermediates.noindex/vger.build/Debug-watchos/vger_vgerSwift-b.build/empty-vger_vgerSwift.plist (in target 'vger_vgerSwift' from project 'vger')
cd /Users/admin/builder/spi-builder-workspace
write-file /Users/admin/builder/spi-builder-workspace/.derivedData/Build/Intermediates.noindex/vger.build/Debug-watchos/vger_vgerSwift-b.build/empty-vger_vgerSwift.plist
WriteAuxiliaryFile /Users/admin/builder/spi-builder-workspace/.derivedData/Build/Intermediates.noindex/vger.build/Debug-watchos/vgerSwift-t.build/vgerSwift.modulemap (in target 'vgerSwift' from project 'vger')
cd /Users/admin/builder/spi-builder-workspace
write-file /Users/admin/builder/spi-builder-workspace/.derivedData/Build/Intermediates.noindex/vger.build/Debug-watchos/vgerSwift-t.build/vgerSwift.modulemap
WriteAuxiliaryFile /Users/admin/builder/spi-builder-workspace/.derivedData/Build/Intermediates.noindex/vger.build/Debug-watchos/vgerSwift-t.build/vgerSwift.DependencyStaticMetadataFileList (in target 'vgerSwift' from project 'vger')
cd /Users/admin/builder/spi-builder-workspace
write-file /Users/admin/builder/spi-builder-workspace/.derivedData/Build/Intermediates.noindex/vger.build/Debug-watchos/vgerSwift-t.build/vgerSwift.DependencyStaticMetadataFileList
WriteAuxiliaryFile /Users/admin/builder/spi-builder-workspace/.derivedData/Build/Intermediates.noindex/vger.build/Debug-watchos/vgerSwift-t.build/vgerSwift.DependencyMetadataFileList (in target 'vgerSwift' from project 'vger')
cd /Users/admin/builder/spi-builder-workspace
write-file /Users/admin/builder/spi-builder-workspace/.derivedData/Build/Intermediates.noindex/vger.build/Debug-watchos/vgerSwift-t.build/vgerSwift.DependencyMetadataFileList
WriteAuxiliaryFile /Users/admin/builder/spi-builder-workspace/.derivedData/Build/Intermediates.noindex/vger.build/Debug-watchos/vgerSwift-t.build/Objects-normal/arm64_32/vgerSwift-OutputFileMap.json (in target 'vgerSwift' from project 'vger')
cd /Users/admin/builder/spi-builder-workspace
write-file /Users/admin/builder/spi-builder-workspace/.derivedData/Build/Intermediates.noindex/vger.build/Debug-watchos/vgerSwift-t.build/Objects-normal/arm64_32/vgerSwift-OutputFileMap.json
WriteAuxiliaryFile /Users/admin/builder/spi-builder-workspace/.derivedData/Build/Intermediates.noindex/vger.build/Debug-watchos/vgerSwift-t.build/Objects-normal/arm64_32/vgerSwift_const_extract_protocols.json (in target 'vgerSwift' from project 'vger')
cd /Users/admin/builder/spi-builder-workspace
write-file /Users/admin/builder/spi-builder-workspace/.derivedData/Build/Intermediates.noindex/vger.build/Debug-watchos/vgerSwift-t.build/Objects-normal/arm64_32/vgerSwift_const_extract_protocols.json
WriteAuxiliaryFile /Users/admin/builder/spi-builder-workspace/.derivedData/Build/Intermediates.noindex/vger.build/Debug-watchos/vgerSwift-t.build/Objects-normal/arm64_32/vgerSwift.SwiftConstValuesFileList (in target 'vgerSwift' from project 'vger')
cd /Users/admin/builder/spi-builder-workspace
write-file /Users/admin/builder/spi-builder-workspace/.derivedData/Build/Intermediates.noindex/vger.build/Debug-watchos/vgerSwift-t.build/Objects-normal/arm64_32/vgerSwift.SwiftConstValuesFileList
WriteAuxiliaryFile /Users/admin/builder/spi-builder-workspace/.derivedData/Build/Intermediates.noindex/vger.build/Debug-watchos/vgerSwift-t.build/Objects-normal/arm64_32/vgerSwift.LinkFileList (in target 'vgerSwift' from project 'vger')
cd /Users/admin/builder/spi-builder-workspace
write-file /Users/admin/builder/spi-builder-workspace/.derivedData/Build/Intermediates.noindex/vger.build/Debug-watchos/vgerSwift-t.build/Objects-normal/arm64_32/vgerSwift.LinkFileList
WriteAuxiliaryFile /Users/admin/builder/spi-builder-workspace/.derivedData/Build/Intermediates.noindex/vger.build/Debug-watchos/vgerSwift-t.build/Objects-normal/arm64_32/vgerSwift.SwiftFileList (in target 'vgerSwift' from project 'vger')
cd /Users/admin/builder/spi-builder-workspace
write-file /Users/admin/builder/spi-builder-workspace/.derivedData/Build/Intermediates.noindex/vger.build/Debug-watchos/vgerSwift-t.build/Objects-normal/arm64_32/vgerSwift.SwiftFileList
WriteAuxiliaryFile /Users/admin/builder/spi-builder-workspace/.derivedData/Build/Intermediates.noindex/vger.build/Debug-watchos/vgerSwift-t.build/Objects-normal/arm64/vgerSwift_const_extract_protocols.json (in target 'vgerSwift' from project 'vger')
cd /Users/admin/builder/spi-builder-workspace
write-file /Users/admin/builder/spi-builder-workspace/.derivedData/Build/Intermediates.noindex/vger.build/Debug-watchos/vgerSwift-t.build/Objects-normal/arm64/vgerSwift_const_extract_protocols.json
WriteAuxiliaryFile /Users/admin/builder/spi-builder-workspace/.derivedData/Build/Intermediates.noindex/vger.build/Debug-watchos/vgerSwift-t.build/Objects-normal/arm64/vgerSwift.SwiftFileList (in target 'vgerSwift' from project 'vger')
cd /Users/admin/builder/spi-builder-workspace
write-file /Users/admin/builder/spi-builder-workspace/.derivedData/Build/Intermediates.noindex/vger.build/Debug-watchos/vgerSwift-t.build/Objects-normal/arm64/vgerSwift.SwiftFileList
WriteAuxiliaryFile /Users/admin/builder/spi-builder-workspace/.derivedData/Build/Intermediates.noindex/vger.build/Debug-watchos/vgerSwift-t.build/Objects-normal/arm64/vgerSwift.SwiftConstValuesFileList (in target 'vgerSwift' from project 'vger')
cd /Users/admin/builder/spi-builder-workspace
write-file /Users/admin/builder/spi-builder-workspace/.derivedData/Build/Intermediates.noindex/vger.build/Debug-watchos/vgerSwift-t.build/Objects-normal/arm64/vgerSwift.SwiftConstValuesFileList
WriteAuxiliaryFile /Users/admin/builder/spi-builder-workspace/.derivedData/Build/Intermediates.noindex/vger.build/Debug-watchos/vgerSwift-t.build/Objects-normal/arm64/vgerSwift.LinkFileList (in target 'vgerSwift' from project 'vger')
cd /Users/admin/builder/spi-builder-workspace
write-file /Users/admin/builder/spi-builder-workspace/.derivedData/Build/Intermediates.noindex/vger.build/Debug-watchos/vgerSwift-t.build/Objects-normal/arm64/vgerSwift.LinkFileList
WriteAuxiliaryFile /Users/admin/builder/spi-builder-workspace/.derivedData/Build/Intermediates.noindex/vger.build/Debug-watchos/vgerSwift-t.build/Objects-normal/arm64/vgerSwift-OutputFileMap.json (in target 'vgerSwift' from project 'vger')
cd /Users/admin/builder/spi-builder-workspace
write-file /Users/admin/builder/spi-builder-workspace/.derivedData/Build/Intermediates.noindex/vger.build/Debug-watchos/vgerSwift-t.build/Objects-normal/arm64/vgerSwift-OutputFileMap.json
Copy /Users/admin/builder/spi-builder-workspace/.derivedData/Build/Intermediates.noindex/GeneratedModuleMaps-watchos/vgerSwift.modulemap /Users/admin/builder/spi-builder-workspace/.derivedData/Build/Intermediates.noindex/vger.build/Debug-watchos/vgerSwift-t.build/vgerSwift.modulemap (in target 'vgerSwift' from project 'vger')
cd /Users/admin/builder/spi-builder-workspace
builtin-copy -exclude .DS_Store -exclude CVS -exclude .svn -exclude .git -exclude .hg -resolve-src-symlinks /Users/admin/builder/spi-builder-workspace/.derivedData/Build/Intermediates.noindex/vger.build/Debug-watchos/vgerSwift-t.build/vgerSwift.modulemap /Users/admin/builder/spi-builder-workspace/.derivedData/Build/Intermediates.noindex/GeneratedModuleMaps-watchos
WriteAuxiliaryFile /Users/admin/builder/spi-builder-workspace/.derivedData/Build/Intermediates.noindex/vger.build/Debug-watchos/vgerSwift-t.build/DerivedSources/resource_bundle_accessor.swift (in target 'vgerSwift' from project 'vger')
cd /Users/admin/builder/spi-builder-workspace
write-file /Users/admin/builder/spi-builder-workspace/.derivedData/Build/Intermediates.noindex/vger.build/Debug-watchos/vgerSwift-t.build/DerivedSources/resource_bundle_accessor.swift
WriteAuxiliaryFile /Users/admin/builder/spi-builder-workspace/.derivedData/Build/Intermediates.noindex/vger.build/Debug-watchos/vger-t.build/vger.modulemap (in target 'vger' from project 'vger')
cd /Users/admin/builder/spi-builder-workspace
write-file /Users/admin/builder/spi-builder-workspace/.derivedData/Build/Intermediates.noindex/vger.build/Debug-watchos/vger-t.build/vger.modulemap
WriteAuxiliaryFile /Users/admin/builder/spi-builder-workspace/.derivedData/Build/Intermediates.noindex/vger.build/Debug-watchos/vger-t.build/vger.DependencyStaticMetadataFileList (in target 'vger' from project 'vger')
cd /Users/admin/builder/spi-builder-workspace
write-file /Users/admin/builder/spi-builder-workspace/.derivedData/Build/Intermediates.noindex/vger.build/Debug-watchos/vger-t.build/vger.DependencyStaticMetadataFileList
WriteAuxiliaryFile /Users/admin/builder/spi-builder-workspace/.derivedData/Build/Intermediates.noindex/vger.build/Debug-watchos/vger-t.build/vger.DependencyMetadataFileList (in target 'vger' from project 'vger')
cd /Users/admin/builder/spi-builder-workspace
write-file /Users/admin/builder/spi-builder-workspace/.derivedData/Build/Intermediates.noindex/vger.build/Debug-watchos/vger-t.build/vger.DependencyMetadataFileList
WriteAuxiliaryFile /Users/admin/builder/spi-builder-workspace/.derivedData/Build/Intermediates.noindex/vger.build/Debug-watchos/vger-t.build/Objects-normal/arm64_32/e6072d4f65d7061329687fe24e3d63a7-common-args.resp (in target 'vger' from project 'vger')
cd /Users/admin/builder/spi-builder-workspace
write-file /Users/admin/builder/spi-builder-workspace/.derivedData/Build/Intermediates.noindex/vger.build/Debug-watchos/vger-t.build/Objects-normal/arm64_32/e6072d4f65d7061329687fe24e3d63a7-common-args.resp
-fobjc-arc -fmodules -gmodules '-fmodules-cache-path=/Users/admin/builder/spi-builder-workspace/.derivedData/ModuleCache.noindex' '-fmodule-name=vger' -fpascal-strings -O0 -DSWIFT_PACKAGE '-DDEBUG=1' '-DOBJC_OLD_DISPATCH_PROTOTYPES=1' -g -fprofile-instr-generate -fcoverage-mapping -I/Users/admin/builder/spi-builder-workspace/.derivedData/Build/Products/Debug-watchos/include -I/Users/admin/builder/spi-builder-workspace/Sources/vger/include -I/Users/admin/builder/spi-builder-workspace/.derivedData/Build/Intermediates.noindex/vger.build/Debug-watchos/vger-t.build/DerivedSources-normal/arm64_32 -I/Users/admin/builder/spi-builder-workspace/.derivedData/Build/Intermediates.noindex/vger.build/Debug-watchos/vger-t.build/DerivedSources/arm64_32 -I/Users/admin/builder/spi-builder-workspace/.derivedData/Build/Intermediates.noindex/vger.build/Debug-watchos/vger-t.build/DerivedSources -F/Users/admin/builder/spi-builder-workspace/.derivedData/Build/Products/Debug-watchos -iframework /Applications/Xcode-27.0.0-Release.Candidate.app/Contents/Developer/Platforms/WatchOS.platform/Developer/Library/Frameworks -iframework /Applications/Xcode-27.0.0-Release.Candidate.app/Contents/Developer/Platforms/WatchOS.platform/Developer/SDKs/WatchOS27.0.sdk/Developer/Library/Frameworks -DXcode
WriteAuxiliaryFile /Users/admin/builder/spi-builder-workspace/.derivedData/Build/Intermediates.noindex/vger.build/Debug-watchos/vger-t.build/Objects-normal/arm64_32/vger.LinkFileList (in target 'vger' from project 'vger')
cd /Users/admin/builder/spi-builder-workspace
write-file /Users/admin/builder/spi-builder-workspace/.derivedData/Build/Intermediates.noindex/vger.build/Debug-watchos/vger-t.build/Objects-normal/arm64_32/vger.LinkFileList
WriteAuxiliaryFile /Users/admin/builder/spi-builder-workspace/.derivedData/Build/Intermediates.noindex/vger.build/Debug-watchos/vger-t.build/Objects-normal/arm64_32/af3fcb34312c57c0f52879cdce924b91-common-args.resp (in target 'vger' from project 'vger')
cd /Users/admin/builder/spi-builder-workspace
write-file /Users/admin/builder/spi-builder-workspace/.derivedData/Build/Intermediates.noindex/vger.build/Debug-watchos/vger-t.build/Objects-normal/arm64_32/af3fcb34312c57c0f52879cdce924b91-common-args.resp
'-std=c++20' -fobjc-arc -fmodules -fno-cxx-modules -gmodules '-fmodules-cache-path=/Users/admin/builder/spi-builder-workspace/.derivedData/ModuleCache.noindex' '-fmodule-name=vger' '-D_LIBCPP_HARDENING_MODE=_LIBCPP_HARDENING_MODE_DEBUG' -fpascal-strings -O0 -DSWIFT_PACKAGE '-DDEBUG=1' '-DOBJC_OLD_DISPATCH_PROTOTYPES=1' -g -fvisibility-inlines-hidden -fprofile-instr-generate -fcoverage-mapping -I/Users/admin/builder/spi-builder-workspace/.derivedData/Build/Products/Debug-watchos/include -I/Users/admin/builder/spi-builder-workspace/Sources/vger/include -I/Users/admin/builder/spi-builder-workspace/.derivedData/Build/Intermediates.noindex/vger.build/Debug-watchos/vger-t.build/DerivedSources-normal/arm64_32 -I/Users/admin/builder/spi-builder-workspace/.derivedData/Build/Intermediates.noindex/vger.build/Debug-watchos/vger-t.build/DerivedSources/arm64_32 -I/Users/admin/builder/spi-builder-workspace/.derivedData/Build/Intermediates.noindex/vger.build/Debug-watchos/vger-t.build/DerivedSources -F/Users/admin/builder/spi-builder-workspace/.derivedData/Build/Products/Debug-watchos -iframework /Applications/Xcode-27.0.0-Release.Candidate.app/Contents/Developer/Platforms/WatchOS.platform/Developer/Library/Frameworks -iframework /Applications/Xcode-27.0.0-Release.Candidate.app/Contents/Developer/Platforms/WatchOS.platform/Developer/SDKs/WatchOS27.0.sdk/Developer/Library/Frameworks -DXcode
WriteAuxiliaryFile /Users/admin/builder/spi-builder-workspace/.derivedData/Build/Intermediates.noindex/vger.build/Debug-watchos/vger-t.build/Objects-normal/arm64_32/82b82416624d2658e5098eb0a28c15c5-common-args.resp (in target 'vger' from project 'vger')
cd /Users/admin/builder/spi-builder-workspace
write-file /Users/admin/builder/spi-builder-workspace/.derivedData/Build/Intermediates.noindex/vger.build/Debug-watchos/vger-t.build/Objects-normal/arm64_32/82b82416624d2658e5098eb0a28c15c5-common-args.resp
'-std=c++20' -fmodules -fno-cxx-modules -gmodules '-fmodules-cache-path=/Users/admin/builder/spi-builder-workspace/.derivedData/ModuleCache.noindex' '-fmodule-name=vger' '-D_LIBCPP_HARDENING_MODE=_LIBCPP_HARDENING_MODE_DEBUG' -fpascal-strings -O0 -DSWIFT_PACKAGE '-DDEBUG=1' -g -fvisibility-inlines-hidden -fprofile-instr-generate -fcoverage-mapping -I/Users/admin/builder/spi-builder-workspace/.derivedData/Build/Products/Debug-watchos/include -I/Users/admin/builder/spi-builder-workspace/Sources/vger/include -I/Users/admin/builder/spi-builder-workspace/.derivedData/Build/Intermediates.noindex/vger.build/Debug-watchos/vger-t.build/DerivedSources-normal/arm64_32 -I/Users/admin/builder/spi-builder-workspace/.derivedData/Build/Intermediates.noindex/vger.build/Debug-watchos/vger-t.build/DerivedSources/arm64_32 -I/Users/admin/builder/spi-builder-workspace/.derivedData/Build/Intermediates.noindex/vger.build/Debug-watchos/vger-t.build/DerivedSources -F/Users/admin/builder/spi-builder-workspace/.derivedData/Build/Products/Debug-watchos -iframework /Applications/Xcode-27.0.0-Release.Candidate.app/Contents/Developer/Platforms/WatchOS.platform/Developer/Library/Frameworks -iframework /Applications/Xcode-27.0.0-Release.Candidate.app/Contents/Developer/Platforms/WatchOS.platform/Developer/SDKs/WatchOS27.0.sdk/Developer/Library/Frameworks -DXcode
WriteAuxiliaryFile /Users/admin/builder/spi-builder-workspace/.derivedData/Build/Intermediates.noindex/vger.build/Debug-watchos/vger-t.build/Objects-normal/arm64/vger.LinkFileList (in target 'vger' from project 'vger')
cd /Users/admin/builder/spi-builder-workspace
write-file /Users/admin/builder/spi-builder-workspace/.derivedData/Build/Intermediates.noindex/vger.build/Debug-watchos/vger-t.build/Objects-normal/arm64/vger.LinkFileList
WriteAuxiliaryFile /Users/admin/builder/spi-builder-workspace/.derivedData/Build/Intermediates.noindex/vger.build/Debug-watchos/vger-t.build/Objects-normal/arm64/e6072d4f65d7061329687fe24e3d63a7-common-args.resp (in target 'vger' from project 'vger')
cd /Users/admin/builder/spi-builder-workspace
write-file /Users/admin/builder/spi-builder-workspace/.derivedData/Build/Intermediates.noindex/vger.build/Debug-watchos/vger-t.build/Objects-normal/arm64/e6072d4f65d7061329687fe24e3d63a7-common-args.resp
-fobjc-arc -fmodules -gmodules '-fmodules-cache-path=/Users/admin/builder/spi-builder-workspace/.derivedData/ModuleCache.noindex' '-fmodule-name=vger' -fpascal-strings -O0 -DSWIFT_PACKAGE '-DDEBUG=1' '-DOBJC_OLD_DISPATCH_PROTOTYPES=1' -g -fprofile-instr-generate -fcoverage-mapping -I/Users/admin/builder/spi-builder-workspace/.derivedData/Build/Products/Debug-watchos/include -I/Users/admin/builder/spi-builder-workspace/Sources/vger/include -I/Users/admin/builder/spi-builder-workspace/.derivedData/Build/Intermediates.noindex/vger.build/Debug-watchos/vger-t.build/DerivedSources-normal/arm64 -I/Users/admin/builder/spi-builder-workspace/.derivedData/Build/Intermediates.noindex/vger.build/Debug-watchos/vger-t.build/DerivedSources/arm64 -I/Users/admin/builder/spi-builder-workspace/.derivedData/Build/Intermediates.noindex/vger.build/Debug-watchos/vger-t.build/DerivedSources -F/Users/admin/builder/spi-builder-workspace/.derivedData/Build/Products/Debug-watchos -iframework /Applications/Xcode-27.0.0-Release.Candidate.app/Contents/Developer/Platforms/WatchOS.platform/Developer/Library/Frameworks -iframework /Applications/Xcode-27.0.0-Release.Candidate.app/Contents/Developer/Platforms/WatchOS.platform/Developer/SDKs/WatchOS27.0.sdk/Developer/Library/Frameworks -DXcode
WriteAuxiliaryFile /Users/admin/builder/spi-builder-workspace/.derivedData/Build/Intermediates.noindex/vger.build/Debug-watchos/vger-t.build/Objects-normal/arm64/af3fcb34312c57c0f52879cdce924b91-common-args.resp (in target 'vger' from project 'vger')
cd /Users/admin/builder/spi-builder-workspace
write-file /Users/admin/builder/spi-builder-workspace/.derivedData/Build/Intermediates.noindex/vger.build/Debug-watchos/vger-t.build/Objects-normal/arm64/af3fcb34312c57c0f52879cdce924b91-common-args.resp
'-std=c++20' -fobjc-arc -fmodules -fno-cxx-modules -gmodules '-fmodules-cache-path=/Users/admin/builder/spi-builder-workspace/.derivedData/ModuleCache.noindex' '-fmodule-name=vger' '-D_LIBCPP_HARDENING_MODE=_LIBCPP_HARDENING_MODE_DEBUG' -fpascal-strings -O0 -DSWIFT_PACKAGE '-DDEBUG=1' '-DOBJC_OLD_DISPATCH_PROTOTYPES=1' -g -fvisibility-inlines-hidden -fprofile-instr-generate -fcoverage-mapping -I/Users/admin/builder/spi-builder-workspace/.derivedData/Build/Products/Debug-watchos/include -I/Users/admin/builder/spi-builder-workspace/Sources/vger/include -I/Users/admin/builder/spi-builder-workspace/.derivedData/Build/Intermediates.noindex/vger.build/Debug-watchos/vger-t.build/DerivedSources-normal/arm64 -I/Users/admin/builder/spi-builder-workspace/.derivedData/Build/Intermediates.noindex/vger.build/Debug-watchos/vger-t.build/DerivedSources/arm64 -I/Users/admin/builder/spi-builder-workspace/.derivedData/Build/Intermediates.noindex/vger.build/Debug-watchos/vger-t.build/DerivedSources -F/Users/admin/builder/spi-builder-workspace/.derivedData/Build/Products/Debug-watchos -iframework /Applications/Xcode-27.0.0-Release.Candidate.app/Contents/Developer/Platforms/WatchOS.platform/Developer/Library/Frameworks -iframework /Applications/Xcode-27.0.0-Release.Candidate.app/Contents/Developer/Platforms/WatchOS.platform/Developer/SDKs/WatchOS27.0.sdk/Developer/Library/Frameworks -DXcode
WriteAuxiliaryFile /Users/admin/builder/spi-builder-workspace/.derivedData/Build/Intermediates.noindex/vger.build/Debug-watchos/vger-t.build/Objects-normal/arm64/82b82416624d2658e5098eb0a28c15c5-common-args.resp (in target 'vger' from project 'vger')
cd /Users/admin/builder/spi-builder-workspace
write-file /Users/admin/builder/spi-builder-workspace/.derivedData/Build/Intermediates.noindex/vger.build/Debug-watchos/vger-t.build/Objects-normal/arm64/82b82416624d2658e5098eb0a28c15c5-common-args.resp
'-std=c++20' -fmodules -fno-cxx-modules -gmodules '-fmodules-cache-path=/Users/admin/builder/spi-builder-workspace/.derivedData/ModuleCache.noindex' '-fmodule-name=vger' '-D_LIBCPP_HARDENING_MODE=_LIBCPP_HARDENING_MODE_DEBUG' -fpascal-strings -O0 -DSWIFT_PACKAGE '-DDEBUG=1' -g -fvisibility-inlines-hidden -fprofile-instr-generate -fcoverage-mapping -I/Users/admin/builder/spi-builder-workspace/.derivedData/Build/Products/Debug-watchos/include -I/Users/admin/builder/spi-builder-workspace/Sources/vger/include -I/Users/admin/builder/spi-builder-workspace/.derivedData/Build/Intermediates.noindex/vger.build/Debug-watchos/vger-t.build/DerivedSources-normal/arm64 -I/Users/admin/builder/spi-builder-workspace/.derivedData/Build/Intermediates.noindex/vger.build/Debug-watchos/vger-t.build/DerivedSources/arm64 -I/Users/admin/builder/spi-builder-workspace/.derivedData/Build/Intermediates.noindex/vger.build/Debug-watchos/vger-t.build/DerivedSources -F/Users/admin/builder/spi-builder-workspace/.derivedData/Build/Products/Debug-watchos -iframework /Applications/Xcode-27.0.0-Release.Candidate.app/Contents/Developer/Platforms/WatchOS.platform/Developer/Library/Frameworks -iframework /Applications/Xcode-27.0.0-Release.Candidate.app/Contents/Developer/Platforms/WatchOS.platform/Developer/SDKs/WatchOS27.0.sdk/Developer/Library/Frameworks -DXcode
WriteAuxiliaryFile /Users/admin/builder/spi-builder-workspace/.derivedData/Build/Intermediates.noindex/vger.build/Debug-watchos/vger-t.build/DerivedSources/resource_bundle_accessor.h (in target 'vger' from project 'vger')
cd /Users/admin/builder/spi-builder-workspace
write-file /Users/admin/builder/spi-builder-workspace/.derivedData/Build/Intermediates.noindex/vger.build/Debug-watchos/vger-t.build/DerivedSources/resource_bundle_accessor.h
WriteAuxiliaryFile /Users/admin/builder/spi-builder-workspace/.derivedData/Build/Intermediates.noindex/vger.build/Debug-watchos/vger-t.build/DerivedSources/resource_bundle_accessor.m (in target 'vger' from project 'vger')
cd /Users/admin/builder/spi-builder-workspace
write-file /Users/admin/builder/spi-builder-workspace/.derivedData/Build/Intermediates.noindex/vger.build/Debug-watchos/vger-t.build/DerivedSources/resource_bundle_accessor.m
Copy /Users/admin/builder/spi-builder-workspace/.derivedData/Build/Intermediates.noindex/GeneratedModuleMaps-watchos/vger.modulemap /Users/admin/builder/spi-builder-workspace/.derivedData/Build/Intermediates.noindex/vger.build/Debug-watchos/vger-t.build/vger.modulemap (in target 'vger' from project 'vger')
cd /Users/admin/builder/spi-builder-workspace
builtin-copy -exclude .DS_Store -exclude CVS -exclude .svn -exclude .git -exclude .hg -resolve-src-symlinks /Users/admin/builder/spi-builder-workspace/.derivedData/Build/Intermediates.noindex/vger.build/Debug-watchos/vger-t.build/vger.modulemap /Users/admin/builder/spi-builder-workspace/.derivedData/Build/Intermediates.noindex/GeneratedModuleMaps-watchos
MkDir /Users/admin/builder/spi-builder-workspace/.derivedData/Build/Products/Debug-watchos/vger_vger.bundle (in target 'vger_vger' from project 'vger')
cd /Users/admin/builder/spi-builder-workspace
/bin/mkdir -p /Users/admin/builder/spi-builder-workspace/.derivedData/Build/Products/Debug-watchos/vger_vger.bundle
ProcessInfoPlistFile /Users/admin/builder/spi-builder-workspace/.derivedData/Build/Products/Debug-watchos/vger_vgerSwift.bundle/Info.plist /Users/admin/builder/spi-builder-workspace/.derivedData/Build/Intermediates.noindex/vger.build/Debug-watchos/vger_vgerSwift-b.build/empty-vger_vgerSwift.plist (in target 'vger_vgerSwift' from project 'vger')
cd /Users/admin/builder/spi-builder-workspace
builtin-infoPlistUtility /Users/admin/builder/spi-builder-workspace/.derivedData/Build/Intermediates.noindex/vger.build/Debug-watchos/vger_vgerSwift-b.build/empty-vger_vgerSwift.plist -producttype com.apple.product-type.bundle -expandbuildsettings -format binary -platform watchos -o /Users/admin/builder/spi-builder-workspace/.derivedData/Build/Products/Debug-watchos/vger_vgerSwift.bundle/Info.plist
CompileMetalFile /Users/admin/builder/spi-builder-workspace/Sources/vgerSwift/TextureRenderer.metal (in target 'vger_vgerSwift' from project 'vger')
cd /Users/admin/builder/spi-builder-workspace
/var/run/com.apple.security.cryptexd/mnt/com.apple.MobileAsset.MetalToolchain-v27.1.266.1.sl8DuC/Metal.xctoolchain/usr/bin/metal -c -target air64-apple-watchos9.0 -I/Users/admin/builder/spi-builder-workspace/.derivedData/Build/Products/Debug-watchos/include -F/Users/admin/builder/spi-builder-workspace/.derivedData/Build/Products/Debug-watchos -isysroot /Applications/Xcode-27.0.0-Release.Candidate.app/Contents/Developer/Platforms/WatchOS.platform/Developer/SDKs/WatchOS27.0.sdk -fmetal-math-mode\=fast -fmetal-math-fp32-functions\=fast -serialize-diagnostics /Users/admin/builder/spi-builder-workspace/.derivedData/Build/Intermediates.noindex/vger.build/Debug-watchos/vger_vgerSwift-b.build/Metal/TextureRenderer.dia -o /Users/admin/builder/spi-builder-workspace/.derivedData/Build/Intermediates.noindex/vger.build/Debug-watchos/vger_vgerSwift-b.build/Metal/TextureRenderer.air -MMD -MT dependencies -MF /Users/admin/builder/spi-builder-workspace/.derivedData/Build/Intermediates.noindex/vger.build/Debug-watchos/vger_vgerSwift-b.build/Metal/TextureRenderer.dat /Users/admin/builder/spi-builder-workspace/Sources/vgerSwift/TextureRenderer.metal
CpResource /Users/admin/builder/spi-builder-workspace/.derivedData/Build/Products/Debug-watchos/vger_vger.bundle/fonts /Users/admin/builder/spi-builder-workspace/Sources/vger/fonts (in target 'vger_vger' from project 'vger')
cd /Users/admin/builder/spi-builder-workspace
builtin-copy -exclude .DS_Store -exclude CVS -exclude .svn -exclude .git -exclude .hg -resolve-src-symlinks /Users/admin/builder/spi-builder-workspace/Sources/vger/fonts /Users/admin/builder/spi-builder-workspace/.derivedData/Build/Products/Debug-watchos/vger_vger.bundle
ProcessInfoPlistFile /Users/admin/builder/spi-builder-workspace/.derivedData/Build/Products/Debug-watchos/vger_vger.bundle/Info.plist /Users/admin/builder/spi-builder-workspace/.derivedData/Build/Intermediates.noindex/vger.build/Debug-watchos/vger_vger-b.build/empty-vger_vger.plist (in target 'vger_vger' from project 'vger')
cd /Users/admin/builder/spi-builder-workspace
builtin-infoPlistUtility /Users/admin/builder/spi-builder-workspace/.derivedData/Build/Intermediates.noindex/vger.build/Debug-watchos/vger_vger-b.build/empty-vger_vger.plist -producttype com.apple.product-type.bundle -expandbuildsettings -format binary -platform watchos -o /Users/admin/builder/spi-builder-workspace/.derivedData/Build/Products/Debug-watchos/vger_vger.bundle/Info.plist
CompileMetalFile /Users/admin/builder/spi-builder-workspace/Sources/vger/vger.metal (in target 'vger_vger' from project 'vger')
cd /Users/admin/builder/spi-builder-workspace
/var/run/com.apple.security.cryptexd/mnt/com.apple.MobileAsset.MetalToolchain-v27.1.266.1.sl8DuC/Metal.xctoolchain/usr/bin/metal -c -target air64-apple-watchos9.0 -I/Users/admin/builder/spi-builder-workspace/.derivedData/Build/Products/Debug-watchos/include -F/Users/admin/builder/spi-builder-workspace/.derivedData/Build/Products/Debug-watchos -isysroot /Applications/Xcode-27.0.0-Release.Candidate.app/Contents/Developer/Platforms/WatchOS.platform/Developer/SDKs/WatchOS27.0.sdk -fmetal-math-mode\=fast -fmetal-math-fp32-functions\=fast -serialize-diagnostics /Users/admin/builder/spi-builder-workspace/.derivedData/Build/Intermediates.noindex/vger.build/Debug-watchos/vger_vger-b.build/Metal/vger.dia -o /Users/admin/builder/spi-builder-workspace/.derivedData/Build/Intermediates.noindex/vger.build/Debug-watchos/vger_vger-b.build/Metal/vger.air -MMD -MT dependencies -MF /Users/admin/builder/spi-builder-workspace/.derivedData/Build/Intermediates.noindex/vger.build/Debug-watchos/vger_vger-b.build/Metal/vger.dat /Users/admin/builder/spi-builder-workspace/Sources/vger/vger.metal
CompileMetalFile /Users/admin/builder/spi-builder-workspace/Sources/vger/path.metal (in target 'vger_vger' from project 'vger')
cd /Users/admin/builder/spi-builder-workspace
/var/run/com.apple.security.cryptexd/mnt/com.apple.MobileAsset.MetalToolchain-v27.1.266.1.sl8DuC/Metal.xctoolchain/usr/bin/metal -c -target air64-apple-watchos9.0 -I/Users/admin/builder/spi-builder-workspace/.derivedData/Build/Products/Debug-watchos/include -F/Users/admin/builder/spi-builder-workspace/.derivedData/Build/Products/Debug-watchos -isysroot /Applications/Xcode-27.0.0-Release.Candidate.app/Contents/Developer/Platforms/WatchOS.platform/Developer/SDKs/WatchOS27.0.sdk -fmetal-math-mode\=fast -fmetal-math-fp32-functions\=fast -serialize-diagnostics /Users/admin/builder/spi-builder-workspace/.derivedData/Build/Intermediates.noindex/vger.build/Debug-watchos/vger_vger-b.build/Metal/path.dia -o /Users/admin/builder/spi-builder-workspace/.derivedData/Build/Intermediates.noindex/vger.build/Debug-watchos/vger_vger-b.build/Metal/path.air -MMD -MT dependencies -MF /Users/admin/builder/spi-builder-workspace/.derivedData/Build/Intermediates.noindex/vger.build/Debug-watchos/vger_vger-b.build/Metal/path.dat /Users/admin/builder/spi-builder-workspace/Sources/vger/path.metal
CompileC /Users/admin/builder/spi-builder-workspace/.derivedData/Build/Intermediates.noindex/vger.build/Debug-watchos/vger-t.build/Objects-normal/arm64_32/vgerPathScanner.o /Users/admin/builder/spi-builder-workspace/Sources/vger/vgerPathScanner.mm normal arm64_32 objective-c++ com.apple.compilers.llvm.clang.1_0.compiler (in target 'vger' from project 'vger')
cd /Users/admin/builder/spi-builder-workspace/.swiftpm/xcode
Using response file: /Users/admin/builder/spi-builder-workspace/.derivedData/Build/Intermediates.noindex/vger.build/Debug-watchos/vger-t.build/Objects-normal/arm64_32/af3fcb34312c57c0f52879cdce924b91-common-args.resp
/Applications/Xcode-27.0.0-Release.Candidate.app/Contents/Developer/Toolchains/XcodeDefault.xctoolchain/usr/bin/clang -x objective-c++ -ivfsstatcache /Users/admin/builder/spi-builder-workspace/.derivedData/SDKStatCaches.noindex/watchos27.0-24R360-e829b21a6f8c9b70876ba0858053c04477534ef55a1706bf4c1112bbb242f0a2.sdkstatcache -target arm64_32-apple-watchos9.0 -fmessage-length\=0 -fdiagnostics-show-note-include-stack -fmacro-backtrace-limit\=0 -fno-color-diagnostics -fmodules-prune-interval\=86400 -fmodules-prune-after\=345600 -fbuild-session-file\=/Users/admin/builder/spi-builder-workspace/.derivedData/ModuleCache.noindex/Session.modulevalidation -fmodules-validate-once-per-build-session -Wnon-modular-include-in-framework-module -Werror\=non-modular-include-in-framework-module -Wno-trigraphs -Wno-missing-field-initializers -Wno-missing-prototypes -Wno-return-type -Wno-implicit-atomic-properties -Wno-objc-interface-ivars -Wno-arc-repeated-use-of-weak -Wno-non-virtual-dtor -Wno-overloaded-virtual -Wno-exit-time-destructors -Wno-missing-braces -Wparentheses -Wswitch -Wno-unused-function -Wno-unused-label -Wno-unused-parameter -Wno-unused-variable -Wunused-value -Wno-empty-body -Wno-uninitialized -Wno-unknown-pragmas -Wno-shadow -Wno-four-char-constants -Wno-conversion -Wno-constant-conversion -Wno-int-conversion -Wno-bool-conversion -Wno-enum-conversion -Wno-float-conversion -Wno-non-literal-null-conversion -Wno-objc-literal-conversion -Wno-shorten-64-to-32 -Wno-newline-eof -Wno-selector -Wno-strict-selector-match -Wno-undeclared-selector -Wno-deprecated-implementations -Wno-c++11-extensions -Wno-implicit-fallthrough -isysroot /Applications/Xcode-27.0.0-Release.Candidate.app/Contents/Developer/Platforms/WatchOS.platform/Developer/SDKs/WatchOS27.0.sdk -fstrict-aliasing -Wprotocol -Wdeprecated-declarations -Winvalid-offsetof -Wno-sign-conversion -Wno-infinite-recursion -Wno-move -Wno-comma -Wno-block-capture-autoreleasing -Wno-strict-prototypes -Wno-range-loop-analysis -Wno-semicolon-before-method-body -index-store-path /Users/admin/builder/spi-builder-workspace/.derivedData/Index.noindex/DataStore @/Users/admin/builder/spi-builder-workspace/.derivedData/Build/Intermediates.noindex/vger.build/Debug-watchos/vger-t.build/Objects-normal/arm64_32/af3fcb34312c57c0f52879cdce924b91-common-args.resp -include /Users/admin/builder/spi-builder-workspace/.derivedData/Build/Intermediates.noindex/vger.build/Debug-watchos/vger-t.build/DerivedSources/resource_bundle_accessor.h -MMD -MT dependencies -MF /Users/admin/builder/spi-builder-workspace/.derivedData/Build/Intermediates.noindex/vger.build/Debug-watchos/vger-t.build/Objects-normal/arm64_32/vgerPathScanner.d --serialize-diagnostics /Users/admin/builder/spi-builder-workspace/.derivedData/Build/Intermediates.noindex/vger.build/Debug-watchos/vger-t.build/Objects-normal/arm64_32/vgerPathScanner.dia -c /Users/admin/builder/spi-builder-workspace/Sources/vger/vgerPathScanner.mm -o /Users/admin/builder/spi-builder-workspace/.derivedData/Build/Intermediates.noindex/vger.build/Debug-watchos/vger-t.build/Objects-normal/arm64_32/vgerPathScanner.o -index-unit-output-path /vger.build/Debug-watchos/vger-t.build/Objects-normal/arm64_32/vgerPathScanner.o
CompileC /Users/admin/builder/spi-builder-workspace/.derivedData/Build/Intermediates.noindex/vger.build/Debug-watchos/vger-t.build/Objects-normal/arm64_32/vgerTextureManager.o /Users/admin/builder/spi-builder-workspace/Sources/vger/vgerTextureManager.mm normal arm64_32 objective-c++ com.apple.compilers.llvm.clang.1_0.compiler (in target 'vger' from project 'vger')
cd /Users/admin/builder/spi-builder-workspace/.swiftpm/xcode
Using response file: /Users/admin/builder/spi-builder-workspace/.derivedData/Build/Intermediates.noindex/vger.build/Debug-watchos/vger-t.build/Objects-normal/arm64_32/af3fcb34312c57c0f52879cdce924b91-common-args.resp
/Applications/Xcode-27.0.0-Release.Candidate.app/Contents/Developer/Toolchains/XcodeDefault.xctoolchain/usr/bin/clang -x objective-c++ -ivfsstatcache /Users/admin/builder/spi-builder-workspace/.derivedData/SDKStatCaches.noindex/watchos27.0-24R360-e829b21a6f8c9b70876ba0858053c04477534ef55a1706bf4c1112bbb242f0a2.sdkstatcache -target arm64_32-apple-watchos9.0 -fmessage-length\=0 -fdiagnostics-show-note-include-stack -fmacro-backtrace-limit\=0 -fno-color-diagnostics -fmodules-prune-interval\=86400 -fmodules-prune-after\=345600 -fbuild-session-file\=/Users/admin/builder/spi-builder-workspace/.derivedData/ModuleCache.noindex/Session.modulevalidation -fmodules-validate-once-per-build-session -Wnon-modular-include-in-framework-module -Werror\=non-modular-include-in-framework-module -Wno-trigraphs -Wno-missing-field-initializers -Wno-missing-prototypes -Wno-return-type -Wno-implicit-atomic-properties -Wno-objc-interface-ivars -Wno-arc-repeated-use-of-weak -Wno-non-virtual-dtor -Wno-overloaded-virtual -Wno-exit-time-destructors -Wno-missing-braces -Wparentheses -Wswitch -Wno-unused-function -Wno-unused-label -Wno-unused-parameter -Wno-unused-variable -Wunused-value -Wno-empty-body -Wno-uninitialized -Wno-unknown-pragmas -Wno-shadow -Wno-four-char-constants -Wno-conversion -Wno-constant-conversion -Wno-int-conversion -Wno-bool-conversion -Wno-enum-conversion -Wno-float-conversion -Wno-non-literal-null-conversion -Wno-objc-literal-conversion -Wno-shorten-64-to-32 -Wno-newline-eof -Wno-selector -Wno-strict-selector-match -Wno-undeclared-selector -Wno-deprecated-implementations -Wno-c++11-extensions -Wno-implicit-fallthrough -isysroot /Applications/Xcode-27.0.0-Release.Candidate.app/Contents/Developer/Platforms/WatchOS.platform/Developer/SDKs/WatchOS27.0.sdk -fstrict-aliasing -Wprotocol -Wdeprecated-declarations -Winvalid-offsetof -Wno-sign-conversion -Wno-infinite-recursion -Wno-move -Wno-comma -Wno-block-capture-autoreleasing -Wno-strict-prototypes -Wno-range-loop-analysis -Wno-semicolon-before-method-body -index-store-path /Users/admin/builder/spi-builder-workspace/.derivedData/Index.noindex/DataStore @/Users/admin/builder/spi-builder-workspace/.derivedData/Build/Intermediates.noindex/vger.build/Debug-watchos/vger-t.build/Objects-normal/arm64_32/af3fcb34312c57c0f52879cdce924b91-common-args.resp -include /Users/admin/builder/spi-builder-workspace/.derivedData/Build/Intermediates.noindex/vger.build/Debug-watchos/vger-t.build/DerivedSources/resource_bundle_accessor.h -MMD -MT dependencies -MF /Users/admin/builder/spi-builder-workspace/.derivedData/Build/Intermediates.noindex/vger.build/Debug-watchos/vger-t.build/Objects-normal/arm64_32/vgerTextureManager.d --serialize-diagnostics /Users/admin/builder/spi-builder-workspace/.derivedData/Build/Intermediates.noindex/vger.build/Debug-watchos/vger-t.build/Objects-normal/arm64_32/vgerTextureManager.dia -c /Users/admin/builder/spi-builder-workspace/Sources/vger/vgerTextureManager.mm -o /Users/admin/builder/spi-builder-workspace/.derivedData/Build/Intermediates.noindex/vger.build/Debug-watchos/vger-t.build/Objects-normal/arm64_32/vgerTextureManager.o -index-unit-output-path /vger.build/Debug-watchos/vger-t.build/Objects-normal/arm64_32/vgerTextureManager.o
In file included from /Users/admin/builder/spi-builder-workspace/Sources/vger/vgerTextureManager.mm:3:
/Users/admin/builder/spi-builder-workspace/Sources/vger/vgerTextureManager.h:4:9: fatal error: 'Metal/Metal.h' file not found
4 | #import <Metal/Metal.h>
| ^~~~~~~~~~~~~~~
CompileC /Users/admin/builder/spi-builder-workspace/.derivedData/Build/Intermediates.noindex/vger.build/Debug-watchos/vger-t.build/Objects-normal/arm64_32/vgerRenderer.o /Users/admin/builder/spi-builder-workspace/Sources/vger/vgerRenderer.mm normal arm64_32 objective-c++ com.apple.compilers.llvm.clang.1_0.compiler (in target 'vger' from project 'vger')
cd /Users/admin/builder/spi-builder-workspace/.swiftpm/xcode
Using response file: /Users/admin/builder/spi-builder-workspace/.derivedData/Build/Intermediates.noindex/vger.build/Debug-watchos/vger-t.build/Objects-normal/arm64_32/af3fcb34312c57c0f52879cdce924b91-common-args.resp
/Applications/Xcode-27.0.0-Release.Candidate.app/Contents/Developer/Toolchains/XcodeDefault.xctoolchain/usr/bin/clang -x objective-c++ -ivfsstatcache /Users/admin/builder/spi-builder-workspace/.derivedData/SDKStatCaches.noindex/watchos27.0-24R360-e829b21a6f8c9b70876ba0858053c04477534ef55a1706bf4c1112bbb242f0a2.sdkstatcache -target arm64_32-apple-watchos9.0 -fmessage-length\=0 -fdiagnostics-show-note-include-stack -fmacro-backtrace-limit\=0 -fno-color-diagnostics -fmodules-prune-interval\=86400 -fmodules-prune-after\=345600 -fbuild-session-file\=/Users/admin/builder/spi-builder-workspace/.derivedData/ModuleCache.noindex/Session.modulevalidation -fmodules-validate-once-per-build-session -Wnon-modular-include-in-framework-module -Werror\=non-modular-include-in-framework-module -Wno-trigraphs -Wno-missing-field-initializers -Wno-missing-prototypes -Wno-return-type -Wno-implicit-atomic-properties -Wno-objc-interface-ivars -Wno-arc-repeated-use-of-weak -Wno-non-virtual-dtor -Wno-overloaded-virtual -Wno-exit-time-destructors -Wno-missing-braces -Wparentheses -Wswitch -Wno-unused-function -Wno-unused-label -Wno-unused-parameter -Wno-unused-variable -Wunused-value -Wno-empty-body -Wno-uninitialized -Wno-unknown-pragmas -Wno-shadow -Wno-four-char-constants -Wno-conversion -Wno-constant-conversion -Wno-int-conversion -Wno-bool-conversion -Wno-enum-conversion -Wno-float-conversion -Wno-non-literal-null-conversion -Wno-objc-literal-conversion -Wno-shorten-64-to-32 -Wno-newline-eof -Wno-selector -Wno-strict-selector-match -Wno-undeclared-selector -Wno-deprecated-implementations -Wno-c++11-extensions -Wno-implicit-fallthrough -isysroot /Applications/Xcode-27.0.0-Release.Candidate.app/Contents/Developer/Platforms/WatchOS.platform/Developer/SDKs/WatchOS27.0.sdk -fstrict-aliasing -Wprotocol -Wdeprecated-declarations -Winvalid-offsetof -Wno-sign-conversion -Wno-infinite-recursion -Wno-move -Wno-comma -Wno-block-capture-autoreleasing -Wno-strict-prototypes -Wno-range-loop-analysis -Wno-semicolon-before-method-body -index-store-path /Users/admin/builder/spi-builder-workspace/.derivedData/Index.noindex/DataStore @/Users/admin/builder/spi-builder-workspace/.derivedData/Build/Intermediates.noindex/vger.build/Debug-watchos/vger-t.build/Objects-normal/arm64_32/af3fcb34312c57c0f52879cdce924b91-common-args.resp -include /Users/admin/builder/spi-builder-workspace/.derivedData/Build/Intermediates.noindex/vger.build/Debug-watchos/vger-t.build/DerivedSources/resource_bundle_accessor.h -MMD -MT dependencies -MF /Users/admin/builder/spi-builder-workspace/.derivedData/Build/Intermediates.noindex/vger.build/Debug-watchos/vger-t.build/Objects-normal/arm64_32/vgerRenderer.d --serialize-diagnostics /Users/admin/builder/spi-builder-workspace/.derivedData/Build/Intermediates.noindex/vger.build/Debug-watchos/vger-t.build/Objects-normal/arm64_32/vgerRenderer.dia -c /Users/admin/builder/spi-builder-workspace/Sources/vger/vgerRenderer.mm -o /Users/admin/builder/spi-builder-workspace/.derivedData/Build/Intermediates.noindex/vger.build/Debug-watchos/vger-t.build/Objects-normal/arm64_32/vgerRenderer.o -index-unit-output-path /vger.build/Debug-watchos/vger-t.build/Objects-normal/arm64_32/vgerRenderer.o
In file included from /Users/admin/builder/spi-builder-workspace/Sources/vger/vgerRenderer.mm:3:
/Users/admin/builder/spi-builder-workspace/Sources/vger/vgerRenderer.h:4:9: fatal error: 'Metal/Metal.h' file not found
4 | #import <Metal/Metal.h>
| ^~~~~~~~~~~~~~~
1 error generated.
ScanDependencies /Users/admin/builder/spi-builder-workspace/.derivedData/Build/Intermediates.noindex/vger.build/Debug-watchos/vger-t.build/Objects-normal/arm64/resource_bundle_accessor.o /Users/admin/builder/spi-builder-workspace/.derivedData/Build/Intermediates.noindex/vger.build/Debug-watchos/vger-t.build/DerivedSources/resource_bundle_accessor.m normal arm64 objective-c com.apple.compilers.llvm.clang.1_0.compiler (in target 'vger' from project 'vger')
cd /Users/admin/builder/spi-builder-workspace/.swiftpm/xcode
Using response file: /Users/admin/builder/spi-builder-workspace/.derivedData/Build/Intermediates.noindex/vger.build/Debug-watchos/vger-t.build/Objects-normal/arm64/e6072d4f65d7061329687fe24e3d63a7-common-args.resp
builtin-ScanDependencies -o /Users/admin/builder/spi-builder-workspace/.derivedData/Build/Intermediates.noindex/vger.build/Debug-watchos/vger-t.build/Objects-normal/arm64/resource_bundle_accessor.o.scan -- /Applications/Xcode-27.0.0-Release.Candidate.app/Contents/Developer/Toolchains/XcodeDefault.xctoolchain/usr/bin/clang -x objective-c -ivfsstatcache /Users/admin/builder/spi-builder-workspace/.derivedData/SDKStatCaches.noindex/watchos27.0-24R360-e829b21a6f8c9b70876ba0858053c04477534ef55a1706bf4c1112bbb242f0a2.sdkstatcache -target arm64-apple-watchos9.0 -fmessage-length\=0 -fdiagnostics-show-note-include-stack -fmacro-backtrace-limit\=0 -fno-color-diagnostics -fmodules-prune-interval\=86400 -fmodules-prune-after\=345600 -fbuild-session-file\=/Users/admin/builder/spi-builder-workspace/.derivedData/ModuleCache.noindex/Session.modulevalidation -fmodules-validate-once-per-build-session -Wnon-modular-include-in-framework-module -Werror\=non-modular-include-in-framework-module -Wno-trigraphs -Wno-missing-field-initializers -Wno-missing-prototypes -Wno-return-type -Wno-implicit-atomic-properties -Wno-objc-interface-ivars -Wno-arc-repeated-use-of-weak -Wno-missing-braces -Wparentheses -Wswitch -Wno-unused-function -Wno-unused-label -Wno-unused-parameter -Wno-unused-variable -Wunused-value -Wno-empty-body -Wno-uninitialized -Wno-unknown-pragmas -Wno-shadow -Wno-four-char-constants -Wno-conversion -Wno-constant-conversion -Wno-int-conversion -Wno-bool-conversion -Wno-enum-conversion -Wno-float-conversion -Wno-non-literal-null-conversion -Wno-objc-literal-conversion -Wshorten-64-to-32 -Wpointer-sign -Wno-newline-eof -Wno-selector -Wno-strict-selector-match -Wno-undeclared-selector -Wno-deprecated-implementations -Wno-implicit-fallthrough -isysroot /Applications/Xcode-27.0.0-Release.Candidate.app/Contents/Developer/Platforms/WatchOS.platform/Developer/SDKs/WatchOS27.0.sdk -fstrict-aliasing -Wprotocol -Wdeprecated-declarations -Wno-sign-conversion -Wno-infinite-recursion -Wno-comma -Wno-block-capture-autoreleasing -Wno-strict-prototypes -Wno-semicolon-before-method-body -index-store-path /Users/admin/builder/spi-builder-workspace/.derivedData/Index.noindex/DataStore @/Users/admin/builder/spi-builder-workspace/.derivedData/Build/Intermediates.noindex/vger.build/Debug-watchos/vger-t.build/Objects-normal/arm64/e6072d4f65d7061329687fe24e3d63a7-common-args.resp -include /Users/admin/builder/spi-builder-workspace/.derivedData/Build/Intermediates.noindex/vger.build/Debug-watchos/vger-t.build/DerivedSources/resource_bundle_accessor.h -MMD -MT dependencies -MF /Users/admin/builder/spi-builder-workspace/.derivedData/Build/Intermediates.noindex/vger.build/Debug-watchos/vger-t.build/Objects-normal/arm64/resource_bundle_accessor.d --serialize-diagnostics /Users/admin/builder/spi-builder-workspace/.derivedData/Build/Intermediates.noindex/vger.build/Debug-watchos/vger-t.build/Objects-normal/arm64/resource_bundle_accessor.dia -c /Users/admin/builder/spi-builder-workspace/.derivedData/Build/Intermediates.noindex/vger.build/Debug-watchos/vger-t.build/DerivedSources/resource_bundle_accessor.m -o /Users/admin/builder/spi-builder-workspace/.derivedData/Build/Intermediates.noindex/vger.build/Debug-watchos/vger-t.build/Objects-normal/arm64/resource_bundle_accessor.o -index-unit-output-path /vger.build/Debug-watchos/vger-t.build/Objects-normal/arm64/resource_bundle_accessor.o
ScanDependencies /Users/admin/builder/spi-builder-workspace/.derivedData/Build/Intermediates.noindex/vger.build/Debug-watchos/vger-t.build/Objects-normal/arm64_32/resource_bundle_accessor.o /Users/admin/builder/spi-builder-workspace/.derivedData/Build/Intermediates.noindex/vger.build/Debug-watchos/vger-t.build/DerivedSources/resource_bundle_accessor.m normal arm64_32 objective-c com.apple.compilers.llvm.clang.1_0.compiler (in target 'vger' from project 'vger')
cd /Users/admin/builder/spi-builder-workspace/.swiftpm/xcode
Using response file: /Users/admin/builder/spi-builder-workspace/.derivedData/Build/Intermediates.noindex/vger.build/Debug-watchos/vger-t.build/Objects-normal/arm64_32/e6072d4f65d7061329687fe24e3d63a7-common-args.resp
builtin-ScanDependencies -o /Users/admin/builder/spi-builder-workspace/.derivedData/Build/Intermediates.noindex/vger.build/Debug-watchos/vger-t.build/Objects-normal/arm64_32/resource_bundle_accessor.o.scan -- /Applications/Xcode-27.0.0-Release.Candidate.app/Contents/Developer/Toolchains/XcodeDefault.xctoolchain/usr/bin/clang -x objective-c -ivfsstatcache /Users/admin/builder/spi-builder-workspace/.derivedData/SDKStatCaches.noindex/watchos27.0-24R360-e829b21a6f8c9b70876ba0858053c04477534ef55a1706bf4c1112bbb242f0a2.sdkstatcache -target arm64_32-apple-watchos9.0 -fmessage-length\=0 -fdiagnostics-show-note-include-stack -fmacro-backtrace-limit\=0 -fno-color-diagnostics -fmodules-prune-interval\=86400 -fmodules-prune-after\=345600 -fbuild-session-file\=/Users/admin/builder/spi-builder-workspace/.derivedData/ModuleCache.noindex/Session.modulevalidation -fmodules-validate-once-per-build-session -Wnon-modular-include-in-framework-module -Werror\=non-modular-include-in-framework-module -Wno-trigraphs -Wno-missing-field-initializers -Wno-missing-prototypes -Wno-return-type -Wno-implicit-atomic-properties -Wno-objc-interface-ivars -Wno-arc-repeated-use-of-weak -Wno-missing-braces -Wparentheses -Wswitch -Wno-unused-function -Wno-unused-label -Wno-unused-parameter -Wno-unused-variable -Wunused-value -Wno-empty-body -Wno-uninitialized -Wno-unknown-pragmas -Wno-shadow -Wno-four-char-constants -Wno-conversion -Wno-constant-conversion -Wno-int-conversion -Wno-bool-conversion -Wno-enum-conversion -Wno-float-conversion -Wno-non-literal-null-conversion -Wno-objc-literal-conversion -Wno-shorten-64-to-32 -Wpointer-sign -Wno-newline-eof -Wno-selector -Wno-strict-selector-match -Wno-undeclared-selector -Wno-deprecated-implementations -Wno-implicit-fallthrough -isysroot /Applications/Xcode-27.0.0-Release.Candidate.app/Contents/Developer/Platforms/WatchOS.platform/Developer/SDKs/WatchOS27.0.sdk -fstrict-aliasing -Wprotocol -Wdeprecated-declarations -Wno-sign-conversion -Wno-infinite-recursion -Wno-comma -Wno-block-capture-autoreleasing -Wno-strict-prototypes -Wno-semicolon-before-method-body -index-store-path /Users/admin/builder/spi-builder-workspace/.derivedData/Index.noindex/DataStore @/Users/admin/builder/spi-builder-workspace/.derivedData/Build/Intermediates.noindex/vger.build/Debug-watchos/vger-t.build/Objects-normal/arm64_32/e6072d4f65d7061329687fe24e3d63a7-common-args.resp -include /Users/admin/builder/spi-builder-workspace/.derivedData/Build/Intermediates.noindex/vger.build/Debug-watchos/vger-t.build/DerivedSources/resource_bundle_accessor.h -MMD -MT dependencies -MF /Users/admin/builder/spi-builder-workspace/.derivedData/Build/Intermediates.noindex/vger.build/Debug-watchos/vger-t.build/Objects-normal/arm64_32/resource_bundle_accessor.d --serialize-diagnostics /Users/admin/builder/spi-builder-workspace/.derivedData/Build/Intermediates.noindex/vger.build/Debug-watchos/vger-t.build/Objects-normal/arm64_32/resource_bundle_accessor.dia -c /Users/admin/builder/spi-builder-workspace/.derivedData/Build/Intermediates.noindex/vger.build/Debug-watchos/vger-t.build/DerivedSources/resource_bundle_accessor.m -o /Users/admin/builder/spi-builder-workspace/.derivedData/Build/Intermediates.noindex/vger.build/Debug-watchos/vger-t.build/Objects-normal/arm64_32/resource_bundle_accessor.o -index-unit-output-path /vger.build/Debug-watchos/vger-t.build/Objects-normal/arm64_32/resource_bundle_accessor.o
CompileC /Users/admin/builder/spi-builder-workspace/.derivedData/Build/Intermediates.noindex/vger.build/Debug-watchos/vger-t.build/Objects-normal/arm64_32/vgerGlyphPathCache.o /Users/admin/builder/spi-builder-workspace/Sources/vger/vgerGlyphPathCache.mm normal arm64_32 objective-c++ com.apple.compilers.llvm.clang.1_0.compiler (in target 'vger' from project 'vger')
cd /Users/admin/builder/spi-builder-workspace/.swiftpm/xcode
Using response file: /Users/admin/builder/spi-builder-workspace/.derivedData/Build/Intermediates.noindex/vger.build/Debug-watchos/vger-t.build/Objects-normal/arm64_32/af3fcb34312c57c0f52879cdce924b91-common-args.resp
/Applications/Xcode-27.0.0-Release.Candidate.app/Contents/Developer/Toolchains/XcodeDefault.xctoolchain/usr/bin/clang -x objective-c++ -ivfsstatcache /Users/admin/builder/spi-builder-workspace/.derivedData/SDKStatCaches.noindex/watchos27.0-24R360-e829b21a6f8c9b70876ba0858053c04477534ef55a1706bf4c1112bbb242f0a2.sdkstatcache -target arm64_32-apple-watchos9.0 -fmessage-length\=0 -fdiagnostics-show-note-include-stack -fmacro-backtrace-limit\=0 -fno-color-diagnostics -fmodules-prune-interval\=86400 -fmodules-prune-after\=345600 -fbuild-session-file\=/Users/admin/builder/spi-builder-workspace/.derivedData/ModuleCache.noindex/Session.modulevalidation -fmodules-validate-once-per-build-session -Wnon-modular-include-in-framework-module -Werror\=non-modular-include-in-framework-module -Wno-trigraphs -Wno-missing-field-initializers -Wno-missing-prototypes -Wno-return-type -Wno-implicit-atomic-properties -Wno-objc-interface-ivars -Wno-arc-repeated-use-of-weak -Wno-non-virtual-dtor -Wno-overloaded-virtual -Wno-exit-time-destructors -Wno-missing-braces -Wparentheses -Wswitch -Wno-unused-function -Wno-unused-label -Wno-unused-parameter -Wno-unused-variable -Wunused-value -Wno-empty-body -Wno-uninitialized -Wno-unknown-pragmas -Wno-shadow -Wno-four-char-constants -Wno-conversion -Wno-constant-conversion -Wno-int-conversion -Wno-bool-conversion -Wno-enum-conversion -Wno-float-conversion -Wno-non-literal-null-conversion -Wno-objc-literal-conversion -Wno-shorten-64-to-32 -Wno-newline-eof -Wno-selector -Wno-strict-selector-match -Wno-undeclared-selector -Wno-deprecated-implementations -Wno-c++11-extensions -Wno-implicit-fallthrough -isysroot /Applications/Xcode-27.0.0-Release.Candidate.app/Contents/Developer/Platforms/WatchOS.platform/Developer/SDKs/WatchOS27.0.sdk -fstrict-aliasing -Wprotocol -Wdeprecated-declarations -Winvalid-offsetof -Wno-sign-conversion -Wno-infinite-recursion -Wno-move -Wno-comma -Wno-block-capture-autoreleasing -Wno-strict-prototypes -Wno-range-loop-analysis -Wno-semicolon-before-method-body -index-store-path /Users/admin/builder/spi-builder-workspace/.derivedData/Index.noindex/DataStore @/Users/admin/builder/spi-builder-workspace/.derivedData/Build/Intermediates.noindex/vger.build/Debug-watchos/vger-t.build/Objects-normal/arm64_32/af3fcb34312c57c0f52879cdce924b91-common-args.resp -include /Users/admin/builder/spi-builder-workspace/.derivedData/Build/Intermediates.noindex/vger.build/Debug-watchos/vger-t.build/DerivedSources/resource_bundle_accessor.h -MMD -MT dependencies -MF /Users/admin/builder/spi-builder-workspace/.derivedData/Build/Intermediates.noindex/vger.build/Debug-watchos/vger-t.build/Objects-normal/arm64_32/vgerGlyphPathCache.d --serialize-diagnostics /Users/admin/builder/spi-builder-workspace/.derivedData/Build/Intermediates.noindex/vger.build/Debug-watchos/vger-t.build/Objects-normal/arm64_32/vgerGlyphPathCache.dia -c /Users/admin/builder/spi-builder-workspace/Sources/vger/vgerGlyphPathCache.mm -o /Users/admin/builder/spi-builder-workspace/.derivedData/Build/Intermediates.noindex/vger.build/Debug-watchos/vger-t.build/Objects-normal/arm64_32/vgerGlyphPathCache.o -index-unit-output-path /vger.build/Debug-watchos/vger-t.build/Objects-normal/arm64_32/vgerGlyphPathCache.o
In file included from /Users/admin/builder/spi-builder-workspace/Sources/vger/vgerGlyphPathCache.mm:3:
In file included from /Users/admin/builder/spi-builder-workspace/Sources/vger/vgerGlyphPathCache.h:5:
/Users/admin/builder/spi-builder-workspace/Sources/vger/include/vger.h:47:9: fatal error: 'Metal/Metal.h' file not found
47 | #import <Metal/Metal.h>
| ^~~~~~~~~~~~~~~
CompileC /Users/admin/builder/spi-builder-workspace/.derivedData/Build/Intermediates.noindex/vger.build/Debug-watchos/vger-t.build/Objects-normal/arm64_32/vgerGlyphCache.o /Users/admin/builder/spi-builder-workspace/Sources/vger/vgerGlyphCache.mm normal arm64_32 objective-c++ com.apple.compilers.llvm.clang.1_0.compiler (in target 'vger' from project 'vger')
cd /Users/admin/builder/spi-builder-workspace/.swiftpm/xcode
Using response file: /Users/admin/builder/spi-builder-workspace/.derivedData/Build/Intermediates.noindex/vger.build/Debug-watchos/vger-t.build/Objects-normal/arm64_32/af3fcb34312c57c0f52879cdce924b91-common-args.resp
/Applications/Xcode-27.0.0-Release.Candidate.app/Contents/Developer/Toolchains/XcodeDefault.xctoolchain/usr/bin/clang -x objective-c++ -ivfsstatcache /Users/admin/builder/spi-builder-workspace/.derivedData/SDKStatCaches.noindex/watchos27.0-24R360-e829b21a6f8c9b70876ba0858053c04477534ef55a1706bf4c1112bbb242f0a2.sdkstatcache -target arm64_32-apple-watchos9.0 -fmessage-length\=0 -fdiagnostics-show-note-include-stack -fmacro-backtrace-limit\=0 -fno-color-diagnostics -fmodules-prune-interval\=86400 -fmodules-prune-after\=345600 -fbuild-session-file\=/Users/admin/builder/spi-builder-workspace/.derivedData/ModuleCache.noindex/Session.modulevalidation -fmodules-validate-once-per-build-session -Wnon-modular-include-in-framework-module -Werror\=non-modular-include-in-framework-module -Wno-trigraphs -Wno-missing-field-initializers -Wno-missing-prototypes -Wno-return-type -Wno-implicit-atomic-properties -Wno-objc-interface-ivars -Wno-arc-repeated-use-of-weak -Wno-non-virtual-dtor -Wno-overloaded-virtual -Wno-exit-time-destructors -Wno-missing-braces -Wparentheses -Wswitch -Wno-unused-function -Wno-unused-label -Wno-unused-parameter -Wno-unused-variable -Wunused-value -Wno-empty-body -Wno-uninitialized -Wno-unknown-pragmas -Wno-shadow -Wno-four-char-constants -Wno-conversion -Wno-constant-conversion -Wno-int-conversion -Wno-bool-conversion -Wno-enum-conversion -Wno-float-conversion -Wno-non-literal-null-conversion -Wno-objc-literal-conversion -Wno-shorten-64-to-32 -Wno-newline-eof -Wno-selector -Wno-strict-selector-match -Wno-undeclared-selector -Wno-deprecated-implementations -Wno-c++11-extensions -Wno-implicit-fallthrough -isysroot /Applications/Xcode-27.0.0-Release.Candidate.app/Contents/Developer/Platforms/WatchOS.platform/Developer/SDKs/WatchOS27.0.sdk -fstrict-aliasing -Wprotocol -Wdeprecated-declarations -Winvalid-offsetof -Wno-sign-conversion -Wno-infinite-recursion -Wno-move -Wno-comma -Wno-block-capture-autoreleasing -Wno-strict-prototypes -Wno-range-loop-analysis -Wno-semicolon-before-method-body -index-store-path /Users/admin/builder/spi-builder-workspace/.derivedData/Index.noindex/DataStore @/Users/admin/builder/spi-builder-workspace/.derivedData/Build/Intermediates.noindex/vger.build/Debug-watchos/vger-t.build/Objects-normal/arm64_32/af3fcb34312c57c0f52879cdce924b91-common-args.resp -include /Users/admin/builder/spi-builder-workspace/.derivedData/Build/Intermediates.noindex/vger.build/Debug-watchos/vger-t.build/DerivedSources/resource_bundle_accessor.h -MMD -MT dependencies -MF /Users/admin/builder/spi-builder-workspace/.derivedData/Build/Intermediates.noindex/vger.build/Debug-watchos/vger-t.build/Objects-normal/arm64_32/vgerGlyphCache.d --serialize-diagnostics /Users/admin/builder/spi-builder-workspace/.derivedData/Build/Intermediates.noindex/vger.build/Debug-watchos/vger-t.build/Objects-normal/arm64_32/vgerGlyphCache.dia -c /Users/admin/builder/spi-builder-workspace/Sources/vger/vgerGlyphCache.mm -o /Users/admin/builder/spi-builder-workspace/.derivedData/Build/Intermediates.noindex/vger.build/Debug-watchos/vger-t.build/Objects-normal/arm64_32/vgerGlyphCache.o -index-unit-output-path /vger.build/Debug-watchos/vger-t.build/Objects-normal/arm64_32/vgerGlyphCache.o
In file included from /Users/admin/builder/spi-builder-workspace/Sources/vger/vgerGlyphCache.mm:3:
/Users/admin/builder/spi-builder-workspace/Sources/vger/vgerGlyphCache.h:5:9: fatal error: 'Metal/Metal.h' file not found
5 | #import <Metal/Metal.h>
| ^~~~~~~~~~~~~~~
SwiftDriver vgerSwift normal arm64 com.apple.xcode.tools.swift.compiler (in target 'vgerSwift' from project 'vger')
cd /Users/admin/builder/spi-builder-workspace/.swiftpm/xcode
builtin-SwiftDriver -- /Applications/Xcode-27.0.0-Release.Candidate.app/Contents/Developer/Toolchains/XcodeDefault.xctoolchain/usr/bin/swiftc -parse-as-library -module-name vgerSwift -Onone @/Users/admin/builder/spi-builder-workspace/.derivedData/Build/Intermediates.noindex/vger.build/Debug-watchos/vgerSwift-t.build/Objects-normal/arm64/vgerSwift.SwiftFileList -DSWIFT_PACKAGE -DDEBUG -DSWIFT_MODULE_RESOURCE_BUNDLE_AVAILABLE -Xcc -fmodule-map-file\=/Users/admin/builder/spi-builder-workspace/.derivedData/Build/Intermediates.noindex/GeneratedModuleMaps-watchos/vger.modulemap -DXcode -plugin-path /Applications/Xcode-27.0.0-Release.Candidate.app/Contents/Developer/Toolchains/XcodeDefault.xctoolchain/usr/lib/swift/host/plugins/testing -enable-experimental-feature DebugDescriptionMacro -sdk /Applications/Xcode-27.0.0-Release.Candidate.app/Contents/Developer/Platforms/WatchOS.platform/Developer/SDKs/WatchOS27.0.sdk -target arm64-apple-watchos9.0 -g -module-cache-path /Users/admin/builder/spi-builder-workspace/.derivedData/ModuleCache.noindex -Xfrontend -serialize-debugging-options -profile-coverage-mapping -profile-generate -enable-testing -index-store-path /Users/admin/builder/spi-builder-workspace/.derivedData/Index.noindex/DataStore -Xcc -D_LIBCPP_HARDENING_MODE\=_LIBCPP_HARDENING_MODE_DEBUG -swift-version 5 -I /Users/admin/builder/spi-builder-workspace/.derivedData/Build/Products/Debug-watchos -Isystem /Applications/Xcode-27.0.0-Release.Candidate.app/Contents/Developer/Platforms/WatchOS.platform/Developer/usr/lib -F /Users/admin/builder/spi-builder-workspace/.derivedData/Build/Products/Debug-watchos/PackageFrameworks -F /Users/admin/builder/spi-builder-workspace/.derivedData/Build/Products/Debug-watchos -F /Applications/Xcode-27.0.0-Release.Candidate.app/Contents/Developer/Platforms/WatchOS.platform/Developer/Library/Frameworks -F /Applications/Xcode-27.0.0-Release.Candidate.app/Contents/Developer/Platforms/WatchOS.platform/Developer/SDKs/WatchOS27.0.sdk/Developer/Library/Frameworks -c -j10 -enable-batch-mode -incremental -Xcc -ivfsstatcache -Xcc /Users/admin/builder/spi-builder-workspace/.derivedData/SDKStatCaches.noindex/watchos27.0-24R360-e829b21a6f8c9b70876ba0858053c04477534ef55a1706bf4c1112bbb242f0a2.sdkstatcache -output-file-map /Users/admin/builder/spi-builder-workspace/.derivedData/Build/Intermediates.noindex/vger.build/Debug-watchos/vgerSwift-t.build/Objects-normal/arm64/vgerSwift-OutputFileMap.json -save-temps -no-color-diagnostics -explicit-module-build -module-cache-path /Users/admin/builder/spi-builder-workspace/.derivedData/Build/Intermediates.noindex/SwiftExplicitPrecompiledModules -clang-scanner-module-cache-path /Users/admin/builder/spi-builder-workspace/.derivedData/ModuleCache.noindex -sdk-module-cache-path /Users/admin/builder/spi-builder-workspace/.derivedData/SDKExplicitPrecompiledModules -emit-dependencies -emit-module -emit-module-path /Users/admin/builder/spi-builder-workspace/.derivedData/Build/Intermediates.noindex/vger.build/Debug-watchos/vgerSwift-t.build/Objects-normal/arm64/vgerSwift.swiftmodule -serialize-diagnostics -dependency-scan-serialize-diagnostics-path /Users/admin/builder/spi-builder-workspace/.derivedData/Build/Intermediates.noindex/vger.build/Debug-watchos/vgerSwift-t.build/Objects-normal/arm64/vgerSwift-dependency-scan.dia -validate-clang-modules-once -clang-build-session-file /Users/admin/builder/spi-builder-workspace/.derivedData/ModuleCache.noindex/Session.modulevalidation -Xcc -fmodules-prune-interval\=86400 -Xcc -fmodules-prune-after\=345600 -package-name spi_builder_workspace -emit-const-values -const-gather-protocols-list /Users/admin/builder/spi-builder-workspace/.derivedData/Build/Intermediates.noindex/vger.build/Debug-watchos/vgerSwift-t.build/Objects-normal/arm64/vgerSwift_const_extract_protocols.json -Xcc -I/Users/admin/builder/spi-builder-workspace/Sources/vger/include -Xcc -I/Users/admin/builder/spi-builder-workspace/.derivedData/Build/Products/Debug-watchos/include -Xcc -I/Users/admin/builder/spi-builder-workspace/.derivedData/Build/Intermediates.noindex/vger.build/Debug-watchos/vgerSwift-t.build/DerivedSources-normal/arm64 -Xcc -I/Users/admin/builder/spi-builder-workspace/.derivedData/Build/Intermediates.noindex/vger.build/Debug-watchos/vgerSwift-t.build/DerivedSources/arm64 -Xcc -I/Users/admin/builder/spi-builder-workspace/.derivedData/Build/Intermediates.noindex/vger.build/Debug-watchos/vgerSwift-t.build/DerivedSources -Xcc -DSWIFT_PACKAGE -Xcc -DDEBUG\=1 -emit-objc-header -emit-objc-header-path /Users/admin/builder/spi-builder-workspace/.derivedData/Build/Intermediates.noindex/vger.build/Debug-watchos/vgerSwift-t.build/Objects-normal/arm64/vgerSwift-Swift.h -working-directory /Users/admin/builder/spi-builder-workspace/.swiftpm/xcode -experimental-emit-module-separately -disable-cmo
error: Clang dependency scanning failure: While building module 'vger' imported from module-include.input:1:
In file included from <module-includes>:1:
/Users/admin/builder/spi-builder-workspace/Sources/vger/include/vger.h:47:9: fatal error: 'Metal/Metal.h' file not found
module-include.input:1:3: fatal error: could not build module 'vger'
(in target 'vgerSwift' from project 'vger')
/Users/admin/builder/spi-builder-workspace/Sources/vgerSwift/MTKView+ContentScaleFactor.swift:4:8: error: Unable to resolve module dependency: 'MetalKit' (in target 'vgerSwift' from project 'vger')
note: A dependency of main module 'vgerSwift'
/Users/admin/builder/spi-builder-workspace/Sources/vgerSwift/Renderer.swift:4:8: note: Also imported here
/Users/admin/builder/spi-builder-workspace/Sources/vgerSwift/VgerView.swift:4:8: note: Also imported here
/Users/admin/builder/spi-builder-workspace/Sources/vgerSwift/Renderer.swift:3:8: error: Unable to resolve module dependency: 'Metal' (in target 'vgerSwift' from project 'vger')
note: A dependency of main module 'vgerSwift'
/Users/admin/builder/spi-builder-workspace/Sources/vgerSwift/TextureRenderer.swift:3:8: note: Also imported here
/Users/admin/builder/spi-builder-workspace/Sources/vgerSwift/Renderer.swift:5:8: error: Unable to resolve module dependency: 'vger' (in target 'vgerSwift' from project 'vger')
note: A dependency of main module 'vgerSwift'
/Users/admin/builder/spi-builder-workspace/Sources/vgerSwift/TextureHandle.swift:3:8: note: Also imported here
/Users/admin/builder/spi-builder-workspace/Sources/vgerSwift/VgerView.swift:5:8: note: Also imported here
error: Clang dependency scanning failure: While building module 'vger' imported from module-include.input:1:
In file included from <module-includes>:1:
/Users/admin/builder/spi-builder-workspace/Sources/vger/include/vger.h:47:9: fatal error: 'Metal/Metal.h' file not found
module-include.input:1:3: fatal error: could not build module 'vger'
(in target 'vgerSwift' from project 'vger')
/Users/admin/builder/spi-builder-workspace/Sources/vgerSwift/MTKView+ContentScaleFactor.swift:4:8: note: A dependency of main module 'vgerSwift'
import MetalKit
^ (in target 'vgerSwift' from project 'vger')
/Users/admin/builder/spi-builder-workspace/Sources/vgerSwift/Renderer.swift:4:8: note: Also imported here
import MetalKit
^ (in target 'vgerSwift' from project 'vger')
/Users/admin/builder/spi-builder-workspace/Sources/vgerSwift/VgerView.swift:4:8: note: Also imported here
import MetalKit
^ (in target 'vgerSwift' from project 'vger')
/Users/admin/builder/spi-builder-workspace/Sources/vgerSwift/Renderer.swift:3:8: note: A dependency of main module 'vgerSwift'
import Metal
^ (in target 'vgerSwift' from project 'vger')
/Users/admin/builder/spi-builder-workspace/Sources/vgerSwift/TextureRenderer.swift:3:8: note: Also imported here
import Metal
^ (in target 'vgerSwift' from project 'vger')
/Users/admin/builder/spi-builder-workspace/Sources/vgerSwift/Renderer.swift:5:8: note: A dependency of main module 'vgerSwift'
import vger
^ (in target 'vgerSwift' from project 'vger')
/Users/admin/builder/spi-builder-workspace/Sources/vgerSwift/TextureHandle.swift:3:8: note: Also imported here
import vger
^ (in target 'vgerSwift' from project 'vger')
/Users/admin/builder/spi-builder-workspace/Sources/vgerSwift/VgerView.swift:5:8: note: Also imported here
import vger
^ (in target 'vgerSwift' from project 'vger')
SwiftDriver vgerSwift normal arm64_32 com.apple.xcode.tools.swift.compiler (in target 'vgerSwift' from project 'vger')
cd /Users/admin/builder/spi-builder-workspace/.swiftpm/xcode
builtin-SwiftDriver -- /Applications/Xcode-27.0.0-Release.Candidate.app/Contents/Developer/Toolchains/XcodeDefault.xctoolchain/usr/bin/swiftc -parse-as-library -module-name vgerSwift -Onone @/Users/admin/builder/spi-builder-workspace/.derivedData/Build/Intermediates.noindex/vger.build/Debug-watchos/vgerSwift-t.build/Objects-normal/arm64_32/vgerSwift.SwiftFileList -DSWIFT_PACKAGE -DDEBUG -DSWIFT_MODULE_RESOURCE_BUNDLE_AVAILABLE -Xcc -fmodule-map-file\=/Users/admin/builder/spi-builder-workspace/.derivedData/Build/Intermediates.noindex/GeneratedModuleMaps-watchos/vger.modulemap -DXcode -plugin-path /Applications/Xcode-27.0.0-Release.Candidate.app/Contents/Developer/Toolchains/XcodeDefault.xctoolchain/usr/lib/swift/host/plugins/testing -enable-experimental-feature DebugDescriptionMacro -sdk /Applications/Xcode-27.0.0-Release.Candidate.app/Contents/Developer/Platforms/WatchOS.platform/Developer/SDKs/WatchOS27.0.sdk -target arm64_32-apple-watchos9.0 -g -module-cache-path /Users/admin/builder/spi-builder-workspace/.derivedData/ModuleCache.noindex -Xfrontend -serialize-debugging-options -profile-coverage-mapping -profile-generate -enable-testing -index-store-path /Users/admin/builder/spi-builder-workspace/.derivedData/Index.noindex/DataStore -Xcc -D_LIBCPP_HARDENING_MODE\=_LIBCPP_HARDENING_MODE_DEBUG -swift-version 5 -I /Users/admin/builder/spi-builder-workspace/.derivedData/Build/Products/Debug-watchos -Isystem /Applications/Xcode-27.0.0-Release.Candidate.app/Contents/Developer/Platforms/WatchOS.platform/Developer/usr/lib -F /Users/admin/builder/spi-builder-workspace/.derivedData/Build/Products/Debug-watchos/PackageFrameworks -F /Users/admin/builder/spi-builder-workspace/.derivedData/Build/Products/Debug-watchos -F /Applications/Xcode-27.0.0-Release.Candidate.app/Contents/Developer/Platforms/WatchOS.platform/Developer/Library/Frameworks -F /Applications/Xcode-27.0.0-Release.Candidate.app/Contents/Developer/Platforms/WatchOS.platform/Developer/SDKs/WatchOS27.0.sdk/Developer/Library/Frameworks -c -j10 -enable-batch-mode -incremental -Xcc -ivfsstatcache -Xcc /Users/admin/builder/spi-builder-workspace/.derivedData/SDKStatCaches.noindex/watchos27.0-24R360-e829b21a6f8c9b70876ba0858053c04477534ef55a1706bf4c1112bbb242f0a2.sdkstatcache -output-file-map /Users/admin/builder/spi-builder-workspace/.derivedData/Build/Intermediates.noindex/vger.build/Debug-watchos/vgerSwift-t.build/Objects-normal/arm64_32/vgerSwift-OutputFileMap.json -save-temps -no-color-diagnostics -explicit-module-build -module-cache-path /Users/admin/builder/spi-builder-workspace/.derivedData/Build/Intermediates.noindex/SwiftExplicitPrecompiledModules -clang-scanner-module-cache-path /Users/admin/builder/spi-builder-workspace/.derivedData/ModuleCache.noindex -sdk-module-cache-path /Users/admin/builder/spi-builder-workspace/.derivedData/SDKExplicitPrecompiledModules -emit-dependencies -emit-module -emit-module-path /Users/admin/builder/spi-builder-workspace/.derivedData/Build/Intermediates.noindex/vger.build/Debug-watchos/vgerSwift-t.build/Objects-normal/arm64_32/vgerSwift.swiftmodule -serialize-diagnostics -dependency-scan-serialize-diagnostics-path /Users/admin/builder/spi-builder-workspace/.derivedData/Build/Intermediates.noindex/vger.build/Debug-watchos/vgerSwift-t.build/Objects-normal/arm64_32/vgerSwift-dependency-scan.dia -validate-clang-modules-once -clang-build-session-file /Users/admin/builder/spi-builder-workspace/.derivedData/ModuleCache.noindex/Session.modulevalidation -Xcc -fmodules-prune-interval\=86400 -Xcc -fmodules-prune-after\=345600 -package-name spi_builder_workspace -emit-const-values -const-gather-protocols-list /Users/admin/builder/spi-builder-workspace/.derivedData/Build/Intermediates.noindex/vger.build/Debug-watchos/vgerSwift-t.build/Objects-normal/arm64_32/vgerSwift_const_extract_protocols.json -Xcc -I/Users/admin/builder/spi-builder-workspace/Sources/vger/include -Xcc -I/Users/admin/builder/spi-builder-workspace/.derivedData/Build/Products/Debug-watchos/include -Xcc -I/Users/admin/builder/spi-builder-workspace/.derivedData/Build/Intermediates.noindex/vger.build/Debug-watchos/vgerSwift-t.build/DerivedSources-normal/arm64_32 -Xcc -I/Users/admin/builder/spi-builder-workspace/.derivedData/Build/Intermediates.noindex/vger.build/Debug-watchos/vgerSwift-t.build/DerivedSources/arm64_32 -Xcc -I/Users/admin/builder/spi-builder-workspace/.derivedData/Build/Intermediates.noindex/vger.build/Debug-watchos/vgerSwift-t.build/DerivedSources -Xcc -DSWIFT_PACKAGE -Xcc -DDEBUG\=1 -emit-objc-header -emit-objc-header-path /Users/admin/builder/spi-builder-workspace/.derivedData/Build/Intermediates.noindex/vger.build/Debug-watchos/vgerSwift-t.build/Objects-normal/arm64_32/vgerSwift-Swift.h -working-directory /Users/admin/builder/spi-builder-workspace/.swiftpm/xcode -experimental-emit-module-separately -disable-cmo
error: Clang dependency scanning failure: While building module 'vger' imported from module-include.input:1:
In file included from <module-includes>:1:
/Users/admin/builder/spi-builder-workspace/Sources/vger/include/vger.h:47:9: fatal error: 'Metal/Metal.h' file not found
module-include.input:1:2: fatal error: could not build module 'vger'
(in target 'vgerSwift' from project 'vger')
/Users/admin/builder/spi-builder-workspace/Sources/vgerSwift/MTKView+ContentScaleFactor.swift:4:8: error: Unable to resolve module dependency: 'MetalKit' (in target 'vgerSwift' from project 'vger')
note: A dependency of main module 'vgerSwift'
/Users/admin/builder/spi-builder-workspace/Sources/vgerSwift/Renderer.swift:4:8: note: Also imported here
/Users/admin/builder/spi-builder-workspace/Sources/vgerSwift/VgerView.swift:4:8: note: Also imported here
/Users/admin/builder/spi-builder-workspace/Sources/vgerSwift/Renderer.swift:3:8: error: Unable to resolve module dependency: 'Metal' (in target 'vgerSwift' from project 'vger')
note: A dependency of main module 'vgerSwift'
/Users/admin/builder/spi-builder-workspace/Sources/vgerSwift/TextureRenderer.swift:3:8: note: Also imported here
/Users/admin/builder/spi-builder-workspace/Sources/vgerSwift/Renderer.swift:5:8: error: Unable to resolve module dependency: 'vger' (in target 'vgerSwift' from project 'vger')
note: A dependency of main module 'vgerSwift'
/Users/admin/builder/spi-builder-workspace/Sources/vgerSwift/TextureHandle.swift:3:8: note: Also imported here
/Users/admin/builder/spi-builder-workspace/Sources/vgerSwift/VgerView.swift:5:8: note: Also imported here
error: Clang dependency scanning failure: While building module 'vger' imported from module-include.input:1:
In file included from <module-includes>:1:
/Users/admin/builder/spi-builder-workspace/Sources/vger/include/vger.h:47:9: fatal error: 'Metal/Metal.h' file not found
module-include.input:1:2: fatal error: could not build module 'vger'
(in target 'vgerSwift' from project 'vger')
/Users/admin/builder/spi-builder-workspace/Sources/vgerSwift/MTKView+ContentScaleFactor.swift:4:8: note: A dependency of main module 'vgerSwift'
import MetalKit
^ (in target 'vgerSwift' from project 'vger')
/Users/admin/builder/spi-builder-workspace/Sources/vgerSwift/Renderer.swift:4:8: note: Also imported here
import MetalKit
^ (in target 'vgerSwift' from project 'vger')
/Users/admin/builder/spi-builder-workspace/Sources/vgerSwift/VgerView.swift:4:8: note: Also imported here
import MetalKit
^ (in target 'vgerSwift' from project 'vger')
/Users/admin/builder/spi-builder-workspace/Sources/vgerSwift/Renderer.swift:3:8: note: A dependency of main module 'vgerSwift'
import Metal
^ (in target 'vgerSwift' from project 'vger')
/Users/admin/builder/spi-builder-workspace/Sources/vgerSwift/TextureRenderer.swift:3:8: note: Also imported here
import Metal
^ (in target 'vgerSwift' from project 'vger')
/Users/admin/builder/spi-builder-workspace/Sources/vgerSwift/Renderer.swift:5:8: note: A dependency of main module 'vgerSwift'
import vger
^ (in target 'vgerSwift' from project 'vger')
/Users/admin/builder/spi-builder-workspace/Sources/vgerSwift/TextureHandle.swift:3:8: note: Also imported here
import vger
^ (in target 'vgerSwift' from project 'vger')
/Users/admin/builder/spi-builder-workspace/Sources/vgerSwift/VgerView.swift:5:8: note: Also imported here
import vger
^ (in target 'vgerSwift' from project 'vger')
PruneExplicitPrecompiledModules /Users/admin/builder/spi-builder-workspace/.derivedData/Build/Intermediates.noindex/ExplicitPrecompiledModules
PruneExplicitPrecompiledModules /Users/admin/builder/spi-builder-workspace/.derivedData/Build/Intermediates.noindex/SwiftExplicitPrecompiledModules
PruneExplicitPrecompiledModules /Users/admin/builder/spi-builder-workspace/.derivedData/SDKExplicitPrecompiledModules
2026-09-18 10:23:44.701 xcodebuild[697:4113] [MT] IDERunDestination: Supported platforms for the buildables in the current scheme is empty.
** BUILD FAILED **
The following build commands failed:
CompileC /Users/admin/builder/spi-builder-workspace/.derivedData/Build/Intermediates.noindex/vger.build/Debug-watchos/vger-t.build/Objects-normal/arm64_32/vgerRenderer.o /Users/admin/builder/spi-builder-workspace/Sources/vger/vgerRenderer.mm normal arm64_32 objective-c++ com.apple.compilers.llvm.clang.1_0.compiler (in target 'vger' from project 'vger')
SwiftDriver vgerSwift normal arm64 com.apple.xcode.tools.swift.compiler (in target 'vgerSwift' from project 'vger')
SwiftDriver vgerSwift normal arm64_32 com.apple.xcode.tools.swift.compiler (in target 'vgerSwift' from project 'vger')
Building workspace vger with scheme vger
(4 failures)
Command line invocation:
/Applications/Xcode-27.0.0-Release.Candidate.app/Contents/Developer/usr/bin/xcodebuild -IDEClonedSourcePackagesDirPathOverride=/Users/admin/builder/spi-builder-workspace/.dependencies -resolvePackageDependencies
Resolve Package Graph
Resolved source packages:
vger: /Users/admin/builder/spi-builder-workspace
MetalNanoVG: https://github.com/wtholliday/MetalNanoVG @ spm (b6f7f25)
resolved source packages: vger, MetalNanoVG
2026-09-18 10:23:49.164 xcodebuild[792:4835] [MT] IDERunDestination: Supported platforms for the buildables in the current scheme is empty.
{
"cxx_language_standard" : "c++20",
"dependencies" : [
{
"identity" : "metalnanovg",
"requirement" : {
"branch" : [
"spm"
]
},
"type" : "sourceControl",
"url" : "https://github.com/wtholliday/MetalNanoVG"
}
],
"manifest_display_name" : "vger",
"name" : "vger",
"path" : "/Users/admin/builder/spi-builder-workspace",
"platforms" : [
{
"name" : "macos",
"version" : "11.0"
},
{
"name" : "ios",
"version" : "14.0"
}
],
"products" : [
{
"name" : "vger",
"targets" : [
"vger",
"vgerSwift"
],
"type" : {
"library" : [
"automatic"
]
}
}
],
"targets" : [
{
"c99name" : "vgerTests",
"module_type" : "ClangTarget",
"name" : "vgerTests",
"path" : "Tests/vgerTests",
"product_dependencies" : [
"MetalNanoVG"
],
"resources" : [
{
"path" : "/Users/admin/builder/spi-builder-workspace/Tests/vgerTests/images",
"rule" : {
"copy" : {
}
}
}
],
"sources" : [
"link.m",
"sdfTests.mm",
"testUtils.mm",
"vgerGlyphCacheTests.mm",
"vgerPathScannerTests.mm",
"vgerTests.mm",
"vgerTextureManagerTests.mm"
],
"target_dependencies" : [
"vger"
],
"type" : "test"
},
{
"c99name" : "vgerSwift",
"module_type" : "SwiftTarget",
"name" : "vgerSwift",
"path" : "Sources/vgerSwift",
"product_memberships" : [
"vger"
],
"sources" : [
"MTKView+ContentScaleFactor.swift",
"Renderer.swift",
"TextureHandle.swift",
"TextureRenderer.swift",
"VgerView.swift"
],
"target_dependencies" : [
"vger"
],
"type" : "library"
},
{
"c99name" : "vger",
"module_type" : "ClangTarget",
"name" : "vger",
"path" : "Sources/vger",
"product_memberships" : [
"vger"
],
"resources" : [
{
"path" : "/Users/admin/builder/spi-builder-workspace/Sources/vger/fonts",
"rule" : {
"copy" : {
}
}
}
],
"sources" : [
"stb_rect_pack.cpp",
"vger.mm",
"vgerGlyphCache.mm",
"vgerGlyphPathCache.mm",
"vgerPathScanner.mm",
"vgerRenderer.mm",
"vgerTextureManager.mm"
],
"type" : "library"
}
],
"tools_version" : "5.9"
}
{
"workspace" : {
"name" : "vger",
"schemes" : [
"vger"
]
}
}
2026-09-18 10:23:50.443 xcodebuild[800:4901] [MT] IDERunDestination: Supported platforms for the buildables in the current scheme is empty.
Running build ...
env DEVELOPER_DIR=/Applications/Xcode-27.0.0-Release.Candidate.app xcrun xcodebuild -IDEClonedSourcePackagesDirPathOverride=$PWD/.dependencies -skipMacroValidation -skipPackagePluginValidation -derivedDataPath $PWD/.derivedData build -scheme vger -destination generic/platform=watchOS
Command line invocation:
/Applications/Xcode-27.0.0-Release.Candidate.app/Contents/Developer/usr/bin/xcodebuild -IDEClonedSourcePackagesDirPathOverride=/Users/admin/builder/spi-builder-workspace/.dependencies -skipMacroValidation -skipPackagePluginValidation -derivedDataPath /Users/admin/builder/spi-builder-workspace/.derivedData build -scheme vger -destination generic/platform=watchOS
Resolve Package Graph
Resolved source packages:
MetalNanoVG: https://github.com/wtholliday/MetalNanoVG @ spm (b6f7f25)
vger: /Users/admin/builder/spi-builder-workspace
ComputePackagePrebuildTargetDependencyGraph
Prepare packages
CreateBuildRequest
SendProjectDescription
CreateBuildOperation
ComputeTargetDependencyGraph
note: Building targets in dependency order
note: Target dependency graph (5 targets)
Target 'vger-product' in project 'vger'
➜ Explicit dependency on target 'vger' in project 'vger'
➜ Explicit dependency on target 'vgerSwift' in project 'vger'
➜ Explicit dependency on target 'vger_vger' in project 'vger'
➜ Explicit dependency on target 'vger_vgerSwift' in project 'vger'
Target 'vgerSwift' in project 'vger'
➜ Explicit dependency on target 'vger_vgerSwift' in project 'vger'
➜ Explicit dependency on target 'vger' in project 'vger'
Target 'vger_vgerSwift' in project 'vger' (no dependencies)
Target 'vger' in project 'vger'
➜ Explicit dependency on target 'vger_vger' in project 'vger'
Target 'vger_vger' in project 'vger' (no dependencies)
GatherProvisioningInputs
CreateBuildDescription
ClangStatCache /Applications/Xcode-27.0.0-Release.Candidate.app/Contents/Developer/Toolchains/XcodeDefault.xctoolchain/usr/bin/clang-stat-cache /Applications/Xcode-27.0.0-Release.Candidate.app/Contents/Developer/Platforms/WatchOS.platform/Developer/SDKs/WatchOS27.0.sdk /Users/admin/builder/spi-builder-workspace/.derivedData/SDKStatCaches.noindex/watchos27.0-24R360-e829b21a6f8c9b70876ba0858053c04477534ef55a1706bf4c1112bbb242f0a2.sdkstatcache
cd /Users/admin/builder/spi-builder-workspace/.swiftpm/xcode
/Applications/Xcode-27.0.0-Release.Candidate.app/Contents/Developer/Toolchains/XcodeDefault.xctoolchain/usr/bin/clang-stat-cache /Applications/Xcode-27.0.0-Release.Candidate.app/Contents/Developer/Platforms/WatchOS.platform/Developer/SDKs/WatchOS27.0.sdk -o /Users/admin/builder/spi-builder-workspace/.derivedData/SDKStatCaches.noindex/watchos27.0-24R360-e829b21a6f8c9b70876ba0858053c04477534ef55a1706bf4c1112bbb242f0a2.sdkstatcache
CompileMetalFile /Users/admin/builder/spi-builder-workspace/Sources/vger/path.metal (in target 'vger_vger' from project 'vger')
cd /Users/admin/builder/spi-builder-workspace
/var/run/com.apple.security.cryptexd/mnt/com.apple.MobileAsset.MetalToolchain-v27.1.266.1.sl8DuC/Metal.xctoolchain/usr/bin/metal -c -target air64-apple-watchos9.0 -I/Users/admin/builder/spi-builder-workspace/.derivedData/Build/Products/Debug-watchos/include -F/Users/admin/builder/spi-builder-workspace/.derivedData/Build/Products/Debug-watchos -isysroot /Applications/Xcode-27.0.0-Release.Candidate.app/Contents/Developer/Platforms/WatchOS.platform/Developer/SDKs/WatchOS27.0.sdk -fmetal-math-mode\=fast -fmetal-math-fp32-functions\=fast -serialize-diagnostics /Users/admin/builder/spi-builder-workspace/.derivedData/Build/Intermediates.noindex/vger.build/Debug-watchos/vger_vger-b.build/Metal/path.dia -o /Users/admin/builder/spi-builder-workspace/.derivedData/Build/Intermediates.noindex/vger.build/Debug-watchos/vger_vger-b.build/Metal/path.air -MMD -MT dependencies -MF /Users/admin/builder/spi-builder-workspace/.derivedData/Build/Intermediates.noindex/vger.build/Debug-watchos/vger_vger-b.build/Metal/path.dat /Users/admin/builder/spi-builder-workspace/Sources/vger/path.metal
CompileMetalFile /Users/admin/builder/spi-builder-workspace/Sources/vgerSwift/TextureRenderer.metal (in target 'vger_vgerSwift' from project 'vger')
cd /Users/admin/builder/spi-builder-workspace
/var/run/com.apple.security.cryptexd/mnt/com.apple.MobileAsset.MetalToolchain-v27.1.266.1.sl8DuC/Metal.xctoolchain/usr/bin/metal -c -target air64-apple-watchos9.0 -I/Users/admin/builder/spi-builder-workspace/.derivedData/Build/Products/Debug-watchos/include -F/Users/admin/builder/spi-builder-workspace/.derivedData/Build/Products/Debug-watchos -isysroot /Applications/Xcode-27.0.0-Release.Candidate.app/Contents/Developer/Platforms/WatchOS.platform/Developer/SDKs/WatchOS27.0.sdk -fmetal-math-mode\=fast -fmetal-math-fp32-functions\=fast -serialize-diagnostics /Users/admin/builder/spi-builder-workspace/.derivedData/Build/Intermediates.noindex/vger.build/Debug-watchos/vger_vgerSwift-b.build/Metal/TextureRenderer.dia -o /Users/admin/builder/spi-builder-workspace/.derivedData/Build/Intermediates.noindex/vger.build/Debug-watchos/vger_vgerSwift-b.build/Metal/TextureRenderer.air -MMD -MT dependencies -MF /Users/admin/builder/spi-builder-workspace/.derivedData/Build/Intermediates.noindex/vger.build/Debug-watchos/vger_vgerSwift-b.build/Metal/TextureRenderer.dat /Users/admin/builder/spi-builder-workspace/Sources/vgerSwift/TextureRenderer.metal
CompileMetalFile /Users/admin/builder/spi-builder-workspace/Sources/vger/vger.metal (in target 'vger_vger' from project 'vger')
cd /Users/admin/builder/spi-builder-workspace
/var/run/com.apple.security.cryptexd/mnt/com.apple.MobileAsset.MetalToolchain-v27.1.266.1.sl8DuC/Metal.xctoolchain/usr/bin/metal -c -target air64-apple-watchos9.0 -I/Users/admin/builder/spi-builder-workspace/.derivedData/Build/Products/Debug-watchos/include -F/Users/admin/builder/spi-builder-workspace/.derivedData/Build/Products/Debug-watchos -isysroot /Applications/Xcode-27.0.0-Release.Candidate.app/Contents/Developer/Platforms/WatchOS.platform/Developer/SDKs/WatchOS27.0.sdk -fmetal-math-mode\=fast -fmetal-math-fp32-functions\=fast -serialize-diagnostics /Users/admin/builder/spi-builder-workspace/.derivedData/Build/Intermediates.noindex/vger.build/Debug-watchos/vger_vger-b.build/Metal/vger.dia -o /Users/admin/builder/spi-builder-workspace/.derivedData/Build/Intermediates.noindex/vger.build/Debug-watchos/vger_vger-b.build/Metal/vger.air -MMD -MT dependencies -MF /Users/admin/builder/spi-builder-workspace/.derivedData/Build/Intermediates.noindex/vger.build/Debug-watchos/vger_vger-b.build/Metal/vger.dat /Users/admin/builder/spi-builder-workspace/Sources/vger/vger.metal
MetalLink /Users/admin/builder/spi-builder-workspace/.derivedData/Build/Products/Debug-watchos/vger_vgerSwift.bundle/default.metallib (in target 'vger_vgerSwift' from project 'vger')
cd /Users/admin/builder/spi-builder-workspace
/var/run/com.apple.security.cryptexd/mnt/com.apple.MobileAsset.MetalToolchain-v27.1.266.1.sl8DuC/Metal.xctoolchain/usr/bin/metal -target air64-apple-watchos9.0 -o /Users/admin/builder/spi-builder-workspace/.derivedData/Build/Products/Debug-watchos/vger_vgerSwift.bundle/default.metallib /Users/admin/builder/spi-builder-workspace/.derivedData/Build/Intermediates.noindex/vger.build/Debug-watchos/vger_vgerSwift-b.build/Metal/TextureRenderer.air
MetalLink /Users/admin/builder/spi-builder-workspace/.derivedData/Build/Products/Debug-watchos/vger_vger.bundle/default.metallib (in target 'vger_vger' from project 'vger')
cd /Users/admin/builder/spi-builder-workspace
/var/run/com.apple.security.cryptexd/mnt/com.apple.MobileAsset.MetalToolchain-v27.1.266.1.sl8DuC/Metal.xctoolchain/usr/bin/metal -target air64-apple-watchos9.0 -o /Users/admin/builder/spi-builder-workspace/.derivedData/Build/Products/Debug-watchos/vger_vger.bundle/default.metallib /Users/admin/builder/spi-builder-workspace/.derivedData/Build/Intermediates.noindex/vger.build/Debug-watchos/vger_vger-b.build/Metal/path.air /Users/admin/builder/spi-builder-workspace/.derivedData/Build/Intermediates.noindex/vger.build/Debug-watchos/vger_vger-b.build/Metal/vger.air
CompileC /Users/admin/builder/spi-builder-workspace/.derivedData/Build/Intermediates.noindex/vger.build/Debug-watchos/vger-t.build/Objects-normal/arm64_32/vgerTextureManager.o /Users/admin/builder/spi-builder-workspace/Sources/vger/vgerTextureManager.mm normal arm64_32 objective-c++ com.apple.compilers.llvm.clang.1_0.compiler (in target 'vger' from project 'vger')
cd /Users/admin/builder/spi-builder-workspace/.swiftpm/xcode
Using response file: /Users/admin/builder/spi-builder-workspace/.derivedData/Build/Intermediates.noindex/vger.build/Debug-watchos/vger-t.build/Objects-normal/arm64_32/af3fcb34312c57c0f52879cdce924b91-common-args.resp
/Applications/Xcode-27.0.0-Release.Candidate.app/Contents/Developer/Toolchains/XcodeDefault.xctoolchain/usr/bin/clang -x objective-c++ -ivfsstatcache /Users/admin/builder/spi-builder-workspace/.derivedData/SDKStatCaches.noindex/watchos27.0-24R360-e829b21a6f8c9b70876ba0858053c04477534ef55a1706bf4c1112bbb242f0a2.sdkstatcache -target arm64_32-apple-watchos9.0 -fmessage-length\=0 -fdiagnostics-show-note-include-stack -fmacro-backtrace-limit\=0 -fno-color-diagnostics -fmodules-prune-interval\=86400 -fmodules-prune-after\=345600 -fbuild-session-file\=/Users/admin/builder/spi-builder-workspace/.derivedData/ModuleCache.noindex/Session.modulevalidation -fmodules-validate-once-per-build-session -Wnon-modular-include-in-framework-module -Werror\=non-modular-include-in-framework-module -Wno-trigraphs -Wno-missing-field-initializers -Wno-missing-prototypes -Wno-return-type -Wno-implicit-atomic-properties -Wno-objc-interface-ivars -Wno-arc-repeated-use-of-weak -Wno-non-virtual-dtor -Wno-overloaded-virtual -Wno-exit-time-destructors -Wno-missing-braces -Wparentheses -Wswitch -Wno-unused-function -Wno-unused-label -Wno-unused-parameter -Wno-unused-variable -Wunused-value -Wno-empty-body -Wno-uninitialized -Wno-unknown-pragmas -Wno-shadow -Wno-four-char-constants -Wno-conversion -Wno-constant-conversion -Wno-int-conversion -Wno-bool-conversion -Wno-enum-conversion -Wno-float-conversion -Wno-non-literal-null-conversion -Wno-objc-literal-conversion -Wno-shorten-64-to-32 -Wno-newline-eof -Wno-selector -Wno-strict-selector-match -Wno-undeclared-selector -Wno-deprecated-implementations -Wno-c++11-extensions -Wno-implicit-fallthrough -isysroot /Applications/Xcode-27.0.0-Release.Candidate.app/Contents/Developer/Platforms/WatchOS.platform/Developer/SDKs/WatchOS27.0.sdk -fstrict-aliasing -Wprotocol -Wdeprecated-declarations -Winvalid-offsetof -Wno-sign-conversion -Wno-infinite-recursion -Wno-move -Wno-comma -Wno-block-capture-autoreleasing -Wno-strict-prototypes -Wno-range-loop-analysis -Wno-semicolon-before-method-body -index-store-path /Users/admin/builder/spi-builder-workspace/.derivedData/Index.noindex/DataStore @/Users/admin/builder/spi-builder-workspace/.derivedData/Build/Intermediates.noindex/vger.build/Debug-watchos/vger-t.build/Objects-normal/arm64_32/af3fcb34312c57c0f52879cdce924b91-common-args.resp -include /Users/admin/builder/spi-builder-workspace/.derivedData/Build/Intermediates.noindex/vger.build/Debug-watchos/vger-t.build/DerivedSources/resource_bundle_accessor.h -MMD -MT dependencies -MF /Users/admin/builder/spi-builder-workspace/.derivedData/Build/Intermediates.noindex/vger.build/Debug-watchos/vger-t.build/Objects-normal/arm64_32/vgerTextureManager.d --serialize-diagnostics /Users/admin/builder/spi-builder-workspace/.derivedData/Build/Intermediates.noindex/vger.build/Debug-watchos/vger-t.build/Objects-normal/arm64_32/vgerTextureManager.dia -c /Users/admin/builder/spi-builder-workspace/Sources/vger/vgerTextureManager.mm -o /Users/admin/builder/spi-builder-workspace/.derivedData/Build/Intermediates.noindex/vger.build/Debug-watchos/vger-t.build/Objects-normal/arm64_32/vgerTextureManager.o -index-unit-output-path /vger.build/Debug-watchos/vger-t.build/Objects-normal/arm64_32/vgerTextureManager.o
In file included from /Users/admin/builder/spi-builder-workspace/Sources/vger/vgerTextureManager.mm:3:
/Users/admin/builder/spi-builder-workspace/Sources/vger/vgerTextureManager.h:4:9: fatal error: 'Metal/Metal.h' file not found
4 | #import <Metal/Metal.h>
| ^~~~~~~~~~~~~~~
CompileC /Users/admin/builder/spi-builder-workspace/.derivedData/Build/Intermediates.noindex/vger.build/Debug-watchos/vger-t.build/Objects-normal/arm64_32/vgerRenderer.o /Users/admin/builder/spi-builder-workspace/Sources/vger/vgerRenderer.mm normal arm64_32 objective-c++ com.apple.compilers.llvm.clang.1_0.compiler (in target 'vger' from project 'vger')
cd /Users/admin/builder/spi-builder-workspace/.swiftpm/xcode
Using response file: /Users/admin/builder/spi-builder-workspace/.derivedData/Build/Intermediates.noindex/vger.build/Debug-watchos/vger-t.build/Objects-normal/arm64_32/af3fcb34312c57c0f52879cdce924b91-common-args.resp
/Applications/Xcode-27.0.0-Release.Candidate.app/Contents/Developer/Toolchains/XcodeDefault.xctoolchain/usr/bin/clang -x objective-c++ -ivfsstatcache /Users/admin/builder/spi-builder-workspace/.derivedData/SDKStatCaches.noindex/watchos27.0-24R360-e829b21a6f8c9b70876ba0858053c04477534ef55a1706bf4c1112bbb242f0a2.sdkstatcache -target arm64_32-apple-watchos9.0 -fmessage-length\=0 -fdiagnostics-show-note-include-stack -fmacro-backtrace-limit\=0 -fno-color-diagnostics -fmodules-prune-interval\=86400 -fmodules-prune-after\=345600 -fbuild-session-file\=/Users/admin/builder/spi-builder-workspace/.derivedData/ModuleCache.noindex/Session.modulevalidation -fmodules-validate-once-per-build-session -Wnon-modular-include-in-framework-module -Werror\=non-modular-include-in-framework-module -Wno-trigraphs -Wno-missing-field-initializers -Wno-missing-prototypes -Wno-return-type -Wno-implicit-atomic-properties -Wno-objc-interface-ivars -Wno-arc-repeated-use-of-weak -Wno-non-virtual-dtor -Wno-overloaded-virtual -Wno-exit-time-destructors -Wno-missing-braces -Wparentheses -Wswitch -Wno-unused-function -Wno-unused-label -Wno-unused-parameter -Wno-unused-variable -Wunused-value -Wno-empty-body -Wno-uninitialized -Wno-unknown-pragmas -Wno-shadow -Wno-four-char-constants -Wno-conversion -Wno-constant-conversion -Wno-int-conversion -Wno-bool-conversion -Wno-enum-conversion -Wno-float-conversion -Wno-non-literal-null-conversion -Wno-objc-literal-conversion -Wno-shorten-64-to-32 -Wno-newline-eof -Wno-selector -Wno-strict-selector-match -Wno-undeclared-selector -Wno-deprecated-implementations -Wno-c++11-extensions -Wno-implicit-fallthrough -isysroot /Applications/Xcode-27.0.0-Release.Candidate.app/Contents/Developer/Platforms/WatchOS.platform/Developer/SDKs/WatchOS27.0.sdk -fstrict-aliasing -Wprotocol -Wdeprecated-declarations -Winvalid-offsetof -Wno-sign-conversion -Wno-infinite-recursion -Wno-move -Wno-comma -Wno-block-capture-autoreleasing -Wno-strict-prototypes -Wno-range-loop-analysis -Wno-semicolon-before-method-body -index-store-path /Users/admin/builder/spi-builder-workspace/.derivedData/Index.noindex/DataStore @/Users/admin/builder/spi-builder-workspace/.derivedData/Build/Intermediates.noindex/vger.build/Debug-watchos/vger-t.build/Objects-normal/arm64_32/af3fcb34312c57c0f52879cdce924b91-common-args.resp -include /Users/admin/builder/spi-builder-workspace/.derivedData/Build/Intermediates.noindex/vger.build/Debug-watchos/vger-t.build/DerivedSources/resource_bundle_accessor.h -MMD -MT dependencies -MF /Users/admin/builder/spi-builder-workspace/.derivedData/Build/Intermediates.noindex/vger.build/Debug-watchos/vger-t.build/Objects-normal/arm64_32/vgerRenderer.d --serialize-diagnostics /Users/admin/builder/spi-builder-workspace/.derivedData/Build/Intermediates.noindex/vger.build/Debug-watchos/vger-t.build/Objects-normal/arm64_32/vgerRenderer.dia -c /Users/admin/builder/spi-builder-workspace/Sources/vger/vgerRenderer.mm -o /Users/admin/builder/spi-builder-workspace/.derivedData/Build/Intermediates.noindex/vger.build/Debug-watchos/vger-t.build/Objects-normal/arm64_32/vgerRenderer.o -index-unit-output-path /vger.build/Debug-watchos/vger-t.build/Objects-normal/arm64_32/vgerRenderer.o
In file included from /Users/admin/builder/spi-builder-workspace/Sources/vger/vgerRenderer.mm:3:
/Users/admin/builder/spi-builder-workspace/Sources/vger/vgerRenderer.h:4:9: fatal error: 'Metal/Metal.h' file not found
4 | #import <Metal/Metal.h>
| ^~~~~~~~~~~~~~~
CompileC /Users/admin/builder/spi-builder-workspace/.derivedData/Build/Intermediates.noindex/vger.build/Debug-watchos/vger-t.build/Objects-normal/arm64_32/vger.o /Users/admin/builder/spi-builder-workspace/Sources/vger/vger.mm normal arm64_32 objective-c++ com.apple.compilers.llvm.clang.1_0.compiler (in target 'vger' from project 'vger')
cd /Users/admin/builder/spi-builder-workspace/.swiftpm/xcode
Using response file: /Users/admin/builder/spi-builder-workspace/.derivedData/Build/Intermediates.noindex/vger.build/Debug-watchos/vger-t.build/Objects-normal/arm64_32/af3fcb34312c57c0f52879cdce924b91-common-args.resp
/Applications/Xcode-27.0.0-Release.Candidate.app/Contents/Developer/Toolchains/XcodeDefault.xctoolchain/usr/bin/clang -x objective-c++ -ivfsstatcache /Users/admin/builder/spi-builder-workspace/.derivedData/SDKStatCaches.noindex/watchos27.0-24R360-e829b21a6f8c9b70876ba0858053c04477534ef55a1706bf4c1112bbb242f0a2.sdkstatcache -target arm64_32-apple-watchos9.0 -fmessage-length\=0 -fdiagnostics-show-note-include-stack -fmacro-backtrace-limit\=0 -fno-color-diagnostics -fmodules-prune-interval\=86400 -fmodules-prune-after\=345600 -fbuild-session-file\=/Users/admin/builder/spi-builder-workspace/.derivedData/ModuleCache.noindex/Session.modulevalidation -fmodules-validate-once-per-build-session -Wnon-modular-include-in-framework-module -Werror\=non-modular-include-in-framework-module -Wno-trigraphs -Wno-missing-field-initializers -Wno-missing-prototypes -Wno-return-type -Wno-implicit-atomic-properties -Wno-objc-interface-ivars -Wno-arc-repeated-use-of-weak -Wno-non-virtual-dtor -Wno-overloaded-virtual -Wno-exit-time-destructors -Wno-missing-braces -Wparentheses -Wswitch -Wno-unused-function -Wno-unused-label -Wno-unused-parameter -Wno-unused-variable -Wunused-value -Wno-empty-body -Wno-uninitialized -Wno-unknown-pragmas -Wno-shadow -Wno-four-char-constants -Wno-conversion -Wno-constant-conversion -Wno-int-conversion -Wno-bool-conversion -Wno-enum-conversion -Wno-float-conversion -Wno-non-literal-null-conversion -Wno-objc-literal-conversion -Wno-shorten-64-to-32 -Wno-newline-eof -Wno-selector -Wno-strict-selector-match -Wno-undeclared-selector -Wno-deprecated-implementations -Wno-c++11-extensions -Wno-implicit-fallthrough -isysroot /Applications/Xcode-27.0.0-Release.Candidate.app/Contents/Developer/Platforms/WatchOS.platform/Developer/SDKs/WatchOS27.0.sdk -fstrict-aliasing -Wprotocol -Wdeprecated-declarations -Winvalid-offsetof -Wno-sign-conversion -Wno-infinite-recursion -Wno-move -Wno-comma -Wno-block-capture-autoreleasing -Wno-strict-prototypes -Wno-range-loop-analysis -Wno-semicolon-before-method-body -index-store-path /Users/admin/builder/spi-builder-workspace/.derivedData/Index.noindex/DataStore @/Users/admin/builder/spi-builder-workspace/.derivedData/Build/Intermediates.noindex/vger.build/Debug-watchos/vger-t.build/Objects-normal/arm64_32/af3fcb34312c57c0f52879cdce924b91-common-args.resp -include /Users/admin/builder/spi-builder-workspace/.derivedData/Build/Intermediates.noindex/vger.build/Debug-watchos/vger-t.build/DerivedSources/resource_bundle_accessor.h -MMD -MT dependencies -MF /Users/admin/builder/spi-builder-workspace/.derivedData/Build/Intermediates.noindex/vger.build/Debug-watchos/vger-t.build/Objects-normal/arm64_32/vger.d --serialize-diagnostics /Users/admin/builder/spi-builder-workspace/.derivedData/Build/Intermediates.noindex/vger.build/Debug-watchos/vger-t.build/Objects-normal/arm64_32/vger.dia -c /Users/admin/builder/spi-builder-workspace/Sources/vger/vger.mm -o /Users/admin/builder/spi-builder-workspace/.derivedData/Build/Intermediates.noindex/vger.build/Debug-watchos/vger-t.build/Objects-normal/arm64_32/vger.o -index-unit-output-path /vger.build/Debug-watchos/vger-t.build/Objects-normal/arm64_32/vger.o
CompileC /Users/admin/builder/spi-builder-workspace/.derivedData/Build/Intermediates.noindex/vger.build/Debug-watchos/vger-t.build/Objects-normal/arm64_32/stb_rect_pack.o /Users/admin/builder/spi-builder-workspace/Sources/vger/stb_rect_pack.cpp normal arm64_32 c++ com.apple.compilers.llvm.clang.1_0.compiler (in target 'vger' from project 'vger')
cd /Users/admin/builder/spi-builder-workspace/.swiftpm/xcode
Using response file: /Users/admin/builder/spi-builder-workspace/.derivedData/Build/Intermediates.noindex/vger.build/Debug-watchos/vger-t.build/Objects-normal/arm64_32/82b82416624d2658e5098eb0a28c15c5-common-args.resp
/Applications/Xcode-27.0.0-Release.Candidate.app/Contents/Developer/Toolchains/XcodeDefault.xctoolchain/usr/bin/clang -x c++ -ivfsstatcache /Users/admin/builder/spi-builder-workspace/.derivedData/SDKStatCaches.noindex/watchos27.0-24R360-e829b21a6f8c9b70876ba0858053c04477534ef55a1706bf4c1112bbb242f0a2.sdkstatcache -target arm64_32-apple-watchos9.0 -fmessage-length\=0 -fdiagnostics-show-note-include-stack -fmacro-backtrace-limit\=0 -fno-color-diagnostics -fmodules-prune-interval\=86400 -fmodules-prune-after\=345600 -fbuild-session-file\=/Users/admin/builder/spi-builder-workspace/.derivedData/ModuleCache.noindex/Session.modulevalidation -fmodules-validate-once-per-build-session -Wnon-modular-include-in-framework-module -Werror\=non-modular-include-in-framework-module -Wno-trigraphs -Wno-missing-field-initializers -Wno-missing-prototypes -Wno-return-type -Wno-non-virtual-dtor -Wno-overloaded-virtual -Wno-exit-time-destructors -Wno-missing-braces -Wparentheses -Wswitch -Wno-unused-function -Wno-unused-label -Wno-unused-parameter -Wno-unused-variable -Wunused-value -Wno-empty-body -Wno-uninitialized -Wno-unknown-pragmas -Wno-shadow -Wno-four-char-constants -Wno-conversion -Wno-constant-conversion -Wno-int-conversion -Wno-bool-conversion -Wno-enum-conversion -Wno-float-conversion -Wno-non-literal-null-conversion -Wno-objc-literal-conversion -Wno-shorten-64-to-32 -Wno-newline-eof -Wno-c++11-extensions -Wno-implicit-fallthrough -isysroot /Applications/Xcode-27.0.0-Release.Candidate.app/Contents/Developer/Platforms/WatchOS.platform/Developer/SDKs/WatchOS27.0.sdk -fstrict-aliasing -Wdeprecated-declarations -Winvalid-offsetof -Wno-sign-conversion -Wno-infinite-recursion -Wno-move -Wno-comma -Wno-block-capture-autoreleasing -Wno-strict-prototypes -Wno-range-loop-analysis -Wno-semicolon-before-method-body -index-store-path /Users/admin/builder/spi-builder-workspace/.derivedData/Index.noindex/DataStore @/Users/admin/builder/spi-builder-workspace/.derivedData/Build/Intermediates.noindex/vger.build/Debug-watchos/vger-t.build/Objects-normal/arm64_32/82b82416624d2658e5098eb0a28c15c5-common-args.resp -MMD -MT dependencies -MF /Users/admin/builder/spi-builder-workspace/.derivedData/Build/Intermediates.noindex/vger.build/Debug-watchos/vger-t.build/Objects-normal/arm64_32/stb_rect_pack.d --serialize-diagnostics /Users/admin/builder/spi-builder-workspace/.derivedData/Build/Intermediates.noindex/vger.build/Debug-watchos/vger-t.build/Objects-normal/arm64_32/stb_rect_pack.dia -c /Users/admin/builder/spi-builder-workspace/Sources/vger/stb_rect_pack.cpp -o /Users/admin/builder/spi-builder-workspace/.derivedData/Build/Intermediates.noindex/vger.build/Debug-watchos/vger-t.build/Objects-normal/arm64_32/stb_rect_pack.o -index-unit-output-path /vger.build/Debug-watchos/vger-t.build/Objects-normal/arm64_32/stb_rect_pack.o
CompileC /Users/admin/builder/spi-builder-workspace/.derivedData/Build/Intermediates.noindex/vger.build/Debug-watchos/vger-t.build/Objects-normal/arm64/vgerTextureManager.o /Users/admin/builder/spi-builder-workspace/Sources/vger/vgerTextureManager.mm normal arm64 objective-c++ com.apple.compilers.llvm.clang.1_0.compiler (in target 'vger' from project 'vger')
cd /Users/admin/builder/spi-builder-workspace/.swiftpm/xcode
Using response file: /Users/admin/builder/spi-builder-workspace/.derivedData/Build/Intermediates.noindex/vger.build/Debug-watchos/vger-t.build/Objects-normal/arm64/af3fcb34312c57c0f52879cdce924b91-common-args.resp
/Applications/Xcode-27.0.0-Release.Candidate.app/Contents/Developer/Toolchains/XcodeDefault.xctoolchain/usr/bin/clang -x objective-c++ -ivfsstatcache /Users/admin/builder/spi-builder-workspace/.derivedData/SDKStatCaches.noindex/watchos27.0-24R360-e829b21a6f8c9b70876ba0858053c04477534ef55a1706bf4c1112bbb242f0a2.sdkstatcache -target arm64-apple-watchos9.0 -fmessage-length\=0 -fdiagnostics-show-note-include-stack -fmacro-backtrace-limit\=0 -fno-color-diagnostics -fmodules-prune-interval\=86400 -fmodules-prune-after\=345600 -fbuild-session-file\=/Users/admin/builder/spi-builder-workspace/.derivedData/ModuleCache.noindex/Session.modulevalidation -fmodules-validate-once-per-build-session -Wnon-modular-include-in-framework-module -Werror\=non-modular-include-in-framework-module -Wno-trigraphs -Wno-missing-field-initializers -Wno-missing-prototypes -Wno-return-type -Wno-implicit-atomic-properties -Wno-objc-interface-ivars -Wno-arc-repeated-use-of-weak -Wno-non-virtual-dtor -Wno-overloaded-virtual -Wno-exit-time-destructors -Wno-missing-braces -Wparentheses -Wswitch -Wno-unused-function -Wno-unused-label -Wno-unused-parameter -Wno-unused-variable -Wunused-value -Wno-empty-body -Wno-uninitialized -Wno-unknown-pragmas -Wno-shadow -Wno-four-char-constants -Wno-conversion -Wno-constant-conversion -Wno-int-conversion -Wno-bool-conversion -Wno-enum-conversion -Wno-float-conversion -Wno-non-literal-null-conversion -Wno-objc-literal-conversion -Wshorten-64-to-32 -Wno-newline-eof -Wno-selector -Wno-strict-selector-match -Wno-undeclared-selector -Wno-deprecated-implementations -Wno-c++11-extensions -Wno-implicit-fallthrough -isysroot /Applications/Xcode-27.0.0-Release.Candidate.app/Contents/Developer/Platforms/WatchOS.platform/Developer/SDKs/WatchOS27.0.sdk -fstrict-aliasing -Wprotocol -Wdeprecated-declarations -Winvalid-offsetof -Wno-sign-conversion -Wno-infinite-recursion -Wno-move -Wno-comma -Wno-block-capture-autoreleasing -Wno-strict-prototypes -Wno-range-loop-analysis -Wno-semicolon-before-method-body -index-store-path /Users/admin/builder/spi-builder-workspace/.derivedData/Index.noindex/DataStore @/Users/admin/builder/spi-builder-workspace/.derivedData/Build/Intermediates.noindex/vger.build/Debug-watchos/vger-t.build/Objects-normal/arm64/af3fcb34312c57c0f52879cdce924b91-common-args.resp -include /Users/admin/builder/spi-builder-workspace/.derivedData/Build/Intermediates.noindex/vger.build/Debug-watchos/vger-t.build/DerivedSources/resource_bundle_accessor.h -MMD -MT dependencies -MF /Users/admin/builder/spi-builder-workspace/.derivedData/Build/Intermediates.noindex/vger.build/Debug-watchos/vger-t.build/Objects-normal/arm64/vgerTextureManager.d --serialize-diagnostics /Users/admin/builder/spi-builder-workspace/.derivedData/Build/Intermediates.noindex/vger.build/Debug-watchos/vger-t.build/Objects-normal/arm64/vgerTextureManager.dia -c /Users/admin/builder/spi-builder-workspace/Sources/vger/vgerTextureManager.mm -o /Users/admin/builder/spi-builder-workspace/.derivedData/Build/Intermediates.noindex/vger.build/Debug-watchos/vger-t.build/Objects-normal/arm64/vgerTextureManager.o -index-unit-output-path /vger.build/Debug-watchos/vger-t.build/Objects-normal/arm64/vgerTextureManager.o
In file included from /Users/admin/builder/spi-builder-workspace/Sources/vger/vgerTextureManager.mm:3:
/Users/admin/builder/spi-builder-workspace/Sources/vger/vgerTextureManager.h:4:9: fatal error: 'Metal/Metal.h' file not found
4 | #import <Metal/Metal.h>
| ^~~~~~~~~~~~~~~
CompileC /Users/admin/builder/spi-builder-workspace/.derivedData/Build/Intermediates.noindex/vger.build/Debug-watchos/vger-t.build/Objects-normal/arm64_32/vgerPathScanner.o /Users/admin/builder/spi-builder-workspace/Sources/vger/vgerPathScanner.mm normal arm64_32 objective-c++ com.apple.compilers.llvm.clang.1_0.compiler (in target 'vger' from project 'vger')
cd /Users/admin/builder/spi-builder-workspace/.swiftpm/xcode
Using response file: /Users/admin/builder/spi-builder-workspace/.derivedData/Build/Intermediates.noindex/vger.build/Debug-watchos/vger-t.build/Objects-normal/arm64_32/af3fcb34312c57c0f52879cdce924b91-common-args.resp
/Applications/Xcode-27.0.0-Release.Candidate.app/Contents/Developer/Toolchains/XcodeDefault.xctoolchain/usr/bin/clang -x objective-c++ -ivfsstatcache /Users/admin/builder/spi-builder-workspace/.derivedData/SDKStatCaches.noindex/watchos27.0-24R360-e829b21a6f8c9b70876ba0858053c04477534ef55a1706bf4c1112bbb242f0a2.sdkstatcache -target arm64_32-apple-watchos9.0 -fmessage-length\=0 -fdiagnostics-show-note-include-stack -fmacro-backtrace-limit\=0 -fno-color-diagnostics -fmodules-prune-interval\=86400 -fmodules-prune-after\=345600 -fbuild-session-file\=/Users/admin/builder/spi-builder-workspace/.derivedData/ModuleCache.noindex/Session.modulevalidation -fmodules-validate-once-per-build-session -Wnon-modular-include-in-framework-module -Werror\=non-modular-include-in-framework-module -Wno-trigraphs -Wno-missing-field-initializers -Wno-missing-prototypes -Wno-return-type -Wno-implicit-atomic-properties -Wno-objc-interface-ivars -Wno-arc-repeated-use-of-weak -Wno-non-virtual-dtor -Wno-overloaded-virtual -Wno-exit-time-destructors -Wno-missing-braces -Wparentheses -Wswitch -Wno-unused-function -Wno-unused-label -Wno-unused-parameter -Wno-unused-variable -Wunused-value -Wno-empty-body -Wno-uninitialized -Wno-unknown-pragmas -Wno-shadow -Wno-four-char-constants -Wno-conversion -Wno-constant-conversion -Wno-int-conversion -Wno-bool-conversion -Wno-enum-conversion -Wno-float-conversion -Wno-non-literal-null-conversion -Wno-objc-literal-conversion -Wno-shorten-64-to-32 -Wno-newline-eof -Wno-selector -Wno-strict-selector-match -Wno-undeclared-selector -Wno-deprecated-implementations -Wno-c++11-extensions -Wno-implicit-fallthrough -isysroot /Applications/Xcode-27.0.0-Release.Candidate.app/Contents/Developer/Platforms/WatchOS.platform/Developer/SDKs/WatchOS27.0.sdk -fstrict-aliasing -Wprotocol -Wdeprecated-declarations -Winvalid-offsetof -Wno-sign-conversion -Wno-infinite-recursion -Wno-move -Wno-comma -Wno-block-capture-autoreleasing -Wno-strict-prototypes -Wno-range-loop-analysis -Wno-semicolon-before-method-body -index-store-path /Users/admin/builder/spi-builder-workspace/.derivedData/Index.noindex/DataStore @/Users/admin/builder/spi-builder-workspace/.derivedData/Build/Intermediates.noindex/vger.build/Debug-watchos/vger-t.build/Objects-normal/arm64_32/af3fcb34312c57c0f52879cdce924b91-common-args.resp -include /Users/admin/builder/spi-builder-workspace/.derivedData/Build/Intermediates.noindex/vger.build/Debug-watchos/vger-t.build/DerivedSources/resource_bundle_accessor.h -MMD -MT dependencies -MF /Users/admin/builder/spi-builder-workspace/.derivedData/Build/Intermediates.noindex/vger.build/Debug-watchos/vger-t.build/Objects-normal/arm64_32/vgerPathScanner.d --serialize-diagnostics /Users/admin/builder/spi-builder-workspace/.derivedData/Build/Intermediates.noindex/vger.build/Debug-watchos/vger-t.build/Objects-normal/arm64_32/vgerPathScanner.dia -c /Users/admin/builder/spi-builder-workspace/Sources/vger/vgerPathScanner.mm -o /Users/admin/builder/spi-builder-workspace/.derivedData/Build/Intermediates.noindex/vger.build/Debug-watchos/vger-t.build/Objects-normal/arm64_32/vgerPathScanner.o -index-unit-output-path /vger.build/Debug-watchos/vger-t.build/Objects-normal/arm64_32/vgerPathScanner.o
CompileC /Users/admin/builder/spi-builder-workspace/.derivedData/Build/Intermediates.noindex/vger.build/Debug-watchos/vger-t.build/Objects-normal/arm64_32/vgerGlyphCache.o /Users/admin/builder/spi-builder-workspace/Sources/vger/vgerGlyphCache.mm normal arm64_32 objective-c++ com.apple.compilers.llvm.clang.1_0.compiler (in target 'vger' from project 'vger')
cd /Users/admin/builder/spi-builder-workspace/.swiftpm/xcode
Using response file: /Users/admin/builder/spi-builder-workspace/.derivedData/Build/Intermediates.noindex/vger.build/Debug-watchos/vger-t.build/Objects-normal/arm64_32/af3fcb34312c57c0f52879cdce924b91-common-args.resp
/Applications/Xcode-27.0.0-Release.Candidate.app/Contents/Developer/Toolchains/XcodeDefault.xctoolchain/usr/bin/clang -x objective-c++ -ivfsstatcache /Users/admin/builder/spi-builder-workspace/.derivedData/SDKStatCaches.noindex/watchos27.0-24R360-e829b21a6f8c9b70876ba0858053c04477534ef55a1706bf4c1112bbb242f0a2.sdkstatcache -target arm64_32-apple-watchos9.0 -fmessage-length\=0 -fdiagnostics-show-note-include-stack -fmacro-backtrace-limit\=0 -fno-color-diagnostics -fmodules-prune-interval\=86400 -fmodules-prune-after\=345600 -fbuild-session-file\=/Users/admin/builder/spi-builder-workspace/.derivedData/ModuleCache.noindex/Session.modulevalidation -fmodules-validate-once-per-build-session -Wnon-modular-include-in-framework-module -Werror\=non-modular-include-in-framework-module -Wno-trigraphs -Wno-missing-field-initializers -Wno-missing-prototypes -Wno-return-type -Wno-implicit-atomic-properties -Wno-objc-interface-ivars -Wno-arc-repeated-use-of-weak -Wno-non-virtual-dtor -Wno-overloaded-virtual -Wno-exit-time-destructors -Wno-missing-braces -Wparentheses -Wswitch -Wno-unused-function -Wno-unused-label -Wno-unused-parameter -Wno-unused-variable -Wunused-value -Wno-empty-body -Wno-uninitialized -Wno-unknown-pragmas -Wno-shadow -Wno-four-char-constants -Wno-conversion -Wno-constant-conversion -Wno-int-conversion -Wno-bool-conversion -Wno-enum-conversion -Wno-float-conversion -Wno-non-literal-null-conversion -Wno-objc-literal-conversion -Wno-shorten-64-to-32 -Wno-newline-eof -Wno-selector -Wno-strict-selector-match -Wno-undeclared-selector -Wno-deprecated-implementations -Wno-c++11-extensions -Wno-implicit-fallthrough -isysroot /Applications/Xcode-27.0.0-Release.Candidate.app/Contents/Developer/Platforms/WatchOS.platform/Developer/SDKs/WatchOS27.0.sdk -fstrict-aliasing -Wprotocol -Wdeprecated-declarations -Winvalid-offsetof -Wno-sign-conversion -Wno-infinite-recursion -Wno-move -Wno-comma -Wno-block-capture-autoreleasing -Wno-strict-prototypes -Wno-range-loop-analysis -Wno-semicolon-before-method-body -index-store-path /Users/admin/builder/spi-builder-workspace/.derivedData/Index.noindex/DataStore @/Users/admin/builder/spi-builder-workspace/.derivedData/Build/Intermediates.noindex/vger.build/Debug-watchos/vger-t.build/Objects-normal/arm64_32/af3fcb34312c57c0f52879cdce924b91-common-args.resp -include /Users/admin/builder/spi-builder-workspace/.derivedData/Build/Intermediates.noindex/vger.build/Debug-watchos/vger-t.build/DerivedSources/resource_bundle_accessor.h -MMD -MT dependencies -MF /Users/admin/builder/spi-builder-workspace/.derivedData/Build/Intermediates.noindex/vger.build/Debug-watchos/vger-t.build/Objects-normal/arm64_32/vgerGlyphCache.d --serialize-diagnostics /Users/admin/builder/spi-builder-workspace/.derivedData/Build/Intermediates.noindex/vger.build/Debug-watchos/vger-t.build/Objects-normal/arm64_32/vgerGlyphCache.dia -c /Users/admin/builder/spi-builder-workspace/Sources/vger/vgerGlyphCache.mm -o /Users/admin/builder/spi-builder-workspace/.derivedData/Build/Intermediates.noindex/vger.build/Debug-watchos/vger-t.build/Objects-normal/arm64_32/vgerGlyphCache.o -index-unit-output-path /vger.build/Debug-watchos/vger-t.build/Objects-normal/arm64_32/vgerGlyphCache.o
CompileC /Users/admin/builder/spi-builder-workspace/.derivedData/Build/Intermediates.noindex/vger.build/Debug-watchos/vger-t.build/Objects-normal/arm64_32/vgerGlyphPathCache.o /Users/admin/builder/spi-builder-workspace/Sources/vger/vgerGlyphPathCache.mm normal arm64_32 objective-c++ com.apple.compilers.llvm.clang.1_0.compiler (in target 'vger' from project 'vger')
cd /Users/admin/builder/spi-builder-workspace/.swiftpm/xcode
Using response file: /Users/admin/builder/spi-builder-workspace/.derivedData/Build/Intermediates.noindex/vger.build/Debug-watchos/vger-t.build/Objects-normal/arm64_32/af3fcb34312c57c0f52879cdce924b91-common-args.resp
/Applications/Xcode-27.0.0-Release.Candidate.app/Contents/Developer/Toolchains/XcodeDefault.xctoolchain/usr/bin/clang -x objective-c++ -ivfsstatcache /Users/admin/builder/spi-builder-workspace/.derivedData/SDKStatCaches.noindex/watchos27.0-24R360-e829b21a6f8c9b70876ba0858053c04477534ef55a1706bf4c1112bbb242f0a2.sdkstatcache -target arm64_32-apple-watchos9.0 -fmessage-length\=0 -fdiagnostics-show-note-include-stack -fmacro-backtrace-limit\=0 -fno-color-diagnostics -fmodules-prune-interval\=86400 -fmodules-prune-after\=345600 -fbuild-session-file\=/Users/admin/builder/spi-builder-workspace/.derivedData/ModuleCache.noindex/Session.modulevalidation -fmodules-validate-once-per-build-session -Wnon-modular-include-in-framework-module -Werror\=non-modular-include-in-framework-module -Wno-trigraphs -Wno-missing-field-initializers -Wno-missing-prototypes -Wno-return-type -Wno-implicit-atomic-properties -Wno-objc-interface-ivars -Wno-arc-repeated-use-of-weak -Wno-non-virtual-dtor -Wno-overloaded-virtual -Wno-exit-time-destructors -Wno-missing-braces -Wparentheses -Wswitch -Wno-unused-function -Wno-unused-label -Wno-unused-parameter -Wno-unused-variable -Wunused-value -Wno-empty-body -Wno-uninitialized -Wno-unknown-pragmas -Wno-shadow -Wno-four-char-constants -Wno-conversion -Wno-constant-conversion -Wno-int-conversion -Wno-bool-conversion -Wno-enum-conversion -Wno-float-conversion -Wno-non-literal-null-conversion -Wno-objc-literal-conversion -Wno-shorten-64-to-32 -Wno-newline-eof -Wno-selector -Wno-strict-selector-match -Wno-undeclared-selector -Wno-deprecated-implementations -Wno-c++11-extensions -Wno-implicit-fallthrough -isysroot /Applications/Xcode-27.0.0-Release.Candidate.app/Contents/Developer/Platforms/WatchOS.platform/Developer/SDKs/WatchOS27.0.sdk -fstrict-aliasing -Wprotocol -Wdeprecated-declarations -Winvalid-offsetof -Wno-sign-conversion -Wno-infinite-recursion -Wno-move -Wno-comma -Wno-block-capture-autoreleasing -Wno-strict-prototypes -Wno-range-loop-analysis -Wno-semicolon-before-method-body -index-store-path /Users/admin/builder/spi-builder-workspace/.derivedData/Index.noindex/DataStore @/Users/admin/builder/spi-builder-workspace/.derivedData/Build/Intermediates.noindex/vger.build/Debug-watchos/vger-t.build/Objects-normal/arm64_32/af3fcb34312c57c0f52879cdce924b91-common-args.resp -include /Users/admin/builder/spi-builder-workspace/.derivedData/Build/Intermediates.noindex/vger.build/Debug-watchos/vger-t.build/DerivedSources/resource_bundle_accessor.h -MMD -MT dependencies -MF /Users/admin/builder/spi-builder-workspace/.derivedData/Build/Intermediates.noindex/vger.build/Debug-watchos/vger-t.build/Objects-normal/arm64_32/vgerGlyphPathCache.d --serialize-diagnostics /Users/admin/builder/spi-builder-workspace/.derivedData/Build/Intermediates.noindex/vger.build/Debug-watchos/vger-t.build/Objects-normal/arm64_32/vgerGlyphPathCache.dia -c /Users/admin/builder/spi-builder-workspace/Sources/vger/vgerGlyphPathCache.mm -o /Users/admin/builder/spi-builder-workspace/.derivedData/Build/Intermediates.noindex/vger.build/Debug-watchos/vger-t.build/Objects-normal/arm64_32/vgerGlyphPathCache.o -index-unit-output-path /vger.build/Debug-watchos/vger-t.build/Objects-normal/arm64_32/vgerGlyphPathCache.o
SwiftDriver vgerSwift normal arm64 com.apple.xcode.tools.swift.compiler (in target 'vgerSwift' from project 'vger')
cd /Users/admin/builder/spi-builder-workspace/.swiftpm/xcode
builtin-SwiftDriver -- /Applications/Xcode-27.0.0-Release.Candidate.app/Contents/Developer/Toolchains/XcodeDefault.xctoolchain/usr/bin/swiftc -parse-as-library -module-name vgerSwift -Onone @/Users/admin/builder/spi-builder-workspace/.derivedData/Build/Intermediates.noindex/vger.build/Debug-watchos/vgerSwift-t.build/Objects-normal/arm64/vgerSwift.SwiftFileList -DSWIFT_PACKAGE -DDEBUG -DSWIFT_MODULE_RESOURCE_BUNDLE_AVAILABLE -Xcc -fmodule-map-file\=/Users/admin/builder/spi-builder-workspace/.derivedData/Build/Intermediates.noindex/GeneratedModuleMaps-watchos/vger.modulemap -DXcode -plugin-path /Applications/Xcode-27.0.0-Release.Candidate.app/Contents/Developer/Toolchains/XcodeDefault.xctoolchain/usr/lib/swift/host/plugins/testing -enable-experimental-feature DebugDescriptionMacro -sdk /Applications/Xcode-27.0.0-Release.Candidate.app/Contents/Developer/Platforms/WatchOS.platform/Developer/SDKs/WatchOS27.0.sdk -target arm64-apple-watchos9.0 -g -module-cache-path /Users/admin/builder/spi-builder-workspace/.derivedData/ModuleCache.noindex -Xfrontend -serialize-debugging-options -profile-coverage-mapping -profile-generate -enable-testing -index-store-path /Users/admin/builder/spi-builder-workspace/.derivedData/Index.noindex/DataStore -Xcc -D_LIBCPP_HARDENING_MODE\=_LIBCPP_HARDENING_MODE_DEBUG -swift-version 5 -I /Users/admin/builder/spi-builder-workspace/.derivedData/Build/Products/Debug-watchos -Isystem /Applications/Xcode-27.0.0-Release.Candidate.app/Contents/Developer/Platforms/WatchOS.platform/Developer/usr/lib -F /Users/admin/builder/spi-builder-workspace/.derivedData/Build/Products/Debug-watchos/PackageFrameworks -F /Users/admin/builder/spi-builder-workspace/.derivedData/Build/Products/Debug-watchos -F /Applications/Xcode-27.0.0-Release.Candidate.app/Contents/Developer/Platforms/WatchOS.platform/Developer/Library/Frameworks -F /Applications/Xcode-27.0.0-Release.Candidate.app/Contents/Developer/Platforms/WatchOS.platform/Developer/SDKs/WatchOS27.0.sdk/Developer/Library/Frameworks -c -j10 -enable-batch-mode -incremental -Xcc -ivfsstatcache -Xcc /Users/admin/builder/spi-builder-workspace/.derivedData/SDKStatCaches.noindex/watchos27.0-24R360-e829b21a6f8c9b70876ba0858053c04477534ef55a1706bf4c1112bbb242f0a2.sdkstatcache -output-file-map /Users/admin/builder/spi-builder-workspace/.derivedData/Build/Intermediates.noindex/vger.build/Debug-watchos/vgerSwift-t.build/Objects-normal/arm64/vgerSwift-OutputFileMap.json -save-temps -no-color-diagnostics -explicit-module-build -module-cache-path /Users/admin/builder/spi-builder-workspace/.derivedData/Build/Intermediates.noindex/SwiftExplicitPrecompiledModules -clang-scanner-module-cache-path /Users/admin/builder/spi-builder-workspace/.derivedData/ModuleCache.noindex -sdk-module-cache-path /Users/admin/builder/spi-builder-workspace/.derivedData/SDKExplicitPrecompiledModules -emit-dependencies -emit-module -emit-module-path /Users/admin/builder/spi-builder-workspace/.derivedData/Build/Intermediates.noindex/vger.build/Debug-watchos/vgerSwift-t.build/Objects-normal/arm64/vgerSwift.swiftmodule -serialize-diagnostics -dependency-scan-serialize-diagnostics-path /Users/admin/builder/spi-builder-workspace/.derivedData/Build/Intermediates.noindex/vger.build/Debug-watchos/vgerSwift-t.build/Objects-normal/arm64/vgerSwift-dependency-scan.dia -validate-clang-modules-once -clang-build-session-file /Users/admin/builder/spi-builder-workspace/.derivedData/ModuleCache.noindex/Session.modulevalidation -Xcc -fmodules-prune-interval\=86400 -Xcc -fmodules-prune-after\=345600 -package-name spi_builder_workspace -emit-const-values -const-gather-protocols-list /Users/admin/builder/spi-builder-workspace/.derivedData/Build/Intermediates.noindex/vger.build/Debug-watchos/vgerSwift-t.build/Objects-normal/arm64/vgerSwift_const_extract_protocols.json -Xcc -I/Users/admin/builder/spi-builder-workspace/Sources/vger/include -Xcc -I/Users/admin/builder/spi-builder-workspace/.derivedData/Build/Products/Debug-watchos/include -Xcc -I/Users/admin/builder/spi-builder-workspace/.derivedData/Build/Intermediates.noindex/vger.build/Debug-watchos/vgerSwift-t.build/DerivedSources-normal/arm64 -Xcc -I/Users/admin/builder/spi-builder-workspace/.derivedData/Build/Intermediates.noindex/vger.build/Debug-watchos/vgerSwift-t.build/DerivedSources/arm64 -Xcc -I/Users/admin/builder/spi-builder-workspace/.derivedData/Build/Intermediates.noindex/vger.build/Debug-watchos/vgerSwift-t.build/DerivedSources -Xcc -DSWIFT_PACKAGE -Xcc -DDEBUG\=1 -emit-objc-header -emit-objc-header-path /Users/admin/builder/spi-builder-workspace/.derivedData/Build/Intermediates.noindex/vger.build/Debug-watchos/vgerSwift-t.build/Objects-normal/arm64/vgerSwift-Swift.h -working-directory /Users/admin/builder/spi-builder-workspace/.swiftpm/xcode -experimental-emit-module-separately -disable-cmo
error: Clang dependency scanning failure: While building module 'vger' imported from module-include.input:1:
In file included from <module-includes>:1:
/Users/admin/builder/spi-builder-workspace/Sources/vger/include/vger.h:47:9: fatal error: 'Metal/Metal.h' file not found
module-include.input:1:6: fatal error: could not build module 'vger'
(in target 'vgerSwift' from project 'vger')
/Users/admin/builder/spi-builder-workspace/Sources/vgerSwift/MTKView+ContentScaleFactor.swift:4:8: error: Unable to resolve module dependency: 'MetalKit' (in target 'vgerSwift' from project 'vger')
note: A dependency of main module 'vgerSwift'
/Users/admin/builder/spi-builder-workspace/Sources/vgerSwift/Renderer.swift:4:8: note: Also imported here
/Users/admin/builder/spi-builder-workspace/Sources/vgerSwift/VgerView.swift:4:8: note: Also imported here
/Users/admin/builder/spi-builder-workspace/Sources/vgerSwift/Renderer.swift:3:8: error: Unable to resolve module dependency: 'Metal' (in target 'vgerSwift' from project 'vger')
note: A dependency of main module 'vgerSwift'
/Users/admin/builder/spi-builder-workspace/Sources/vgerSwift/TextureRenderer.swift:3:8: note: Also imported here
/Users/admin/builder/spi-builder-workspace/Sources/vgerSwift/Renderer.swift:5:8: error: Unable to resolve module dependency: 'vger' (in target 'vgerSwift' from project 'vger')
note: A dependency of main module 'vgerSwift'
/Users/admin/builder/spi-builder-workspace/Sources/vgerSwift/TextureHandle.swift:3:8: note: Also imported here
/Users/admin/builder/spi-builder-workspace/Sources/vgerSwift/VgerView.swift:5:8: note: Also imported here
error: Clang dependency scanning failure: While building module 'vger' imported from module-include.input:1:
In file included from <module-includes>:1:
/Users/admin/builder/spi-builder-workspace/Sources/vger/include/vger.h:47:9: fatal error: 'Metal/Metal.h' file not found
module-include.input:1:6: fatal error: could not build module 'vger'
(in target 'vgerSwift' from project 'vger')
/Users/admin/builder/spi-builder-workspace/Sources/vgerSwift/MTKView+ContentScaleFactor.swift:4:8: note: A dependency of main module 'vgerSwift'
import MetalKit
^ (in target 'vgerSwift' from project 'vger')
/Users/admin/builder/spi-builder-workspace/Sources/vgerSwift/Renderer.swift:4:8: note: Also imported here
import MetalKit
^ (in target 'vgerSwift' from project 'vger')
/Users/admin/builder/spi-builder-workspace/Sources/vgerSwift/VgerView.swift:4:8: note: Also imported here
import MetalKit
^ (in target 'vgerSwift' from project 'vger')
/Users/admin/builder/spi-builder-workspace/Sources/vgerSwift/Renderer.swift:3:8: note: A dependency of main module 'vgerSwift'
import Metal
^ (in target 'vgerSwift' from project 'vger')
/Users/admin/builder/spi-builder-workspace/Sources/vgerSwift/TextureRenderer.swift:3:8: note: Also imported here
import Metal
^ (in target 'vgerSwift' from project 'vger')
/Users/admin/builder/spi-builder-workspace/Sources/vgerSwift/Renderer.swift:5:8: note: A dependency of main module 'vgerSwift'
import vger
^ (in target 'vgerSwift' from project 'vger')
/Users/admin/builder/spi-builder-workspace/Sources/vgerSwift/TextureHandle.swift:3:8: note: Also imported here
import vger
^ (in target 'vgerSwift' from project 'vger')
/Users/admin/builder/spi-builder-workspace/Sources/vgerSwift/VgerView.swift:5:8: note: Also imported here
import vger
^ (in target 'vgerSwift' from project 'vger')
SwiftDriver vgerSwift normal arm64_32 com.apple.xcode.tools.swift.compiler (in target 'vgerSwift' from project 'vger')
cd /Users/admin/builder/spi-builder-workspace/.swiftpm/xcode
builtin-SwiftDriver -- /Applications/Xcode-27.0.0-Release.Candidate.app/Contents/Developer/Toolchains/XcodeDefault.xctoolchain/usr/bin/swiftc -parse-as-library -module-name vgerSwift -Onone @/Users/admin/builder/spi-builder-workspace/.derivedData/Build/Intermediates.noindex/vger.build/Debug-watchos/vgerSwift-t.build/Objects-normal/arm64_32/vgerSwift.SwiftFileList -DSWIFT_PACKAGE -DDEBUG -DSWIFT_MODULE_RESOURCE_BUNDLE_AVAILABLE -Xcc -fmodule-map-file\=/Users/admin/builder/spi-builder-workspace/.derivedData/Build/Intermediates.noindex/GeneratedModuleMaps-watchos/vger.modulemap -DXcode -plugin-path /Applications/Xcode-27.0.0-Release.Candidate.app/Contents/Developer/Toolchains/XcodeDefault.xctoolchain/usr/lib/swift/host/plugins/testing -enable-experimental-feature DebugDescriptionMacro -sdk /Applications/Xcode-27.0.0-Release.Candidate.app/Contents/Developer/Platforms/WatchOS.platform/Developer/SDKs/WatchOS27.0.sdk -target arm64_32-apple-watchos9.0 -g -module-cache-path /Users/admin/builder/spi-builder-workspace/.derivedData/ModuleCache.noindex -Xfrontend -serialize-debugging-options -profile-coverage-mapping -profile-generate -enable-testing -index-store-path /Users/admin/builder/spi-builder-workspace/.derivedData/Index.noindex/DataStore -Xcc -D_LIBCPP_HARDENING_MODE\=_LIBCPP_HARDENING_MODE_DEBUG -swift-version 5 -I /Users/admin/builder/spi-builder-workspace/.derivedData/Build/Products/Debug-watchos -Isystem /Applications/Xcode-27.0.0-Release.Candidate.app/Contents/Developer/Platforms/WatchOS.platform/Developer/usr/lib -F /Users/admin/builder/spi-builder-workspace/.derivedData/Build/Products/Debug-watchos/PackageFrameworks -F /Users/admin/builder/spi-builder-workspace/.derivedData/Build/Products/Debug-watchos -F /Applications/Xcode-27.0.0-Release.Candidate.app/Contents/Developer/Platforms/WatchOS.platform/Developer/Library/Frameworks -F /Applications/Xcode-27.0.0-Release.Candidate.app/Contents/Developer/Platforms/WatchOS.platform/Developer/SDKs/WatchOS27.0.sdk/Developer/Library/Frameworks -c -j10 -enable-batch-mode -incremental -Xcc -ivfsstatcache -Xcc /Users/admin/builder/spi-builder-workspace/.derivedData/SDKStatCaches.noindex/watchos27.0-24R360-e829b21a6f8c9b70876ba0858053c04477534ef55a1706bf4c1112bbb242f0a2.sdkstatcache -output-file-map /Users/admin/builder/spi-builder-workspace/.derivedData/Build/Intermediates.noindex/vger.build/Debug-watchos/vgerSwift-t.build/Objects-normal/arm64_32/vgerSwift-OutputFileMap.json -save-temps -no-color-diagnostics -explicit-module-build -module-cache-path /Users/admin/builder/spi-builder-workspace/.derivedData/Build/Intermediates.noindex/SwiftExplicitPrecompiledModules -clang-scanner-module-cache-path /Users/admin/builder/spi-builder-workspace/.derivedData/ModuleCache.noindex -sdk-module-cache-path /Users/admin/builder/spi-builder-workspace/.derivedData/SDKExplicitPrecompiledModules -emit-dependencies -emit-module -emit-module-path /Users/admin/builder/spi-builder-workspace/.derivedData/Build/Intermediates.noindex/vger.build/Debug-watchos/vgerSwift-t.build/Objects-normal/arm64_32/vgerSwift.swiftmodule -serialize-diagnostics -dependency-scan-serialize-diagnostics-path /Users/admin/builder/spi-builder-workspace/.derivedData/Build/Intermediates.noindex/vger.build/Debug-watchos/vgerSwift-t.build/Objects-normal/arm64_32/vgerSwift-dependency-scan.dia -validate-clang-modules-once -clang-build-session-file /Users/admin/builder/spi-builder-workspace/.derivedData/ModuleCache.noindex/Session.modulevalidation -Xcc -fmodules-prune-interval\=86400 -Xcc -fmodules-prune-after\=345600 -package-name spi_builder_workspace -emit-const-values -const-gather-protocols-list /Users/admin/builder/spi-builder-workspace/.derivedData/Build/Intermediates.noindex/vger.build/Debug-watchos/vgerSwift-t.build/Objects-normal/arm64_32/vgerSwift_const_extract_protocols.json -Xcc -I/Users/admin/builder/spi-builder-workspace/Sources/vger/include -Xcc -I/Users/admin/builder/spi-builder-workspace/.derivedData/Build/Products/Debug-watchos/include -Xcc -I/Users/admin/builder/spi-builder-workspace/.derivedData/Build/Intermediates.noindex/vger.build/Debug-watchos/vgerSwift-t.build/DerivedSources-normal/arm64_32 -Xcc -I/Users/admin/builder/spi-builder-workspace/.derivedData/Build/Intermediates.noindex/vger.build/Debug-watchos/vgerSwift-t.build/DerivedSources/arm64_32 -Xcc -I/Users/admin/builder/spi-builder-workspace/.derivedData/Build/Intermediates.noindex/vger.build/Debug-watchos/vgerSwift-t.build/DerivedSources -Xcc -DSWIFT_PACKAGE -Xcc -DDEBUG\=1 -emit-objc-header -emit-objc-header-path /Users/admin/builder/spi-builder-workspace/.derivedData/Build/Intermediates.noindex/vger.build/Debug-watchos/vgerSwift-t.build/Objects-normal/arm64_32/vgerSwift-Swift.h -working-directory /Users/admin/builder/spi-builder-workspace/.swiftpm/xcode -experimental-emit-module-separately -disable-cmo
error: Clang dependency scanning failure: While building module 'vger' imported from module-include.input:1:
In file included from <module-includes>:1:
/Users/admin/builder/spi-builder-workspace/Sources/vger/include/vger.h:47:9: fatal error: 'Metal/Metal.h' file not found
module-include.input:1:4: fatal error: could not build module 'vger'
(in target 'vgerSwift' from project 'vger')
/Users/admin/builder/spi-builder-workspace/Sources/vgerSwift/MTKView+ContentScaleFactor.swift:4:8: error: Unable to resolve module dependency: 'MetalKit' (in target 'vgerSwift' from project 'vger')
note: A dependency of main module 'vgerSwift'
/Users/admin/builder/spi-builder-workspace/Sources/vgerSwift/Renderer.swift:4:8: note: Also imported here
/Users/admin/builder/spi-builder-workspace/Sources/vgerSwift/VgerView.swift:4:8: note: Also imported here
/Users/admin/builder/spi-builder-workspace/Sources/vgerSwift/Renderer.swift:3:8: error: Unable to resolve module dependency: 'Metal' (in target 'vgerSwift' from project 'vger')
note: A dependency of main module 'vgerSwift'
/Users/admin/builder/spi-builder-workspace/Sources/vgerSwift/TextureRenderer.swift:3:8: note: Also imported here
/Users/admin/builder/spi-builder-workspace/Sources/vgerSwift/Renderer.swift:5:8: error: Unable to resolve module dependency: 'vger' (in target 'vgerSwift' from project 'vger')
note: A dependency of main module 'vgerSwift'
/Users/admin/builder/spi-builder-workspace/Sources/vgerSwift/TextureHandle.swift:3:8: note: Also imported here
/Users/admin/builder/spi-builder-workspace/Sources/vgerSwift/VgerView.swift:5:8: note: Also imported here
error: Clang dependency scanning failure: While building module 'vger' imported from module-include.input:1:
In file included from <module-includes>:1:
/Users/admin/builder/spi-builder-workspace/Sources/vger/include/vger.h:47:9: fatal error: 'Metal/Metal.h' file not found
module-include.input:1:4: fatal error: could not build module 'vger'
(in target 'vgerSwift' from project 'vger')
/Users/admin/builder/spi-builder-workspace/Sources/vgerSwift/MTKView+ContentScaleFactor.swift:4:8: note: A dependency of main module 'vgerSwift'
import MetalKit
^ (in target 'vgerSwift' from project 'vger')
/Users/admin/builder/spi-builder-workspace/Sources/vgerSwift/Renderer.swift:4:8: note: Also imported here
import MetalKit
^ (in target 'vgerSwift' from project 'vger')
/Users/admin/builder/spi-builder-workspace/Sources/vgerSwift/VgerView.swift:4:8: note: Also imported here
import MetalKit
^ (in target 'vgerSwift' from project 'vger')
/Users/admin/builder/spi-builder-workspace/Sources/vgerSwift/Renderer.swift:3:8: note: A dependency of main module 'vgerSwift'
import Metal
^ (in target 'vgerSwift' from project 'vger')
/Users/admin/builder/spi-builder-workspace/Sources/vgerSwift/TextureRenderer.swift:3:8: note: Also imported here
import Metal
^ (in target 'vgerSwift' from project 'vger')
/Users/admin/builder/spi-builder-workspace/Sources/vgerSwift/Renderer.swift:5:8: note: A dependency of main module 'vgerSwift'
import vger
^ (in target 'vgerSwift' from project 'vger')
/Users/admin/builder/spi-builder-workspace/Sources/vgerSwift/TextureHandle.swift:3:8: note: Also imported here
import vger
^ (in target 'vgerSwift' from project 'vger')
/Users/admin/builder/spi-builder-workspace/Sources/vgerSwift/VgerView.swift:5:8: note: Also imported here
import vger
^ (in target 'vgerSwift' from project 'vger')
CompileC /Users/admin/builder/spi-builder-workspace/.derivedData/Build/Intermediates.noindex/vger.build/Debug-watchos/vger-t.build/Objects-normal/arm64/vgerRenderer.o /Users/admin/builder/spi-builder-workspace/Sources/vger/vgerRenderer.mm normal arm64 objective-c++ com.apple.compilers.llvm.clang.1_0.compiler (in target 'vger' from project 'vger')
cd /Users/admin/builder/spi-builder-workspace/.swiftpm/xcode
Using response file: /Users/admin/builder/spi-builder-workspace/.derivedData/Build/Intermediates.noindex/vger.build/Debug-watchos/vger-t.build/Objects-normal/arm64/af3fcb34312c57c0f52879cdce924b91-common-args.resp
/Applications/Xcode-27.0.0-Release.Candidate.app/Contents/Developer/Toolchains/XcodeDefault.xctoolchain/usr/bin/clang -x objective-c++ -ivfsstatcache /Users/admin/builder/spi-builder-workspace/.derivedData/SDKStatCaches.noindex/watchos27.0-24R360-e829b21a6f8c9b70876ba0858053c04477534ef55a1706bf4c1112bbb242f0a2.sdkstatcache -target arm64-apple-watchos9.0 -fmessage-length\=0 -fdiagnostics-show-note-include-stack -fmacro-backtrace-limit\=0 -fno-color-diagnostics -fmodules-prune-interval\=86400 -fmodules-prune-after\=345600 -fbuild-session-file\=/Users/admin/builder/spi-builder-workspace/.derivedData/ModuleCache.noindex/Session.modulevalidation -fmodules-validate-once-per-build-session -Wnon-modular-include-in-framework-module -Werror\=non-modular-include-in-framework-module -Wno-trigraphs -Wno-missing-field-initializers -Wno-missing-prototypes -Wno-return-type -Wno-implicit-atomic-properties -Wno-objc-interface-ivars -Wno-arc-repeated-use-of-weak -Wno-non-virtual-dtor -Wno-overloaded-virtual -Wno-exit-time-destructors -Wno-missing-braces -Wparentheses -Wswitch -Wno-unused-function -Wno-unused-label -Wno-unused-parameter -Wno-unused-variable -Wunused-value -Wno-empty-body -Wno-uninitialized -Wno-unknown-pragmas -Wno-shadow -Wno-four-char-constants -Wno-conversion -Wno-constant-conversion -Wno-int-conversion -Wno-bool-conversion -Wno-enum-conversion -Wno-float-conversion -Wno-non-literal-null-conversion -Wno-objc-literal-conversion -Wshorten-64-to-32 -Wno-newline-eof -Wno-selector -Wno-strict-selector-match -Wno-undeclared-selector -Wno-deprecated-implementations -Wno-c++11-extensions -Wno-implicit-fallthrough -isysroot /Applications/Xcode-27.0.0-Release.Candidate.app/Contents/Developer/Platforms/WatchOS.platform/Developer/SDKs/WatchOS27.0.sdk -fstrict-aliasing -Wprotocol -Wdeprecated-declarations -Winvalid-offsetof -Wno-sign-conversion -Wno-infinite-recursion -Wno-move -Wno-comma -Wno-block-capture-autoreleasing -Wno-strict-prototypes -Wno-range-loop-analysis -Wno-semicolon-before-method-body -index-store-path /Users/admin/builder/spi-builder-workspace/.derivedData/Index.noindex/DataStore @/Users/admin/builder/spi-builder-workspace/.derivedData/Build/Intermediates.noindex/vger.build/Debug-watchos/vger-t.build/Objects-normal/arm64/af3fcb34312c57c0f52879cdce924b91-common-args.resp -include /Users/admin/builder/spi-builder-workspace/.derivedData/Build/Intermediates.noindex/vger.build/Debug-watchos/vger-t.build/DerivedSources/resource_bundle_accessor.h -MMD -MT dependencies -MF /Users/admin/builder/spi-builder-workspace/.derivedData/Build/Intermediates.noindex/vger.build/Debug-watchos/vger-t.build/Objects-normal/arm64/vgerRenderer.d --serialize-diagnostics /Users/admin/builder/spi-builder-workspace/.derivedData/Build/Intermediates.noindex/vger.build/Debug-watchos/vger-t.build/Objects-normal/arm64/vgerRenderer.dia -c /Users/admin/builder/spi-builder-workspace/Sources/vger/vgerRenderer.mm -o /Users/admin/builder/spi-builder-workspace/.derivedData/Build/Intermediates.noindex/vger.build/Debug-watchos/vger-t.build/Objects-normal/arm64/vgerRenderer.o -index-unit-output-path /vger.build/Debug-watchos/vger-t.build/Objects-normal/arm64/vgerRenderer.o
CompileC /Users/admin/builder/spi-builder-workspace/.derivedData/Build/Intermediates.noindex/vger.build/Debug-watchos/vger-t.build/Objects-normal/arm64/vgerPathScanner.o /Users/admin/builder/spi-builder-workspace/Sources/vger/vgerPathScanner.mm normal arm64 objective-c++ com.apple.compilers.llvm.clang.1_0.compiler (in target 'vger' from project 'vger')
cd /Users/admin/builder/spi-builder-workspace/.swiftpm/xcode
Using response file: /Users/admin/builder/spi-builder-workspace/.derivedData/Build/Intermediates.noindex/vger.build/Debug-watchos/vger-t.build/Objects-normal/arm64/af3fcb34312c57c0f52879cdce924b91-common-args.resp
/Applications/Xcode-27.0.0-Release.Candidate.app/Contents/Developer/Toolchains/XcodeDefault.xctoolchain/usr/bin/clang -x objective-c++ -ivfsstatcache /Users/admin/builder/spi-builder-workspace/.derivedData/SDKStatCaches.noindex/watchos27.0-24R360-e829b21a6f8c9b70876ba0858053c04477534ef55a1706bf4c1112bbb242f0a2.sdkstatcache -target arm64-apple-watchos9.0 -fmessage-length\=0 -fdiagnostics-show-note-include-stack -fmacro-backtrace-limit\=0 -fno-color-diagnostics -fmodules-prune-interval\=86400 -fmodules-prune-after\=345600 -fbuild-session-file\=/Users/admin/builder/spi-builder-workspace/.derivedData/ModuleCache.noindex/Session.modulevalidation -fmodules-validate-once-per-build-session -Wnon-modular-include-in-framework-module -Werror\=non-modular-include-in-framework-module -Wno-trigraphs -Wno-missing-field-initializers -Wno-missing-prototypes -Wno-return-type -Wno-implicit-atomic-properties -Wno-objc-interface-ivars -Wno-arc-repeated-use-of-weak -Wno-non-virtual-dtor -Wno-overloaded-virtual -Wno-exit-time-destructors -Wno-missing-braces -Wparentheses -Wswitch -Wno-unused-function -Wno-unused-label -Wno-unused-parameter -Wno-unused-variable -Wunused-value -Wno-empty-body -Wno-uninitialized -Wno-unknown-pragmas -Wno-shadow -Wno-four-char-constants -Wno-conversion -Wno-constant-conversion -Wno-int-conversion -Wno-bool-conversion -Wno-enum-conversion -Wno-float-conversion -Wno-non-literal-null-conversion -Wno-objc-literal-conversion -Wshorten-64-to-32 -Wno-newline-eof -Wno-selector -Wno-strict-selector-match -Wno-undeclared-selector -Wno-deprecated-implementations -Wno-c++11-extensions -Wno-implicit-fallthrough -isysroot /Applications/Xcode-27.0.0-Release.Candidate.app/Contents/Developer/Platforms/WatchOS.platform/Developer/SDKs/WatchOS27.0.sdk -fstrict-aliasing -Wprotocol -Wdeprecated-declarations -Winvalid-offsetof -Wno-sign-conversion -Wno-infinite-recursion -Wno-move -Wno-comma -Wno-block-capture-autoreleasing -Wno-strict-prototypes -Wno-range-loop-analysis -Wno-semicolon-before-method-body -index-store-path /Users/admin/builder/spi-builder-workspace/.derivedData/Index.noindex/DataStore @/Users/admin/builder/spi-builder-workspace/.derivedData/Build/Intermediates.noindex/vger.build/Debug-watchos/vger-t.build/Objects-normal/arm64/af3fcb34312c57c0f52879cdce924b91-common-args.resp -include /Users/admin/builder/spi-builder-workspace/.derivedData/Build/Intermediates.noindex/vger.build/Debug-watchos/vger-t.build/DerivedSources/resource_bundle_accessor.h -MMD -MT dependencies -MF /Users/admin/builder/spi-builder-workspace/.derivedData/Build/Intermediates.noindex/vger.build/Debug-watchos/vger-t.build/Objects-normal/arm64/vgerPathScanner.d --serialize-diagnostics /Users/admin/builder/spi-builder-workspace/.derivedData/Build/Intermediates.noindex/vger.build/Debug-watchos/vger-t.build/Objects-normal/arm64/vgerPathScanner.dia -c /Users/admin/builder/spi-builder-workspace/Sources/vger/vgerPathScanner.mm -o /Users/admin/builder/spi-builder-workspace/.derivedData/Build/Intermediates.noindex/vger.build/Debug-watchos/vger-t.build/Objects-normal/arm64/vgerPathScanner.o -index-unit-output-path /vger.build/Debug-watchos/vger-t.build/Objects-normal/arm64/vgerPathScanner.o
PruneExplicitPrecompiledModules /Users/admin/builder/spi-builder-workspace/.derivedData/Build/Intermediates.noindex/ExplicitPrecompiledModules
PruneExplicitPrecompiledModules /Users/admin/builder/spi-builder-workspace/.derivedData/Build/Intermediates.noindex/SwiftExplicitPrecompiledModules
PruneExplicitPrecompiledModules /Users/admin/builder/spi-builder-workspace/.derivedData/SDKExplicitPrecompiledModules
2026-09-18 10:23:51.423 xcodebuild[801:4930] [MT] IDERunDestination: Supported platforms for the buildables in the current scheme is empty.
** BUILD FAILED **
The following build commands failed:
SwiftDriver vgerSwift normal arm64 com.apple.xcode.tools.swift.compiler (in target 'vgerSwift' from project 'vger')
SwiftDriver vgerSwift normal arm64_32 com.apple.xcode.tools.swift.compiler (in target 'vgerSwift' from project 'vger')
Building workspace vger with scheme vger
(3 failures)
BUILD FAILURE 6.4 watchOS