Build Information
Failed to build swift-server-gcp-hummingbird, reference main (bbbbeb), with Swift 6.2 for Wasm on 28 Jun 2026 21:48:20 UTC.
Build Command
bash -c docker run --pull=always --rm -v "checkouts-53886768-0":/host -w "$PWD" -e JAVA_HOME="/root/.sdkman/candidates/java/current" -e SPI_BUILD="1" -e SPI_PROCESSING="1" registry.gitlab.com/saguaro1/spi-images:wasm-6.2-latest swift build --swift-sdk swift-6.2-RELEASE_wasm 2>&1Build Log
========================================
RunAll
========================================
Builder version: 0e64495ecc1688c3b3e031a5ef1348b5c05091ae
Interrupt handler set up.
========================================
Checkout
========================================
Clone URL: https://github.com/Dean151/swift-server-gcp-hummingbird.git
Reference: main
Initialized empty Git repository in /host/spi-builder-workspace/.git/
hint: Using 'master' as the name for the initial branch. This default branch name
hint: is subject to change. To configure the initial branch name to use in all
hint: of your new repositories, which will suppress this warning, call:
hint:
hint: git config --global init.defaultBranch <name>
hint:
hint: Names commonly chosen instead of 'master' are 'main', 'trunk' and
hint: 'development'. The just-created branch can be renamed via this command:
hint:
hint: git branch -m <name>
From https://github.com/Dean151/swift-server-gcp-hummingbird
* branch main -> FETCH_HEAD
* [new branch] main -> origin/main
HEAD is now at bbbbeb6 chore: initial commit
Cloned https://github.com/Dean151/swift-server-gcp-hummingbird.git
Revision (git rev-parse @):
bbbbeb6d6cfd1e812d004da8a61e26404b2cdb1a
SUCCESS checkout https://github.com/Dean151/swift-server-gcp-hummingbird.git at main
========================================
Build
========================================
Selected platform: wasm
Swift version: 6.2
Building package at path: $PWD
https://github.com/Dean151/swift-server-gcp-hummingbird.git
Running build ...
bash -c docker run --pull=always --rm -v "checkouts-53886768-0":/host -w "$PWD" -e JAVA_HOME="/root/.sdkman/candidates/java/current" -e SPI_BUILD="1" -e SPI_PROCESSING="1" registry.gitlab.com/saguaro1/spi-images:wasm-6.2-latest swift build --swift-sdk swift-6.2-RELEASE_wasm 2>&1
wasm-6.2-latest: Pulling from saguaro1/spi-images
Digest: sha256:dc8dffc38f1d92eca7ee5312617822470123661393ed20672e77964f9dcaaffb
Status: Image is up to date for registry.gitlab.com/saguaro1/spi-images:wasm-6.2-latest
Fetching https://github.com/Dean151/swift-server-gcp.git
Fetching https://github.com/hummingbird-project/hummingbird
[1/28] Fetching swift-server-gcp
[29/27084] Fetching swift-server-gcp, hummingbird
Fetched https://github.com/Dean151/swift-server-gcp.git from cache (1.17s)
Fetched https://github.com/hummingbird-project/hummingbird from cache (1.18s)
Computing version for https://github.com/Dean151/swift-server-gcp.git
Computed https://github.com/Dean151/swift-server-gcp.git at 0.1.0 (1.32s)
Fetching https://github.com/apple/swift-http-types.git
Fetching https://github.com/apple/swift-log.git
[1/7598] Fetching swift-log
[2/8817] Fetching swift-log, swift-http-types
Fetched https://github.com/apple/swift-http-types.git from cache (0.43s)
[3344/7598] Fetching swift-log
Fetched https://github.com/apple/swift-log.git from cache (0.49s)
Computing version for https://github.com/apple/swift-http-types.git
Computed https://github.com/apple/swift-http-types.git at 1.6.0 (0.65s)
Computing version for https://github.com/apple/swift-log.git
Computed https://github.com/apple/swift-log.git at 1.14.0 (0.15s)
Computing version for https://github.com/hummingbird-project/hummingbird
Computed https://github.com/hummingbird-project/hummingbird at 2.25.0 (0.19s)
Fetching https://github.com/swift-server/async-http-client.git
Fetching https://github.com/apple/swift-nio-http2.git
Fetching https://github.com/apple/swift-nio.git
Fetching https://github.com/apple/swift-nio-extras.git
Fetching https://github.com/apple/swift-nio-transport-services.git
Fetching https://github.com/swift-server/swift-service-lifecycle.git
[1/6543] Fetching swift-nio-extras
[67/9403] Fetching swift-nio-extras, swift-nio-transport-services
[292/12167] Fetching swift-nio-extras, swift-nio-transport-services, swift-service-lifecycle
[12168/24290] Fetching swift-nio-extras, swift-nio-transport-services, swift-service-lifecycle, swift-nio-http2
[12169/40262] Fetching swift-nio-extras, swift-nio-transport-services, swift-service-lifecycle, swift-nio-http2, async-http-client
Fetched https://github.com/swift-server/swift-service-lifecycle.git from cache (0.53s)
Fetched https://github.com/apple/swift-nio-transport-services.git from cache (0.53s)
[8875/34638] Fetching swift-nio-extras, swift-nio-http2, async-http-client
Fetching https://github.com/apple/swift-atomics.git
Fetching https://github.com/apple/swift-distributed-tracing.git
[18035/118792] Fetching swift-nio-extras, swift-nio-http2, async-http-client, swift-nio
[75033/120660] Fetching swift-nio-extras, swift-nio-http2, async-http-client, swift-nio, swift-atomics
[75052/126475] Fetching swift-nio-extras, swift-nio-http2, async-http-client, swift-nio, swift-atomics, swift-distributed-tracing
Fetched https://github.com/apple/swift-atomics.git from cache (0.53s)
Fetched https://github.com/apple/swift-distributed-tracing.git from cache (0.53s)
Fetching https://github.com/apple/swift-async-algorithms.git
Fetching https://github.com/apple/swift-configuration.git
[75874/118792] Fetching swift-nio-extras, swift-nio-http2, async-http-client, swift-nio
[93547/122074] Fetching swift-nio-extras, swift-nio-http2, async-http-client, swift-nio, swift-configuration
Fetched https://github.com/apple/swift-configuration.git from cache (0.46s)
Fetching https://github.com/apple/swift-collections.git
[95229/118792] Fetching swift-nio-extras, swift-nio-http2, async-http-client, swift-nio
[100280/125345] Fetching swift-nio-extras, swift-nio-http2, async-http-client, swift-nio, swift-async-algorithms
Fetched https://github.com/apple/swift-async-algorithms.git from cache (0.89s)
Fetching https://github.com/apple/swift-nio-ssl.git
[104486/118792] Fetching swift-nio-extras, swift-nio-http2, async-http-client, swift-nio
[112061/144031] Fetching swift-nio-extras, swift-nio-http2, async-http-client, swift-nio, swift-collections
[144032/159606] Fetching swift-nio-extras, swift-nio-http2, async-http-client, swift-nio, swift-collections, swift-nio-ssl
Fetched https://github.com/apple/swift-collections.git from cache (1.19s)
Fetching https://github.com/apple/swift-metrics.git
[123621/134367] Fetching swift-nio-extras, swift-nio-http2, async-http-client, swift-nio, swift-nio-ssl
[134368/137687] Fetching swift-nio-extras, swift-nio-http2, async-http-client, swift-nio, swift-nio-ssl, swift-metrics
Fetched https://github.com/apple/swift-nio-extras.git from cache (3.14s)
[129053/131144] Fetching swift-nio-http2, async-http-client, swift-nio, swift-nio-ssl, swift-metrics
Fetched https://github.com/swift-server/async-http-client.git from cache (3.14s)
[113313/115172] Fetching swift-nio-http2, swift-nio, swift-nio-ssl, swift-metrics
Fetched https://github.com/apple/swift-nio-http2.git from cache (3.14s)
[101223/103049] Fetching swift-nio, swift-nio-ssl, swift-metrics
Fetched https://github.com/apple/swift-metrics.git from cache (0.46s)
Fetched https://github.com/apple/swift-nio.git from cache (3.18s)
Fetched https://github.com/apple/swift-nio-ssl.git from cache (1.22s)
Computing version for https://github.com/apple/swift-nio-http2.git
Computed https://github.com/apple/swift-nio-http2.git at 1.44.0 (3.34s)
Computing version for https://github.com/apple/swift-nio-extras.git
Computed https://github.com/apple/swift-nio-extras.git at 1.34.1 (0.20s)
Fetching https://github.com/apple/swift-http-structured-headers.git
Fetching https://github.com/apple/swift-asn1.git
Fetching https://github.com/apple/swift-algorithms.git
Fetching https://github.com/apple/swift-certificates.git
[1/1249] Fetching swift-http-structured-headers
[151/3154] Fetching swift-http-structured-headers, swift-asn1
[1703/10482] Fetching swift-http-structured-headers, swift-asn1, swift-certificates
[3510/16545] Fetching swift-http-structured-headers, swift-asn1, swift-certificates, swift-algorithms
Fetched https://github.com/apple/swift-asn1.git from cache (0.56s)
Fetched https://github.com/apple/swift-http-structured-headers.git from cache (0.56s)
Fetched https://github.com/apple/swift-algorithms.git from cache (0.57s)
Fetched https://github.com/apple/swift-certificates.git from cache (0.57s)
Computing version for https://github.com/apple/swift-algorithms.git
Computed https://github.com/apple/swift-algorithms.git at 1.2.1 (1.43s)
Fetching https://github.com/apple/swift-numerics.git
[1/6429] Fetching swift-numerics
Fetched https://github.com/apple/swift-numerics.git from cache (0.55s)
Computing version for https://github.com/apple/swift-configuration.git
Computed https://github.com/apple/swift-configuration.git at 1.2.0 (1.34s)
Fetching https://github.com/apple/swift-system
[1/5941] Fetching swift-system
Fetched https://github.com/apple/swift-system from cache (0.91s)
Computing version for https://github.com/apple/swift-atomics.git
Computed https://github.com/apple/swift-atomics.git at 1.3.1 (1.06s)
Computing version for https://github.com/apple/swift-nio.git
Computed https://github.com/apple/swift-nio.git at 2.101.2 (0.34s)
Computing version for https://github.com/apple/swift-distributed-tracing.git
Computed https://github.com/apple/swift-distributed-tracing.git at 1.4.1 (0.14s)
Fetching https://github.com/apple/swift-service-context.git
[1/1295] Fetching swift-service-context
Fetched https://github.com/apple/swift-service-context.git from cache (0.37s)
Computing version for https://github.com/apple/swift-service-context.git
Computed https://github.com/apple/swift-service-context.git at 1.3.0 (0.51s)
Computing version for https://github.com/swift-server/swift-service-lifecycle.git
Computed https://github.com/swift-server/swift-service-lifecycle.git at 2.11.0 (0.13s)
Computing version for https://github.com/apple/swift-async-algorithms.git
Computed https://github.com/apple/swift-async-algorithms.git at 1.1.4 (0.19s)
Computing version for https://github.com/apple/swift-collections.git
Computed https://github.com/apple/swift-collections.git at 1.6.0 (0.23s)
Computing version for https://github.com/apple/swift-numerics.git
Computed https://github.com/apple/swift-numerics.git at 1.1.1 (0.13s)
Computing version for https://github.com/apple/swift-nio-ssl.git
Computed https://github.com/apple/swift-nio-ssl.git at 2.37.1 (0.18s)
Computing version for https://github.com/apple/swift-asn1.git
Computed https://github.com/apple/swift-asn1.git at 1.7.1 (0.29s)
Computing version for https://github.com/apple/swift-http-structured-headers.git
Computed https://github.com/apple/swift-http-structured-headers.git at 1.7.0 (0.13s)
Computing version for https://github.com/swift-server/async-http-client.git
Computed https://github.com/swift-server/async-http-client.git at 1.34.0 (0.16s)
Computing version for https://github.com/apple/swift-nio-transport-services.git
Computed https://github.com/apple/swift-nio-transport-services.git at 1.28.0 (0.14s)
Computing version for https://github.com/apple/swift-certificates.git
Computed https://github.com/apple/swift-certificates.git at 1.19.2 (0.19s)
Fetching https://github.com/apple/swift-crypto.git
[1/17761] Fetching swift-crypto
Fetched https://github.com/apple/swift-crypto.git from cache (1.32s)
Computing version for https://github.com/apple/swift-system
Computed https://github.com/apple/swift-system at 1.7.2 (1.50s)
Computing version for https://github.com/apple/swift-metrics.git
Computed https://github.com/apple/swift-metrics.git at 2.11.0 (0.14s)
Computing version for https://github.com/apple/swift-crypto.git
Computed https://github.com/apple/swift-crypto.git at 4.5.0 (0.46s)
Creating working copy for https://github.com/apple/swift-metrics.git
Working copy of https://github.com/apple/swift-metrics.git resolved at 2.11.0
Creating working copy for https://github.com/apple/swift-nio-http2.git
Working copy of https://github.com/apple/swift-nio-http2.git resolved at 1.44.0
Creating working copy for https://github.com/apple/swift-crypto.git
Working copy of https://github.com/apple/swift-crypto.git resolved at 4.5.0
Creating working copy for https://github.com/hummingbird-project/hummingbird
Working copy of https://github.com/hummingbird-project/hummingbird resolved at 2.25.0
Creating working copy for https://github.com/apple/swift-algorithms.git
Working copy of https://github.com/apple/swift-algorithms.git resolved at 1.2.1
Creating working copy for https://github.com/apple/swift-nio-ssl.git
Working copy of https://github.com/apple/swift-nio-ssl.git resolved at 2.37.1
Creating working copy for https://github.com/apple/swift-numerics.git
Working copy of https://github.com/apple/swift-numerics.git resolved at 1.1.1
Creating working copy for https://github.com/Dean151/swift-server-gcp.git
Working copy of https://github.com/Dean151/swift-server-gcp.git resolved at 0.1.0
Creating working copy for https://github.com/apple/swift-configuration.git
Working copy of https://github.com/apple/swift-configuration.git resolved at 1.2.0
Creating working copy for https://github.com/apple/swift-nio-extras.git
Working copy of https://github.com/apple/swift-nio-extras.git resolved at 1.34.1
Creating working copy for https://github.com/swift-server/async-http-client.git
Working copy of https://github.com/swift-server/async-http-client.git resolved at 1.34.0
Creating working copy for https://github.com/apple/swift-log.git
Working copy of https://github.com/apple/swift-log.git resolved at 1.14.0
Creating working copy for https://github.com/swift-server/swift-service-lifecycle.git
Working copy of https://github.com/swift-server/swift-service-lifecycle.git resolved at 2.11.0
Creating working copy for https://github.com/apple/swift-atomics.git
Working copy of https://github.com/apple/swift-atomics.git resolved at 1.3.1
Creating working copy for https://github.com/apple/swift-nio-transport-services.git
Working copy of https://github.com/apple/swift-nio-transport-services.git resolved at 1.28.0
Creating working copy for https://github.com/apple/swift-collections.git
Working copy of https://github.com/apple/swift-collections.git resolved at 1.6.0
Creating working copy for https://github.com/apple/swift-distributed-tracing.git
Working copy of https://github.com/apple/swift-distributed-tracing.git resolved at 1.4.1
Creating working copy for https://github.com/apple/swift-http-structured-headers.git
Working copy of https://github.com/apple/swift-http-structured-headers.git resolved at 1.7.0
Creating working copy for https://github.com/apple/swift-certificates.git
Working copy of https://github.com/apple/swift-certificates.git resolved at 1.19.2
Creating working copy for https://github.com/apple/swift-asn1.git
Working copy of https://github.com/apple/swift-asn1.git resolved at 1.7.1
Creating working copy for https://github.com/apple/swift-nio.git
Working copy of https://github.com/apple/swift-nio.git resolved at 2.101.2
Creating working copy for https://github.com/apple/swift-http-types.git
Working copy of https://github.com/apple/swift-http-types.git resolved at 1.6.0
Creating working copy for https://github.com/apple/swift-service-context.git
Working copy of https://github.com/apple/swift-service-context.git resolved at 1.3.0
Creating working copy for https://github.com/apple/swift-async-algorithms.git
Working copy of https://github.com/apple/swift-async-algorithms.git resolved at 1.1.4
Creating working copy for https://github.com/apple/swift-system
Working copy of https://github.com/apple/swift-system resolved at 1.7.2
Building for debugging...
[0/52] Write sources
[32/52] Compiling CNIOWASI CNIOWASI.c
[33/52] Compiling _CWASI _CWASI.c
[33/52] Compiling CNIOWindows WSAStartup.c
[35/52] Compiling CNIOWindows shim.c
[35/52] Compiling _AtomicsShims.c
[36/52] Compiling CNIOPosix event_loop_id.c
[38/52] Compiling CSystem shims.c
[39/52] Compiling CNIOLinux shim.c
[40/52] Compiling CNIOLinux liburing_shims.c
[41/52] Compiling CNIOOpenBSD shim.c
[42/52] Compiling CNIODarwin shim.c
[43/52] Write sources
[45/52] Compiling CNIOFreeBSD shim.c
[46/52] Compiling CNIOLLHTTP c_nio_http.c
[47/52] Write swift-version-24593BA9C3E375BF.txt
[48/52] Compiling CNIOLLHTTP c_nio_api.c
[50/108] Emitting module Logging
[50/109] Compiling CNIOLLHTTP c_nio_llhttp.c
[51/127] Compiling c-nioatomics.c
[52/136] Compiling c-atomics.c
[54/141] Compiling HTTPTypes HTTPField.swift
[55/141] Compiling HTTPTypes HTTPFieldName.swift
[56/143] Compiling InternalCollectionsUtilities _SortedCollection.swift
[57/143] Compiling InternalCollectionsUtilities _UniqueCollection.swift
[58/143] Compiling InternalCollectionsUtilities Integer rank.swift
[59/143] Compiling InternalCollectionsUtilities UInt+first and last set bit.swift
[60/143] Compiling InternalCollectionsUtilities UInt+reversed.swift
[61/143] Compiling Logging Logger+With.swift
[62/143] Emitting module _NIOBase64
[63/143] Compiling _NIOBase64 Base64.swift
[64/144] Compiling InternalCollectionsUtilities UnsafeMutableRawBufferPointer+Extras.swift
[65/144] Compiling InternalCollectionsUtilities UnsafeRawBufferPointer+Extras.swift
[66/144] Compiling InternalCollectionsUtilities LifetimeOverride.swift
[67/144] Compiling InternalCollectionsUtilities RandomAccessCollection+Offsets.swift
[68/144] Compiling InternalCollectionsUtilities Span+Extras.swift
[70/144] Compiling ServiceContextModule ServiceContextKey.swift
[71/144] Compiling InternalCollectionsUtilities String+Padding.swift
[72/144] Compiling InternalCollectionsUtilities _UnsafeBitSet+Index.swift
[73/144] Emitting module ServiceContextModule
[74/144] Compiling InternalCollectionsUtilities Debugging.swift
[75/144] Compiling InternalCollectionsUtilities Descriptions.swift
[76/144] Compiling InternalCollectionsUtilities FixedWidthInteger+roundUpToPowerOfTwo.swift
[77/144] Compiling Logging LoggingSystem.swift
[78/151] Compiling InternalCollectionsUtilities UnsafeBufferPointer+Extras.swift
[79/151] Compiling InternalCollectionsUtilities UnsafeMutableBufferPointer+Extras.swift
[80/151] Emitting module InternalCollectionsUtilities
[92/157] Emitting module SystemPackage
[93/157] Compiling ServiceContextModule ServiceContext.swift
[94/158] Compiling Logging Logger+Attributes.swift
[96/160] Compiling NIOConcurrencyHelpers NIOLockedValueBox.swift
[97/161] Compiling _NIODataStructures _TinyArray.swift
[98/161] Compiling _NIODataStructures PriorityQueue.swift
[104/161] Compiling SystemPackage Stat.swift
[105/161] Compiling SystemPackage IOCompletion.swift
[106/161] Compiling SystemPackage IORequest.swift
[107/161] Compiling SystemPackage IORing.swift
[108/161] Compiling SystemPackage RawIORequest.swift
[109/161] Compiling NIOConcurrencyHelpers lock.swift
[112/161] Compiling Logging MetadataProvider.swift
[119/161] Compiling SystemPackage FilePathWindows.swift
[120/161] Compiling NIOConcurrencyHelpers NIOLock.swift
[121/173] Compiling Logging Logger.swift
[122/173] Compiling OrderedCollections OrderedDictionary+Elements.SubSequence.swift
[123/173] Compiling OrderedCollections OrderedDictionary+Elements.swift
[124/219] Emitting module _NIODataStructures
[125/219] Compiling _NIODataStructures Heap.swift
[126/220] Compiling ConcurrencyHelpers LockedValueBox.swift
[129/220] Compiling OrderedCollections OrderedDictionary+Initializers.swift
[130/220] Compiling OrderedCollections OrderedDictionary+Invariants.swift
[131/220] Compiling OrderedCollections OrderedDictionary+Move.swift
[132/220] Compiling OrderedCollections OrderedDictionary+Partial MutableCollection.swift
[133/220] Compiling OrderedCollections OrderedDictionary+Partial RangeReplaceableCollection.swift
[134/220] Compiling OrderedCollections OrderedSet+Move.swift
[135/220] Compiling OrderedCollections OrderedSet+Partial MutableCollection.swift
[136/220] Compiling OrderedCollections OrderedSet+Partial RangeReplaceableCollection.swift
[137/220] Compiling OrderedCollections OrderedSet+Partial SetAlgebra formIntersection.swift
[138/220] Compiling OrderedCollections OrderedDictionary+Hashable.swift
[139/225] Compiling HTTPTypes ISOLatin1String.swift
[140/263] Compiling ContainersPreview Producer+Map.swift
[141/263] Compiling ContainersPreview Producer+Reduce.swift
[142/263] Compiling ContainersPreview Producer.swift
[143/263] Compiling ContainersPreview InputSpan.swift
[144/263] Compiling ContainersPreview MutableRef.swift
[145/263] Emitting module Instrumentation
[146/267] Compiling Instrumentation Instrument.swift
[147/267] Compiling Instrumentation NoOpInstrument.swift
[148/267] Compiling ContainersPreview BorrowingIteratorProtocol+Map.swift
[149/267] Compiling ContainersPreview BorrowingIteratorProtocol+Reduce.swift
[150/267] Compiling ContainersPreview BorrowingIteratorProtocol+SpanwiseZip.swift
[151/267] Compiling ContainersPreview BorrowingIteratorProtocol.swift
[152/267] Compiling ContainersPreview BorrowingSequence+Algorithms.swift
[153/267] Emitting module ConcurrencyHelpers
[154/267] Compiling ConcurrencyHelpers Lock.swift
[155/268] Compiling Instrumentation InstrumentationSystem.swift
[156/268] Compiling Instrumentation Locks.swift
[157/268] Compiling Instrumentation MultiplexInstrument.swift
[158/268] Compiling ContainersPreview Drain+Map.swift
[159/268] Compiling ContainersPreview Drain+Reduce.swift
[160/268] Compiling ContainersPreview Drain.swift
[161/268] Compiling ContainersPreview Producer+Collect.swift
[162/268] Compiling ContainersPreview Producer+Filter.swift
[165/269] Compiling ContainersPreview PermutableContainer.swift
[166/269] Compiling ContainersPreview RandomAccessContainer.swift
[167/269] Compiling ContainersPreview RangeExpression2.swift
[168/269] Compiling ContainersPreview RangeReplaceableContainer.swift
[169/269] Compiling ContainersPreview Strideable+Limits.swift
[170/269] Compiling ContainersPreview BorrowingSequence+Standard Conformances.swift
[171/269] Compiling ContainersPreview BorrowingSequence+Utilities.swift
[172/269] Compiling ContainersPreview BorrowingSequence.swift
[173/269] Compiling ContainersPreview BidirectionalContainer.swift
[174/269] Compiling ContainersPreview Container+Filter.swift
[175/269] Compiling ContainersPreview Container+SpanwiseZip.swift
[176/269] Compiling ContainersPreview Container.swift
[177/269] Compiling ContainersPreview ContainerIterator.swift
[178/269] Compiling ContainersPreview DynamicContainer.swift
[179/269] Compiling ContainersPreview MutableContainer.swift
[180/269] Compiling ContainersPreview Ref.swift
[181/269] Compiling ContainersPreview Shared.swift
[182/269] Compiling ContainersPreview SpanIterator.swift
[183/269] Compiling ContainersPreview UniqueBox.swift
[184/276] Compiling Atomics OptionalRawRepresentable.swift
[185/276] Compiling Atomics RawRepresentable.swift
[186/276] Compiling Atomics AtomicBool.swift
[187/276] Compiling Atomics IntegerConformances.swift
[188/276] Compiling Atomics PointerConformances.swift
[189/276] Emitting module ContainersPreview
[190/290] Emitting module NIOConcurrencyHelpers
[191/291] Compiling NIOConcurrencyHelpers NIOThreadPoolWorkAvailable.swift
[192/291] Compiling NIOConcurrencyHelpers atomics.swift
[194/291] Compiling HTTPTypes NIOLock.swift
[195/291] Compiling HTTPTypes HTTPRequest.swift
[196/291] Compiling NIOConcurrencyHelpers NIOAtomic.swift
[197/299] Compiling Atomics ManagedAtomic.swift
[198/299] Compiling Atomics ManagedAtomicLazyReference.swift
[199/300] Compiling Atomics UnsafeAtomic.swift
[200/300] Compiling Atomics UnsafeAtomicLazyReference.swift
[202/300] Compiling HTTPTypes HTTPResponse.swift
[203/300] Compiling HTTPTypes HTTPRequest+URL.swift
[204/302] Compiling Atomics AtomicMemoryOrderings.swift
[205/302] Compiling Atomics DoubleWord.swift
[206/302] Compiling Atomics AtomicStorage.swift
[207/302] Compiling Atomics AtomicValue.swift
[208/321] Emitting module UnixSignals
[209/343] Compiling Tracing InstrumentationSystem+Tracing.swift
[210/343] Compiling CoreMetrics Metrics.swift
[211/343] Compiling CoreMetrics MappingMetricsFactory.swift
[212/343] Compiling CoreMetrics Locks.swift
[213/343] Compiling CoreMetrics WithMetricsFactory.swift
[214/343] Emitting module CoreMetrics
[215/343] Compiling DequeModule UniqueDeque+Hashable.swift
[216/343] Compiling DequeModule UniqueDeque+Initializers.swift
[217/343] Compiling DequeModule UniqueDeque+Insertions.swift
[218/343] Compiling DequeModule UniqueDeque+Prepend.swift
[219/343] Compiling DequeModule UniqueDeque+Removals.swift
[220/343] Compiling OrderedCollections OrderedSet+Partial SetAlgebra formSymmetricDifference.swift
[221/343] Compiling OrderedCollections OrderedSet+Partial SetAlgebra formUnion.swift
[222/343] Compiling OrderedCollections OrderedSet+Partial SetAlgebra intersection.swift
[223/343] Compiling OrderedCollections OrderedSet+Partial SetAlgebra isDisjoint.swift
[224/343] Compiling OrderedCollections OrderedSet+Partial SetAlgebra isEqualSet.swift
[225/343] Compiling OrderedCollections OrderedSet+Partial SetAlgebra isStrictSubset.swift
[226/343] Compiling OrderedCollections OrderedSet+Partial SetAlgebra isStrictSuperset.swift
[227/343] Compiling OrderedCollections OrderedSet+Partial SetAlgebra isSubset.swift
[228/351] Compiling UnixSignals UnixSignalsSequence.swift
[229/352] Compiling UnixSignals UnixSignal.swift
[233/353] Compiling Tracing TracerProtocol.swift
[234/353] Compiling OrderedCollections OrderedSet+Partial SetAlgebra isSuperset.swift
[235/353] Compiling OrderedCollections OrderedSet+Partial SetAlgebra subtract.swift
[236/353] Compiling OrderedCollections OrderedSet+Partial SetAlgebra subtracting.swift
[237/353] Compiling OrderedCollections OrderedSet+Partial SetAlgebra symmetricDifference.swift
[238/353] Compiling OrderedCollections OrderedSet+Partial SetAlgebra union.swift
[239/353] Compiling OrderedCollections OrderedSet+Partial SetAlgebra+Basics.swift
[240/353] Compiling OrderedCollections OrderedSet+RandomAccessCollection.swift
[241/353] Compiling OrderedCollections OrderedSet+ReserveCapacity.swift
[242/355] Emitting module Tracing
[243/355] Compiling Tracing TracingTime.swift
[244/355] Compiling DequeModule UniqueDeque+Container.swift
[245/355] Compiling DequeModule UniqueDeque+Deprecated.swift
[246/355] Compiling DequeModule UniqueDeque+Descriptions.swift
[247/355] Compiling DequeModule UniqueDeque+Equatable.swift
[248/355] Compiling DequeModule UniqueDeque+Experimental.swift
[249/360] Compiling DequeModule Deque+ExpressibleByArrayLiteral.swift
[250/360] Compiling DequeModule RigidDeque+Equatable.swift
[251/360] Compiling Tracing Tracer.swift
[252/360] Compiling Tracing TracerProtocol+Legacy.swift
[253/360] Emitting module Metrics
[254/360] Compiling Metrics Metrics.swift
[255/360] Compiling DequeModule _DequeBuffer.swift
[256/360] Compiling DequeModule _DequeBufferHeader.swift
[257/360] Compiling DequeModule RigidDeque+Append.swift
[258/360] Compiling DequeModule RigidDeque+Consumption.swift
[259/360] Compiling DequeModule RigidDeque+Container.swift
[260/360] Compiling DequeModule RigidDeque+Descriptions.swift
[261/360] Compiling DequeModule Deque+Extras.swift
[262/360] Compiling DequeModule Deque+Hashable.swift
[263/361] Compiling DequeModule Deque._UnsafeHandle.swift
[264/361] Compiling DequeModule Deque.swift
[265/361] Compiling DequeModule Deque+Codable.swift
[267/361] Compiling DequeModule RigidDeque+Removals.swift
[268/361] Compiling DequeModule RigidDeque+Replacements.swift
[269/361] Compiling DequeModule RigidDeque+Testing.swift
[270/361] Compiling DequeModule RigidDeque.swift
[271/361] Compiling DequeModule UniqueDeque+Append.swift
[272/361] Compiling DequeModule UniqueDeque+Consumption.swift
[275/361] Compiling DequeModule Deque+Testing.swift
[276/361] Compiling DequeModule Deque._Storage.swift
[280/361] Compiling DequeModule Deque+Collection.swift
[281/361] Compiling DequeModule Deque+CustomReflectable.swift
[282/361] Compiling DequeModule Deque+Descriptions.swift
[303/361] Compiling DequeModule RigidDeque+Experimental.swift
[304/361] Compiling DequeModule RigidDeque+Hashable.swift
[305/361] Compiling DequeModule RigidDeque+Initializers.swift
[306/361] Compiling DequeModule RigidDeque+Insertions.swift
[307/361] Compiling DequeModule RigidDeque+Prepend.swift
[314/361] Compiling Tracing NoOpTracer.swift
[315/361] Compiling Tracing SpanProtocol.swift
[317/362] Compiling DequeModule Deque+Equatable.swift
[325/362] Compiling OrderedCollections OrderedSet+Sendable.swift
[326/362] Compiling OrderedCollections OrderedSet+SubSequence.swift
[327/362] Compiling OrderedCollections OrderedSet+Testing.swift
[328/362] Compiling OrderedCollections OrderedSet+UnorderedView.swift
[329/362] Compiling OrderedCollections OrderedSet+UnstableInternals.swift
[330/362] Compiling OrderedCollections OrderedSet.swift
[331/362] Compiling OrderedCollections _UnsafeBitset.swift
[344/362] Emitting module Atomics
[345/362] Emitting module OrderedCollections
[349/363] Emitting module HTTPTypes
[350/363] Compiling HTTPTypes HTTPFields.swift
[351/363] Compiling HTTPTypes HTTPParsedFields.swift
[360/368] Emitting module DequeModule
[361/368] Compiling GoogleCloudPlatform GcpJsonLogHandler.swift
[362/368] Emitting module GoogleCloudPlatform
[363/368] Compiling GoogleCloudPlatform TraceContext.swift
[365/369] Compiling DequeModule UniqueDeque+Replacements.swift
[366/369] Compiling DequeModule UniqueDeque.swift
[367/369] Compiling DequeModule _DequeSlot.swift
[368/369] Compiling DequeModule _UnsafeDequeHandle.swift
[369/369] Compiling DequeModule _UnsafeDequeSegments.swift
[371/530] Compiling NIOCore IPProtocol.swift
[372/530] Compiling NIOCore IntegerBitPacking.swift
[373/530] Compiling NIOCore IntegerTypes.swift
[374/530] Compiling NIOCore Interfaces.swift
[375/530] Compiling NIOCore Linux.swift
[376/530] Compiling NIOCore MarkedCircularBuffer.swift
[377/535] Emitting module Configuration
[378/535] Compiling NIOCore NIOCoreSendableMetatype.swift
[379/535] Compiling NIOCore NIODecodedAsyncSequence.swift
[380/535] Compiling NIOCore NIOLoopBound.swift
[381/535] Compiling NIOCore NIOPooledRecvBufferAllocator.swift
[382/535] Compiling NIOCore NIOScheduledCallback.swift
[383/535] Compiling NIOCore NIOSendable.swift
[384/535] Compiling NIOCore NIOSplitLinesMessageDecoder.swift
[385/535] Compiling NIOCore NIOTransportAccessibleChannelCore.swift
[386/535] Compiling NIOCore RecvByteBufferAllocator.swift
[393/543] Compiling Configuration CombineLatestManyStorage.swift
[394/543] Compiling Configuration AsyncSequences.swift
[395/543] Compiling Configuration FoundationExtensions.swift
[396/543] Compiling NIOCore NIOThrowingAsyncSequenceProducer.swift
[397/543] Compiling NIOCore BSDSocketAPI.swift
[398/543] Compiling NIOCore ByteBuffer-aux.swift
[399/543] Compiling NIOCore ByteBuffer-binaryEncodedLengthPrefix.swift
[400/543] Compiling NIOCore ByteBuffer-conversions.swift
[401/543] Compiling NIOCore ByteBuffer-core.swift
[402/543] Compiling NIOCore AsyncChannelHandler.swift
[403/543] Compiling NIOCore AsyncChannelInboundStream.swift
[404/543] Compiling NIOCore AsyncChannelOutboundWriter.swift
[405/543] Compiling NIOCore NIOAsyncSequenceProducer.swift
[406/543] Compiling NIOCore NIOAsyncSequenceProducerStrategies.swift
[407/543] Compiling NIOCore NIOAsyncWriter.swift
[408/543] Compiling NIOCore FileDescriptor.swift
[409/543] Compiling NIOCore FileHandle.swift
[410/543] Compiling NIOCore FileRegion.swift
[411/543] Compiling NIOCore GlobalSingletons.swift
[412/543] Compiling NIOCore IO.swift
[413/543] Compiling NIOCore IOData.swift
[414/543] Compiling NIOCore ByteBuffer-multi-int.swift
[415/543] Compiling NIOCore ByteBuffer-quicBinaryEncodingStrategy.swift
[416/543] Compiling NIOCore ByteBuffer-views.swift
[417/543] Compiling NIOCore Channel.swift
[418/543] Compiling NIOCore ChannelHandler.swift
[419/543] Compiling NIOCore ChannelHandlers.swift
[420/543] Compiling NIOCore ChannelInvoker.swift
[421/543] Compiling NIOCore ChannelOption.swift
[422/543] Compiling NIOCore ChannelPipeline.swift
[423/543] Compiling NIOCore EventLoopFuture+Deprecated.swift
[424/543] Compiling NIOCore EventLoopFuture+WithEventLoop.swift
[425/543] Compiling NIOCore EventLoopFuture.swift
[429/543] Compiling Configuration Span.swift
[430/543] Compiling Configuration ConfigBytesFromStringDecoder.swift
[431/543] Emitting module AsyncAlgorithms
[441/550] Compiling NIOCore SingleStepByteToMessageDecoder.swift
[442/550] Compiling NIOCore SocketAddresses.swift
[443/550] Compiling NIOCore SocketOptionProvider.swift
[444/550] Compiling NIOCore SystemCallHelpers.swift
[445/550] Compiling NIOCore TimeAmount+Duration.swift
[446/550] Compiling NIOCore TypeAssistedChannelHandler.swift
[447/550] Compiling NIOCore UniversalBootstrapSupport.swift
[448/550] Compiling NIOCore Utilities.swift
[455/550] Compiling NIOCore ByteBuffer-hex.swift
[456/550] Compiling NIOCore ByteBuffer-int.swift
[457/550] Compiling NIOCore ByteBuffer-lengthPrefix.swift
[458/550] Compiling NIOCore AddressedEnvelope.swift
[459/550] Compiling NIOCore AsyncAwaitSupport.swift
[460/550] Compiling NIOCore AsyncChannel.swift
[481/550] Compiling NIOCore ConvenienceOptionSupport.swift
[482/550] Compiling NIOCore DeadChannel.swift
[483/550] Compiling NIOCore DispatchQueue+WithFuture.swift
[484/550] Compiling NIOCore EventLoop+Deprecated.swift
[485/550] Compiling NIOCore EventLoop+SerialExecutor.swift
[508/550] Compiling AsyncAlgorithms Rethrow.swift
[509/550] Compiling AsyncAlgorithms SetAlgebra.swift
[512/550] Compiling AsyncAlgorithms UnsafeTransfer.swift
[513/550] Compiling AsyncAlgorithms AsyncZip2Sequence.swift
[514/550] Compiling AsyncAlgorithms AsyncZip3Sequence.swift
[515/550] Compiling AsyncAlgorithms ZipStateMachine.swift
[516/550] Compiling AsyncAlgorithms ZipStorage.swift
[518/560] Compiling ServiceLifecycle AsyncCancelOnGracefulShutdownSequence.swift
[519/560] Compiling ServiceLifecycle AsyncGracefulShutdownSequence.swift
[529/561] Compiling ServiceLifecycle ServiceGroupConfiguration.swift
[530/561] Compiling ServiceLifecycle ServiceRunnerError.swift
[538/562] Compiling ServiceLifecycle Service.swift
[539/562] Compiling ServiceLifecycle CancellationWaiter.swift
[540/562] Emitting module ServiceLifecycle
[541/562] Compiling ServiceLifecycle ServiceGroup.swift
[542/562] Compiling ServiceLifecycle ClosureService.swift
[543/562] Compiling ServiceLifecycle GracefulShutdown.swift
[563/563] Emitting module NIOCore
[565/639] Compiling NIOEmbedded AsyncTestingEventLoop.swift
[566/639] Compiling NIOPosix SelectorWSAPoll.swift
[567/639] Compiling NIOPosix ServerSocket.swift
[568/639] Compiling NIOPosix Socket.swift
[569/639] Compiling NIOPosix SocketChannel.swift
[570/639] Compiling NIOPosix SocketProtocols.swift
[571/639] Compiling NIOPosix StructuredConcurrencyHelpers.swift
[572/639] Compiling NIOPosix System.swift
[573/646] Compiling NIOPosix Thread.swift
[574/646] Compiling NIOPosix ThreadPosix.swift
[575/646] Compiling NIOPosix ThreadWindows.swift
[576/646] Compiling NIOPosix Utilities.swift
[577/646] Compiling NIOPosix VsockAddress.swift
[578/646] Compiling NIOPosix VsockChannelEvents.swift
[579/646] Compiling NIOPosix Windows.swift
[580/646] Compiling NIOPosix HappyEyeballs.swift
[581/646] Compiling NIOPosix IO.swift
[582/646] Compiling NIOPosix IntegerBitPacking.swift
[583/646] Compiling NIOPosix IntegerTypes.swift
[584/646] Compiling NIOPosix Linux.swift
[585/646] Compiling NIOPosix LinuxCPUSet.swift
[586/646] Compiling NIOPosix LinuxUring.swift
[587/646] Compiling NIOHTTPTypes NIOHTTPTypes.swift
[588/646] Emitting module NIOHTTPTypes
[589/646] Compiling NIOPosix BSDSocketAPICommon.swift
/host/spi-builder-workspace/.build/checkouts/swift-nio/Sources/NIOPosix/BaseSocketChannel+AccessibleTransport.swift:17:11: error: cannot find type 'BaseSocketChannel' in scope
15 | import NIOCore
16 |
17 | extension BaseSocketChannel where SocketType: BaseSocket {
| `- error: cannot find type 'BaseSocketChannel' in scope
18 | /// The underlying transport type backing this channel.
19 | typealias Transport = NIOBSDSocket.Handle
/host/spi-builder-workspace/.build/checkouts/swift-nio/Sources/NIOPosix/BaseSocketChannel+AccessibleTransport.swift:27:11: error: cannot find type 'BaseSocketChannel' in scope
25 | }
26 |
27 | extension BaseSocketChannel where SocketType: PipePair {
| `- error: cannot find type 'BaseSocketChannel' in scope
28 | /// The underlying transport type backing this channel.
29 | typealias Transport = NIOBSDSocket.PipeHandle
/host/spi-builder-workspace/.build/checkouts/swift-nio/Sources/NIOPosix/BaseSocketChannel+AccessibleTransport.swift:42:11: error: cannot find type 'SocketChannel' in scope
40 | }
41 |
42 | extension SocketChannel: NIOTransportAccessibleChannelCore {}
| `- error: cannot find type 'SocketChannel' in scope
43 | extension ServerSocketChannel: NIOTransportAccessibleChannelCore {}
44 | extension DatagramChannel: NIOTransportAccessibleChannelCore {}
/host/spi-builder-workspace/.build/checkouts/swift-nio/Sources/NIOPosix/BaseSocketChannel+AccessibleTransport.swift:43:11: error: cannot find type 'ServerSocketChannel' in scope
41 |
42 | extension SocketChannel: NIOTransportAccessibleChannelCore {}
43 | extension ServerSocketChannel: NIOTransportAccessibleChannelCore {}
| `- error: cannot find type 'ServerSocketChannel' in scope
44 | extension DatagramChannel: NIOTransportAccessibleChannelCore {}
45 | extension PipeChannel: NIOTransportAccessibleChannelCore {}
/host/spi-builder-workspace/.build/checkouts/swift-nio/Sources/NIOPosix/BaseSocketChannel+AccessibleTransport.swift:44:11: error: cannot find type 'DatagramChannel' in scope
42 | extension SocketChannel: NIOTransportAccessibleChannelCore {}
43 | extension ServerSocketChannel: NIOTransportAccessibleChannelCore {}
44 | extension DatagramChannel: NIOTransportAccessibleChannelCore {}
| `- error: cannot find type 'DatagramChannel' in scope
45 | extension PipeChannel: NIOTransportAccessibleChannelCore {}
46 |
/host/spi-builder-workspace/.build/checkouts/swift-nio/Sources/NIOPosix/BaseSocketChannel+AccessibleTransport.swift:45:11: error: cannot find type 'PipeChannel' in scope
43 | extension ServerSocketChannel: NIOTransportAccessibleChannelCore {}
44 | extension DatagramChannel: NIOTransportAccessibleChannelCore {}
45 | extension PipeChannel: NIOTransportAccessibleChannelCore {}
| `- error: cannot find type 'PipeChannel' in scope
46 |
/host/spi-builder-workspace/.build/checkouts/swift-nio/Sources/NIOPosix/BaseSocketChannel+AccessibleTransport.swift:17:29: error: 'where' clause cannot be applied to a non-generic top-level declaration
15 | import NIOCore
16 |
17 | extension BaseSocketChannel where SocketType: BaseSocket {
| `- error: 'where' clause cannot be applied to a non-generic top-level declaration
18 | /// The underlying transport type backing this channel.
19 | typealias Transport = NIOBSDSocket.Handle
/host/spi-builder-workspace/.build/checkouts/swift-nio/Sources/NIOPosix/BaseSocketChannel+AccessibleTransport.swift:27:29: error: 'where' clause cannot be applied to a non-generic top-level declaration
25 | }
26 |
27 | extension BaseSocketChannel where SocketType: PipePair {
| `- error: 'where' clause cannot be applied to a non-generic top-level declaration
28 | /// The underlying transport type backing this channel.
29 | typealias Transport = NIOBSDSocket.PipeHandle
[590/646] Compiling NIOPosix BSDSocketAPIPosix.swift
/host/spi-builder-workspace/.build/checkouts/swift-nio/Sources/NIOPosix/BaseSocketChannel+AccessibleTransport.swift:17:11: error: cannot find type 'BaseSocketChannel' in scope
15 | import NIOCore
16 |
17 | extension BaseSocketChannel where SocketType: BaseSocket {
| `- error: cannot find type 'BaseSocketChannel' in scope
18 | /// The underlying transport type backing this channel.
19 | typealias Transport = NIOBSDSocket.Handle
/host/spi-builder-workspace/.build/checkouts/swift-nio/Sources/NIOPosix/BaseSocketChannel+AccessibleTransport.swift:27:11: error: cannot find type 'BaseSocketChannel' in scope
25 | }
26 |
27 | extension BaseSocketChannel where SocketType: PipePair {
| `- error: cannot find type 'BaseSocketChannel' in scope
28 | /// The underlying transport type backing this channel.
29 | typealias Transport = NIOBSDSocket.PipeHandle
/host/spi-builder-workspace/.build/checkouts/swift-nio/Sources/NIOPosix/BaseSocketChannel+AccessibleTransport.swift:42:11: error: cannot find type 'SocketChannel' in scope
40 | }
41 |
42 | extension SocketChannel: NIOTransportAccessibleChannelCore {}
| `- error: cannot find type 'SocketChannel' in scope
43 | extension ServerSocketChannel: NIOTransportAccessibleChannelCore {}
44 | extension DatagramChannel: NIOTransportAccessibleChannelCore {}
/host/spi-builder-workspace/.build/checkouts/swift-nio/Sources/NIOPosix/BaseSocketChannel+AccessibleTransport.swift:43:11: error: cannot find type 'ServerSocketChannel' in scope
41 |
42 | extension SocketChannel: NIOTransportAccessibleChannelCore {}
43 | extension ServerSocketChannel: NIOTransportAccessibleChannelCore {}
| `- error: cannot find type 'ServerSocketChannel' in scope
44 | extension DatagramChannel: NIOTransportAccessibleChannelCore {}
45 | extension PipeChannel: NIOTransportAccessibleChannelCore {}
/host/spi-builder-workspace/.build/checkouts/swift-nio/Sources/NIOPosix/BaseSocketChannel+AccessibleTransport.swift:44:11: error: cannot find type 'DatagramChannel' in scope
42 | extension SocketChannel: NIOTransportAccessibleChannelCore {}
43 | extension ServerSocketChannel: NIOTransportAccessibleChannelCore {}
44 | extension DatagramChannel: NIOTransportAccessibleChannelCore {}
| `- error: cannot find type 'DatagramChannel' in scope
45 | extension PipeChannel: NIOTransportAccessibleChannelCore {}
46 |
/host/spi-builder-workspace/.build/checkouts/swift-nio/Sources/NIOPosix/BaseSocketChannel+AccessibleTransport.swift:45:11: error: cannot find type 'PipeChannel' in scope
43 | extension ServerSocketChannel: NIOTransportAccessibleChannelCore {}
44 | extension DatagramChannel: NIOTransportAccessibleChannelCore {}
45 | extension PipeChannel: NIOTransportAccessibleChannelCore {}
| `- error: cannot find type 'PipeChannel' in scope
46 |
/host/spi-builder-workspace/.build/checkouts/swift-nio/Sources/NIOPosix/BaseSocketChannel+AccessibleTransport.swift:17:29: error: 'where' clause cannot be applied to a non-generic top-level declaration
15 | import NIOCore
16 |
17 | extension BaseSocketChannel where SocketType: BaseSocket {
| `- error: 'where' clause cannot be applied to a non-generic top-level declaration
18 | /// The underlying transport type backing this channel.
19 | typealias Transport = NIOBSDSocket.Handle
/host/spi-builder-workspace/.build/checkouts/swift-nio/Sources/NIOPosix/BaseSocketChannel+AccessibleTransport.swift:27:29: error: 'where' clause cannot be applied to a non-generic top-level declaration
25 | }
26 |
27 | extension BaseSocketChannel where SocketType: PipePair {
| `- error: 'where' clause cannot be applied to a non-generic top-level declaration
28 | /// The underlying transport type backing this channel.
29 | typealias Transport = NIOBSDSocket.PipeHandle
[591/646] Compiling NIOPosix BSDSocketAPIWindows.swift
/host/spi-builder-workspace/.build/checkouts/swift-nio/Sources/NIOPosix/BaseSocketChannel+AccessibleTransport.swift:17:11: error: cannot find type 'BaseSocketChannel' in scope
15 | import NIOCore
16 |
17 | extension BaseSocketChannel where SocketType: BaseSocket {
| `- error: cannot find type 'BaseSocketChannel' in scope
18 | /// The underlying transport type backing this channel.
19 | typealias Transport = NIOBSDSocket.Handle
/host/spi-builder-workspace/.build/checkouts/swift-nio/Sources/NIOPosix/BaseSocketChannel+AccessibleTransport.swift:27:11: error: cannot find type 'BaseSocketChannel' in scope
25 | }
26 |
27 | extension BaseSocketChannel where SocketType: PipePair {
| `- error: cannot find type 'BaseSocketChannel' in scope
28 | /// The underlying transport type backing this channel.
29 | typealias Transport = NIOBSDSocket.PipeHandle
/host/spi-builder-workspace/.build/checkouts/swift-nio/Sources/NIOPosix/BaseSocketChannel+AccessibleTransport.swift:42:11: error: cannot find type 'SocketChannel' in scope
40 | }
41 |
42 | extension SocketChannel: NIOTransportAccessibleChannelCore {}
| `- error: cannot find type 'SocketChannel' in scope
43 | extension ServerSocketChannel: NIOTransportAccessibleChannelCore {}
44 | extension DatagramChannel: NIOTransportAccessibleChannelCore {}
/host/spi-builder-workspace/.build/checkouts/swift-nio/Sources/NIOPosix/BaseSocketChannel+AccessibleTransport.swift:43:11: error: cannot find type 'ServerSocketChannel' in scope
41 |
42 | extension SocketChannel: NIOTransportAccessibleChannelCore {}
43 | extension ServerSocketChannel: NIOTransportAccessibleChannelCore {}
| `- error: cannot find type 'ServerSocketChannel' in scope
44 | extension DatagramChannel: NIOTransportAccessibleChannelCore {}
45 | extension PipeChannel: NIOTransportAccessibleChannelCore {}
/host/spi-builder-workspace/.build/checkouts/swift-nio/Sources/NIOPosix/BaseSocketChannel+AccessibleTransport.swift:44:11: error: cannot find type 'DatagramChannel' in scope
42 | extension SocketChannel: NIOTransportAccessibleChannelCore {}
43 | extension ServerSocketChannel: NIOTransportAccessibleChannelCore {}
44 | extension DatagramChannel: NIOTransportAccessibleChannelCore {}
| `- error: cannot find type 'DatagramChannel' in scope
45 | extension PipeChannel: NIOTransportAccessibleChannelCore {}
46 |
/host/spi-builder-workspace/.build/checkouts/swift-nio/Sources/NIOPosix/BaseSocketChannel+AccessibleTransport.swift:45:11: error: cannot find type 'PipeChannel' in scope
43 | extension ServerSocketChannel: NIOTransportAccessibleChannelCore {}
44 | extension DatagramChannel: NIOTransportAccessibleChannelCore {}
45 | extension PipeChannel: NIOTransportAccessibleChannelCore {}
| `- error: cannot find type 'PipeChannel' in scope
46 |
/host/spi-builder-workspace/.build/checkouts/swift-nio/Sources/NIOPosix/BaseSocketChannel+AccessibleTransport.swift:17:29: error: 'where' clause cannot be applied to a non-generic top-level declaration
15 | import NIOCore
16 |
17 | extension BaseSocketChannel where SocketType: BaseSocket {
| `- error: 'where' clause cannot be applied to a non-generic top-level declaration
18 | /// The underlying transport type backing this channel.
19 | typealias Transport = NIOBSDSocket.Handle
/host/spi-builder-workspace/.build/checkouts/swift-nio/Sources/NIOPosix/BaseSocketChannel+AccessibleTransport.swift:27:29: error: 'where' clause cannot be applied to a non-generic top-level declaration
25 | }
26 |
27 | extension BaseSocketChannel where SocketType: PipePair {
| `- error: 'where' clause cannot be applied to a non-generic top-level declaration
28 | /// The underlying transport type backing this channel.
29 | typealias Transport = NIOBSDSocket.PipeHandle
[592/646] Compiling NIOPosix BaseSocket.swift
/host/spi-builder-workspace/.build/checkouts/swift-nio/Sources/NIOPosix/BaseSocketChannel+AccessibleTransport.swift:17:11: error: cannot find type 'BaseSocketChannel' in scope
15 | import NIOCore
16 |
17 | extension BaseSocketChannel where SocketType: BaseSocket {
| `- error: cannot find type 'BaseSocketChannel' in scope
18 | /// The underlying transport type backing this channel.
19 | typealias Transport = NIOBSDSocket.Handle
/host/spi-builder-workspace/.build/checkouts/swift-nio/Sources/NIOPosix/BaseSocketChannel+AccessibleTransport.swift:27:11: error: cannot find type 'BaseSocketChannel' in scope
25 | }
26 |
27 | extension BaseSocketChannel where SocketType: PipePair {
| `- error: cannot find type 'BaseSocketChannel' in scope
28 | /// The underlying transport type backing this channel.
29 | typealias Transport = NIOBSDSocket.PipeHandle
/host/spi-builder-workspace/.build/checkouts/swift-nio/Sources/NIOPosix/BaseSocketChannel+AccessibleTransport.swift:42:11: error: cannot find type 'SocketChannel' in scope
40 | }
41 |
42 | extension SocketChannel: NIOTransportAccessibleChannelCore {}
| `- error: cannot find type 'SocketChannel' in scope
43 | extension ServerSocketChannel: NIOTransportAccessibleChannelCore {}
44 | extension DatagramChannel: NIOTransportAccessibleChannelCore {}
/host/spi-builder-workspace/.build/checkouts/swift-nio/Sources/NIOPosix/BaseSocketChannel+AccessibleTransport.swift:43:11: error: cannot find type 'ServerSocketChannel' in scope
41 |
42 | extension SocketChannel: NIOTransportAccessibleChannelCore {}
43 | extension ServerSocketChannel: NIOTransportAccessibleChannelCore {}
| `- error: cannot find type 'ServerSocketChannel' in scope
44 | extension DatagramChannel: NIOTransportAccessibleChannelCore {}
45 | extension PipeChannel: NIOTransportAccessibleChannelCore {}
/host/spi-builder-workspace/.build/checkouts/swift-nio/Sources/NIOPosix/BaseSocketChannel+AccessibleTransport.swift:44:11: error: cannot find type 'DatagramChannel' in scope
42 | extension SocketChannel: NIOTransportAccessibleChannelCore {}
43 | extension ServerSocketChannel: NIOTransportAccessibleChannelCore {}
44 | extension DatagramChannel: NIOTransportAccessibleChannelCore {}
| `- error: cannot find type 'DatagramChannel' in scope
45 | extension PipeChannel: NIOTransportAccessibleChannelCore {}
46 |
/host/spi-builder-workspace/.build/checkouts/swift-nio/Sources/NIOPosix/BaseSocketChannel+AccessibleTransport.swift:45:11: error: cannot find type 'PipeChannel' in scope
43 | extension ServerSocketChannel: NIOTransportAccessibleChannelCore {}
44 | extension DatagramChannel: NIOTransportAccessibleChannelCore {}
45 | extension PipeChannel: NIOTransportAccessibleChannelCore {}
| `- error: cannot find type 'PipeChannel' in scope
46 |
/host/spi-builder-workspace/.build/checkouts/swift-nio/Sources/NIOPosix/BaseSocketChannel+AccessibleTransport.swift:17:29: error: 'where' clause cannot be applied to a non-generic top-level declaration
15 | import NIOCore
16 |
17 | extension BaseSocketChannel where SocketType: BaseSocket {
| `- error: 'where' clause cannot be applied to a non-generic top-level declaration
18 | /// The underlying transport type backing this channel.
19 | typealias Transport = NIOBSDSocket.Handle
/host/spi-builder-workspace/.build/checkouts/swift-nio/Sources/NIOPosix/BaseSocketChannel+AccessibleTransport.swift:27:29: error: 'where' clause cannot be applied to a non-generic top-level declaration
25 | }
26 |
27 | extension BaseSocketChannel where SocketType: PipePair {
| `- error: 'where' clause cannot be applied to a non-generic top-level declaration
28 | /// The underlying transport type backing this channel.
29 | typealias Transport = NIOBSDSocket.PipeHandle
[593/646] Compiling NIOPosix BaseSocketChannel+AccessibleTransport.swift
/host/spi-builder-workspace/.build/checkouts/swift-nio/Sources/NIOPosix/BaseSocketChannel+AccessibleTransport.swift:17:11: error: cannot find type 'BaseSocketChannel' in scope
15 | import NIOCore
16 |
17 | extension BaseSocketChannel where SocketType: BaseSocket {
| `- error: cannot find type 'BaseSocketChannel' in scope
18 | /// The underlying transport type backing this channel.
19 | typealias Transport = NIOBSDSocket.Handle
/host/spi-builder-workspace/.build/checkouts/swift-nio/Sources/NIOPosix/BaseSocketChannel+AccessibleTransport.swift:27:11: error: cannot find type 'BaseSocketChannel' in scope
25 | }
26 |
27 | extension BaseSocketChannel where SocketType: PipePair {
| `- error: cannot find type 'BaseSocketChannel' in scope
28 | /// The underlying transport type backing this channel.
29 | typealias Transport = NIOBSDSocket.PipeHandle
/host/spi-builder-workspace/.build/checkouts/swift-nio/Sources/NIOPosix/BaseSocketChannel+AccessibleTransport.swift:42:11: error: cannot find type 'SocketChannel' in scope
40 | }
41 |
42 | extension SocketChannel: NIOTransportAccessibleChannelCore {}
| `- error: cannot find type 'SocketChannel' in scope
43 | extension ServerSocketChannel: NIOTransportAccessibleChannelCore {}
44 | extension DatagramChannel: NIOTransportAccessibleChannelCore {}
/host/spi-builder-workspace/.build/checkouts/swift-nio/Sources/NIOPosix/BaseSocketChannel+AccessibleTransport.swift:43:11: error: cannot find type 'ServerSocketChannel' in scope
41 |
42 | extension SocketChannel: NIOTransportAccessibleChannelCore {}
43 | extension ServerSocketChannel: NIOTransportAccessibleChannelCore {}
| `- error: cannot find type 'ServerSocketChannel' in scope
44 | extension DatagramChannel: NIOTransportAccessibleChannelCore {}
45 | extension PipeChannel: NIOTransportAccessibleChannelCore {}
/host/spi-builder-workspace/.build/checkouts/swift-nio/Sources/NIOPosix/BaseSocketChannel+AccessibleTransport.swift:44:11: error: cannot find type 'DatagramChannel' in scope
42 | extension SocketChannel: NIOTransportAccessibleChannelCore {}
43 | extension ServerSocketChannel: NIOTransportAccessibleChannelCore {}
44 | extension DatagramChannel: NIOTransportAccessibleChannelCore {}
| `- error: cannot find type 'DatagramChannel' in scope
45 | extension PipeChannel: NIOTransportAccessibleChannelCore {}
46 |
/host/spi-builder-workspace/.build/checkouts/swift-nio/Sources/NIOPosix/BaseSocketChannel+AccessibleTransport.swift:45:11: error: cannot find type 'PipeChannel' in scope
43 | extension ServerSocketChannel: NIOTransportAccessibleChannelCore {}
44 | extension DatagramChannel: NIOTransportAccessibleChannelCore {}
45 | extension PipeChannel: NIOTransportAccessibleChannelCore {}
| `- error: cannot find type 'PipeChannel' in scope
46 |
/host/spi-builder-workspace/.build/checkouts/swift-nio/Sources/NIOPosix/BaseSocketChannel+AccessibleTransport.swift:17:29: error: 'where' clause cannot be applied to a non-generic top-level declaration
15 | import NIOCore
16 |
17 | extension BaseSocketChannel where SocketType: BaseSocket {
| `- error: 'where' clause cannot be applied to a non-generic top-level declaration
18 | /// The underlying transport type backing this channel.
19 | typealias Transport = NIOBSDSocket.Handle
/host/spi-builder-workspace/.build/checkouts/swift-nio/Sources/NIOPosix/BaseSocketChannel+AccessibleTransport.swift:27:29: error: 'where' clause cannot be applied to a non-generic top-level declaration
25 | }
26 |
27 | extension BaseSocketChannel where SocketType: PipePair {
| `- error: 'where' clause cannot be applied to a non-generic top-level declaration
28 | /// The underlying transport type backing this channel.
29 | typealias Transport = NIOBSDSocket.PipeHandle
[594/646] Compiling NIOPosix BaseSocketChannel+SocketOptionProvider.swift
/host/spi-builder-workspace/.build/checkouts/swift-nio/Sources/NIOPosix/BaseSocketChannel+AccessibleTransport.swift:17:11: error: cannot find type 'BaseSocketChannel' in scope
15 | import NIOCore
16 |
17 | extension BaseSocketChannel where SocketType: BaseSocket {
| `- error: cannot find type 'BaseSocketChannel' in scope
18 | /// The underlying transport type backing this channel.
19 | typealias Transport = NIOBSDSocket.Handle
/host/spi-builder-workspace/.build/checkouts/swift-nio/Sources/NIOPosix/BaseSocketChannel+AccessibleTransport.swift:27:11: error: cannot find type 'BaseSocketChannel' in scope
25 | }
26 |
27 | extension BaseSocketChannel where SocketType: PipePair {
| `- error: cannot find type 'BaseSocketChannel' in scope
28 | /// The underlying transport type backing this channel.
29 | typealias Transport = NIOBSDSocket.PipeHandle
/host/spi-builder-workspace/.build/checkouts/swift-nio/Sources/NIOPosix/BaseSocketChannel+AccessibleTransport.swift:42:11: error: cannot find type 'SocketChannel' in scope
40 | }
41 |
42 | extension SocketChannel: NIOTransportAccessibleChannelCore {}
| `- error: cannot find type 'SocketChannel' in scope
43 | extension ServerSocketChannel: NIOTransportAccessibleChannelCore {}
44 | extension DatagramChannel: NIOTransportAccessibleChannelCore {}
/host/spi-builder-workspace/.build/checkouts/swift-nio/Sources/NIOPosix/BaseSocketChannel+AccessibleTransport.swift:43:11: error: cannot find type 'ServerSocketChannel' in scope
41 |
42 | extension SocketChannel: NIOTransportAccessibleChannelCore {}
43 | extension ServerSocketChannel: NIOTransportAccessibleChannelCore {}
| `- error: cannot find type 'ServerSocketChannel' in scope
44 | extension DatagramChannel: NIOTransportAccessibleChannelCore {}
45 | extension PipeChannel: NIOTransportAccessibleChannelCore {}
/host/spi-builder-workspace/.build/checkouts/swift-nio/Sources/NIOPosix/BaseSocketChannel+AccessibleTransport.swift:44:11: error: cannot find type 'DatagramChannel' in scope
42 | extension SocketChannel: NIOTransportAccessibleChannelCore {}
43 | extension ServerSocketChannel: NIOTransportAccessibleChannelCore {}
44 | extension DatagramChannel: NIOTransportAccessibleChannelCore {}
| `- error: cannot find type 'DatagramChannel' in scope
45 | extension PipeChannel: NIOTransportAccessibleChannelCore {}
46 |
/host/spi-builder-workspace/.build/checkouts/swift-nio/Sources/NIOPosix/BaseSocketChannel+AccessibleTransport.swift:45:11: error: cannot find type 'PipeChannel' in scope
43 | extension ServerSocketChannel: NIOTransportAccessibleChannelCore {}
44 | extension DatagramChannel: NIOTransportAccessibleChannelCore {}
45 | extension PipeChannel: NIOTransportAccessibleChannelCore {}
| `- error: cannot find type 'PipeChannel' in scope
46 |
/host/spi-builder-workspace/.build/checkouts/swift-nio/Sources/NIOPosix/BaseSocketChannel+AccessibleTransport.swift:17:29: error: 'where' clause cannot be applied to a non-generic top-level declaration
15 | import NIOCore
16 |
17 | extension BaseSocketChannel where SocketType: BaseSocket {
| `- error: 'where' clause cannot be applied to a non-generic top-level declaration
18 | /// The underlying transport type backing this channel.
19 | typealias Transport = NIOBSDSocket.Handle
/host/spi-builder-workspace/.build/checkouts/swift-nio/Sources/NIOPosix/BaseSocketChannel+AccessibleTransport.swift:27:29: error: 'where' clause cannot be applied to a non-generic top-level declaration
25 | }
26 |
27 | extension BaseSocketChannel where SocketType: PipePair {
| `- error: 'where' clause cannot be applied to a non-generic top-level declaration
28 | /// The underlying transport type backing this channel.
29 | typealias Transport = NIOBSDSocket.PipeHandle
[595/646] Compiling NIOPosix BaseSocketChannel.swift
/host/spi-builder-workspace/.build/checkouts/swift-nio/Sources/NIOPosix/BaseSocketChannel+AccessibleTransport.swift:17:11: error: cannot find type 'BaseSocketChannel' in scope
15 | import NIOCore
16 |
17 | extension BaseSocketChannel where SocketType: BaseSocket {
| `- error: cannot find type 'BaseSocketChannel' in scope
18 | /// The underlying transport type backing this channel.
19 | typealias Transport = NIOBSDSocket.Handle
/host/spi-builder-workspace/.build/checkouts/swift-nio/Sources/NIOPosix/BaseSocketChannel+AccessibleTransport.swift:27:11: error: cannot find type 'BaseSocketChannel' in scope
25 | }
26 |
27 | extension BaseSocketChannel where SocketType: PipePair {
| `- error: cannot find type 'BaseSocketChannel' in scope
28 | /// The underlying transport type backing this channel.
29 | typealias Transport = NIOBSDSocket.PipeHandle
/host/spi-builder-workspace/.build/checkouts/swift-nio/Sources/NIOPosix/BaseSocketChannel+AccessibleTransport.swift:42:11: error: cannot find type 'SocketChannel' in scope
40 | }
41 |
42 | extension SocketChannel: NIOTransportAccessibleChannelCore {}
| `- error: cannot find type 'SocketChannel' in scope
43 | extension ServerSocketChannel: NIOTransportAccessibleChannelCore {}
44 | extension DatagramChannel: NIOTransportAccessibleChannelCore {}
/host/spi-builder-workspace/.build/checkouts/swift-nio/Sources/NIOPosix/BaseSocketChannel+AccessibleTransport.swift:43:11: error: cannot find type 'ServerSocketChannel' in scope
41 |
42 | extension SocketChannel: NIOTransportAccessibleChannelCore {}
43 | extension ServerSocketChannel: NIOTransportAccessibleChannelCore {}
| `- error: cannot find type 'ServerSocketChannel' in scope
44 | extension DatagramChannel: NIOTransportAccessibleChannelCore {}
45 | extension PipeChannel: NIOTransportAccessibleChannelCore {}
/host/spi-builder-workspace/.build/checkouts/swift-nio/Sources/NIOPosix/BaseSocketChannel+AccessibleTransport.swift:44:11: error: cannot find type 'DatagramChannel' in scope
42 | extension SocketChannel: NIOTransportAccessibleChannelCore {}
43 | extension ServerSocketChannel: NIOTransportAccessibleChannelCore {}
44 | extension DatagramChannel: NIOTransportAccessibleChannelCore {}
| `- error: cannot find type 'DatagramChannel' in scope
45 | extension PipeChannel: NIOTransportAccessibleChannelCore {}
46 |
/host/spi-builder-workspace/.build/checkouts/swift-nio/Sources/NIOPosix/BaseSocketChannel+AccessibleTransport.swift:45:11: error: cannot find type 'PipeChannel' in scope
43 | extension ServerSocketChannel: NIOTransportAccessibleChannelCore {}
44 | extension DatagramChannel: NIOTransportAccessibleChannelCore {}
45 | extension PipeChannel: NIOTransportAccessibleChannelCore {}
| `- error: cannot find type 'PipeChannel' in scope
46 |
/host/spi-builder-workspace/.build/checkouts/swift-nio/Sources/NIOPosix/BaseSocketChannel+AccessibleTransport.swift:17:29: error: 'where' clause cannot be applied to a non-generic top-level declaration
15 | import NIOCore
16 |
17 | extension BaseSocketChannel where SocketType: BaseSocket {
| `- error: 'where' clause cannot be applied to a non-generic top-level declaration
18 | /// The underlying transport type backing this channel.
19 | typealias Transport = NIOBSDSocket.Handle
/host/spi-builder-workspace/.build/checkouts/swift-nio/Sources/NIOPosix/BaseSocketChannel+AccessibleTransport.swift:27:29: error: 'where' clause cannot be applied to a non-generic top-level declaration
25 | }
26 |
27 | extension BaseSocketChannel where SocketType: PipePair {
| `- error: 'where' clause cannot be applied to a non-generic top-level declaration
28 | /// The underlying transport type backing this channel.
29 | typealias Transport = NIOBSDSocket.PipeHandle
error: emit-module command failed with exit code 1 (use -v to see invocation)
[596/646] Emitting module NIOPosix
/host/spi-builder-workspace/.build/checkouts/swift-nio/Sources/NIOPosix/BaseSocketChannel+AccessibleTransport.swift:17:11: error: cannot find type 'BaseSocketChannel' in scope
15 | import NIOCore
16 |
17 | extension BaseSocketChannel where SocketType: BaseSocket {
| `- error: cannot find type 'BaseSocketChannel' in scope
18 | /// The underlying transport type backing this channel.
19 | typealias Transport = NIOBSDSocket.Handle
/host/spi-builder-workspace/.build/checkouts/swift-nio/Sources/NIOPosix/BaseSocketChannel+AccessibleTransport.swift:27:11: error: cannot find type 'BaseSocketChannel' in scope
25 | }
26 |
27 | extension BaseSocketChannel where SocketType: PipePair {
| `- error: cannot find type 'BaseSocketChannel' in scope
28 | /// The underlying transport type backing this channel.
29 | typealias Transport = NIOBSDSocket.PipeHandle
/host/spi-builder-workspace/.build/checkouts/swift-nio/Sources/NIOPosix/BaseSocketChannel+AccessibleTransport.swift:42:11: error: cannot find type 'SocketChannel' in scope
40 | }
41 |
42 | extension SocketChannel: NIOTransportAccessibleChannelCore {}
| `- error: cannot find type 'SocketChannel' in scope
43 | extension ServerSocketChannel: NIOTransportAccessibleChannelCore {}
44 | extension DatagramChannel: NIOTransportAccessibleChannelCore {}
/host/spi-builder-workspace/.build/checkouts/swift-nio/Sources/NIOPosix/BaseSocketChannel+AccessibleTransport.swift:43:11: error: cannot find type 'ServerSocketChannel' in scope
41 |
42 | extension SocketChannel: NIOTransportAccessibleChannelCore {}
43 | extension ServerSocketChannel: NIOTransportAccessibleChannelCore {}
| `- error: cannot find type 'ServerSocketChannel' in scope
44 | extension DatagramChannel: NIOTransportAccessibleChannelCore {}
45 | extension PipeChannel: NIOTransportAccessibleChannelCore {}
/host/spi-builder-workspace/.build/checkouts/swift-nio/Sources/NIOPosix/BaseSocketChannel+AccessibleTransport.swift:44:11: error: cannot find type 'DatagramChannel' in scope
42 | extension SocketChannel: NIOTransportAccessibleChannelCore {}
43 | extension ServerSocketChannel: NIOTransportAccessibleChannelCore {}
44 | extension DatagramChannel: NIOTransportAccessibleChannelCore {}
| `- error: cannot find type 'DatagramChannel' in scope
45 | extension PipeChannel: NIOTransportAccessibleChannelCore {}
46 |
/host/spi-builder-workspace/.build/checkouts/swift-nio/Sources/NIOPosix/BaseSocketChannel+AccessibleTransport.swift:45:11: error: cannot find type 'PipeChannel' in scope
43 | extension ServerSocketChannel: NIOTransportAccessibleChannelCore {}
44 | extension DatagramChannel: NIOTransportAccessibleChannelCore {}
45 | extension PipeChannel: NIOTransportAccessibleChannelCore {}
| `- error: cannot find type 'PipeChannel' in scope
46 |
[597/646] Compiling NIOPosix Selectable.swift
[598/646] Compiling NIOPosix SelectableChannel.swift
[599/646] Compiling NIOPosix SelectableEventLoop.swift
[600/646] Compiling NIOPosix SelectorEpoll.swift
[601/646] Compiling NIOPosix SelectorGeneric.swift
[602/646] Compiling NIOPosix SelectorKqueue.swift
[603/646] Compiling NIOPosix SelectorUring.swift
[604/646] Compiling NIOPosix MultiThreadedEventLoopGroup.swift
[605/646] Compiling NIOPosix NIOPosixSendableMetatype.swift
[606/646] Compiling NIOPosix NIORandomizedDNSResolver.swift
[607/646] Compiling NIOPosix NIOThreadPool.swift
[608/646] Compiling NIOPosix NonBlockingFileIO.swift
[609/646] Compiling NIOPosix PendingDatagramWritesManager.swift
[610/646] Compiling NIOPosix PendingWritesManager.swift
[611/646] Compiling NIOPosix BaseStreamSocketChannel.swift
[612/646] Compiling NIOPosix Bootstrap.swift
[613/646] Compiling NIOPosix ControlMessage.swift
[614/646] Compiling NIOPosix DatagramVectorReadManager.swift
[615/646] Compiling NIOPosix Errors+Any.swift
[616/646] Compiling NIOPosix FileDescriptor.swift
[617/646] Compiling NIOPosix GetaddrinfoResolver.swift
[618/646] Compiling NIOPosix PipeChannel.swift
[619/646] Compiling NIOPosix PipePair.swift
[620/646] Compiling NIOPosix Pool.swift
[621/646] Compiling NIOPosix PosixSingletons+ConcurrencyTakeOver.swift
[622/646] Compiling NIOPosix PosixSingletons.swift
[623/646] Compiling NIOPosix RawSocketBootstrap.swift
[624/646] Compiling NIOPosix Resolver.swift
[626/647] Compiling NIOEmbedded AsyncTestingChannel.swift
[627/647] Compiling NIOFoundationEssentialsCompat Codable+ByteBuffer.swift
[628/647] Emitting module NIOFoundationEssentialsCompat
BUILD FAILURE 6.2 wasm