The Swift Package Index logo.Swift Package Index

Build Information

Failed to build StatefulTabView, reference 0.1.10 (9faa43), with Swift 6.4 for macOS (Xcode) using Xcode 27.0 on 18 Sep 2026 19:01:32 UTC.

Build Command

env DEVELOPER_DIR=/Applications/Xcode-27.0.0-Release.Candidate.app xcrun xcodebuild -IDEClonedSourcePackagesDirPathOverride=$PWD/.dependencies -skipMacroValidation -skipPackagePluginValidation -derivedDataPath $PWD/.derivedData build -scheme StatefulTabView -destination platform=macOS,arch=arm64

Build Log

========================================
RunAll
========================================
Builder version: 5.1.0
Interrupt handler set up.
========================================
Checkout
========================================
Clone URL: https://github.com/NicholasBellucci/StatefulTabView.git
Reference: 0.1.10
Initialized empty Git repository in /Users/admin/builder/spi-builder-workspace/.git/
From https://github.com/NicholasBellucci/StatefulTabView
 * tag               0.1.10     -> FETCH_HEAD
HEAD is now at 9faa432 Merge pull request #16 from camdenfullmer/return-if-found
Cloned https://github.com/NicholasBellucci/StatefulTabView.git
Revision (git rev-parse @):
9faa432592874b6e20065f2aa63f20f72c5df71c
SUCCESS checkout https://github.com/NicholasBellucci/StatefulTabView.git at 0.1.10
========================================
Build
========================================
Selected platform:         macosXcodebuild
Swift version:             6.4
Building package at path:  $PWD
https://github.com/NicholasBellucci/StatefulTabView.git
Command line invocation:
    /Applications/Xcode-27.0.0-Release.Candidate.app/Contents/Developer/usr/bin/xcodebuild -IDEClonedSourcePackagesDirPathOverride=/Users/admin/builder/spi-builder-workspace/.dependencies -resolvePackageDependencies
Resolve Package Graph
Resolve Package Graph
Resolved source packages:
  StatefulTabView: /Users/admin/builder/spi-builder-workspace
resolved source packages: StatefulTabView
2026-09-18 15:00:36.556 xcodebuild[529:3025] [MT] IDERunDestination: Supported platforms for the buildables in the current scheme is empty.
{
  "dependencies" : [
  ],
  "manifest_display_name" : "StatefulTabView",
  "name" : "StatefulTabView",
  "path" : "/Users/admin/builder/spi-builder-workspace",
  "platforms" : [
    {
      "name" : "ios",
      "version" : "13.0"
    }
  ],
  "products" : [
    {
      "name" : "StatefulTabView",
      "targets" : [
        "StatefulTabView"
      ],
      "type" : {
        "library" : [
          "automatic"
        ]
      }
    }
  ],
  "targets" : [
    {
      "c99name" : "StatefulTabViewTests",
      "module_type" : "SwiftTarget",
      "name" : "StatefulTabViewTests",
      "path" : "Tests/StatefulTabViewTests",
      "sources" : [
        "StatefulTabViewTests.swift",
        "XCTestManifests.swift"
      ],
      "target_dependencies" : [
        "StatefulTabView"
      ],
      "type" : "test"
    },
    {
      "c99name" : "StatefulTabView",
      "module_type" : "SwiftTarget",
      "name" : "StatefulTabView",
      "path" : "Sources/StatefulTabView",
      "product_memberships" : [
        "StatefulTabView"
      ],
      "sources" : [
        "Helpers/Tab.swift",
        "Helpers/TabBarController.swift",
        "Helpers/TabBarCoordinator.swift",
        "Modifiers/StatefulTabView+Modifiers.swift",
        "Modifiers/Tab+Modifiers.swift",
        "StatefulTabView.swift"
      ],
      "type" : "library"
    }
  ],
  "tools_version" : "5.2"
}
{
  "workspace" : {
    "name" : "StatefulTabView",
    "schemes" : [
      "StatefulTabView"
    ]
  }
}
2026-09-18 15:01:18.363 xcodebuild[651:4156] [MT] IDERunDestination: Supported platforms for the buildables in the current scheme is empty.
Running build ...
env DEVELOPER_DIR=/Applications/Xcode-27.0.0-Release.Candidate.app xcrun xcodebuild -IDEClonedSourcePackagesDirPathOverride=$PWD/.dependencies -skipMacroValidation -skipPackagePluginValidation -derivedDataPath $PWD/.derivedData build -scheme StatefulTabView -destination platform=macOS,arch=arm64
Command line invocation:
    /Applications/Xcode-27.0.0-Release.Candidate.app/Contents/Developer/usr/bin/xcodebuild -IDEClonedSourcePackagesDirPathOverride=/Users/admin/builder/spi-builder-workspace/.dependencies -skipMacroValidation -skipPackagePluginValidation -derivedDataPath /Users/admin/builder/spi-builder-workspace/.derivedData build -scheme StatefulTabView -destination platform=macOS,arch=arm64
Resolve Package Graph
Resolved source packages:
  StatefulTabView: /Users/admin/builder/spi-builder-workspace
ComputePackagePrebuildTargetDependencyGraph
Prepare packages
CreateBuildRequest
SendProjectDescription
CreateBuildOperation
ComputeTargetDependencyGraph
note: Building targets in dependency order
note: Target dependency graph (2 targets)
    Target 'StatefulTabView-product' in project 'StatefulTabView'
        ➜ Explicit dependency on target 'StatefulTabView' in project 'StatefulTabView'
    Target 'StatefulTabView' in project 'StatefulTabView' (no dependencies)
GatherProvisioningInputs
CreateBuildDescription
ExecuteExternalTool /Applications/Xcode-27.0.0-Release.Candidate.app/Contents/Developer/Toolchains/XcodeDefault.xctoolchain/usr/bin/clang -v -E -dM -isysroot /Applications/Xcode-27.0.0-Release.Candidate.app/Contents/Developer/Platforms/MacOSX.platform/Developer/SDKs/MacOSX27.0.sdk -x c -c /dev/null
ExecuteExternalTool /Applications/Xcode-27.0.0-Release.Candidate.app/Contents/Developer/Toolchains/XcodeDefault.xctoolchain/usr/bin/swiftc --version
ExecuteExternalTool /Applications/Xcode-27.0.0-Release.Candidate.app/Contents/Developer/Toolchains/XcodeDefault.xctoolchain/usr/bin/ld -version_details
Build description signature: 826c069d6dd2f95800c1a9f275a32a68
Build description path: /Users/admin/builder/spi-builder-workspace/.derivedData/Build/Intermediates.noindex/XCBuildData/826c069d6dd2f95800c1a9f275a32a68.xcbuilddata
CreateBuildDirectory /Users/admin/builder/spi-builder-workspace/.derivedData/CompilationCache.noindex
    cd /Users/admin/builder/spi-builder-workspace/.swiftpm/xcode
    builtin-create-build-directory /Users/admin/builder/spi-builder-workspace/.derivedData/CompilationCache.noindex
CreateBuildDirectory /Users/admin/builder/spi-builder-workspace/.derivedData/ModuleCache.noindex
    cd /Users/admin/builder/spi-builder-workspace/.swiftpm/xcode
    builtin-create-build-directory /Users/admin/builder/spi-builder-workspace/.derivedData/ModuleCache.noindex
CreateBuildDirectory /Users/admin/builder/spi-builder-workspace/.derivedData/SDKExplicitPrecompiledModules
    cd /Users/admin/builder/spi-builder-workspace/.swiftpm/xcode
    builtin-create-build-directory /Users/admin/builder/spi-builder-workspace/.derivedData/SDKExplicitPrecompiledModules
CreateBuildDirectory /Users/admin/builder/spi-builder-workspace/.derivedData/Build/Intermediates.noindex
    cd /Users/admin/builder/spi-builder-workspace/.swiftpm/xcode
    builtin-create-build-directory /Users/admin/builder/spi-builder-workspace/.derivedData/Build/Intermediates.noindex
CreateBuildDirectory /Users/admin/builder/spi-builder-workspace/.derivedData/Build/Products
    cd /Users/admin/builder/spi-builder-workspace/.swiftpm/xcode
    builtin-create-build-directory /Users/admin/builder/spi-builder-workspace/.derivedData/Build/Products
ClangStatCache /Applications/Xcode-27.0.0-Release.Candidate.app/Contents/Developer/Toolchains/XcodeDefault.xctoolchain/usr/bin/clang-stat-cache /Applications/Xcode-27.0.0-Release.Candidate.app/Contents/Developer/Platforms/MacOSX.platform/Developer/SDKs/MacOSX27.0.sdk /Users/admin/builder/spi-builder-workspace/.derivedData/SDKStatCaches.noindex/macosx27.0-26A425-e829b21a6f8c9b70876ba0858053c0446a22442a12e9d48fe1a705f55a1adfc4.sdkstatcache
    cd /Users/admin/builder/spi-builder-workspace/.swiftpm/xcode
    /Applications/Xcode-27.0.0-Release.Candidate.app/Contents/Developer/Toolchains/XcodeDefault.xctoolchain/usr/bin/clang-stat-cache /Applications/Xcode-27.0.0-Release.Candidate.app/Contents/Developer/Platforms/MacOSX.platform/Developer/SDKs/MacOSX27.0.sdk -o /Users/admin/builder/spi-builder-workspace/.derivedData/SDKStatCaches.noindex/macosx27.0-26A425-e829b21a6f8c9b70876ba0858053c0446a22442a12e9d48fe1a705f55a1adfc4.sdkstatcache
CreateBuildDirectory /Users/admin/builder/spi-builder-workspace/.derivedData/Build/Intermediates.noindex/SwiftExplicitPrecompiledModules
    cd /Users/admin/builder/spi-builder-workspace/.swiftpm/xcode
    builtin-create-build-directory /Users/admin/builder/spi-builder-workspace/.derivedData/Build/Intermediates.noindex/SwiftExplicitPrecompiledModules
CreateBuildDirectory /Users/admin/builder/spi-builder-workspace/.derivedData/Build/Intermediates.noindex/PrecompiledHeaders
    cd /Users/admin/builder/spi-builder-workspace/.swiftpm/xcode
    builtin-create-build-directory /Users/admin/builder/spi-builder-workspace/.derivedData/Build/Intermediates.noindex/PrecompiledHeaders
CreateBuildDirectory /Users/admin/builder/spi-builder-workspace/.derivedData/Build/Intermediates.noindex/ExplicitPrecompiledModules
    cd /Users/admin/builder/spi-builder-workspace/.swiftpm/xcode
    builtin-create-build-directory /Users/admin/builder/spi-builder-workspace/.derivedData/Build/Intermediates.noindex/ExplicitPrecompiledModules
CreateBuildDirectory /Users/admin/builder/spi-builder-workspace/.derivedData/Build/Products/Debug
    cd /Users/admin/builder/spi-builder-workspace/.swiftpm/xcode
    builtin-create-build-directory /Users/admin/builder/spi-builder-workspace/.derivedData/Build/Products/Debug
CreateBuildDirectory /Users/admin/builder/spi-builder-workspace/.derivedData/Build/Intermediates.noindex/EagerLinkingTBDs/Debug
    cd /Users/admin/builder/spi-builder-workspace/.swiftpm/xcode
    builtin-create-build-directory /Users/admin/builder/spi-builder-workspace/.derivedData/Build/Intermediates.noindex/EagerLinkingTBDs/Debug
CreateBuildDirectory /Users/admin/builder/spi-builder-workspace/.derivedData/Build/Products/Debug/PackageFrameworks
    cd /Users/admin/builder/spi-builder-workspace/.swiftpm/xcode
    builtin-create-build-directory /Users/admin/builder/spi-builder-workspace/.derivedData/Build/Products/Debug/PackageFrameworks
WriteAuxiliaryFile /Users/admin/builder/spi-builder-workspace/.derivedData/Build/Intermediates.noindex/StatefulTabView.build/Debug/StatefulTabView-t.build/StatefulTabView.DependencyMetadataFileList (in target 'StatefulTabView' from project 'StatefulTabView')
    cd /Users/admin/builder/spi-builder-workspace
    write-file /Users/admin/builder/spi-builder-workspace/.derivedData/Build/Intermediates.noindex/StatefulTabView.build/Debug/StatefulTabView-t.build/StatefulTabView.DependencyMetadataFileList
WriteAuxiliaryFile /Users/admin/builder/spi-builder-workspace/.derivedData/Build/Intermediates.noindex/StatefulTabView.build/Debug/StatefulTabView-t.build/StatefulTabView.DependencyStaticMetadataFileList (in target 'StatefulTabView' from project 'StatefulTabView')
    cd /Users/admin/builder/spi-builder-workspace
    write-file /Users/admin/builder/spi-builder-workspace/.derivedData/Build/Intermediates.noindex/StatefulTabView.build/Debug/StatefulTabView-t.build/StatefulTabView.DependencyStaticMetadataFileList
WriteAuxiliaryFile /Users/admin/builder/spi-builder-workspace/.derivedData/Build/Intermediates.noindex/StatefulTabView.build/Debug/StatefulTabView-t.build/StatefulTabView.modulemap (in target 'StatefulTabView' from project 'StatefulTabView')
    cd /Users/admin/builder/spi-builder-workspace
    write-file /Users/admin/builder/spi-builder-workspace/.derivedData/Build/Intermediates.noindex/StatefulTabView.build/Debug/StatefulTabView-t.build/StatefulTabView.modulemap
WriteAuxiliaryFile /Users/admin/builder/spi-builder-workspace/.derivedData/Build/Intermediates.noindex/StatefulTabView.build/Debug/StatefulTabView-t.build/Objects-normal/arm64/StatefulTabView_const_extract_protocols.json (in target 'StatefulTabView' from project 'StatefulTabView')
    cd /Users/admin/builder/spi-builder-workspace
    write-file /Users/admin/builder/spi-builder-workspace/.derivedData/Build/Intermediates.noindex/StatefulTabView.build/Debug/StatefulTabView-t.build/Objects-normal/arm64/StatefulTabView_const_extract_protocols.json
WriteAuxiliaryFile /Users/admin/builder/spi-builder-workspace/.derivedData/Build/Intermediates.noindex/StatefulTabView.build/Debug/StatefulTabView-t.build/Objects-normal/arm64/StatefulTabView-OutputFileMap.json (in target 'StatefulTabView' from project 'StatefulTabView')
    cd /Users/admin/builder/spi-builder-workspace
    write-file /Users/admin/builder/spi-builder-workspace/.derivedData/Build/Intermediates.noindex/StatefulTabView.build/Debug/StatefulTabView-t.build/Objects-normal/arm64/StatefulTabView-OutputFileMap.json
WriteAuxiliaryFile /Users/admin/builder/spi-builder-workspace/.derivedData/Build/Intermediates.noindex/StatefulTabView.build/Debug/StatefulTabView-t.build/Objects-normal/arm64/StatefulTabView.SwiftConstValuesFileList (in target 'StatefulTabView' from project 'StatefulTabView')
    cd /Users/admin/builder/spi-builder-workspace
    write-file /Users/admin/builder/spi-builder-workspace/.derivedData/Build/Intermediates.noindex/StatefulTabView.build/Debug/StatefulTabView-t.build/Objects-normal/arm64/StatefulTabView.SwiftConstValuesFileList
WriteAuxiliaryFile /Users/admin/builder/spi-builder-workspace/.derivedData/Build/Intermediates.noindex/StatefulTabView.build/Debug/StatefulTabView-t.build/Objects-normal/arm64/StatefulTabView.SwiftFileList (in target 'StatefulTabView' from project 'StatefulTabView')
    cd /Users/admin/builder/spi-builder-workspace
    write-file /Users/admin/builder/spi-builder-workspace/.derivedData/Build/Intermediates.noindex/StatefulTabView.build/Debug/StatefulTabView-t.build/Objects-normal/arm64/StatefulTabView.SwiftFileList
WriteAuxiliaryFile /Users/admin/builder/spi-builder-workspace/.derivedData/Build/Intermediates.noindex/StatefulTabView.build/Debug/StatefulTabView-t.build/Objects-normal/arm64/StatefulTabView.LinkFileList (in target 'StatefulTabView' from project 'StatefulTabView')
    cd /Users/admin/builder/spi-builder-workspace
    write-file /Users/admin/builder/spi-builder-workspace/.derivedData/Build/Intermediates.noindex/StatefulTabView.build/Debug/StatefulTabView-t.build/Objects-normal/arm64/StatefulTabView.LinkFileList
Copy /Users/admin/builder/spi-builder-workspace/.derivedData/Build/Intermediates.noindex/GeneratedModuleMaps/StatefulTabView.modulemap /Users/admin/builder/spi-builder-workspace/.derivedData/Build/Intermediates.noindex/StatefulTabView.build/Debug/StatefulTabView-t.build/StatefulTabView.modulemap (in target 'StatefulTabView' from project 'StatefulTabView')
    cd /Users/admin/builder/spi-builder-workspace
    builtin-copy -exclude .DS_Store -exclude CVS -exclude .svn -exclude .git -exclude .hg -resolve-src-symlinks /Users/admin/builder/spi-builder-workspace/.derivedData/Build/Intermediates.noindex/StatefulTabView.build/Debug/StatefulTabView-t.build/StatefulTabView.modulemap /Users/admin/builder/spi-builder-workspace/.derivedData/Build/Intermediates.noindex/GeneratedModuleMaps
SwiftDriver StatefulTabView normal arm64 com.apple.xcode.tools.swift.compiler (in target 'StatefulTabView' from project 'StatefulTabView')
    cd /Users/admin/builder/spi-builder-workspace/.swiftpm/xcode
    builtin-SwiftDriver -- /Applications/Xcode-27.0.0-Release.Candidate.app/Contents/Developer/Toolchains/XcodeDefault.xctoolchain/usr/bin/swiftc -parse-as-library -module-name StatefulTabView -Onone @/Users/admin/builder/spi-builder-workspace/.derivedData/Build/Intermediates.noindex/StatefulTabView.build/Debug/StatefulTabView-t.build/Objects-normal/arm64/StatefulTabView.SwiftFileList -DSWIFT_PACKAGE -DDEBUG -DSWIFT_MODULE_RESOURCE_BUNDLE_UNAVAILABLE -DXcode -plugin-path /Applications/Xcode-27.0.0-Release.Candidate.app/Contents/Developer/Toolchains/XcodeDefault.xctoolchain/usr/lib/swift/host/plugins/testing -enable-experimental-feature DebugDescriptionMacro -sdk /Applications/Xcode-27.0.0-Release.Candidate.app/Contents/Developer/Platforms/MacOSX.platform/Developer/SDKs/MacOSX27.0.sdk -target arm64-apple-macos12.0 -g -module-cache-path /Users/admin/builder/spi-builder-workspace/.derivedData/ModuleCache.noindex -Xfrontend -serialize-debugging-options -profile-coverage-mapping -profile-generate -enable-testing -index-store-path /Users/admin/builder/spi-builder-workspace/.derivedData/Index.noindex/DataStore -Xcc -D_LIBCPP_HARDENING_MODE\=_LIBCPP_HARDENING_MODE_DEBUG -swift-version 5 -I /Users/admin/builder/spi-builder-workspace/.derivedData/Build/Products/Debug -Isystem /Applications/Xcode-27.0.0-Release.Candidate.app/Contents/Developer/Platforms/MacOSX.platform/Developer/usr/lib -F /Users/admin/builder/spi-builder-workspace/.derivedData/Build/Products/Debug -F /Applications/Xcode-27.0.0-Release.Candidate.app/Contents/Developer/Platforms/MacOSX.platform/Developer/Library/Frameworks -c -j10 -enable-batch-mode -incremental -Xcc -ivfsstatcache -Xcc /Users/admin/builder/spi-builder-workspace/.derivedData/SDKStatCaches.noindex/macosx27.0-26A425-e829b21a6f8c9b70876ba0858053c0446a22442a12e9d48fe1a705f55a1adfc4.sdkstatcache -output-file-map /Users/admin/builder/spi-builder-workspace/.derivedData/Build/Intermediates.noindex/StatefulTabView.build/Debug/StatefulTabView-t.build/Objects-normal/arm64/StatefulTabView-OutputFileMap.json -save-temps -no-color-diagnostics -explicit-module-build -module-cache-path /Users/admin/builder/spi-builder-workspace/.derivedData/Build/Intermediates.noindex/SwiftExplicitPrecompiledModules -clang-scanner-module-cache-path /Users/admin/builder/spi-builder-workspace/.derivedData/ModuleCache.noindex -sdk-module-cache-path /Users/admin/builder/spi-builder-workspace/.derivedData/SDKExplicitPrecompiledModules -emit-dependencies -emit-module -emit-module-path /Users/admin/builder/spi-builder-workspace/.derivedData/Build/Intermediates.noindex/StatefulTabView.build/Debug/StatefulTabView-t.build/Objects-normal/arm64/StatefulTabView.swiftmodule -serialize-diagnostics -dependency-scan-serialize-diagnostics-path /Users/admin/builder/spi-builder-workspace/.derivedData/Build/Intermediates.noindex/StatefulTabView.build/Debug/StatefulTabView-t.build/Objects-normal/arm64/StatefulTabView-dependency-scan.dia -validate-clang-modules-once -clang-build-session-file /Users/admin/builder/spi-builder-workspace/.derivedData/ModuleCache.noindex/Session.modulevalidation -Xcc -fmodules-prune-interval\=86400 -Xcc -fmodules-prune-after\=345600 -emit-const-values -const-gather-protocols-list /Users/admin/builder/spi-builder-workspace/.derivedData/Build/Intermediates.noindex/StatefulTabView.build/Debug/StatefulTabView-t.build/Objects-normal/arm64/StatefulTabView_const_extract_protocols.json -Xcc -I/Users/admin/builder/spi-builder-workspace/.derivedData/Build/Products/Debug/include -Xcc -I/Users/admin/builder/spi-builder-workspace/.derivedData/Build/Intermediates.noindex/StatefulTabView.build/Debug/StatefulTabView-t.build/DerivedSources-normal/arm64 -Xcc -I/Users/admin/builder/spi-builder-workspace/.derivedData/Build/Intermediates.noindex/StatefulTabView.build/Debug/StatefulTabView-t.build/DerivedSources/arm64 -Xcc -I/Users/admin/builder/spi-builder-workspace/.derivedData/Build/Intermediates.noindex/StatefulTabView.build/Debug/StatefulTabView-t.build/DerivedSources -Xcc -DSWIFT_PACKAGE -Xcc -DDEBUG\=1 -emit-objc-header -emit-objc-header-path /Users/admin/builder/spi-builder-workspace/.derivedData/Build/Intermediates.noindex/StatefulTabView.build/Debug/StatefulTabView-t.build/Objects-normal/arm64/StatefulTabView-Swift.h -working-directory /Users/admin/builder/spi-builder-workspace/.swiftpm/xcode -experimental-emit-module-separately -disable-cmo
SwiftExplicitDependencyGeneratePcm arm64 /Users/admin/builder/spi-builder-workspace/.derivedData/SDKExplicitPrecompiledModules/_SwiftConcurrencyShims-BLUUWKI6AGMD7TJ4RGYS7DP6T.pcm
SwiftExplicitDependencyGeneratePcm arm64 /Users/admin/builder/spi-builder-workspace/.derivedData/SDKExplicitPrecompiledModules/_Builtin_float-105CRCDRP90FQCQO5ZX1LHV7H.pcm
SwiftExplicitDependencyGeneratePcm arm64 /Users/admin/builder/spi-builder-workspace/.derivedData/SDKExplicitPrecompiledModules/_Builtin_stddef-3GI9GOKXSW3QCTFOI1USFLDZO.pcm
SwiftExplicitDependencyGeneratePcm arm64 /Users/admin/builder/spi-builder-workspace/.derivedData/SDKExplicitPrecompiledModules/DeveloperToolsSupport-13SNQ6N57G3DOS3KQA7V91OE7.pcm
SwiftExplicitDependencyGeneratePcm arm64 /Users/admin/builder/spi-builder-workspace/.derivedData/SDKExplicitPrecompiledModules/_Builtin_stdbool-KYV2HKP8IKLKMKQS9DGA2GUQ.pcm
SwiftExplicitDependencyGeneratePcm arm64 /Users/admin/builder/spi-builder-workspace/.derivedData/SDKExplicitPrecompiledModules/SwiftShims-C4V0DQ62WSTCYBYGILXXGQNO3.pcm
SwiftExplicitDependencyGeneratePcm arm64 /Users/admin/builder/spi-builder-workspace/.derivedData/SDKExplicitPrecompiledModules/_AvailabilityInternal-CJTV5E7EL3MWRA437DUFPBVN2.pcm
SwiftExplicitDependencyGeneratePcm arm64 /Users/admin/builder/spi-builder-workspace/.derivedData/SDKExplicitPrecompiledModules/ptrcheck-DHLCBWKPNUZOYTPJ1J3QVTCXK.pcm
SwiftExplicitDependencyGeneratePcm arm64 /Users/admin/builder/spi-builder-workspace/.derivedData/SDKExplicitPrecompiledModules/ptrauth-2W92ZJRLNJU99RJUQGGJG3OC3.pcm
SwiftExplicitDependencyGeneratePcm arm64 /Users/admin/builder/spi-builder-workspace/.derivedData/SDKExplicitPrecompiledModules/_Builtin_stdarg-7CFWA9OSW5N24E7PG4ZOCF1VH.pcm
SwiftExplicitDependencyGeneratePcm arm64 /Users/admin/builder/spi-builder-workspace/.derivedData/SDKExplicitPrecompiledModules/_DarwinFoundation1-7PRJIG163YE9KSKYA3BS35ZZP.pcm
SwiftExplicitDependencyGeneratePcm arm64 /Users/admin/builder/spi-builder-workspace/.derivedData/SDKExplicitPrecompiledModules/_Builtin_limits-AXGUGXBFPC0I7QDLJFB0K341Y.pcm
SwiftExplicitDependencyGeneratePcm arm64 /Users/admin/builder/spi-builder-workspace/.derivedData/SDKExplicitPrecompiledModules/_DarwinFoundation2-94WUUGE4H5R03OWXE0QFZX1DN.pcm
SwiftExplicitDependencyGeneratePcm arm64 /Users/admin/builder/spi-builder-workspace/.derivedData/SDKExplicitPrecompiledModules/sys_types-F4RNCN6UR5R5OWTLTOUM7TN3E.pcm
SwiftExplicitDependencyGeneratePcm arm64 /Users/admin/builder/spi-builder-workspace/.derivedData/SDKExplicitPrecompiledModules/string_h-10WPXBF3YFYMX5HUAW06LSABR.pcm
SwiftExplicitDependencyGeneratePcm arm64 /Users/admin/builder/spi-builder-workspace/.derivedData/SDKExplicitPrecompiledModules/_Builtin_stdint-22CBBOK8BNSF0UELDCAXSHGB.pcm
SwiftExplicitDependencyGeneratePcm arm64 /Users/admin/builder/spi-builder-workspace/.derivedData/SDKExplicitPrecompiledModules/_Builtin_tgmath-52XE6HC8DWOG6S7B5QAI046D1.pcm
SwiftExplicitDependencyGeneratePcm arm64 /Users/admin/builder/spi-builder-workspace/.derivedData/SDKExplicitPrecompiledModules/_DarwinFoundation3-32PO5Q4RCB6WXH5VFO3HA3AVS.pcm
SwiftExplicitDependencyGeneratePcm arm64 /Users/admin/builder/spi-builder-workspace/.derivedData/SDKExplicitPrecompiledModules/_Builtin_intrinsics-4O6R03GTH5FLWSHEUBP0Z3GZ2.pcm
SwiftExplicitDependencyGeneratePcm arm64 /Users/admin/builder/spi-builder-workspace/.derivedData/SDKExplicitPrecompiledModules/_Builtin_stdatomic-8LN7S35C6I48KJOCW7VPXX04X.pcm
SwiftExplicitDependencyGeneratePcm arm64 /Users/admin/builder/spi-builder-workspace/.derivedData/SDKExplicitPrecompiledModules/libDER-5RCYOD0PCUUY2UGMBNE9LI8N9.pcm
SwiftExplicitDependencyGeneratePcm arm64 /Users/admin/builder/spi-builder-workspace/.derivedData/SDKExplicitPrecompiledModules/_Builtin_inttypes-1U6AP9A8AJ4G9WD98E9RHLGTJ.pcm
SwiftExplicitDependencyGeneratePcm arm64 /Users/admin/builder/spi-builder-workspace/.derivedData/SDKExplicitPrecompiledModules/Darwin-1RAAWNGKQM8YGHV0YJNNN5YDY.pcm
SwiftExplicitDependencyGeneratePcm arm64 /Users/admin/builder/spi-builder-workspace/.derivedData/SDKExplicitPrecompiledModules/simd-A9TKR8OE9APRJ1RNS7F0OBY4Q.pcm
SwiftExplicitDependencyGeneratePcm arm64 /Users/admin/builder/spi-builder-workspace/.derivedData/SDKExplicitPrecompiledModules/libkern-22MDXN9G35RPO3OLKX9B2PN16.pcm
SwiftExplicitDependencyGeneratePcm arm64 /Users/admin/builder/spi-builder-workspace/.derivedData/SDKExplicitPrecompiledModules/CUPS-45MNISAOHSEBD6VQA5G0MXN9H.pcm
SwiftExplicitDependencyGeneratePcm arm64 /Users/admin/builder/spi-builder-workspace/.derivedData/SDKExplicitPrecompiledModules/MachO-AWTJ65TFR7TMST2NUE6ZCC1SL.pcm
SwiftExplicitDependencyGeneratePcm arm64 /Users/admin/builder/spi-builder-workspace/.derivedData/SDKExplicitPrecompiledModules/launch-2XAORMJNLLVS0OVKC1M0752GY.pcm
SwiftExplicitDependencyGeneratePcm arm64 /Users/admin/builder/spi-builder-workspace/.derivedData/SDKExplicitPrecompiledModules/ObjectiveC-B89IQP2TC4CFSWOUMTUZRI1VZ.pcm
SwiftExplicitDependencyGeneratePcm arm64 /Users/admin/builder/spi-builder-workspace/.derivedData/SDKExplicitPrecompiledModules/Spatial-2JNOU2HNJ0Q174XCFCD0GCOUQ.pcm
SwiftExplicitDependencyGeneratePcm arm64 /Users/admin/builder/spi-builder-workspace/.derivedData/SDKExplicitPrecompiledModules/os_object-3KLCCI03OX6OQTLJ92KQH2KIO.pcm
SwiftExplicitDependencyGeneratePcm arm64 /Users/admin/builder/spi-builder-workspace/.derivedData/SDKExplicitPrecompiledModules/os_workgroup-10SJ5M8R2OB4BG1TPFL9SZMKV.pcm
SwiftExplicitDependencyGeneratePcm arm64 /Users/admin/builder/spi-builder-workspace/.derivedData/SDKExplicitPrecompiledModules/Dispatch-NAMWF9KN29KC7Z5OS3TTTAE8.pcm
SwiftExplicitDependencyGeneratePcm arm64 /Users/admin/builder/spi-builder-workspace/.derivedData/SDKExplicitPrecompiledModules/CoreFoundation-4ZIITQ30SOGUQE8KJAB99ZV0Q.pcm
SwiftExplicitDependencyGeneratePcm arm64 /Users/admin/builder/spi-builder-workspace/.derivedData/SDKExplicitPrecompiledModules/XPC-E1MSAZG4ZNL24S2WK6K6Y7GWW.pcm
SwiftExplicitDependencyGeneratePcm arm64 /Users/admin/builder/spi-builder-workspace/.derivedData/SDKExplicitPrecompiledModules/os-BYOEVK2GEMB4Q8WWHGZGREA00.pcm
SwiftExplicitDependencyGeneratePcm arm64 /Users/admin/builder/spi-builder-workspace/.derivedData/SDKExplicitPrecompiledModules/ColorSync-BBCIZDDQ6O3QECFAWJQ6RU4ZJ.pcm
SwiftExplicitDependencyGeneratePcm arm64 /Users/admin/builder/spi-builder-workspace/.derivedData/SDKExplicitPrecompiledModules/CFNetwork-CVHS5CT20191MFYXQIEDWSRGJ.pcm
SwiftExplicitDependencyGeneratePcm arm64 /Users/admin/builder/spi-builder-workspace/.derivedData/SDKExplicitPrecompiledModules/CoreAudioTypes-EEH2XZ47XX4YM3FOOISUYVRQE.pcm
SwiftExplicitDependencyGeneratePcm arm64 /Users/admin/builder/spi-builder-workspace/.derivedData/SDKExplicitPrecompiledModules/IOKit-6H3X691EDBH124EYTC2PEOP5T.pcm
SwiftExplicitDependencyGeneratePcm arm64 /Users/admin/builder/spi-builder-workspace/.derivedData/SDKExplicitPrecompiledModules/Security-ESPJ7FP0YAY1EL3VXBGY9MCZ8.pcm
SwiftExplicitDependencyGeneratePcm arm64 /Users/admin/builder/spi-builder-workspace/.derivedData/SDKExplicitPrecompiledModules/DiskArbitration-ZNZZU7T0SYELB0DAR56WQF0R.pcm
SwiftExplicitDependencyGeneratePcm arm64 /Users/admin/builder/spi-builder-workspace/.derivedData/SDKExplicitPrecompiledModules/CoreGraphics-5TRMNDB7ZP6FFMRNSZCWEOZMD.pcm
SwiftExplicitDependencyGeneratePcm arm64 /Users/admin/builder/spi-builder-workspace/.derivedData/SDKExplicitPrecompiledModules/CoreServices-CGCGY0FOMEQGSNMO3HQSC09XU.pcm
SwiftExplicitDependencyGeneratePcm arm64 /Users/admin/builder/spi-builder-workspace/.derivedData/SDKExplicitPrecompiledModules/CoreText-C1WSF2HWGIKVJ2XHWBKXQBSEY.pcm
SwiftExplicitDependencyGeneratePcm arm64 /Users/admin/builder/spi-builder-workspace/.derivedData/SDKExplicitPrecompiledModules/ImageIO-88YNP2EU498GB5YXIFJ9ANNYW.pcm
SwiftExplicitDependencyGeneratePcm arm64 /Users/admin/builder/spi-builder-workspace/.derivedData/SDKExplicitPrecompiledModules/Foundation-44WR0NU86C67CV5BW8W1MGKNG.pcm
SwiftExplicitDependencyGeneratePcm arm64 /Users/admin/builder/spi-builder-workspace/.derivedData/SDKExplicitPrecompiledModules/UniformTypeIdentifiers-5LG8RE3Q01MBLZVRR3FFHHL5H.pcm
SwiftExplicitDependencyGeneratePcm arm64 /Users/admin/builder/spi-builder-workspace/.derivedData/SDKExplicitPrecompiledModules/ApplicationServices-ALXSS633FQY42UMJSLR6MNLSK.pcm
SwiftExplicitDependencyGeneratePcm arm64 /Users/admin/builder/spi-builder-workspace/.derivedData/SDKExplicitPrecompiledModules/OSLog-1GSRGGGEESVJH9OULZA91RAA3.pcm
SwiftExplicitDependencyGeneratePcm arm64 /Users/admin/builder/spi-builder-workspace/.derivedData/SDKExplicitPrecompiledModules/DataDetection-5GDUUWT6YIA10PE5D9A8SXWZ9.pcm
SwiftExplicitDependencyGeneratePcm arm64 /Users/admin/builder/spi-builder-workspace/.derivedData/SDKExplicitPrecompiledModules/IOSurface-1TUG4NQVIPJF59WSUNATZ447F.pcm
SwiftExplicitDependencyGeneratePcm arm64 /Users/admin/builder/spi-builder-workspace/.derivedData/SDKExplicitPrecompiledModules/Accessibility-6F38G4T85MOHD9AA2EH4U2PJS.pcm
SwiftExplicitDependencyGeneratePcm arm64 /Users/admin/builder/spi-builder-workspace/.derivedData/SDKExplicitPrecompiledModules/CoreTransferable-2HJ1Z8HJBPECRD89AVJ0X7S63.pcm
SwiftExplicitDependencyGeneratePcm arm64 /Users/admin/builder/spi-builder-workspace/.derivedData/SDKExplicitPrecompiledModules/Symbols-2NFSQR6R0R96WH1KKGBXW1J.pcm
SwiftExplicitDependencyGeneratePcm arm64 /Users/admin/builder/spi-builder-workspace/.derivedData/SDKExplicitPrecompiledModules/CoreData-4EPJ39F9L3QQ9486B5AMG5G6J.pcm
SwiftExplicitDependencyGeneratePcm arm64 /Users/admin/builder/spi-builder-workspace/.derivedData/SDKExplicitPrecompiledModules/CoreAudio-8XPVZMQXZVBU162UQPW77JTL1.pcm
SwiftExplicitDependencyGeneratePcm arm64 /Users/admin/builder/spi-builder-workspace/.derivedData/SDKExplicitPrecompiledModules/Metal-KM8CI04R5X5OUWMGRMNZE4KP.pcm
SwiftExplicitDependencyGeneratePcm arm64 /Users/admin/builder/spi-builder-workspace/.derivedData/SDKExplicitPrecompiledModules/OpenGL-FXV81CD8YS42YTVJKJH1VLGA.pcm
SwiftExplicitDependencyGeneratePcm arm64 /Users/admin/builder/spi-builder-workspace/.derivedData/SDKExplicitPrecompiledModules/CoreVideo-11TKSDKW0L2K02H4B9ZHWLM3B.pcm
SwiftExplicitDependencyGeneratePcm arm64 /Users/admin/builder/spi-builder-workspace/.derivedData/SDKExplicitPrecompiledModules/CoreMedia-699WGYGEEF2LGFEEGSCM9Y1UF.pcm
SwiftExplicitDependencyGeneratePcm arm64 /Users/admin/builder/spi-builder-workspace/.derivedData/SDKExplicitPrecompiledModules/QuartzCore-AP21NXF3BYPWOG416U3DI6QME.pcm
SwiftExplicitDependencyGeneratePcm arm64 /Users/admin/builder/spi-builder-workspace/.derivedData/SDKExplicitPrecompiledModules/CoreImage-AKYY8VSFWQ6KIIXG3EQJ7PW5T.pcm
SwiftExplicitDependencyGeneratePcm arm64 /Users/admin/builder/spi-builder-workspace/.derivedData/SDKExplicitPrecompiledModules/SwiftUICore-ESLJM4CVIQEQNCRTK6KPAF1I7.pcm
SwiftExplicitDependencyGeneratePcm arm64 /Users/admin/builder/spi-builder-workspace/.derivedData/SDKExplicitPrecompiledModules/AppKit-C2WRQ26QXORUMMNQB0M8H4QYD.pcm
SwiftExplicitDependencyGeneratePcm arm64 /Users/admin/builder/spi-builder-workspace/.derivedData/SDKExplicitPrecompiledModules/SwiftUI-5IEOINZEJ69OCDVRMHPS5W4XI.pcm
SwiftEmitModule normal arm64 Emitting\ module\ for\ StatefulTabView (in target 'StatefulTabView' from project 'StatefulTabView')
/Users/admin/builder/spi-builder-workspace/Sources/StatefulTabView/Helpers/Tab.swift:12:18: error: cannot find type 'UITabBarItem' in scope
10 | public struct Tab {
11 |     var view: AnyView
12 |     var barItem: UITabBarItem? = nil
   |                  `- error: cannot find type 'UITabBarItem' in scope
13 |
14 |     internal var prefersLargeTitle: Bool = false
/Users/admin/builder/spi-builder-workspace/Sources/StatefulTabView/Helpers/Tab.swift:59:27: error: cannot find type 'UIImage' in scope
57 |     // MARK: UIImages
58 |     public init<T>(title: String? = nil,
59 |                    image: UIImage?,
   |                           `- error: cannot find type 'UIImage' in scope
60 |                    selectedImage: UIImage? = nil,
61 |                    badgeValue: String? = nil,
/Users/admin/builder/spi-builder-workspace/Sources/StatefulTabView/Helpers/Tab.swift:60:35: error: cannot find type 'UIImage' in scope
58 |     public init<T>(title: String? = nil,
59 |                    image: UIImage?,
60 |                    selectedImage: UIImage? = nil,
   |                                   `- error: cannot find type 'UIImage' in scope
61 |                    badgeValue: String? = nil,
62 |                    @ViewBuilder content: @escaping () -> T) where T: View {
/Users/admin/builder/spi-builder-workspace/Sources/StatefulTabView/Helpers/TabBarController.swift:17:23: error: cannot find type 'UIViewController' in scope
 15 |
 16 | struct TabBarController: UIViewControllerRepresentable {
 17 |     var controllers: [UIViewController]
    |                       `- error: cannot find type 'UIViewController' in scope
 18 |     var tabBarItems: [Tab]
 19 |
/Users/admin/builder/spi-builder-workspace/Sources/StatefulTabView/Helpers/TabBarController.swift:20:23: error: cannot find type 'UIColor' in scope
 18 |     var tabBarItems: [Tab]
 19 |
 20 |     var barTintColor: UIColor?
    |                       `- error: cannot find type 'UIColor' in scope
 21 |     var unselectedItemTintColor: UIColor?
 22 |     var backgroundColor: UIColor?
/Users/admin/builder/spi-builder-workspace/Sources/StatefulTabView/Helpers/TabBarController.swift:21:34: error: cannot find type 'UIColor' in scope
 19 |
 20 |     var barTintColor: UIColor?
 21 |     var unselectedItemTintColor: UIColor?
    |                                  `- error: cannot find type 'UIColor' in scope
 22 |     var backgroundColor: UIColor?
 23 |     var tabBarConfiguration: TabBarBackgroundConfiguration?
/Users/admin/builder/spi-builder-workspace/Sources/StatefulTabView/Helpers/TabBarController.swift:22:26: error: cannot find type 'UIColor' in scope
 20 |     var barTintColor: UIColor?
 21 |     var unselectedItemTintColor: UIColor?
 22 |     var backgroundColor: UIColor?
    |                          `- error: cannot find type 'UIColor' in scope
 23 |     var tabBarConfiguration: TabBarBackgroundConfiguration?
 24 |
/Users/admin/builder/spi-builder-workspace/Sources/StatefulTabView/Helpers/TabBarController.swift:27:52: error: cannot find type 'UITabBarController' in scope
 25 |     @Binding var selectedIndex: Int
 26 |
 27 |     func makeUIViewController(context: Context) -> UITabBarController {
    |                                                    `- error: cannot find type 'UITabBarController' in scope
 28 |         let tabBarController = UITabBarController()
 29 |         tabBarController.viewControllers = controllers
/Users/admin/builder/spi-builder-workspace/Sources/StatefulTabView/Helpers/TabBarController.swift:27:40: error: cannot find type 'Context' in scope
 25 |     @Binding var selectedIndex: Int
 26 |
 27 |     func makeUIViewController(context: Context) -> UITabBarController {
    |                                        `- error: cannot find type 'Context' in scope
 28 |         let tabBarController = UITabBarController()
 29 |         tabBarController.viewControllers = controllers
/Users/admin/builder/spi-builder-workspace/Sources/StatefulTabView/Helpers/TabBarController.swift:37:53: error: cannot find type 'UITabBarController' in scope
 35 |     }
 36 |
 37 |     func updateUIViewController(_ tabBarController: UITabBarController, context: Context) {
    |                                                     `- error: cannot find type 'UITabBarController' in scope
 38 |         tabBarController.selectedIndex = selectedIndex
 39 |
/Users/admin/builder/spi-builder-workspace/Sources/StatefulTabView/Helpers/TabBarController.swift:37:82: error: cannot find type 'Context' in scope
 35 |     }
 36 |
 37 |     func updateUIViewController(_ tabBarController: UITabBarController, context: Context) {
    |                                                                                  `- error: cannot find type 'Context' in scope
 38 |         tabBarController.selectedIndex = selectedIndex
 39 |
/Users/admin/builder/spi-builder-workspace/Sources/StatefulTabView/Helpers/TabBarController.swift:16:26: error: cannot find type 'UIViewControllerRepresentable' in scope
 14 | }
 15 |
 16 | struct TabBarController: UIViewControllerRepresentable {
    |                          `- error: cannot find type 'UIViewControllerRepresentable' in scope
 17 |     var controllers: [UIViewController]
 18 |     var tabBarItems: [Tab]
/Users/admin/builder/spi-builder-workspace/Sources/StatefulTabView/Helpers/TabBarController.swift:55:30: error: cannot find type 'UITabBar' in scope
 53 |
 54 | private extension TabBarController {
 55 |     func configure(_ tabBar: UITabBar) {
    |                              `- error: cannot find type 'UITabBar' in scope
 56 |         let appearance = tabBar.standardAppearance.copy()
 57 |
/Users/admin/builder/spi-builder-workspace/Sources/StatefulTabView/Helpers/TabBarController.swift:89:71: error: cannot find type 'UINavigationController' in scope
 87 |     }
 88 |
 89 |     func navigationController(in viewController: UIViewController) -> UINavigationController? {
    |                                                                       `- error: cannot find type 'UINavigationController' in scope
 90 |         var controller: UINavigationController?
 91 |
/Users/admin/builder/spi-builder-workspace/Sources/StatefulTabView/Helpers/TabBarController.swift:89:50: error: cannot find type 'UIViewController' in scope
 87 |     }
 88 |
 89 |     func navigationController(in viewController: UIViewController) -> UINavigationController? {
    |                                                  `- error: cannot find type 'UIViewController' in scope
 90 |         var controller: UINavigationController?
 91 |
/Users/admin/builder/spi-builder-workspace/Sources/StatefulTabView/Helpers/TabBarCoordinator.swift:11:36: error: cannot find type 'UITabBarControllerDelegate' in scope
  9 | import SwiftUI
 10 |
 11 | class TabBarCoordinator: NSObject, UITabBarControllerDelegate {
    |                                    `- error: cannot find type 'UITabBarControllerDelegate' in scope
 12 |     private enum Constants {
 13 |         static let boundsContainsPoint = CGPoint(x: 0, y: -89)
/Users/admin/builder/spi-builder-workspace/Sources/StatefulTabView/Helpers/TabBarCoordinator.swift:24:47: error: cannot find type 'UITabBarController' in scope
 22 |     }
 23 |
 24 |     func tabBarController(_ tabBarController: UITabBarController, didSelect viewController: UIViewController) {
    |                                               `- error: cannot find type 'UITabBarController' in scope
 25 |         if parent.selectedIndex == tabBarController.selectedIndex {
 26 |             guard let navigationController = navigationController(in: viewController)  else {
/Users/admin/builder/spi-builder-workspace/Sources/StatefulTabView/Helpers/TabBarCoordinator.swift:24:93: error: cannot find type 'UIViewController' in scope
 22 |     }
 23 |
 24 |     func tabBarController(_ tabBarController: UITabBarController, didSelect viewController: UIViewController) {
    |                                                                                             `- error: cannot find type 'UIViewController' in scope
 25 |         if parent.selectedIndex == tabBarController.selectedIndex {
 26 |             guard let navigationController = navigationController(in: viewController)  else {
/Users/admin/builder/spi-builder-workspace/Sources/StatefulTabView/Helpers/TabBarCoordinator.swift:43:47: error: cannot find type 'UINavigationController' in scope
 41 |
 42 | private extension TabBarCoordinator {
 43 |     func scrollToTop(in navigationController: UINavigationController, selectedIndex: Int) {
    |                                               `- error: cannot find type 'UINavigationController' in scope
 44 |         let views = navigationController.viewControllers
 45 |             .map { $0.view.subviews }
/Users/admin/builder/spi-builder-workspace/Sources/StatefulTabView/Helpers/TabBarCoordinator.swift:59:41: error: cannot find type 'UIViewController' in scope
 57 |     }
 58 |
 59 |     func scrollToTop(in viewController: UIViewController) {
    |                                         `- error: cannot find type 'UIViewController' in scope
 60 |         let views = viewController.view.subviews
 61 |
/Users/admin/builder/spi-builder-workspace/Sources/StatefulTabView/Helpers/TabBarCoordinator.swift:69:71: error: cannot find type 'UINavigationController' in scope
 67 |
 68 | private extension TabBarCoordinator {
 69 |     func navigationController(in viewController: UIViewController) -> UINavigationController? {
    |                                                                       `- error: cannot find type 'UINavigationController' in scope
 70 |         var controller: UINavigationController?
 71 |
/Users/admin/builder/spi-builder-workspace/Sources/StatefulTabView/Helpers/TabBarCoordinator.swift:69:50: error: cannot find type 'UIViewController' in scope
 67 |
 68 | private extension TabBarCoordinator {
 69 |     func navigationController(in viewController: UIViewController) -> UINavigationController? {
    |                                                  `- error: cannot find type 'UIViewController' in scope
 70 |         var controller: UINavigationController?
 71 |
/Users/admin/builder/spi-builder-workspace/Sources/StatefulTabView/Helpers/TabBarCoordinator.swift:87:44: error: cannot find type 'UIScrollView' in scope
 85 |     }
 86 |
 87 |     func scrollView(in views: [UIView]) -> UIScrollView? {
    |                                            `- error: cannot find type 'UIScrollView' in scope
 88 |         var view: UIScrollView?
 89 |
/Users/admin/builder/spi-builder-workspace/Sources/StatefulTabView/Helpers/TabBarCoordinator.swift:87:32: error: cannot find type 'UIView' in scope
 85 |     }
 86 |
 87 |     func scrollView(in views: [UIView]) -> UIScrollView? {
    |                                `- error: cannot find type 'UIView' in scope
 88 |         var view: UIScrollView?
 89 |
/Users/admin/builder/spi-builder-workspace/Sources/StatefulTabView/Modifiers/StatefulTabView+Modifiers.swift:11:32: error: cannot find type 'UIColor' in scope
 9 |
10 | public extension StatefulTabView {
11 |     func barTintColor(_ color: UIColor) -> StatefulTabView {
   |                                `- error: cannot find type 'UIColor' in scope
12 |         var copy = self
13 |         copy.barTintColor = color
/Users/admin/builder/spi-builder-workspace/Sources/StatefulTabView/Modifiers/StatefulTabView+Modifiers.swift:17:43: error: cannot find type 'UIColor' in scope
15 |     }
16 |
17 |     func unselectedItemTintColor(_ color: UIColor) -> StatefulTabView {
   |                                           `- error: cannot find type 'UIColor' in scope
18 |         var copy = self
19 |         copy.unselectedItemTintColor = color
/Users/admin/builder/spi-builder-workspace/Sources/StatefulTabView/Modifiers/StatefulTabView+Modifiers.swift:23:38: error: cannot find type 'UIColor' in scope
21 |     }
22 |
23 |     func barBackgroundColor(_ color: UIColor) -> StatefulTabView {
   |                                      `- error: cannot find type 'UIColor' in scope
24 |         var copy = self
25 |         copy.backgroundColor = color
/Users/admin/builder/spi-builder-workspace/Sources/StatefulTabView/StatefulTabView.swift:11:36: error: cannot find type 'UIHostingController' in scope
 9 |
10 | public struct StatefulTabView: View {
11 |     internal var viewControllers: [UIHostingController<AnyView>] = []
   |                                    `- error: cannot find type 'UIHostingController' in scope
12 |     internal var tabBarItems: [Tab] = []
13 |
/Users/admin/builder/spi-builder-workspace/Sources/StatefulTabView/StatefulTabView.swift:14:32: error: cannot find type 'UIColor' in scope
12 |     internal var tabBarItems: [Tab] = []
13 |
14 |     internal var barTintColor: UIColor? = nil
   |                                `- error: cannot find type 'UIColor' in scope
15 |     internal var unselectedItemTintColor: UIColor? = nil
16 |     internal var backgroundColor: UIColor? = nil
/Users/admin/builder/spi-builder-workspace/Sources/StatefulTabView/StatefulTabView.swift:15:43: error: cannot find type 'UIColor' in scope
13 |
14 |     internal var barTintColor: UIColor? = nil
15 |     internal var unselectedItemTintColor: UIColor? = nil
   |                                           `- error: cannot find type 'UIColor' in scope
16 |     internal var backgroundColor: UIColor? = nil
17 |     internal var tabBarConfiguration: TabBarBackgroundConfiguration? = nil
/Users/admin/builder/spi-builder-workspace/Sources/StatefulTabView/StatefulTabView.swift:16:35: error: cannot find type 'UIColor' in scope
14 |     internal var barTintColor: UIColor? = nil
15 |     internal var unselectedItemTintColor: UIColor? = nil
16 |     internal var backgroundColor: UIColor? = nil
   |                                   `- error: cannot find type 'UIColor' in scope
17 |     internal var tabBarConfiguration: TabBarBackgroundConfiguration? = nil
18 |
Failed frontend command:
SwiftCompile normal arm64 (in target 'StatefulTabView' from project 'StatefulTabView')
    cd /Users/admin/builder/spi-builder-workspace/.swiftpm/xcode

/Applications/Xcode-27.0.0-Release.Candidate.app/Contents/Developer/Toolchains/XcodeDefault.xctoolchain/usr/bin/swift-frontend -frontend -emit-module -experimental-skip-non-inlinable-function-bodies-without-types /Users/admin/builder/spi-builder-workspace/Sources/StatefulTabView/Helpers/Tab.swift /Users/admin/builder/spi-builder-workspace/Sources/StatefulTabView/Helpers/TabBarController.swift /Users/admin/builder/spi-builder-workspace/Sources/StatefulTabView/Helpers/TabBarCoordinator.swift /Users/admin/builder/spi-builder-workspace/Sources/StatefulTabView/Modifiers/StatefulTabView+Modifiers.swift /Users/admin/builder/spi-builder-workspace/Sources/StatefulTabView/Modifiers/Tab+Modifiers.swift /Users/admin/builder/spi-builder-workspace/Sources/StatefulTabView/StatefulTabView.swift -target arm64-apple-macos12.0 -disable-cross-import-overlay-search -load-resolved-plugin /Applications/Xcode-27.0.0-Release.Candidate.app/Contents/Developer/Platforms/MacOSX.platform/Developer/usr/lib/swift/host/plugins/libFoundationMacros.dylib\#/Applications/Xcode-27.0.0-Release.Candidate.app/Contents/Developer/Platforms/MacOSX.platform/Developer/usr/bin/swift-plugin-server\#FoundationMacros -load-resolved-plugin /Applications/Xcode-27.0.0-Release.Candidate.app/Contents/Developer/Platforms/MacOSX.platform/Developer/usr/lib/swift/host/plugins/libObservationMacros.dylib\#/Applications/Xcode-27.0.0-Release.Candidate.app/Contents/Developer/Platforms/MacOSX.platform/Developer/usr/bin/swift-plugin-server\#ObservationMacros -load-resolved-plugin /Applications/Xcode-27.0.0-Release.Candidate.app/Contents/Developer/Platforms/MacOSX.platform/Developer/usr/lib/swift/host/plugins/libPreviewsMacros.dylib\#/Applications/Xcode-27.0.0-Release.Candidate.app/Contents/Developer/Platforms/MacOSX.platform/Developer/usr/bin/swift-plugin-server\#PreviewsMacros -load-resolved-plugin /Applications/Xcode-27.0.0-Release.Candidate.app/Contents/Developer/Platforms/MacOSX.platform/Developer/usr/lib/swift/host/plugins/libSwiftMacros.dylib\#/Applications/Xcode-27.0.0-Release.Candidate.app/Contents/Developer/Platforms/MacOSX.platform/Developer/usr/bin/swift-plugin-server\#SwiftMacros -load-resolved-plugin /Applications/Xcode-27.0.0-Release.Candidate.app/Contents/Developer/Platforms/MacOSX.platform/Developer/usr/lib/swift/host/plugins/libSwiftUIMacros.dylib\#/Applications/Xcode-27.0.0-Release.Candidate.app/Contents/Developer/Platforms/MacOSX.platform/Developer/usr/bin/swift-plugin-server\#SwiftUIMacros -disable-implicit-swift-modules -Xcc -fno-implicit-modules -Xcc -fno-implicit-module-maps -explicit-swift-module-map-file /Users/admin/builder/spi-builder-workspace/.derivedData/Build/Intermediates.noindex/StatefulTabView.build/Debug/StatefulTabView-t.build/Objects-normal/arm64/StatefulTabView-dependencies-1.json -Xllvm -aarch64-use-tbi -enable-objc-interop -stack-check -sdk /Applications/Xcode-27.0.0-Release.Candidate.app/Contents/Developer/Platforms/MacOSX.platform/Developer/SDKs/MacOSX27.0.sdk -I /Users/admin/builder/spi-builder-workspace/.derivedData/Build/Products/Debug -Isystem /Applications/Xcode-27.0.0-Release.Candidate.app/Contents/Developer/Platforms/MacOSX.platform/Developer/usr/lib -F /Users/admin/builder/spi-builder-workspace/.derivedData/Build/Products/Debug -F /Applications/Xcode-27.0.0-Release.Candidate.app/Contents/Developer/Platforms/MacOSX.platform/Developer/Library/Frameworks -module-cache-path /Users/admin/builder/spi-builder-workspace/.derivedData/Build/Intermediates.noindex/SwiftExplicitPrecompiledModules -no-color-diagnostics -Xcc -fno-color-diagnostics -enable-testing -g -debug-info-format\=dwarf -dwarf-version\=4 -profile-generate -profile-coverage-mapping -swift-version 5 -Onone -D SWIFT_PACKAGE -D DEBUG -D SWIFT_MODULE_RESOURCE_BUNDLE_UNAVAILABLE -D Xcode -serialize-debugging-options -enable-experimental-feature DebugDescriptionMacro -empty-abi-descriptor -validate-clang-modules-once -clang-build-session-file /Users/admin/builder/spi-builder-workspace/.derivedData/ModuleCache.noindex/Session.modulevalidation -Xcc -working-directory -Xcc /Users/admin/builder/spi-builder-workspace/.swiftpm/xcode -enable-anonymous-context-mangled-names -file-compilation-dir /Users/admin/builder/spi-builder-workspace/.swiftpm/xcode -Xcc -D_LIBCPP_HARDENING_MODE\=_LIBCPP_HARDENING_MODE_DEBUG -Xcc -ivfsstatcache -Xcc /Users/admin/builder/spi-builder-workspace/.derivedData/SDKStatCaches.noindex/macosx27.0-26A425-e829b21a6f8c9b70876ba0858053c0446a22442a12e9d48fe1a705f55a1adfc4.sdkstatcache -Xcc -fmodules-prune-interval\=86400 -Xcc -fmodules-prune-after\=345600 -Xcc -I/Users/admin/builder/spi-builder-workspace/.derivedData/Build/Products/Debug/include -Xcc -I/Users/admin/builder/spi-builder-workspace/.derivedData/Build/Intermediates.noindex/StatefulTabView.build/Debug/StatefulTabView-t.build/DerivedSources-normal/arm64 -Xcc -I/Users/admin/builder/spi-builder-workspace/.derivedData/Build/Intermediates.noindex/StatefulTabView.build/Debug/StatefulTabView-t.build/DerivedSources/arm64 -Xcc -I/Users/admin/builder/spi-builder-workspace/.derivedData/Build/Intermediates.noindex/StatefulTabView.build/Debug/StatefulTabView-t.build/DerivedSources -Xcc -DSWIFT_PACKAGE -Xcc -DDEBUG\=1 -no-auto-bridging-header-chaining -module-name StatefulTabView -const-gather-protocols-file /Users/admin/builder/spi-builder-workspace/.derivedData/Build/Intermediates.noindex/StatefulTabView.build/Debug/StatefulTabView-t.build/Objects-normal/arm64/StatefulTabView_const_extract_protocols.json -disable-clang-spi -clang-target arm64-apple-macos27.0 -target-sdk-version 27.0 -target-sdk-name macosx27.0 -in-process-plugin-server-path /Applications/Xcode-27.0.0-Release.Candidate.app/Contents/Developer/Toolchains/XcodeDefault.xctoolchain/usr/lib/swift/host/libSwiftInProcPluginServer.dylib -emit-module-doc-path /Users/admin/builder/spi-builder-workspace/.derivedData/Build/Intermediates.noindex/StatefulTabView.build/Debug/StatefulTabView-t.build/Objects-normal/arm64/StatefulTabView.swiftdoc -emit-module-source-info-path /Users/admin/builder/spi-builder-workspace/.derivedData/Build/Intermediates.noindex/StatefulTabView.build/Debug/StatefulTabView-t.build/Objects-normal/arm64/StatefulTabView.swiftsourceinfo -emit-objc-header-path /Users/admin/builder/spi-builder-workspace/.derivedData/Build/Intermediates.noindex/StatefulTabView.build/Debug/StatefulTabView-t.build/Objects-normal/arm64/StatefulTabView-Swift.h -serialize-diagnostics-path /Users/admin/builder/spi-builder-workspace/.derivedData/Build/Intermediates.noindex/StatefulTabView.build/Debug/StatefulTabView-t.build/Objects-normal/arm64/StatefulTabView-primary-emit-module.dia -emit-dependencies-path /Users/admin/builder/spi-builder-workspace/.derivedData/Build/Intermediates.noindex/StatefulTabView.build/Debug/StatefulTabView-t.build/Objects-normal/arm64/StatefulTabView-primary-emit-module.d -parse-as-library -o /Users/admin/builder/spi-builder-workspace/.derivedData/Build/Intermediates.noindex/StatefulTabView.build/Debug/StatefulTabView-t.build/Objects-normal/arm64/StatefulTabView.swiftmodule -emit-abi-descriptor-path /Users/admin/builder/spi-builder-workspace/.derivedData/Build/Intermediates.noindex/StatefulTabView.build/Debug/StatefulTabView-t.build/Objects-normal/arm64/StatefulTabView.abi.json
SwiftCompile normal arm64 Compiling\ StatefulTabView.swift /Users/admin/builder/spi-builder-workspace/Sources/StatefulTabView/StatefulTabView.swift (in target 'StatefulTabView' from project 'StatefulTabView')
SwiftCompile normal arm64 /Users/admin/builder/spi-builder-workspace/Sources/StatefulTabView/StatefulTabView.swift (in target 'StatefulTabView' from project 'StatefulTabView')
    cd /Users/admin/builder/spi-builder-workspace/.swiftpm/xcode
    builtin-SwiftPerFileCompile StatefulTabView.swift
/Users/admin/builder/spi-builder-workspace/Sources/StatefulTabView/StatefulTabView.swift:11:36: error: cannot find type 'UIHostingController' in scope
 9 |
10 | public struct StatefulTabView: View {
11 |     internal var viewControllers: [UIHostingController<AnyView>] = []
   |                                    `- error: cannot find type 'UIHostingController' in scope
12 |     internal var tabBarItems: [Tab] = []
13 |
/Users/admin/builder/spi-builder-workspace/Sources/StatefulTabView/StatefulTabView.swift:14:32: error: cannot find type 'UIColor' in scope
12 |     internal var tabBarItems: [Tab] = []
13 |
14 |     internal var barTintColor: UIColor? = nil
   |                                `- error: cannot find type 'UIColor' in scope
15 |     internal var unselectedItemTintColor: UIColor? = nil
16 |     internal var backgroundColor: UIColor? = nil
/Users/admin/builder/spi-builder-workspace/Sources/StatefulTabView/StatefulTabView.swift:15:43: error: cannot find type 'UIColor' in scope
13 |
14 |     internal var barTintColor: UIColor? = nil
15 |     internal var unselectedItemTintColor: UIColor? = nil
   |                                           `- error: cannot find type 'UIColor' in scope
16 |     internal var backgroundColor: UIColor? = nil
17 |     internal var tabBarConfiguration: TabBarBackgroundConfiguration? = nil
SwiftCompile normal arm64 Compiling\ Tab+Modifiers.swift /Users/admin/builder/spi-builder-workspace/Sources/StatefulTabView/Modifiers/Tab+Modifiers.swift (in target 'StatefulTabView' from project 'StatefulTabView')
SwiftCompile normal arm64 /Users/admin/builder/spi-builder-workspace/Sources/StatefulTabView/Modifiers/Tab+Modifiers.swift (in target 'StatefulTabView' from project 'StatefulTabView')
    cd /Users/admin/builder/spi-builder-workspace/.swiftpm/xcode
    builtin-SwiftPerFileCompile Tab+Modifiers.swift
SwiftCompile normal arm64 Compiling\ TabBarController.swift /Users/admin/builder/spi-builder-workspace/Sources/StatefulTabView/Helpers/TabBarController.swift (in target 'StatefulTabView' from project 'StatefulTabView')
/Users/admin/builder/spi-builder-workspace/Sources/StatefulTabView/Helpers/TabBarController.swift:17:23: error: cannot find type 'UIViewController' in scope
 15 |
 16 | struct TabBarController: UIViewControllerRepresentable {
 17 |     var controllers: [UIViewController]
    |                       `- error: cannot find type 'UIViewController' in scope
 18 |     var tabBarItems: [Tab]
 19 |
/Users/admin/builder/spi-builder-workspace/Sources/StatefulTabView/Helpers/TabBarController.swift:20:23: error: cannot find type 'UIColor' in scope
 18 |     var tabBarItems: [Tab]
 19 |
 20 |     var barTintColor: UIColor?
    |                       `- error: cannot find type 'UIColor' in scope
 21 |     var unselectedItemTintColor: UIColor?
 22 |     var backgroundColor: UIColor?
/Users/admin/builder/spi-builder-workspace/Sources/StatefulTabView/Helpers/TabBarController.swift:21:34: error: cannot find type 'UIColor' in scope
 19 |
 20 |     var barTintColor: UIColor?
 21 |     var unselectedItemTintColor: UIColor?
    |                                  `- error: cannot find type 'UIColor' in scope
 22 |     var backgroundColor: UIColor?
 23 |     var tabBarConfiguration: TabBarBackgroundConfiguration?
/Users/admin/builder/spi-builder-workspace/Sources/StatefulTabView/Helpers/TabBarController.swift:22:26: error: cannot find type 'UIColor' in scope
 20 |     var barTintColor: UIColor?
 21 |     var unselectedItemTintColor: UIColor?
 22 |     var backgroundColor: UIColor?
    |                          `- error: cannot find type 'UIColor' in scope
 23 |     var tabBarConfiguration: TabBarBackgroundConfiguration?
 24 |
/Users/admin/builder/spi-builder-workspace/Sources/StatefulTabView/Helpers/TabBarController.swift:27:52: error: cannot find type 'UITabBarController' in scope
 25 |     @Binding var selectedIndex: Int
 26 |
 27 |     func makeUIViewController(context: Context) -> UITabBarController {
    |                                                    `- error: cannot find type 'UITabBarController' in scope
 28 |         let tabBarController = UITabBarController()
 29 |         tabBarController.viewControllers = controllers
/Users/admin/builder/spi-builder-workspace/Sources/StatefulTabView/Helpers/TabBarController.swift:27:40: error: cannot find type 'Context' in scope
 25 |     @Binding var selectedIndex: Int
 26 |
 27 |     func makeUIViewController(context: Context) -> UITabBarController {
    |                                        `- error: cannot find type 'Context' in scope
 28 |         let tabBarController = UITabBarController()
 29 |         tabBarController.viewControllers = controllers
/Users/admin/builder/spi-builder-workspace/Sources/StatefulTabView/Helpers/TabBarController.swift:37:53: error: cannot find type 'UITabBarController' in scope
 35 |     }
 36 |
 37 |     func updateUIViewController(_ tabBarController: UITabBarController, context: Context) {
    |                                                     `- error: cannot find type 'UITabBarController' in scope
 38 |         tabBarController.selectedIndex = selectedIndex
 39 |
/Users/admin/builder/spi-builder-workspace/Sources/StatefulTabView/Helpers/TabBarController.swift:37:82: error: cannot find type 'Context' in scope
 35 |     }
 36 |
 37 |     func updateUIViewController(_ tabBarController: UITabBarController, context: Context) {
    |                                                                                  `- error: cannot find type 'Context' in scope
 38 |         tabBarController.selectedIndex = selectedIndex
 39 |
/Users/admin/builder/spi-builder-workspace/Sources/StatefulTabView/Helpers/TabBarController.swift:16:26: error: cannot find type 'UIViewControllerRepresentable' in scope
 14 | }
 15 |
 16 | struct TabBarController: UIViewControllerRepresentable {
    |                          `- error: cannot find type 'UIViewControllerRepresentable' in scope
 17 |     var controllers: [UIViewController]
 18 |     var tabBarItems: [Tab]
/Users/admin/builder/spi-builder-workspace/Sources/StatefulTabView/Helpers/Tab.swift:12:18: error: cannot find type 'UITabBarItem' in scope
10 | public struct Tab {
11 |     var view: AnyView
12 |     var barItem: UITabBarItem? = nil
   |                  `- error: cannot find type 'UITabBarItem' in scope
13 |
14 |     internal var prefersLargeTitle: Bool = false
/Users/admin/builder/spi-builder-workspace/Sources/StatefulTabView/Helpers/TabBarController.swift:55:30: error: cannot find type 'UITabBar' in scope
 53 |
 54 | private extension TabBarController {
 55 |     func configure(_ tabBar: UITabBar) {
    |                              `- error: cannot find type 'UITabBar' in scope
 56 |         let appearance = tabBar.standardAppearance.copy()
 57 |
/Users/admin/builder/spi-builder-workspace/Sources/StatefulTabView/Helpers/TabBarController.swift:89:71: error: cannot find type 'UINavigationController' in scope
 87 |     }
 88 |
 89 |     func navigationController(in viewController: UIViewController) -> UINavigationController? {
    |                                                                       `- error: cannot find type 'UINavigationController' in scope
 90 |         var controller: UINavigationController?
 91 |
/Users/admin/builder/spi-builder-workspace/Sources/StatefulTabView/Helpers/TabBarController.swift:89:50: error: cannot find type 'UIViewController' in scope
 87 |     }
 88 |
 89 |     func navigationController(in viewController: UIViewController) -> UINavigationController? {
    |                                                  `- error: cannot find type 'UIViewController' in scope
 90 |         var controller: UINavigationController?
 91 |
/Users/admin/builder/spi-builder-workspace/Sources/StatefulTabView/Helpers/TabBarController.swift:28:32: error: cannot find 'UITabBarController' in scope
 26 |
 27 |     func makeUIViewController(context: Context) -> UITabBarController {
 28 |         let tabBarController = UITabBarController()
    |                                `- error: cannot find 'UITabBarController' in scope
 29 |         tabBarController.viewControllers = controllers
 30 |         tabBarController.delegate = context.coordinator
/Users/admin/builder/spi-builder-workspace/Sources/StatefulTabView/Helpers/TabBarController.swift:90:25: error: cannot find type 'UINavigationController' in scope
 88 |
 89 |     func navigationController(in viewController: UIViewController) -> UINavigationController? {
 90 |         var controller: UINavigationController?
    |                         `- error: cannot find type 'UINavigationController' in scope
 91 |
 92 |         if let navigationController = viewController as? UINavigationController {
/Users/admin/builder/spi-builder-workspace/Sources/StatefulTabView/Helpers/TabBarController.swift:92:58: error: cannot find type 'UINavigationController' in scope
 90 |         var controller: UINavigationController?
 91 |
 92 |         if let navigationController = viewController as? UINavigationController {
    |                                                          `- error: cannot find type 'UINavigationController' in scope
 93 |             return navigationController
 94 |         }
SwiftCompile normal arm64 /Users/admin/builder/spi-builder-workspace/Sources/StatefulTabView/Helpers/TabBarController.swift (in target 'StatefulTabView' from project 'StatefulTabView')
    cd /Users/admin/builder/spi-builder-workspace/.swiftpm/xcode
    builtin-SwiftPerFileCompile TabBarController.swift
SwiftCompile normal arm64 Compiling\ StatefulTabView+Modifiers.swift /Users/admin/builder/spi-builder-workspace/Sources/StatefulTabView/Modifiers/StatefulTabView+Modifiers.swift (in target 'StatefulTabView' from project 'StatefulTabView')
/Users/admin/builder/spi-builder-workspace/Sources/StatefulTabView/Modifiers/StatefulTabView+Modifiers.swift:11:32: error: cannot find type 'UIColor' in scope
 9 |
10 | public extension StatefulTabView {
11 |     func barTintColor(_ color: UIColor) -> StatefulTabView {
   |                                `- error: cannot find type 'UIColor' in scope
12 |         var copy = self
13 |         copy.barTintColor = color
/Users/admin/builder/spi-builder-workspace/Sources/StatefulTabView/Modifiers/StatefulTabView+Modifiers.swift:17:43: error: cannot find type 'UIColor' in scope
15 |     }
16 |
17 |     func unselectedItemTintColor(_ color: UIColor) -> StatefulTabView {
   |                                           `- error: cannot find type 'UIColor' in scope
18 |         var copy = self
19 |         copy.unselectedItemTintColor = color
/Users/admin/builder/spi-builder-workspace/Sources/StatefulTabView/Modifiers/StatefulTabView+Modifiers.swift:23:38: error: cannot find type 'UIColor' in scope
21 |     }
22 |
23 |     func barBackgroundColor(_ color: UIColor) -> StatefulTabView {
   |                                      `- error: cannot find type 'UIColor' in scope
24 |         var copy = self
25 |         copy.backgroundColor = color
/Users/admin/builder/spi-builder-workspace/Sources/StatefulTabView/StatefulTabView.swift:14:32: error: cannot find type 'UIColor' in scope
12 |     internal var tabBarItems: [Tab] = []
13 |
14 |     internal var barTintColor: UIColor? = nil
   |                                `- error: cannot find type 'UIColor' in scope
15 |     internal var unselectedItemTintColor: UIColor? = nil
16 |     internal var backgroundColor: UIColor? = nil
/Users/admin/builder/spi-builder-workspace/Sources/StatefulTabView/StatefulTabView.swift:15:43: error: cannot find type 'UIColor' in scope
13 |
14 |     internal var barTintColor: UIColor? = nil
15 |     internal var unselectedItemTintColor: UIColor? = nil
   |                                           `- error: cannot find type 'UIColor' in scope
16 |     internal var backgroundColor: UIColor? = nil
17 |     internal var tabBarConfiguration: TabBarBackgroundConfiguration? = nil
SwiftCompile normal arm64 /Users/admin/builder/spi-builder-workspace/Sources/StatefulTabView/Modifiers/StatefulTabView+Modifiers.swift (in target 'StatefulTabView' from project 'StatefulTabView')
    cd /Users/admin/builder/spi-builder-workspace/.swiftpm/xcode
    builtin-SwiftPerFileCompile StatefulTabView+Modifiers.swift
SwiftCompile normal arm64 Compiling\ Tab.swift /Users/admin/builder/spi-builder-workspace/Sources/StatefulTabView/Helpers/Tab.swift (in target 'StatefulTabView' from project 'StatefulTabView')
/Users/admin/builder/spi-builder-workspace/Sources/StatefulTabView/Helpers/Tab.swift:12:18: error: cannot find type 'UITabBarItem' in scope
10 | public struct Tab {
11 |     var view: AnyView
12 |     var barItem: UITabBarItem? = nil
   |                  `- error: cannot find type 'UITabBarItem' in scope
13 |
14 |     internal var prefersLargeTitle: Bool = false
/Users/admin/builder/spi-builder-workspace/Sources/StatefulTabView/Helpers/Tab.swift:59:27: error: cannot find type 'UIImage' in scope
57 |     // MARK: UIImages
58 |     public init<T>(title: String? = nil,
59 |                    image: UIImage?,
   |                           `- error: cannot find type 'UIImage' in scope
60 |                    selectedImage: UIImage? = nil,
61 |                    badgeValue: String? = nil,
/Users/admin/builder/spi-builder-workspace/Sources/StatefulTabView/Helpers/Tab.swift:60:35: error: cannot find type 'UIImage' in scope
58 |     public init<T>(title: String? = nil,
59 |                    image: UIImage?,
60 |                    selectedImage: UIImage? = nil,
   |                                   `- error: cannot find type 'UIImage' in scope
61 |                    badgeValue: String? = nil,
62 |                    @ViewBuilder content: @escaping () -> T) where T: View {
/Users/admin/builder/spi-builder-workspace/Sources/StatefulTabView/Helpers/Tab.swift:27:28: error: cannot find type 'UIImage' in scope
25 |         self.badgeValue = badgeValue
26 |
27 |         var selectedImage: UIImage?
   |                            `- error: cannot find type 'UIImage' in scope
28 |         if let selectedImageName = selectedImageName {
29 |             selectedImage = UIImage(named: selectedImageName)
/Users/admin/builder/spi-builder-workspace/Sources/StatefulTabView/Helpers/Tab.swift:29:29: error: cannot find 'UIImage' in scope
27 |         var selectedImage: UIImage?
28 |         if let selectedImageName = selectedImageName {
29 |             selectedImage = UIImage(named: selectedImageName)
   |                             `- error: cannot find 'UIImage' in scope
30 |         }
31 |
/Users/admin/builder/spi-builder-workspace/Sources/StatefulTabView/Helpers/Tab.swift:32:19: error: cannot find 'UITabBarItem' in scope
30 |         }
31 |
32 |         barItem = UITabBarItem(title: title, image: UIImage(named: imageName), selectedImage: selectedImage)
   |                   `- error: cannot find 'UITabBarItem' in scope
33 |
34 |         self.view = AnyView(content())
/Users/admin/builder/spi-builder-workspace/Sources/StatefulTabView/Helpers/Tab.swift:32:53: error: cannot find 'UIImage' in scope
30 |         }
31 |
32 |         barItem = UITabBarItem(title: title, image: UIImage(named: imageName), selectedImage: selectedImage)
   |                                                     `- error: cannot find 'UIImage' in scope
33 |
34 |         self.view = AnyView(content())
/Users/admin/builder/spi-builder-workspace/Sources/StatefulTabView/Helpers/Tab.swift:46:28: error: cannot find type 'UIImage' in scope
44 |         self.badgeValue = badgeValue
45 |
46 |         var selectedImage: UIImage?
   |                            `- error: cannot find type 'UIImage' in scope
47 |
48 |         if let selectedSystemImageName = selectedSystemImageName {
/Users/admin/builder/spi-builder-workspace/Sources/StatefulTabView/Helpers/Tab.swift:49:29: error: cannot find 'UIImage' in scope
47 |
48 |         if let selectedSystemImageName = selectedSystemImageName {
49 |             selectedImage = UIImage(systemName: selectedSystemImageName)
   |                             `- error: cannot find 'UIImage' in scope
50 |         }
51 |
/Users/admin/builder/spi-builder-workspace/Sources/StatefulTabView/Helpers/Tab.swift:52:19: error: cannot find 'UITabBarItem' in scope
50 |         }
51 |
52 |         barItem = UITabBarItem(title: title, image: UIImage(systemName: systemImageName), selectedImage: selectedImage)
   |                   `- error: cannot find 'UITabBarItem' in scope
53 |
54 |         self.view = AnyView(content())
/Users/admin/builder/spi-builder-workspace/Sources/StatefulTabView/Helpers/Tab.swift:52:53: error: cannot find 'UIImage' in scope
50 |         }
51 |
52 |         barItem = UITabBarItem(title: title, image: UIImage(systemName: systemImageName), selectedImage: selectedImage)
   |                                                     `- error: cannot find 'UIImage' in scope
53 |
54 |         self.view = AnyView(content())
SwiftCompile normal arm64 /Users/admin/builder/spi-builder-workspace/Sources/StatefulTabView/Helpers/Tab.swift (in target 'StatefulTabView' from project 'StatefulTabView')
    cd /Users/admin/builder/spi-builder-workspace/.swiftpm/xcode
    builtin-SwiftPerFileCompile Tab.swift
SwiftCompile normal arm64 Compiling\ TabBarCoordinator.swift /Users/admin/builder/spi-builder-workspace/Sources/StatefulTabView/Helpers/TabBarCoordinator.swift (in target 'StatefulTabView' from project 'StatefulTabView')
/Users/admin/builder/spi-builder-workspace/Sources/StatefulTabView/Helpers/TabBarCoordinator.swift:11:36: error: cannot find type 'UITabBarControllerDelegate' in scope
  9 | import SwiftUI
 10 |
 11 | class TabBarCoordinator: NSObject, UITabBarControllerDelegate {
    |                                    `- error: cannot find type 'UITabBarControllerDelegate' in scope
 12 |     private enum Constants {
 13 |         static let boundsContainsPoint = CGPoint(x: 0, y: -89)
/Users/admin/builder/spi-builder-workspace/Sources/StatefulTabView/Helpers/TabBarCoordinator.swift:24:47: error: cannot find type 'UITabBarController' in scope
 22 |     }
 23 |
 24 |     func tabBarController(_ tabBarController: UITabBarController, didSelect viewController: UIViewController) {
    |                                               `- error: cannot find type 'UITabBarController' in scope
 25 |         if parent.selectedIndex == tabBarController.selectedIndex {
 26 |             guard let navigationController = navigationController(in: viewController)  else {
/Users/admin/builder/spi-builder-workspace/Sources/StatefulTabView/Helpers/TabBarCoordinator.swift:24:93: error: cannot find type 'UIViewController' in scope
 22 |     }
 23 |
 24 |     func tabBarController(_ tabBarController: UITabBarController, didSelect viewController: UIViewController) {
    |                                                                                             `- error: cannot find type 'UIViewController' in scope
 25 |         if parent.selectedIndex == tabBarController.selectedIndex {
 26 |             guard let navigationController = navigationController(in: viewController)  else {
/Users/admin/builder/spi-builder-workspace/Sources/StatefulTabView/Helpers/TabBarCoordinator.swift:43:47: error: cannot find type 'UINavigationController' in scope
 41 |
 42 | private extension TabBarCoordinator {
 43 |     func scrollToTop(in navigationController: UINavigationController, selectedIndex: Int) {
    |                                               `- error: cannot find type 'UINavigationController' in scope
 44 |         let views = navigationController.viewControllers
 45 |             .map { $0.view.subviews }
/Users/admin/builder/spi-builder-workspace/Sources/StatefulTabView/Helpers/TabBarCoordinator.swift:59:41: error: cannot find type 'UIViewController' in scope
 57 |     }
 58 |
 59 |     func scrollToTop(in viewController: UIViewController) {
    |                                         `- error: cannot find type 'UIViewController' in scope
 60 |         let views = viewController.view.subviews
 61 |
/Users/admin/builder/spi-builder-workspace/Sources/StatefulTabView/Helpers/TabBarCoordinator.swift:69:71: error: cannot find type 'UINavigationController' in scope
 67 |
 68 | private extension TabBarCoordinator {
 69 |     func navigationController(in viewController: UIViewController) -> UINavigationController? {
    |                                                                       `- error: cannot find type 'UINavigationController' in scope
 70 |         var controller: UINavigationController?
 71 |
/Users/admin/builder/spi-builder-workspace/Sources/StatefulTabView/Helpers/TabBarCoordinator.swift:69:50: error: cannot find type 'UIViewController' in scope
 67 |
 68 | private extension TabBarCoordinator {
 69 |     func navigationController(in viewController: UIViewController) -> UINavigationController? {
    |                                                  `- error: cannot find type 'UIViewController' in scope
 70 |         var controller: UINavigationController?
 71 |
/Users/admin/builder/spi-builder-workspace/Sources/StatefulTabView/Helpers/TabBarCoordinator.swift:87:44: error: cannot find type 'UIScrollView' in scope
 85 |     }
 86 |
 87 |     func scrollView(in views: [UIView]) -> UIScrollView? {
    |                                            `- error: cannot find type 'UIScrollView' in scope
 88 |         var view: UIScrollView?
 89 |
/Users/admin/builder/spi-builder-workspace/Sources/StatefulTabView/Helpers/TabBarCoordinator.swift:87:32: error: cannot find type 'UIView' in scope
 85 |     }
 86 |
 87 |     func scrollView(in views: [UIView]) -> UIScrollView? {
    |                                `- error: cannot find type 'UIView' in scope
 88 |         var view: UIScrollView?
 89 |
/Users/admin/builder/spi-builder-workspace/Sources/StatefulTabView/Helpers/TabBarCoordinator.swift:70:25: error: cannot find type 'UINavigationController' in scope
 68 | private extension TabBarCoordinator {
 69 |     func navigationController(in viewController: UIViewController) -> UINavigationController? {
 70 |         var controller: UINavigationController?
    |                         `- error: cannot find type 'UINavigationController' in scope
 71 |
 72 |         if let navigationController = viewController as? UINavigationController {
/Users/admin/builder/spi-builder-workspace/Sources/StatefulTabView/Helpers/TabBarCoordinator.swift:72:58: error: cannot find type 'UINavigationController' in scope
 70 |         var controller: UINavigationController?
 71 |
 72 |         if let navigationController = viewController as? UINavigationController {
    |                                                          `- error: cannot find type 'UINavigationController' in scope
 73 |             return navigationController
 74 |         }
/Users/admin/builder/spi-builder-workspace/Sources/StatefulTabView/Helpers/TabBarCoordinator.swift:77:50: error: cannot find type 'UINavigationController' in scope
 75 |
 76 |         viewController.children.forEach {
 77 |             if let navigationController = $0 as? UINavigationController {
    |                                                  `- error: cannot find type 'UINavigationController' in scope
 78 |                 controller = navigationController
 79 |             } else {
/Users/admin/builder/spi-builder-workspace/Sources/StatefulTabView/Helpers/TabBarCoordinator.swift:88:19: error: cannot find type 'UIScrollView' in scope
 86 |
 87 |     func scrollView(in views: [UIView]) -> UIScrollView? {
 88 |         var view: UIScrollView?
    |                   `- error: cannot find type 'UIScrollView' in scope
 89 |
 90 |         views.forEach {
SwiftCompile normal arm64 /Users/admin/builder/spi-builder-workspace/Sources/StatefulTabView/Helpers/TabBarCoordinator.swift (in target 'StatefulTabView' from project 'StatefulTabView')
    cd /Users/admin/builder/spi-builder-workspace/.swiftpm/xcode
    builtin-SwiftPerFileCompile TabBarCoordinator.swift
PruneExplicitPrecompiledModules /Users/admin/builder/spi-builder-workspace/.derivedData/SDKExplicitPrecompiledModules
PruneExplicitPrecompiledModules /Users/admin/builder/spi-builder-workspace/.derivedData/Build/Intermediates.noindex/SwiftExplicitPrecompiledModules
PruneExplicitPrecompiledModules /Users/admin/builder/spi-builder-workspace/.derivedData/Build/Intermediates.noindex/ExplicitPrecompiledModules
2026-09-18 15:01:19.944 xcodebuild[652:4203] [MT] IDERunDestination: Supported platforms for the buildables in the current scheme is empty.
--- xcodebuild: WARNING: Using the first of multiple matching destinations:
{ platform:macOS, arch:arm64, id:9778ea6865a1aed11fb052d32619b270acd4cd4c, name:My Mac }
{ platform:macOS, arch:arm64, variant:Mac Catalyst, id:9778ea6865a1aed11fb052d32619b270acd4cd4c, name:My Mac }
{ platform:macOS, arch:arm64, variant:DriverKit, id:9778ea6865a1aed11fb052d32619b270acd4cd4c, name:My Mac }
{ platform:macOS, arch:arm64, variant:Designed for [iPad,iPhone], id:9778ea6865a1aed11fb052d32619b270acd4cd4c, name:My Mac }
** BUILD FAILED **
The following build commands failed:
	SwiftCompile normal arm64 (in target 'StatefulTabView' from project 'StatefulTabView')
	SwiftEmitModule normal arm64 Emitting\ module\ for\ StatefulTabView (in target 'StatefulTabView' from project 'StatefulTabView')
	Building workspace StatefulTabView with scheme StatefulTabView
(3 failures)
Command line invocation:
    /Applications/Xcode-27.0.0-Release.Candidate.app/Contents/Developer/usr/bin/xcodebuild -IDEClonedSourcePackagesDirPathOverride=/Users/admin/builder/spi-builder-workspace/.dependencies -resolvePackageDependencies
Resolve Package Graph
Resolved source packages:
  StatefulTabView: /Users/admin/builder/spi-builder-workspace
resolved source packages: StatefulTabView
2026-09-18 15:01:28.738 xcodebuild[742:4579] [MT] IDERunDestination: Supported platforms for the buildables in the current scheme is empty.
{
  "dependencies" : [
  ],
  "manifest_display_name" : "StatefulTabView",
  "name" : "StatefulTabView",
  "path" : "/Users/admin/builder/spi-builder-workspace",
  "platforms" : [
    {
      "name" : "ios",
      "version" : "13.0"
    }
  ],
  "products" : [
    {
      "name" : "StatefulTabView",
      "targets" : [
        "StatefulTabView"
      ],
      "type" : {
        "library" : [
          "automatic"
        ]
      }
    }
  ],
  "targets" : [
    {
      "c99name" : "StatefulTabViewTests",
      "module_type" : "SwiftTarget",
      "name" : "StatefulTabViewTests",
      "path" : "Tests/StatefulTabViewTests",
      "sources" : [
        "StatefulTabViewTests.swift",
        "XCTestManifests.swift"
      ],
      "target_dependencies" : [
        "StatefulTabView"
      ],
      "type" : "test"
    },
    {
      "c99name" : "StatefulTabView",
      "module_type" : "SwiftTarget",
      "name" : "StatefulTabView",
      "path" : "Sources/StatefulTabView",
      "product_memberships" : [
        "StatefulTabView"
      ],
      "sources" : [
        "Helpers/Tab.swift",
        "Helpers/TabBarController.swift",
        "Helpers/TabBarCoordinator.swift",
        "Modifiers/StatefulTabView+Modifiers.swift",
        "Modifiers/Tab+Modifiers.swift",
        "StatefulTabView.swift"
      ],
      "type" : "library"
    }
  ],
  "tools_version" : "5.2"
}
{
  "workspace" : {
    "name" : "StatefulTabView",
    "schemes" : [
      "StatefulTabView"
    ]
  }
}
2026-09-18 15:01:29.952 xcodebuild[750:4649] [MT] IDERunDestination: Supported platforms for the buildables in the current scheme is empty.
Running build ...
env DEVELOPER_DIR=/Applications/Xcode-27.0.0-Release.Candidate.app xcrun xcodebuild -IDEClonedSourcePackagesDirPathOverride=$PWD/.dependencies -skipMacroValidation -skipPackagePluginValidation -derivedDataPath $PWD/.derivedData build -scheme StatefulTabView -destination platform=macOS,arch=arm64
Command line invocation:
    /Applications/Xcode-27.0.0-Release.Candidate.app/Contents/Developer/usr/bin/xcodebuild -IDEClonedSourcePackagesDirPathOverride=/Users/admin/builder/spi-builder-workspace/.dependencies -skipMacroValidation -skipPackagePluginValidation -derivedDataPath /Users/admin/builder/spi-builder-workspace/.derivedData build -scheme StatefulTabView -destination platform=macOS,arch=arm64
Resolve Package Graph
Resolved source packages:
  StatefulTabView: /Users/admin/builder/spi-builder-workspace
ComputePackagePrebuildTargetDependencyGraph
Prepare packages
CreateBuildRequest
SendProjectDescription
CreateBuildOperation
ComputeTargetDependencyGraph
note: Building targets in dependency order
note: Target dependency graph (2 targets)
    Target 'StatefulTabView-product' in project 'StatefulTabView'
        ➜ Explicit dependency on target 'StatefulTabView' in project 'StatefulTabView'
    Target 'StatefulTabView' in project 'StatefulTabView' (no dependencies)
GatherProvisioningInputs
CreateBuildDescription
ClangStatCache /Applications/Xcode-27.0.0-Release.Candidate.app/Contents/Developer/Toolchains/XcodeDefault.xctoolchain/usr/bin/clang-stat-cache /Applications/Xcode-27.0.0-Release.Candidate.app/Contents/Developer/Platforms/MacOSX.platform/Developer/SDKs/MacOSX27.0.sdk /Users/admin/builder/spi-builder-workspace/.derivedData/SDKStatCaches.noindex/macosx27.0-26A425-e829b21a6f8c9b70876ba0858053c0446a22442a12e9d48fe1a705f55a1adfc4.sdkstatcache
    cd /Users/admin/builder/spi-builder-workspace/.swiftpm/xcode
    /Applications/Xcode-27.0.0-Release.Candidate.app/Contents/Developer/Toolchains/XcodeDefault.xctoolchain/usr/bin/clang-stat-cache /Applications/Xcode-27.0.0-Release.Candidate.app/Contents/Developer/Platforms/MacOSX.platform/Developer/SDKs/MacOSX27.0.sdk -o /Users/admin/builder/spi-builder-workspace/.derivedData/SDKStatCaches.noindex/macosx27.0-26A425-e829b21a6f8c9b70876ba0858053c0446a22442a12e9d48fe1a705f55a1adfc4.sdkstatcache
SwiftDriver StatefulTabView normal arm64 com.apple.xcode.tools.swift.compiler (in target 'StatefulTabView' from project 'StatefulTabView')
    cd /Users/admin/builder/spi-builder-workspace/.swiftpm/xcode
    builtin-SwiftDriver -- /Applications/Xcode-27.0.0-Release.Candidate.app/Contents/Developer/Toolchains/XcodeDefault.xctoolchain/usr/bin/swiftc -parse-as-library -module-name StatefulTabView -Onone @/Users/admin/builder/spi-builder-workspace/.derivedData/Build/Intermediates.noindex/StatefulTabView.build/Debug/StatefulTabView-t.build/Objects-normal/arm64/StatefulTabView.SwiftFileList -DSWIFT_PACKAGE -DDEBUG -DSWIFT_MODULE_RESOURCE_BUNDLE_UNAVAILABLE -DXcode -plugin-path /Applications/Xcode-27.0.0-Release.Candidate.app/Contents/Developer/Toolchains/XcodeDefault.xctoolchain/usr/lib/swift/host/plugins/testing -enable-experimental-feature DebugDescriptionMacro -sdk /Applications/Xcode-27.0.0-Release.Candidate.app/Contents/Developer/Platforms/MacOSX.platform/Developer/SDKs/MacOSX27.0.sdk -target arm64-apple-macos12.0 -g -module-cache-path /Users/admin/builder/spi-builder-workspace/.derivedData/ModuleCache.noindex -Xfrontend -serialize-debugging-options -profile-coverage-mapping -profile-generate -enable-testing -index-store-path /Users/admin/builder/spi-builder-workspace/.derivedData/Index.noindex/DataStore -Xcc -D_LIBCPP_HARDENING_MODE\=_LIBCPP_HARDENING_MODE_DEBUG -swift-version 5 -I /Users/admin/builder/spi-builder-workspace/.derivedData/Build/Products/Debug -Isystem /Applications/Xcode-27.0.0-Release.Candidate.app/Contents/Developer/Platforms/MacOSX.platform/Developer/usr/lib -F /Users/admin/builder/spi-builder-workspace/.derivedData/Build/Products/Debug -F /Applications/Xcode-27.0.0-Release.Candidate.app/Contents/Developer/Platforms/MacOSX.platform/Developer/Library/Frameworks -c -j10 -enable-batch-mode -incremental -Xcc -ivfsstatcache -Xcc /Users/admin/builder/spi-builder-workspace/.derivedData/SDKStatCaches.noindex/macosx27.0-26A425-e829b21a6f8c9b70876ba0858053c0446a22442a12e9d48fe1a705f55a1adfc4.sdkstatcache -output-file-map /Users/admin/builder/spi-builder-workspace/.derivedData/Build/Intermediates.noindex/StatefulTabView.build/Debug/StatefulTabView-t.build/Objects-normal/arm64/StatefulTabView-OutputFileMap.json -save-temps -no-color-diagnostics -explicit-module-build -module-cache-path /Users/admin/builder/spi-builder-workspace/.derivedData/Build/Intermediates.noindex/SwiftExplicitPrecompiledModules -clang-scanner-module-cache-path /Users/admin/builder/spi-builder-workspace/.derivedData/ModuleCache.noindex -sdk-module-cache-path /Users/admin/builder/spi-builder-workspace/.derivedData/SDKExplicitPrecompiledModules -emit-dependencies -emit-module -emit-module-path /Users/admin/builder/spi-builder-workspace/.derivedData/Build/Intermediates.noindex/StatefulTabView.build/Debug/StatefulTabView-t.build/Objects-normal/arm64/StatefulTabView.swiftmodule -serialize-diagnostics -dependency-scan-serialize-diagnostics-path /Users/admin/builder/spi-builder-workspace/.derivedData/Build/Intermediates.noindex/StatefulTabView.build/Debug/StatefulTabView-t.build/Objects-normal/arm64/StatefulTabView-dependency-scan.dia -validate-clang-modules-once -clang-build-session-file /Users/admin/builder/spi-builder-workspace/.derivedData/ModuleCache.noindex/Session.modulevalidation -Xcc -fmodules-prune-interval\=86400 -Xcc -fmodules-prune-after\=345600 -emit-const-values -const-gather-protocols-list /Users/admin/builder/spi-builder-workspace/.derivedData/Build/Intermediates.noindex/StatefulTabView.build/Debug/StatefulTabView-t.build/Objects-normal/arm64/StatefulTabView_const_extract_protocols.json -Xcc -I/Users/admin/builder/spi-builder-workspace/.derivedData/Build/Products/Debug/include -Xcc -I/Users/admin/builder/spi-builder-workspace/.derivedData/Build/Intermediates.noindex/StatefulTabView.build/Debug/StatefulTabView-t.build/DerivedSources-normal/arm64 -Xcc -I/Users/admin/builder/spi-builder-workspace/.derivedData/Build/Intermediates.noindex/StatefulTabView.build/Debug/StatefulTabView-t.build/DerivedSources/arm64 -Xcc -I/Users/admin/builder/spi-builder-workspace/.derivedData/Build/Intermediates.noindex/StatefulTabView.build/Debug/StatefulTabView-t.build/DerivedSources -Xcc -DSWIFT_PACKAGE -Xcc -DDEBUG\=1 -emit-objc-header -emit-objc-header-path /Users/admin/builder/spi-builder-workspace/.derivedData/Build/Intermediates.noindex/StatefulTabView.build/Debug/StatefulTabView-t.build/Objects-normal/arm64/StatefulTabView-Swift.h -working-directory /Users/admin/builder/spi-builder-workspace/.swiftpm/xcode -experimental-emit-module-separately -disable-cmo
SwiftCompile normal arm64 Compiling\ Tab+Modifiers.swift /Users/admin/builder/spi-builder-workspace/Sources/StatefulTabView/Modifiers/Tab+Modifiers.swift (in target 'StatefulTabView' from project 'StatefulTabView')
SwiftCompile normal arm64 /Users/admin/builder/spi-builder-workspace/Sources/StatefulTabView/Modifiers/Tab+Modifiers.swift (in target 'StatefulTabView' from project 'StatefulTabView')
    cd /Users/admin/builder/spi-builder-workspace/.swiftpm/xcode
    builtin-SwiftPerFileCompile Tab+Modifiers.swift
SwiftCompile normal arm64 Compiling\ Tab.swift /Users/admin/builder/spi-builder-workspace/Sources/StatefulTabView/Helpers/Tab.swift (in target 'StatefulTabView' from project 'StatefulTabView')
/Users/admin/builder/spi-builder-workspace/Sources/StatefulTabView/Helpers/Tab.swift:12:18: error: cannot find type 'UITabBarItem' in scope
10 | public struct Tab {
11 |     var view: AnyView
12 |     var barItem: UITabBarItem? = nil
   |                  `- error: cannot find type 'UITabBarItem' in scope
13 |
14 |     internal var prefersLargeTitle: Bool = false
/Users/admin/builder/spi-builder-workspace/Sources/StatefulTabView/Helpers/Tab.swift:59:27: error: cannot find type 'UIImage' in scope
57 |     // MARK: UIImages
58 |     public init<T>(title: String? = nil,
59 |                    image: UIImage?,
   |                           `- error: cannot find type 'UIImage' in scope
60 |                    selectedImage: UIImage? = nil,
61 |                    badgeValue: String? = nil,
/Users/admin/builder/spi-builder-workspace/Sources/StatefulTabView/Helpers/Tab.swift:60:35: error: cannot find type 'UIImage' in scope
58 |     public init<T>(title: String? = nil,
59 |                    image: UIImage?,
60 |                    selectedImage: UIImage? = nil,
   |                                   `- error: cannot find type 'UIImage' in scope
61 |                    badgeValue: String? = nil,
62 |                    @ViewBuilder content: @escaping () -> T) where T: View {
/Users/admin/builder/spi-builder-workspace/Sources/StatefulTabView/Helpers/Tab.swift:27:28: error: cannot find type 'UIImage' in scope
25 |         self.badgeValue = badgeValue
26 |
27 |         var selectedImage: UIImage?
   |                            `- error: cannot find type 'UIImage' in scope
28 |         if let selectedImageName = selectedImageName {
29 |             selectedImage = UIImage(named: selectedImageName)
/Users/admin/builder/spi-builder-workspace/Sources/StatefulTabView/Helpers/Tab.swift:29:29: error: cannot find 'UIImage' in scope
27 |         var selectedImage: UIImage?
28 |         if let selectedImageName = selectedImageName {
29 |             selectedImage = UIImage(named: selectedImageName)
   |                             `- error: cannot find 'UIImage' in scope
30 |         }
31 |
/Users/admin/builder/spi-builder-workspace/Sources/StatefulTabView/Helpers/Tab.swift:32:19: error: cannot find 'UITabBarItem' in scope
30 |         }
31 |
32 |         barItem = UITabBarItem(title: title, image: UIImage(named: imageName), selectedImage: selectedImage)
   |                   `- error: cannot find 'UITabBarItem' in scope
33 |
34 |         self.view = AnyView(content())
/Users/admin/builder/spi-builder-workspace/Sources/StatefulTabView/Helpers/Tab.swift:32:53: error: cannot find 'UIImage' in scope
30 |         }
31 |
32 |         barItem = UITabBarItem(title: title, image: UIImage(named: imageName), selectedImage: selectedImage)
   |                                                     `- error: cannot find 'UIImage' in scope
33 |
34 |         self.view = AnyView(content())
/Users/admin/builder/spi-builder-workspace/Sources/StatefulTabView/Helpers/Tab.swift:46:28: error: cannot find type 'UIImage' in scope
44 |         self.badgeValue = badgeValue
45 |
46 |         var selectedImage: UIImage?
   |                            `- error: cannot find type 'UIImage' in scope
47 |
48 |         if let selectedSystemImageName = selectedSystemImageName {
/Users/admin/builder/spi-builder-workspace/Sources/StatefulTabView/Helpers/Tab.swift:49:29: error: cannot find 'UIImage' in scope
47 |
48 |         if let selectedSystemImageName = selectedSystemImageName {
49 |             selectedImage = UIImage(systemName: selectedSystemImageName)
   |                             `- error: cannot find 'UIImage' in scope
50 |         }
51 |
/Users/admin/builder/spi-builder-workspace/Sources/StatefulTabView/Helpers/Tab.swift:52:19: error: cannot find 'UITabBarItem' in scope
50 |         }
51 |
52 |         barItem = UITabBarItem(title: title, image: UIImage(systemName: systemImageName), selectedImage: selectedImage)
   |                   `- error: cannot find 'UITabBarItem' in scope
53 |
54 |         self.view = AnyView(content())
/Users/admin/builder/spi-builder-workspace/Sources/StatefulTabView/Helpers/Tab.swift:52:53: error: cannot find 'UIImage' in scope
50 |         }
51 |
52 |         barItem = UITabBarItem(title: title, image: UIImage(systemName: systemImageName), selectedImage: selectedImage)
   |                                                     `- error: cannot find 'UIImage' in scope
53 |
54 |         self.view = AnyView(content())
SwiftCompile normal arm64 /Users/admin/builder/spi-builder-workspace/Sources/StatefulTabView/Helpers/Tab.swift (in target 'StatefulTabView' from project 'StatefulTabView')
    cd /Users/admin/builder/spi-builder-workspace/.swiftpm/xcode
    builtin-SwiftPerFileCompile Tab.swift
SwiftCompile normal arm64 Compiling\ StatefulTabView+Modifiers.swift /Users/admin/builder/spi-builder-workspace/Sources/StatefulTabView/Modifiers/StatefulTabView+Modifiers.swift (in target 'StatefulTabView' from project 'StatefulTabView')
SwiftCompile normal arm64 /Users/admin/builder/spi-builder-workspace/Sources/StatefulTabView/Modifiers/StatefulTabView+Modifiers.swift (in target 'StatefulTabView' from project 'StatefulTabView')
    cd /Users/admin/builder/spi-builder-workspace/.swiftpm/xcode
    builtin-SwiftPerFileCompile StatefulTabView+Modifiers.swift
/Users/admin/builder/spi-builder-workspace/Sources/StatefulTabView/Modifiers/StatefulTabView+Modifiers.swift:11:32: error: cannot find type 'UIColor' in scope
 9 |
10 | public extension StatefulTabView {
11 |     func barTintColor(_ color: UIColor) -> StatefulTabView {
   |                                `- error: cannot find type 'UIColor' in scope
12 |         var copy = self
13 |         copy.barTintColor = color
/Users/admin/builder/spi-builder-workspace/Sources/StatefulTabView/Modifiers/StatefulTabView+Modifiers.swift:17:43: error: cannot find type 'UIColor' in scope
15 |     }
16 |
17 |     func unselectedItemTintColor(_ color: UIColor) -> StatefulTabView {
   |                                           `- error: cannot find type 'UIColor' in scope
18 |         var copy = self
19 |         copy.unselectedItemTintColor = color
/Users/admin/builder/spi-builder-workspace/Sources/StatefulTabView/Modifiers/StatefulTabView+Modifiers.swift:23:38: error: cannot find type 'UIColor' in scope
21 |     }
22 |
23 |     func barBackgroundColor(_ color: UIColor) -> StatefulTabView {
   |                                      `- error: cannot find type 'UIColor' in scope
24 |         var copy = self
25 |         copy.backgroundColor = color
/Users/admin/builder/spi-builder-workspace/Sources/StatefulTabView/StatefulTabView.swift:14:32: error: cannot find type 'UIColor' in scope
12 |     internal var tabBarItems: [Tab] = []
13 |
14 |     internal var barTintColor: UIColor? = nil
   |                                `- error: cannot find type 'UIColor' in scope
15 |     internal var unselectedItemTintColor: UIColor? = nil
16 |     internal var backgroundColor: UIColor? = nil
/Users/admin/builder/spi-builder-workspace/Sources/StatefulTabView/StatefulTabView.swift:15:43: error: cannot find type 'UIColor' in scope
13 |
14 |     internal var barTintColor: UIColor? = nil
15 |     internal var unselectedItemTintColor: UIColor? = nil
   |                                           `- error: cannot find type 'UIColor' in scope
16 |     internal var backgroundColor: UIColor? = nil
17 |     internal var tabBarConfiguration: TabBarBackgroundConfiguration? = nil
SwiftCompile normal arm64 Compiling\ TabBarController.swift /Users/admin/builder/spi-builder-workspace/Sources/StatefulTabView/Helpers/TabBarController.swift (in target 'StatefulTabView' from project 'StatefulTabView')
/Users/admin/builder/spi-builder-workspace/Sources/StatefulTabView/Helpers/TabBarController.swift:17:23: error: cannot find type 'UIViewController' in scope
 15 |
 16 | struct TabBarController: UIViewControllerRepresentable {
 17 |     var controllers: [UIViewController]
    |                       `- error: cannot find type 'UIViewController' in scope
 18 |     var tabBarItems: [Tab]
 19 |
/Users/admin/builder/spi-builder-workspace/Sources/StatefulTabView/Helpers/TabBarController.swift:20:23: error: cannot find type 'UIColor' in scope
 18 |     var tabBarItems: [Tab]
 19 |
 20 |     var barTintColor: UIColor?
    |                       `- error: cannot find type 'UIColor' in scope
 21 |     var unselectedItemTintColor: UIColor?
 22 |     var backgroundColor: UIColor?
/Users/admin/builder/spi-builder-workspace/Sources/StatefulTabView/Helpers/TabBarController.swift:21:34: error: cannot find type 'UIColor' in scope
 19 |
 20 |     var barTintColor: UIColor?
 21 |     var unselectedItemTintColor: UIColor?
    |                                  `- error: cannot find type 'UIColor' in scope
 22 |     var backgroundColor: UIColor?
 23 |     var tabBarConfiguration: TabBarBackgroundConfiguration?
/Users/admin/builder/spi-builder-workspace/Sources/StatefulTabView/Helpers/TabBarController.swift:22:26: error: cannot find type 'UIColor' in scope
 20 |     var barTintColor: UIColor?
 21 |     var unselectedItemTintColor: UIColor?
 22 |     var backgroundColor: UIColor?
    |                          `- error: cannot find type 'UIColor' in scope
 23 |     var tabBarConfiguration: TabBarBackgroundConfiguration?
 24 |
/Users/admin/builder/spi-builder-workspace/Sources/StatefulTabView/Helpers/TabBarController.swift:27:52: error: cannot find type 'UITabBarController' in scope
 25 |     @Binding var selectedIndex: Int
 26 |
 27 |     func makeUIViewController(context: Context) -> UITabBarController {
    |                                                    `- error: cannot find type 'UITabBarController' in scope
 28 |         let tabBarController = UITabBarController()
 29 |         tabBarController.viewControllers = controllers
/Users/admin/builder/spi-builder-workspace/Sources/StatefulTabView/Helpers/TabBarController.swift:27:40: error: cannot find type 'Context' in scope
 25 |     @Binding var selectedIndex: Int
 26 |
 27 |     func makeUIViewController(context: Context) -> UITabBarController {
    |                                        `- error: cannot find type 'Context' in scope
 28 |         let tabBarController = UITabBarController()
 29 |         tabBarController.viewControllers = controllers
/Users/admin/builder/spi-builder-workspace/Sources/StatefulTabView/Helpers/TabBarController.swift:37:53: error: cannot find type 'UITabBarController' in scope
 35 |     }
 36 |
 37 |     func updateUIViewController(_ tabBarController: UITabBarController, context: Context) {
    |                                                     `- error: cannot find type 'UITabBarController' in scope
 38 |         tabBarController.selectedIndex = selectedIndex
 39 |
/Users/admin/builder/spi-builder-workspace/Sources/StatefulTabView/Helpers/TabBarController.swift:37:82: error: cannot find type 'Context' in scope
 35 |     }
 36 |
 37 |     func updateUIViewController(_ tabBarController: UITabBarController, context: Context) {
    |                                                                                  `- error: cannot find type 'Context' in scope
 38 |         tabBarController.selectedIndex = selectedIndex
 39 |
/Users/admin/builder/spi-builder-workspace/Sources/StatefulTabView/Helpers/TabBarController.swift:16:26: error: cannot find type 'UIViewControllerRepresentable' in scope
 14 | }
 15 |
 16 | struct TabBarController: UIViewControllerRepresentable {
    |                          `- error: cannot find type 'UIViewControllerRepresentable' in scope
 17 |     var controllers: [UIViewController]
 18 |     var tabBarItems: [Tab]
/Users/admin/builder/spi-builder-workspace/Sources/StatefulTabView/Helpers/Tab.swift:12:18: error: cannot find type 'UITabBarItem' in scope
10 | public struct Tab {
11 |     var view: AnyView
12 |     var barItem: UITabBarItem? = nil
   |                  `- error: cannot find type 'UITabBarItem' in scope
13 |
14 |     internal var prefersLargeTitle: Bool = false
/Users/admin/builder/spi-builder-workspace/Sources/StatefulTabView/Helpers/TabBarController.swift:55:30: error: cannot find type 'UITabBar' in scope
 53 |
 54 | private extension TabBarController {
 55 |     func configure(_ tabBar: UITabBar) {
    |                              `- error: cannot find type 'UITabBar' in scope
 56 |         let appearance = tabBar.standardAppearance.copy()
 57 |
/Users/admin/builder/spi-builder-workspace/Sources/StatefulTabView/Helpers/TabBarController.swift:89:71: error: cannot find type 'UINavigationController' in scope
 87 |     }
 88 |
 89 |     func navigationController(in viewController: UIViewController) -> UINavigationController? {
    |                                                                       `- error: cannot find type 'UINavigationController' in scope
 90 |         var controller: UINavigationController?
 91 |
/Users/admin/builder/spi-builder-workspace/Sources/StatefulTabView/Helpers/TabBarController.swift:89:50: error: cannot find type 'UIViewController' in scope
 87 |     }
 88 |
 89 |     func navigationController(in viewController: UIViewController) -> UINavigationController? {
    |                                                  `- error: cannot find type 'UIViewController' in scope
 90 |         var controller: UINavigationController?
 91 |
/Users/admin/builder/spi-builder-workspace/Sources/StatefulTabView/Helpers/TabBarController.swift:28:32: error: cannot find 'UITabBarController' in scope
 26 |
 27 |     func makeUIViewController(context: Context) -> UITabBarController {
 28 |         let tabBarController = UITabBarController()
    |                                `- error: cannot find 'UITabBarController' in scope
 29 |         tabBarController.viewControllers = controllers
 30 |         tabBarController.delegate = context.coordinator
/Users/admin/builder/spi-builder-workspace/Sources/StatefulTabView/Helpers/TabBarController.swift:90:25: error: cannot find type 'UINavigationController' in scope
 88 |
 89 |     func navigationController(in viewController: UIViewController) -> UINavigationController? {
 90 |         var controller: UINavigationController?
    |                         `- error: cannot find type 'UINavigationController' in scope
 91 |
 92 |         if let navigationController = viewController as? UINavigationController {
/Users/admin/builder/spi-builder-workspace/Sources/StatefulTabView/Helpers/TabBarController.swift:92:58: error: cannot find type 'UINavigationController' in scope
 90 |         var controller: UINavigationController?
 91 |
 92 |         if let navigationController = viewController as? UINavigationController {
    |                                                          `- error: cannot find type 'UINavigationController' in scope
 93 |             return navigationController
 94 |         }
SwiftCompile normal arm64 /Users/admin/builder/spi-builder-workspace/Sources/StatefulTabView/Helpers/TabBarController.swift (in target 'StatefulTabView' from project 'StatefulTabView')
    cd /Users/admin/builder/spi-builder-workspace/.swiftpm/xcode
    builtin-SwiftPerFileCompile TabBarController.swift
SwiftCompile normal arm64 Compiling\ TabBarCoordinator.swift /Users/admin/builder/spi-builder-workspace/Sources/StatefulTabView/Helpers/TabBarCoordinator.swift (in target 'StatefulTabView' from project 'StatefulTabView')
/Users/admin/builder/spi-builder-workspace/Sources/StatefulTabView/Helpers/TabBarCoordinator.swift:11:36: error: cannot find type 'UITabBarControllerDelegate' in scope
  9 | import SwiftUI
 10 |
 11 | class TabBarCoordinator: NSObject, UITabBarControllerDelegate {
    |                                    `- error: cannot find type 'UITabBarControllerDelegate' in scope
 12 |     private enum Constants {
 13 |         static let boundsContainsPoint = CGPoint(x: 0, y: -89)
/Users/admin/builder/spi-builder-workspace/Sources/StatefulTabView/Helpers/TabBarCoordinator.swift:24:47: error: cannot find type 'UITabBarController' in scope
 22 |     }
 23 |
 24 |     func tabBarController(_ tabBarController: UITabBarController, didSelect viewController: UIViewController) {
    |                                               `- error: cannot find type 'UITabBarController' in scope
 25 |         if parent.selectedIndex == tabBarController.selectedIndex {
 26 |             guard let navigationController = navigationController(in: viewController)  else {
/Users/admin/builder/spi-builder-workspace/Sources/StatefulTabView/Helpers/TabBarCoordinator.swift:24:93: error: cannot find type 'UIViewController' in scope
 22 |     }
 23 |
 24 |     func tabBarController(_ tabBarController: UITabBarController, didSelect viewController: UIViewController) {
    |                                                                                             `- error: cannot find type 'UIViewController' in scope
 25 |         if parent.selectedIndex == tabBarController.selectedIndex {
 26 |             guard let navigationController = navigationController(in: viewController)  else {
/Users/admin/builder/spi-builder-workspace/Sources/StatefulTabView/Helpers/TabBarCoordinator.swift:43:47: error: cannot find type 'UINavigationController' in scope
 41 |
 42 | private extension TabBarCoordinator {
 43 |     func scrollToTop(in navigationController: UINavigationController, selectedIndex: Int) {
    |                                               `- error: cannot find type 'UINavigationController' in scope
 44 |         let views = navigationController.viewControllers
 45 |             .map { $0.view.subviews }
/Users/admin/builder/spi-builder-workspace/Sources/StatefulTabView/Helpers/TabBarCoordinator.swift:59:41: error: cannot find type 'UIViewController' in scope
 57 |     }
 58 |
 59 |     func scrollToTop(in viewController: UIViewController) {
    |                                         `- error: cannot find type 'UIViewController' in scope
 60 |         let views = viewController.view.subviews
 61 |
/Users/admin/builder/spi-builder-workspace/Sources/StatefulTabView/Helpers/TabBarCoordinator.swift:69:71: error: cannot find type 'UINavigationController' in scope
 67 |
 68 | private extension TabBarCoordinator {
 69 |     func navigationController(in viewController: UIViewController) -> UINavigationController? {
    |                                                                       `- error: cannot find type 'UINavigationController' in scope
 70 |         var controller: UINavigationController?
 71 |
/Users/admin/builder/spi-builder-workspace/Sources/StatefulTabView/Helpers/TabBarCoordinator.swift:69:50: error: cannot find type 'UIViewController' in scope
 67 |
 68 | private extension TabBarCoordinator {
 69 |     func navigationController(in viewController: UIViewController) -> UINavigationController? {
    |                                                  `- error: cannot find type 'UIViewController' in scope
 70 |         var controller: UINavigationController?
 71 |
/Users/admin/builder/spi-builder-workspace/Sources/StatefulTabView/Helpers/TabBarCoordinator.swift:87:44: error: cannot find type 'UIScrollView' in scope
 85 |     }
 86 |
 87 |     func scrollView(in views: [UIView]) -> UIScrollView? {
    |                                            `- error: cannot find type 'UIScrollView' in scope
 88 |         var view: UIScrollView?
 89 |
/Users/admin/builder/spi-builder-workspace/Sources/StatefulTabView/Helpers/TabBarCoordinator.swift:87:32: error: cannot find type 'UIView' in scope
 85 |     }
 86 |
 87 |     func scrollView(in views: [UIView]) -> UIScrollView? {
    |                                `- error: cannot find type 'UIView' in scope
 88 |         var view: UIScrollView?
 89 |
/Users/admin/builder/spi-builder-workspace/Sources/StatefulTabView/Helpers/TabBarCoordinator.swift:70:25: error: cannot find type 'UINavigationController' in scope
 68 | private extension TabBarCoordinator {
 69 |     func navigationController(in viewController: UIViewController) -> UINavigationController? {
 70 |         var controller: UINavigationController?
    |                         `- error: cannot find type 'UINavigationController' in scope
 71 |
 72 |         if let navigationController = viewController as? UINavigationController {
/Users/admin/builder/spi-builder-workspace/Sources/StatefulTabView/Helpers/TabBarCoordinator.swift:72:58: error: cannot find type 'UINavigationController' in scope
 70 |         var controller: UINavigationController?
 71 |
 72 |         if let navigationController = viewController as? UINavigationController {
    |                                                          `- error: cannot find type 'UINavigationController' in scope
 73 |             return navigationController
 74 |         }
/Users/admin/builder/spi-builder-workspace/Sources/StatefulTabView/Helpers/TabBarCoordinator.swift:77:50: error: cannot find type 'UINavigationController' in scope
 75 |
 76 |         viewController.children.forEach {
 77 |             if let navigationController = $0 as? UINavigationController {
    |                                                  `- error: cannot find type 'UINavigationController' in scope
 78 |                 controller = navigationController
 79 |             } else {
/Users/admin/builder/spi-builder-workspace/Sources/StatefulTabView/Helpers/TabBarCoordinator.swift:88:19: error: cannot find type 'UIScrollView' in scope
 86 |
 87 |     func scrollView(in views: [UIView]) -> UIScrollView? {
 88 |         var view: UIScrollView?
    |                   `- error: cannot find type 'UIScrollView' in scope
 89 |
 90 |         views.forEach {
SwiftCompile normal arm64 /Users/admin/builder/spi-builder-workspace/Sources/StatefulTabView/Helpers/TabBarCoordinator.swift (in target 'StatefulTabView' from project 'StatefulTabView')
    cd /Users/admin/builder/spi-builder-workspace/.swiftpm/xcode
    builtin-SwiftPerFileCompile TabBarCoordinator.swift
SwiftCompile normal arm64 Compiling\ StatefulTabView.swift /Users/admin/builder/spi-builder-workspace/Sources/StatefulTabView/StatefulTabView.swift (in target 'StatefulTabView' from project 'StatefulTabView')
SwiftCompile normal arm64 /Users/admin/builder/spi-builder-workspace/Sources/StatefulTabView/StatefulTabView.swift (in target 'StatefulTabView' from project 'StatefulTabView')
    cd /Users/admin/builder/spi-builder-workspace/.swiftpm/xcode
    builtin-SwiftPerFileCompile StatefulTabView.swift
/Users/admin/builder/spi-builder-workspace/Sources/StatefulTabView/StatefulTabView.swift:11:36: error: cannot find type 'UIHostingController' in scope
 9 |
10 | public struct StatefulTabView: View {
11 |     internal var viewControllers: [UIHostingController<AnyView>] = []
   |                                    `- error: cannot find type 'UIHostingController' in scope
12 |     internal var tabBarItems: [Tab] = []
13 |
/Users/admin/builder/spi-builder-workspace/Sources/StatefulTabView/StatefulTabView.swift:14:32: error: cannot find type 'UIColor' in scope
12 |     internal var tabBarItems: [Tab] = []
13 |
14 |     internal var barTintColor: UIColor? = nil
   |                                `- error: cannot find type 'UIColor' in scope
15 |     internal var unselectedItemTintColor: UIColor? = nil
16 |     internal var backgroundColor: UIColor? = nil
/Users/admin/builder/spi-builder-workspace/Sources/StatefulTabView/StatefulTabView.swift:15:43: error: cannot find type 'UIColor' in scope
13 |
14 |     internal var barTintColor: UIColor? = nil
15 |     internal var unselectedItemTintColor: UIColor? = nil
   |                                           `- error: cannot find type 'UIColor' in scope
16 |     internal var backgroundColor: UIColor? = nil
17 |     internal var tabBarConfiguration: TabBarBackgroundConfiguration? = nil
/Users/admin/builder/spi-builder-workspace/Sources/StatefulTabView/StatefulTabView.swift:16:35: error: cannot find type 'UIColor' in scope
14 |     internal var barTintColor: UIColor? = nil
15 |     internal var unselectedItemTintColor: UIColor? = nil
16 |     internal var backgroundColor: UIColor? = nil
   |                                   `- error: cannot find type 'UIColor' in scope
17 |     internal var tabBarConfiguration: TabBarBackgroundConfiguration? = nil
18 |
/Users/admin/builder/spi-builder-workspace/Sources/StatefulTabView/Modifiers/StatefulTabView+Modifiers.swift:11:32: error: cannot find type 'UIColor' in scope
 9 |
10 | public extension StatefulTabView {
11 |     func barTintColor(_ color: UIColor) -> StatefulTabView {
   |                                `- error: cannot find type 'UIColor' in scope
12 |         var copy = self
13 |         copy.barTintColor = color
/Users/admin/builder/spi-builder-workspace/Sources/StatefulTabView/Modifiers/StatefulTabView+Modifiers.swift:17:43: error: cannot find type 'UIColor' in scope
15 |     }
16 |
17 |     func unselectedItemTintColor(_ color: UIColor) -> StatefulTabView {
   |                                           `- error: cannot find type 'UIColor' in scope
18 |         var copy = self
19 |         copy.unselectedItemTintColor = color
/Users/admin/builder/spi-builder-workspace/Sources/StatefulTabView/Helpers/TabBarController.swift:17:23: error: cannot find type 'UIViewController' in scope
 15 |
 16 | struct TabBarController: UIViewControllerRepresentable {
 17 |     var controllers: [UIViewController]
    |                       `- error: cannot find type 'UIViewController' in scope
 18 |     var tabBarItems: [Tab]
 19 |
/Users/admin/builder/spi-builder-workspace/Sources/StatefulTabView/Helpers/TabBarController.swift:20:23: error: cannot find type 'UIColor' in scope
 18 |     var tabBarItems: [Tab]
 19 |
 20 |     var barTintColor: UIColor?
    |                       `- error: cannot find type 'UIColor' in scope
 21 |     var unselectedItemTintColor: UIColor?
 22 |     var backgroundColor: UIColor?
/Users/admin/builder/spi-builder-workspace/Sources/StatefulTabView/Helpers/TabBarController.swift:21:34: error: cannot find type 'UIColor' in scope
 19 |
 20 |     var barTintColor: UIColor?
 21 |     var unselectedItemTintColor: UIColor?
    |                                  `- error: cannot find type 'UIColor' in scope
 22 |     var backgroundColor: UIColor?
 23 |     var tabBarConfiguration: TabBarBackgroundConfiguration?
/Users/admin/builder/spi-builder-workspace/Sources/StatefulTabView/Helpers/TabBarController.swift:22:26: error: cannot find type 'UIColor' in scope
 20 |     var barTintColor: UIColor?
 21 |     var unselectedItemTintColor: UIColor?
 22 |     var backgroundColor: UIColor?
    |                          `- error: cannot find type 'UIColor' in scope
 23 |     var tabBarConfiguration: TabBarBackgroundConfiguration?
 24 |
SwiftEmitModule normal arm64 Emitting\ module\ for\ StatefulTabView (in target 'StatefulTabView' from project 'StatefulTabView')
/Users/admin/builder/spi-builder-workspace/Sources/StatefulTabView/Helpers/Tab.swift:12:18: error: cannot find type 'UITabBarItem' in scope
10 | public struct Tab {
11 |     var view: AnyView
12 |     var barItem: UITabBarItem? = nil
   |                  `- error: cannot find type 'UITabBarItem' in scope
13 |
14 |     internal var prefersLargeTitle: Bool = false
/Users/admin/builder/spi-builder-workspace/Sources/StatefulTabView/Helpers/Tab.swift:59:27: error: cannot find type 'UIImage' in scope
57 |     // MARK: UIImages
58 |     public init<T>(title: String? = nil,
59 |                    image: UIImage?,
   |                           `- error: cannot find type 'UIImage' in scope
60 |                    selectedImage: UIImage? = nil,
61 |                    badgeValue: String? = nil,
/Users/admin/builder/spi-builder-workspace/Sources/StatefulTabView/Helpers/Tab.swift:60:35: error: cannot find type 'UIImage' in scope
58 |     public init<T>(title: String? = nil,
59 |                    image: UIImage?,
60 |                    selectedImage: UIImage? = nil,
   |                                   `- error: cannot find type 'UIImage' in scope
61 |                    badgeValue: String? = nil,
62 |                    @ViewBuilder content: @escaping () -> T) where T: View {
/Users/admin/builder/spi-builder-workspace/Sources/StatefulTabView/Helpers/TabBarController.swift:17:23: error: cannot find type 'UIViewController' in scope
 15 |
 16 | struct TabBarController: UIViewControllerRepresentable {
 17 |     var controllers: [UIViewController]
    |                       `- error: cannot find type 'UIViewController' in scope
 18 |     var tabBarItems: [Tab]
 19 |
/Users/admin/builder/spi-builder-workspace/Sources/StatefulTabView/Helpers/TabBarController.swift:20:23: error: cannot find type 'UIColor' in scope
 18 |     var tabBarItems: [Tab]
 19 |
 20 |     var barTintColor: UIColor?
    |                       `- error: cannot find type 'UIColor' in scope
 21 |     var unselectedItemTintColor: UIColor?
 22 |     var backgroundColor: UIColor?
/Users/admin/builder/spi-builder-workspace/Sources/StatefulTabView/Helpers/TabBarController.swift:21:34: error: cannot find type 'UIColor' in scope
 19 |
 20 |     var barTintColor: UIColor?
 21 |     var unselectedItemTintColor: UIColor?
    |                                  `- error: cannot find type 'UIColor' in scope
 22 |     var backgroundColor: UIColor?
 23 |     var tabBarConfiguration: TabBarBackgroundConfiguration?
/Users/admin/builder/spi-builder-workspace/Sources/StatefulTabView/Helpers/TabBarController.swift:22:26: error: cannot find type 'UIColor' in scope
 20 |     var barTintColor: UIColor?
 21 |     var unselectedItemTintColor: UIColor?
 22 |     var backgroundColor: UIColor?
    |                          `- error: cannot find type 'UIColor' in scope
 23 |     var tabBarConfiguration: TabBarBackgroundConfiguration?
 24 |
/Users/admin/builder/spi-builder-workspace/Sources/StatefulTabView/Helpers/TabBarController.swift:27:52: error: cannot find type 'UITabBarController' in scope
 25 |     @Binding var selectedIndex: Int
 26 |
 27 |     func makeUIViewController(context: Context) -> UITabBarController {
    |                                                    `- error: cannot find type 'UITabBarController' in scope
 28 |         let tabBarController = UITabBarController()
 29 |         tabBarController.viewControllers = controllers
/Users/admin/builder/spi-builder-workspace/Sources/StatefulTabView/Helpers/TabBarController.swift:27:40: error: cannot find type 'Context' in scope
 25 |     @Binding var selectedIndex: Int
 26 |
 27 |     func makeUIViewController(context: Context) -> UITabBarController {
    |                                        `- error: cannot find type 'Context' in scope
 28 |         let tabBarController = UITabBarController()
 29 |         tabBarController.viewControllers = controllers
/Users/admin/builder/spi-builder-workspace/Sources/StatefulTabView/Helpers/TabBarController.swift:37:53: error: cannot find type 'UITabBarController' in scope
 35 |     }
 36 |
 37 |     func updateUIViewController(_ tabBarController: UITabBarController, context: Context) {
    |                                                     `- error: cannot find type 'UITabBarController' in scope
 38 |         tabBarController.selectedIndex = selectedIndex
 39 |
/Users/admin/builder/spi-builder-workspace/Sources/StatefulTabView/Helpers/TabBarController.swift:37:82: error: cannot find type 'Context' in scope
 35 |     }
 36 |
 37 |     func updateUIViewController(_ tabBarController: UITabBarController, context: Context) {
    |                                                                                  `- error: cannot find type 'Context' in scope
 38 |         tabBarController.selectedIndex = selectedIndex
 39 |
/Users/admin/builder/spi-builder-workspace/Sources/StatefulTabView/Helpers/TabBarController.swift:16:26: error: cannot find type 'UIViewControllerRepresentable' in scope
 14 | }
 15 |
 16 | struct TabBarController: UIViewControllerRepresentable {
    |                          `- error: cannot find type 'UIViewControllerRepresentable' in scope
 17 |     var controllers: [UIViewController]
 18 |     var tabBarItems: [Tab]
/Users/admin/builder/spi-builder-workspace/Sources/StatefulTabView/Helpers/TabBarController.swift:55:30: error: cannot find type 'UITabBar' in scope
 53 |
 54 | private extension TabBarController {
 55 |     func configure(_ tabBar: UITabBar) {
    |                              `- error: cannot find type 'UITabBar' in scope
 56 |         let appearance = tabBar.standardAppearance.copy()
 57 |
/Users/admin/builder/spi-builder-workspace/Sources/StatefulTabView/Helpers/TabBarController.swift:89:71: error: cannot find type 'UINavigationController' in scope
 87 |     }
 88 |
 89 |     func navigationController(in viewController: UIViewController) -> UINavigationController? {
    |                                                                       `- error: cannot find type 'UINavigationController' in scope
 90 |         var controller: UINavigationController?
 91 |
/Users/admin/builder/spi-builder-workspace/Sources/StatefulTabView/Helpers/TabBarController.swift:89:50: error: cannot find type 'UIViewController' in scope
 87 |     }
 88 |
 89 |     func navigationController(in viewController: UIViewController) -> UINavigationController? {
    |                                                  `- error: cannot find type 'UIViewController' in scope
 90 |         var controller: UINavigationController?
 91 |
/Users/admin/builder/spi-builder-workspace/Sources/StatefulTabView/Helpers/TabBarCoordinator.swift:11:36: error: cannot find type 'UITabBarControllerDelegate' in scope
  9 | import SwiftUI
 10 |
 11 | class TabBarCoordinator: NSObject, UITabBarControllerDelegate {
    |                                    `- error: cannot find type 'UITabBarControllerDelegate' in scope
 12 |     private enum Constants {
 13 |         static let boundsContainsPoint = CGPoint(x: 0, y: -89)
/Users/admin/builder/spi-builder-workspace/Sources/StatefulTabView/Helpers/TabBarCoordinator.swift:24:47: error: cannot find type 'UITabBarController' in scope
 22 |     }
 23 |
 24 |     func tabBarController(_ tabBarController: UITabBarController, didSelect viewController: UIViewController) {
    |                                               `- error: cannot find type 'UITabBarController' in scope
 25 |         if parent.selectedIndex == tabBarController.selectedIndex {
 26 |             guard let navigationController = navigationController(in: viewController)  else {
/Users/admin/builder/spi-builder-workspace/Sources/StatefulTabView/Helpers/TabBarCoordinator.swift:24:93: error: cannot find type 'UIViewController' in scope
 22 |     }
 23 |
 24 |     func tabBarController(_ tabBarController: UITabBarController, didSelect viewController: UIViewController) {
    |                                                                                             `- error: cannot find type 'UIViewController' in scope
 25 |         if parent.selectedIndex == tabBarController.selectedIndex {
 26 |             guard let navigationController = navigationController(in: viewController)  else {
/Users/admin/builder/spi-builder-workspace/Sources/StatefulTabView/Helpers/TabBarCoordinator.swift:43:47: error: cannot find type 'UINavigationController' in scope
 41 |
 42 | private extension TabBarCoordinator {
 43 |     func scrollToTop(in navigationController: UINavigationController, selectedIndex: Int) {
    |                                               `- error: cannot find type 'UINavigationController' in scope
 44 |         let views = navigationController.viewControllers
 45 |             .map { $0.view.subviews }
/Users/admin/builder/spi-builder-workspace/Sources/StatefulTabView/Helpers/TabBarCoordinator.swift:59:41: error: cannot find type 'UIViewController' in scope
 57 |     }
 58 |
 59 |     func scrollToTop(in viewController: UIViewController) {
    |                                         `- error: cannot find type 'UIViewController' in scope
 60 |         let views = viewController.view.subviews
 61 |
/Users/admin/builder/spi-builder-workspace/Sources/StatefulTabView/Helpers/TabBarCoordinator.swift:69:71: error: cannot find type 'UINavigationController' in scope
 67 |
 68 | private extension TabBarCoordinator {
 69 |     func navigationController(in viewController: UIViewController) -> UINavigationController? {
    |                                                                       `- error: cannot find type 'UINavigationController' in scope
 70 |         var controller: UINavigationController?
 71 |
/Users/admin/builder/spi-builder-workspace/Sources/StatefulTabView/Helpers/TabBarCoordinator.swift:69:50: error: cannot find type 'UIViewController' in scope
 67 |
 68 | private extension TabBarCoordinator {
 69 |     func navigationController(in viewController: UIViewController) -> UINavigationController? {
    |                                                  `- error: cannot find type 'UIViewController' in scope
 70 |         var controller: UINavigationController?
 71 |
/Users/admin/builder/spi-builder-workspace/Sources/StatefulTabView/Helpers/TabBarCoordinator.swift:87:44: error: cannot find type 'UIScrollView' in scope
 85 |     }
 86 |
 87 |     func scrollView(in views: [UIView]) -> UIScrollView? {
    |                                            `- error: cannot find type 'UIScrollView' in scope
 88 |         var view: UIScrollView?
 89 |
/Users/admin/builder/spi-builder-workspace/Sources/StatefulTabView/Helpers/TabBarCoordinator.swift:87:32: error: cannot find type 'UIView' in scope
 85 |     }
 86 |
 87 |     func scrollView(in views: [UIView]) -> UIScrollView? {
    |                                `- error: cannot find type 'UIView' in scope
 88 |         var view: UIScrollView?
 89 |
/Users/admin/builder/spi-builder-workspace/Sources/StatefulTabView/Modifiers/StatefulTabView+Modifiers.swift:11:32: error: cannot find type 'UIColor' in scope
 9 |
10 | public extension StatefulTabView {
11 |     func barTintColor(_ color: UIColor) -> StatefulTabView {
   |                                `- error: cannot find type 'UIColor' in scope
12 |         var copy = self
13 |         copy.barTintColor = color
/Users/admin/builder/spi-builder-workspace/Sources/StatefulTabView/Modifiers/StatefulTabView+Modifiers.swift:17:43: error: cannot find type 'UIColor' in scope
15 |     }
16 |
17 |     func unselectedItemTintColor(_ color: UIColor) -> StatefulTabView {
   |                                           `- error: cannot find type 'UIColor' in scope
18 |         var copy = self
19 |         copy.unselectedItemTintColor = color
/Users/admin/builder/spi-builder-workspace/Sources/StatefulTabView/Modifiers/StatefulTabView+Modifiers.swift:23:38: error: cannot find type 'UIColor' in scope
21 |     }
22 |
23 |     func barBackgroundColor(_ color: UIColor) -> StatefulTabView {
   |                                      `- error: cannot find type 'UIColor' in scope
24 |         var copy = self
25 |         copy.backgroundColor = color
/Users/admin/builder/spi-builder-workspace/Sources/StatefulTabView/StatefulTabView.swift:11:36: error: cannot find type 'UIHostingController' in scope
 9 |
10 | public struct StatefulTabView: View {
11 |     internal var viewControllers: [UIHostingController<AnyView>] = []
   |                                    `- error: cannot find type 'UIHostingController' in scope
12 |     internal var tabBarItems: [Tab] = []
13 |
/Users/admin/builder/spi-builder-workspace/Sources/StatefulTabView/StatefulTabView.swift:14:32: error: cannot find type 'UIColor' in scope
12 |     internal var tabBarItems: [Tab] = []
13 |
14 |     internal var barTintColor: UIColor? = nil
   |                                `- error: cannot find type 'UIColor' in scope
15 |     internal var unselectedItemTintColor: UIColor? = nil
16 |     internal var backgroundColor: UIColor? = nil
/Users/admin/builder/spi-builder-workspace/Sources/StatefulTabView/StatefulTabView.swift:15:43: error: cannot find type 'UIColor' in scope
13 |
14 |     internal var barTintColor: UIColor? = nil
15 |     internal var unselectedItemTintColor: UIColor? = nil
   |                                           `- error: cannot find type 'UIColor' in scope
16 |     internal var backgroundColor: UIColor? = nil
17 |     internal var tabBarConfiguration: TabBarBackgroundConfiguration? = nil
/Users/admin/builder/spi-builder-workspace/Sources/StatefulTabView/StatefulTabView.swift:16:35: error: cannot find type 'UIColor' in scope
14 |     internal var barTintColor: UIColor? = nil
15 |     internal var unselectedItemTintColor: UIColor? = nil
16 |     internal var backgroundColor: UIColor? = nil
   |                                   `- error: cannot find type 'UIColor' in scope
17 |     internal var tabBarConfiguration: TabBarBackgroundConfiguration? = nil
18 |
Failed frontend command:
/Applications/Xcode-27.0.0-Release.Candidate.app/Contents/Developer/Toolchains/XcodeDefault.xctoolchain/usr/bin/swift-frontend -frontend -emit-module -experimental-skip-non-inlinable-function-bodies-without-types /Users/admin/builder/spi-builder-workspace/Sources/StatefulTabView/Helpers/Tab.swift /Users/admin/builder/spi-builder-workspace/Sources/StatefulTabView/Helpers/TabBarController.swift /Users/admin/builder/spi-builder-workspace/Sources/StatefulTabView/Helpers/TabBarCoordinator.swift /Users/admin/builder/spi-builder-workspace/Sources/StatefulTabView/Modifiers/StatefulTabView+Modifiers.swift /Users/admin/builder/spi-builder-workspace/Sources/StatefulTabView/Modifiers/Tab+Modifiers.swift /Users/admin/builder/spi-builder-workspace/Sources/StatefulTabView/StatefulTabView.swift -target arm64-apple-macos12.0 -disable-cross-import-overlay-search -load-resolved-plugin /Applications/Xcode-27.0.0-Release.Candidate.app/Contents/Developer/Platforms/MacOSX.platform/Developer/usr/lib/swift/host/plugins/libFoundationMacros.dylib\#/Applications/Xcode-27.0.0-Release.Candidate.app/Contents/Developer/Platforms/MacOSX.platform/Developer/usr/bin/swift-plugin-server\#FoundationMacros -load-resolved-plugin /Applications/Xcode-27.0.0-Release.Candidate.app/Contents/Developer/Platforms/MacOSX.platform/Developer/usr/lib/swift/host/plugins/libObservationMacros.dylib\#/Applications/Xcode-27.0.0-Release.Candidate.app/Contents/Developer/Platforms/MacOSX.platform/Developer/usr/bin/swift-plugin-server\#ObservationMacros -load-resolved-plugin /Applications/Xcode-27.0.0-Release.Candidate.app/Contents/Developer/Platforms/MacOSX.platform/Developer/usr/lib/swift/host/plugins/libPreviewsMacros.dylib\#/Applications/Xcode-27.0.0-Release.Candidate.app/Contents/Developer/Platforms/MacOSX.platform/Developer/usr/bin/swift-plugin-server\#PreviewsMacros -load-resolved-plugin /Applications/Xcode-27.0.0-Release.Candidate.app/Contents/Developer/Platforms/MacOSX.platform/Developer/usr/lib/swift/host/plugins/libSwiftMacros.dylib\#/Applications/Xcode-27.0.0-Release.Candidate.app/Contents/Developer/Platforms/MacOSX.platform/Developer/usr/bin/swift-plugin-server\#SwiftMacros -load-resolved-plugin /Applications/Xcode-27.0.0-Release.Candidate.app/Contents/Developer/Platforms/MacOSX.platform/Developer/usr/lib/swift/host/plugins/libSwiftUIMacros.dylib\#/Applications/Xcode-27.0.0-Release.Candidate.app/Contents/Developer/Platforms/MacOSX.platform/Developer/usr/bin/swift-plugin-server\#SwiftUIMacros -disable-implicit-swift-modules -Xcc -fno-implicit-modules -Xcc -fno-implicit-module-maps -explicit-swift-module-map-file /Users/admin/builder/spi-builder-workspace/.derivedData/Build/Intermediates.noindex/StatefulTabView.build/Debug/StatefulTabView-t.build/Objects-normal/arm64/StatefulTabView-dependencies-1.json -Xllvm -aarch64-use-tbi -enable-objc-interop -stack-check -sdk /Applications/Xcode-27.0.0-Release.Candidate.app/Contents/Developer/Platforms/MacOSX.platform/Developer/SDKs/MacOSX27.0.sdk -I /Users/admin/builder/spi-builder-workspace/.derivedData/Build/Products/Debug -Isystem /Applications/Xcode-27.0.0-Release.Candidate.app/Contents/Developer/Platforms/MacOSX.platform/Developer/usr/lib -F /Users/admin/builder/spi-builder-workspace/.derivedData/Build/Products/Debug -F /Applications/Xcode-27.0.0-Release.Candidate.app/Contents/Developer/Platforms/MacOSX.platform/Developer/Library/Frameworks -module-cache-path /Users/admin/builder/spi-builder-workspace/.derivedData/Build/Intermediates.noindex/SwiftExplicitPrecompiledModules -no-color-diagnostics -Xcc -fno-color-diagnostics -enable-testing -g -debug-info-format\=dwarf -dwarf-version\=4 -profile-generate -profile-coverage-mapping -swift-version 5 -Onone -D SWIFT_PACKAGE -D DEBUG -D SWIFT_MODULE_RESOURCE_BUNDLE_UNAVAILABLE -D Xcode -serialize-debugging-options -enable-experimental-feature DebugDescriptionMacro -empty-abi-descriptor -validate-clang-modules-once -clang-build-session-file /Users/admin/builder/spi-builder-workspace/.derivedData/ModuleCache.noindex/Session.modulevalidation -Xcc -working-directory -Xcc /Users/admin/builder/spi-builder-workspace/.swiftpm/xcode -enable-anonymous-context-mangled-names -file-compilation-dir /Users/admin/builder/spi-builder-workspace/.swiftpm/xcode -Xcc -D_LIBCPP_HARDENING_MODE\=_LIBCPP_HARDENING_MODE_DEBUG -Xcc -ivfsstatcache -Xcc /Users/admin/builder/spi-builder-workspace/.derivedData/SDKStatCaches.noindex/macosx27.0-26A425-e829b21a6f8c9b70876ba0858053c0446a22442a12e9d48fe1a705f55a1adfc4.sdkstatcache -Xcc -fmodules-prune-interval\=86400 -Xcc -fmodules-prune-after\=345600 -Xcc -I/Users/admin/builder/spi-builder-workspace/.derivedData/Build/Products/Debug/include -Xcc -I/Users/admin/builder/spi-builder-workspace/.derivedData/Build/Intermediates.noindex/StatefulTabView.build/Debug/StatefulTabView-t.build/DerivedSources-normal/arm64 -Xcc -I/Users/admin/builder/spi-builder-workspace/.derivedData/Build/Intermediates.noindex/StatefulTabView.build/Debug/StatefulTabView-t.build/DerivedSources/arm64 -Xcc -I/Users/admin/builder/spi-builder-workspace/.derivedData/Build/Intermediates.noindex/StatefulTabView.build/Debug/StatefulTabView-t.build/DerivedSources -Xcc -DSWIFT_PACKAGE -Xcc -DDEBUG\=1 -no-auto-bridging-header-chaining -module-name StatefulTabView -const-gather-protocols-file /Users/admin/builder/spi-builder-workspace/.derivedData/Build/Intermediates.noindex/StatefulTabView.build/Debug/StatefulTabView-t.build/Objects-normal/arm64/StatefulTabView_const_extract_protocols.json -disable-clang-spi -clang-target arm64-apple-macos27.0 -target-sdk-version 27.0 -target-sdk-name macosx27.0 -in-process-plugin-server-path /Applications/Xcode-27.0.0-Release.Candidate.app/Contents/Developer/Toolchains/XcodeDefault.xctoolchain/usr/lib/swift/host/libSwiftInProcPluginServer.dylib -emit-module-doc-path /Users/admin/builder/spi-builder-workspace/.derivedData/Build/Intermediates.noindex/StatefulTabView.build/Debug/StatefulTabView-t.build/Objects-normal/arm64/StatefulTabView.swiftdoc -emit-module-source-info-path /Users/admin/builder/spi-builder-workspace/.derivedData/Build/Intermediates.noindex/StatefulTabView.build/Debug/StatefulTabView-t.build/Objects-normal/arm64/StatefulTabView.swiftsourceinfo -emit-objc-header-path /Users/admin/builder/spi-builder-workspace/.derivedData/Build/Intermediates.noindex/StatefulTabView.build/Debug/StatefulTabView-t.build/Objects-normal/arm64/StatefulTabView-Swift.h -serialize-diagnostics-path /Users/admin/builder/spi-builder-workspace/.derivedData/Build/Intermediates.noindex/StatefulTabView.build/Debug/StatefulTabView-t.build/Objects-normal/arm64/StatefulTabView-primary-emit-module.dia -emit-dependencies-path /Users/admin/builder/spi-builder-workspace/.derivedData/Build/Intermediates.noindex/StatefulTabView.build/Debug/StatefulTabView-t.build/Objects-normal/arm64/StatefulTabView-primary-emit-module.d -parse-as-library -o /Users/admin/builder/spi-builder-workspace/.derivedData/Build/Intermediates.noindex/StatefulTabView.build/Debug/StatefulTabView-t.build/Objects-normal/arm64/StatefulTabView.swiftmodule -emit-abi-descriptor-path /Users/admin/builder/spi-builder-workspace/.derivedData/Build/Intermediates.noindex/StatefulTabView.build/Debug/StatefulTabView-t.build/Objects-normal/arm64/StatefulTabView.abi.json
SwiftCompile normal arm64 (in target 'StatefulTabView' from project 'StatefulTabView')
    cd /Users/admin/builder/spi-builder-workspace/.swiftpm/xcode

PruneExplicitPrecompiledModules /Users/admin/builder/spi-builder-workspace/.derivedData/Build/Intermediates.noindex/SwiftExplicitPrecompiledModules
PruneExplicitPrecompiledModules /Users/admin/builder/spi-builder-workspace/.derivedData/Build/Intermediates.noindex/ExplicitPrecompiledModules
PruneExplicitPrecompiledModules /Users/admin/builder/spi-builder-workspace/.derivedData/SDKExplicitPrecompiledModules
2026-09-18 15:01:30.939 xcodebuild[751:4672] [MT] IDERunDestination: Supported platforms for the buildables in the current scheme is empty.
--- xcodebuild: WARNING: Using the first of multiple matching destinations:
{ platform:macOS, arch:arm64, id:9778ea6865a1aed11fb052d32619b270acd4cd4c, name:My Mac }
{ platform:macOS, arch:arm64, variant:Mac Catalyst, id:9778ea6865a1aed11fb052d32619b270acd4cd4c, name:My Mac }
{ platform:macOS, arch:arm64, variant:DriverKit, id:9778ea6865a1aed11fb052d32619b270acd4cd4c, name:My Mac }
{ platform:macOS, arch:arm64, variant:Designed for [iPad,iPhone], id:9778ea6865a1aed11fb052d32619b270acd4cd4c, name:My Mac }
** BUILD FAILED **
The following build commands failed:
	SwiftEmitModule normal arm64 Emitting\ module\ for\ StatefulTabView (in target 'StatefulTabView' from project 'StatefulTabView')
	SwiftCompile normal arm64 (in target 'StatefulTabView' from project 'StatefulTabView')
	Building workspace StatefulTabView with scheme StatefulTabView
(3 failures)
BUILD FAILURE 6.4 macosXcodebuild