The Swift Package Index logo.Swift Package Index

Build Information

Failed to build swift-riff, reference 0.2.5 (be581a), with Swift 6.2 for Linux on 16 Aug 2026 04:35:35 UTC.

Build Command

bash -c docker run --pull=always --rm -v "checkouts-54344844-0":/host -w "$PWD" -e JAVA_HOME="/root/.sdkman/candidates/java/current" -e SPI_BUILD="1" -e SPI_PROCESSING="1" registry.gitlab.com/saguaro1/spi-images:basic-6.2-latest swift build --triple x86_64-unknown-linux-gnu 2>&1

Build Log

========================================
RunAll
========================================
Builder version: 5.0.1
Interrupt handler set up.
========================================
Checkout
========================================
Clone URL: https://github.com/orchetect/swift-riff.git
Reference: 0.2.5
Initialized empty Git repository in /host/spi-builder-workspace/.git/
hint: Using 'master' as the name for the initial branch. This default branch name
hint: is subject to change. To configure the initial branch name to use in all
hint: of your new repositories, which will suppress this warning, call:
hint:
hint: 	git config --global init.defaultBranch <name>
hint:
hint: Names commonly chosen instead of 'master' are 'main', 'trunk' and
hint: 'development'. The just-created branch can be renamed via this command:
hint:
hint: 	git branch -m <name>
From https://github.com/orchetect/swift-riff
 * tag               0.2.5      -> FETCH_HEAD
HEAD is now at be581af Updated README
Cloned https://github.com/orchetect/swift-riff.git
Revision (git rev-parse @):
be581afde74fba7c64313f3f9d581db451c74de2
SUCCESS checkout https://github.com/orchetect/swift-riff.git at 0.2.5
========================================
Build
========================================
Selected platform:         linux
Swift version:             6.2
Building package at path:  $PWD
https://github.com/orchetect/swift-riff.git
Running build ...
bash -c docker run --pull=always --rm -v "checkouts-54344844-0":/host -w "$PWD" -e JAVA_HOME="/root/.sdkman/candidates/java/current" -e SPI_BUILD="1" -e SPI_PROCESSING="1" registry.gitlab.com/saguaro1/spi-images:basic-6.2-latest swift build --triple x86_64-unknown-linux-gnu 2>&1
basic-6.2-latest: Pulling from saguaro1/spi-images
Digest: sha256:4f3911e0f09a6ac47ac813ad3222aa373869118ee0ae384fd641a13da74b5e3f
Status: Image is up to date for registry.gitlab.com/saguaro1/spi-images:basic-6.2-latest
Fetching https://github.com/orchetect/swift-extensions
Fetching https://github.com/orchetect/swift-radix
Fetching https://github.com/orchetect/swift-data-parsing
Fetching https://github.com/orchetect/swift-timecode
[1/8767] Fetching swift-extensions
[1404/9655] Fetching swift-extensions, swift-data-parsing
[7377/10943] Fetching swift-extensions, swift-data-parsing, swift-radix
Fetched https://github.com/orchetect/swift-extensions from cache (0.52s)
[1/30113] Fetching swift-timecode
Fetched https://github.com/orchetect/swift-data-parsing from cache (1.50s)
Fetched https://github.com/orchetect/swift-radix from cache (1.50s)
Fetched https://github.com/orchetect/swift-timecode from cache (1.51s)
Computing version for https://github.com/orchetect/swift-timecode
Computed https://github.com/orchetect/swift-timecode at 3.1.4 (2.40s)
Computing version for https://github.com/orchetect/swift-radix
Computed https://github.com/orchetect/swift-radix at 1.4.1 (0.14s)
Computing version for https://github.com/orchetect/swift-extensions
Computed https://github.com/orchetect/swift-extensions at 3.0.0 (0.91s)
Computing version for https://github.com/orchetect/swift-data-parsing
Computed https://github.com/orchetect/swift-data-parsing at 0.1.2 (0.21s)
Creating working copy for https://github.com/orchetect/swift-radix
Working copy of https://github.com/orchetect/swift-radix resolved at 1.4.1
Creating working copy for https://github.com/orchetect/swift-data-parsing
Working copy of https://github.com/orchetect/swift-data-parsing resolved at 0.1.2
Creating working copy for https://github.com/orchetect/swift-timecode
Working copy of https://github.com/orchetect/swift-timecode resolved at 3.1.4
Creating working copy for https://github.com/orchetect/swift-extensions
Working copy of https://github.com/orchetect/swift-extensions resolved at 3.0.0
Building for debugging...
[0/11] Write sources
[7/11] Write swift-version-24593BA9C3E375BF.txt
[9/178] Compiling SwiftTimecodeCore FeetAndFrames.swift
[10/178] Compiling SwiftTimecodeCore Fraction CMTime.swift
[11/178] Compiling SwiftTimecodeCore Fraction.swift
[12/181] Compiling SwiftDataParsing ByteOrder+Static.swift
[13/181] Compiling SwiftDataParsing ByteOrder.swift
[14/181] Compiling SwiftDataParsing SignedIntegerEncoding.swift
[15/181] Compiling SwiftTimecodeCore FrameRateProtocol.swift
/host/spi-builder-workspace/.build/checkouts/swift-extensions/Sources/SwiftExtensions/Extensions/Darwin/FloatingPoint and Darwin.swift:17:8: error: no such module 'Darwin'
15 | #endif
16 |
17 | import Darwin
   |        `- error: no such module 'Darwin'
18 |
19 | // MARK: - ceiling / floor
[16/181] Compiling SwiftTimecodeCore SwiftTimecodeCore.swift
/host/spi-builder-workspace/.build/checkouts/swift-extensions/Sources/SwiftExtensions/Extensions/Darwin/FloatingPoint and Darwin.swift:17:8: error: no such module 'Darwin'
15 | #endif
16 |
17 | import Darwin
   |        `- error: no such module 'Darwin'
18 |
19 | // MARK: - ceiling / floor
[17/181] Compiling SwiftTimecodeCore Component.swift
/host/spi-builder-workspace/.build/checkouts/swift-extensions/Sources/SwiftExtensions/Extensions/Darwin/FloatingPoint and Darwin.swift:17:8: error: no such module 'Darwin'
15 | #endif
16 |
17 | import Darwin
   |        `- error: no such module 'Darwin'
18 |
19 | // MARK: - ceiling / floor
[18/181] Compiling SwiftTimecodeCore ComponentRanges.swift
/host/spi-builder-workspace/.build/checkouts/swift-extensions/Sources/SwiftExtensions/Extensions/Darwin/FloatingPoint and Darwin.swift:17:8: error: no such module 'Darwin'
15 | #endif
16 |
17 | import Darwin
   |        `- error: no such module 'Darwin'
18 |
19 | // MARK: - ceiling / floor
[19/181] Compiling SwiftTimecodeCore Components.swift
/host/spi-builder-workspace/.build/checkouts/swift-extensions/Sources/SwiftExtensions/Extensions/Darwin/FloatingPoint and Darwin.swift:17:8: error: no such module 'Darwin'
15 | #endif
16 |
17 | import Darwin
   |        `- error: no such module 'Darwin'
18 |
19 | // MARK: - ceiling / floor
[20/181] Compiling SwiftTimecodeCore NSItemProvider.swift
/host/spi-builder-workspace/.build/checkouts/swift-extensions/Sources/SwiftExtensions/Extensions/Darwin/FloatingPoint and Darwin.swift:17:8: error: no such module 'Darwin'
15 | #endif
16 |
17 | import Darwin
   |        `- error: no such module 'Darwin'
18 |
19 | // MARK: - ceiling / floor
[21/181] Compiling SwiftTimecodeCore Transferable.swift
/host/spi-builder-workspace/.build/checkouts/swift-extensions/Sources/SwiftExtensions/Extensions/Darwin/FloatingPoint and Darwin.swift:17:8: error: no such module 'Darwin'
15 | #endif
16 |
17 | import Darwin
   |        `- error: no such module 'Darwin'
18 |
19 | // MARK: - ceiling / floor
[22/181] Compiling SwiftTimecodeCore UTType.swift
/host/spi-builder-workspace/.build/checkouts/swift-extensions/Sources/SwiftExtensions/Extensions/Darwin/FloatingPoint and Darwin.swift:17:8: error: no such module 'Darwin'
15 | #endif
16 |
17 | import Darwin
   |        `- error: no such module 'Darwin'
18 |
19 | // MARK: - ceiling / floor
[23/188] Compiling SwiftTimecodeCore Timecode Math Public.swift
[24/188] Compiling SwiftTimecodeCore Timecode Operators.swift
[25/188] Compiling SwiftTimecodeCore Timecode Rounding.swift
[26/188] Compiling SwiftTimecodeCore FrameCount Value.swift
[27/188] Compiling SwiftTimecodeCore FrameCount.swift
[28/188] Compiling SwiftTimecodeCore Timecode Math Internal.swift
[29/188] Compiling SwiftTimecodeCore Errors.swift
/host/spi-builder-workspace/.build/checkouts/swift-extensions/Sources/SwiftExtensions/Extensions/Darwin/FloatingPoint and Darwin.swift:17:8: error: no such module 'Darwin'
15 | #endif
16 |
17 | import Darwin
   |        `- error: no such module 'Darwin'
18 |
19 | // MARK: - ceiling / floor
/host/spi-builder-workspace/.build/checkouts/swift-extensions/Sources/SwiftExtensions/Extensions/Darwin/FloatingPoint and Darwin.swift:17:8: error: no such module 'Darwin'
15 | #endif
16 |
17 | import Darwin
   |        `- error: no such module 'Darwin'
18 |
19 | // MARK: - ceiling / floor
/host/spi-builder-workspace/.build/checkouts/swift-extensions/Sources/SwiftExtensions/Extensions/Darwin/FloatingPoint and Darwin.swift:17:8: error: no such module 'Darwin'
15 | #endif
16 |
17 | import Darwin
   |        `- error: no such module 'Darwin'
18 |
19 | // MARK: - ceiling / floor
/host/spi-builder-workspace/.build/checkouts/swift-extensions/Sources/SwiftExtensions/Extensions/Darwin/FloatingPoint and Darwin.swift:17:8: error: no such module 'Darwin'
15 | #endif
16 |
17 | import Darwin
   |        `- error: no such module 'Darwin'
18 |
19 | // MARK: - ceiling / floor
/host/spi-builder-workspace/.build/checkouts/swift-extensions/Sources/SwiftExtensions/Extensions/Darwin/FloatingPoint and Darwin.swift:17:8: error: no such module 'Darwin'
15 | #endif
16 |
17 | import Darwin
   |        `- error: no such module 'Darwin'
18 |
19 | // MARK: - ceiling / floor
/host/spi-builder-workspace/.build/checkouts/swift-extensions/Sources/SwiftExtensions/Extensions/Darwin/FloatingPoint and Darwin.swift:17:8: error: no such module 'Darwin'
15 | #endif
16 |
17 | import Darwin
   |        `- error: no such module 'Darwin'
18 |
19 | // MARK: - ceiling / floor
/host/spi-builder-workspace/.build/checkouts/swift-extensions/Sources/SwiftExtensions/Extensions/Darwin/FloatingPoint and Darwin.swift:17:8: error: no such module 'Darwin'
15 | #endif
16 |
17 | import Darwin
   |        `- error: no such module 'Darwin'
18 |
19 | // MARK: - ceiling / floor
[39/188] Compiling SwiftTimecodeCore Timecode.swift
[40/188] Compiling SwiftTimecodeCore UpperLimit.swift
[41/188] Compiling SwiftTimecodeCore TimecodeFrameRate CompatibleGroup.swift
[42/188] Compiling SwiftTimecodeCore TimecodeFrameRate Conversions.swift
[43/188] Compiling SwiftTimecodeCore TimecodeFrameRate Formats.swift
[44/188] Compiling SwiftTimecodeCore TimecodeFrameRate Properties.swift
[45/188] Compiling SwiftTimecodeCore TimecodeFrameRate.swift
[46/188] Compiling SwiftTimecodeCore TimecodeInterval Rational CMTime.swift
[47/188] Compiling SwiftTimecodeCore TimecodeInterval Rational.swift
[48/188] Compiling SwiftTimecodeCore TimecodeInterval Real Time.swift
[49/188] Compiling SwiftTimecodeCore SwiftTimecodeCore-API-2.3.0.swift
[50/188] Compiling SwiftTimecodeCore SwiftTimecodeCore-API-2.3.1.swift
[51/188] Compiling SwiftTimecodeCore SwiftTimecodeCore-API-2.3.2.swift
[52/188] Compiling SwiftTimecodeCore CMTimeRange Extensions.swift
[56/188] Compiling SwiftTimecodeCore Timecode TimecodeInterval.swift
[57/188] Compiling SwiftTimecodeCore Timecode Zero.swift
[58/188] Compiling SwiftTimecodeCore StringFormat.swift
[59/188] Compiling SwiftTimecodeCore StringFormatOption.swift
[60/188] Compiling SwiftTimecodeCore SubFramesBase.swift
[61/188] Compiling SwiftTimecodeCore Timecode Conversion.swift
[62/188] Compiling SwiftTimecodeCore Timecode Properties.swift
[63/188] Compiling SwiftTimecodeCore Timecode Validation.swift
[64/188] Compiling SwiftTimecodeCore Timecode init.swift
[65/188] Compiling SwiftTimecodeCore Timecode set.swift
[66/188] Compiling SwiftTimecodeCore TimecodeInterval Unary Operators.swift
[67/188] Compiling SwiftTimecodeCore TimecodeInterval.swift
[68/188] Compiling SwiftTimecodeCore TimecodeTransformer.swift
[69/188] Compiling SwiftExtensions Result.swift
[70/188] Compiling SwiftExtensions String.swift
[71/188] Compiling SwiftExtensions FilePath and URL.swift
[72/188] Compiling SwiftExtensions Clipboard.swift
[73/188] Compiling SwiftExtensions Globals.swift
[74/188] Compiling SwiftExtensions OSLogger.swift
[75/188] Compiling SwiftExtensions Protocols.swift
[77/196] Compiling SwiftTimecodeCore FrameRateProtocol Properties.swift
[79/200] Emitting module SwiftRadix
error: emit-module command failed with exit code 1 (use -v to see invocation)
[80/200] Emitting module SwiftExtensions
/host/spi-builder-workspace/.build/checkouts/swift-extensions/Sources/SwiftExtensions/Extensions/Darwin/FloatingPoint and Darwin.swift:17:8: error: no such module 'Darwin'
15 | #endif
16 |
17 | import Darwin
   |        `- error: no such module 'Darwin'
18 |
19 | // MARK: - ceiling / floor
/host/spi-builder-workspace/.build/checkouts/swift-extensions/Sources/SwiftExtensions/Extensions/Darwin/FloatingPoint and Darwin.swift:17:8: error: no such module 'Darwin'
15 | #endif
16 |
17 | import Darwin
   |        `- error: no such module 'Darwin'
18 |
19 | // MARK: - ceiling / floor
/host/spi-builder-workspace/.build/checkouts/swift-extensions/Sources/SwiftExtensions/Extensions/Darwin/FloatingPoint and Darwin.swift:17:8: error: no such module 'Darwin'
15 | #endif
16 |
17 | import Darwin
   |        `- error: no such module 'Darwin'
18 |
19 | // MARK: - ceiling / floor
/host/spi-builder-workspace/.build/checkouts/swift-extensions/Sources/SwiftExtensions/Extensions/Darwin/FloatingPoint and Darwin.swift:17:8: error: no such module 'Darwin'
15 | #endif
16 |
17 | import Darwin
   |        `- error: no such module 'Darwin'
18 |
19 | // MARK: - ceiling / floor
/host/spi-builder-workspace/.build/checkouts/swift-extensions/Sources/SwiftExtensions/Extensions/Darwin/FloatingPoint and Darwin.swift:17:8: error: no such module 'Darwin'
15 | #endif
16 |
17 | import Darwin
   |        `- error: no such module 'Darwin'
18 |
19 | // MARK: - ceiling / floor
/host/spi-builder-workspace/.build/checkouts/swift-extensions/Sources/SwiftExtensions/Extensions/Darwin/FloatingPoint and Darwin.swift:17:8: error: no such module 'Darwin'
15 | #endif
16 |
17 | import Darwin
   |        `- error: no such module 'Darwin'
18 |
19 | // MARK: - ceiling / floor
/host/spi-builder-workspace/.build/checkouts/swift-extensions/Sources/SwiftExtensions/Extensions/Darwin/FloatingPoint and Darwin.swift:17:8: error: no such module 'Darwin'
15 | #endif
16 |
17 | import Darwin
   |        `- error: no such module 'Darwin'
18 |
19 | // MARK: - ceiling / floor
/host/spi-builder-workspace/.build/checkouts/swift-extensions/Sources/SwiftExtensions/Extensions/Darwin/FloatingPoint and Darwin.swift:17:8: error: no such module 'Darwin'
15 | #endif
16 |
17 | import Darwin
   |        `- error: no such module 'Darwin'
18 |
19 | // MARK: - ceiling / floor
/host/spi-builder-workspace/.build/checkouts/swift-extensions/Sources/SwiftExtensions/Extensions/Darwin/FloatingPoint and Darwin.swift:17:8: error: no such module 'Darwin'
15 | #endif
16 |
17 | import Darwin
   |        `- error: no such module 'Darwin'
18 |
19 | // MARK: - ceiling / floor
[91/200] Emitting module SwiftTimecodeCore
[113/200] Compiling SwiftTimecodeCore Timecode Real Time.swift
/host/spi-builder-workspace/.build/checkouts/swift-extensions/Sources/SwiftExtensions/Extensions/Darwin/FloatingPoint and Darwin.swift:17:8: error: no such module 'Darwin'
15 | #endif
16 |
17 | import Darwin
   |        `- error: no such module 'Darwin'
18 |
19 | // MARK: - ceiling / floor
[114/200] Compiling SwiftTimecodeCore Timecode Samples.swift
/host/spi-builder-workspace/.build/checkouts/swift-extensions/Sources/SwiftExtensions/Extensions/Darwin/FloatingPoint and Darwin.swift:17:8: error: no such module 'Darwin'
15 | #endif
16 |
17 | import Darwin
   |        `- error: no such module 'Darwin'
18 |
19 | // MARK: - ceiling / floor
[115/200] Compiling SwiftTimecodeCore Timecode String.swift
/host/spi-builder-workspace/.build/checkouts/swift-extensions/Sources/SwiftExtensions/Extensions/Darwin/FloatingPoint and Darwin.swift:17:8: error: no such module 'Darwin'
15 | #endif
16 |
17 | import Darwin
   |        `- error: no such module 'Darwin'
18 |
19 | // MARK: - ceiling / floor
/host/spi-builder-workspace/.build/checkouts/swift-extensions/Sources/SwiftExtensions/Extensions/Darwin/FloatingPoint and Darwin.swift:17:8: error: no such module 'Darwin'
15 | #endif
16 |
17 | import Darwin
   |        `- error: no such module 'Darwin'
18 |
19 | // MARK: - ceiling / floor
/host/spi-builder-workspace/.build/checkouts/swift-extensions/Sources/SwiftExtensions/Extensions/Darwin/FloatingPoint and Darwin.swift:17:8: error: no such module 'Darwin'
15 | #endif
16 |
17 | import Darwin
   |        `- error: no such module 'Darwin'
18 |
19 | // MARK: - ceiling / floor
/host/spi-builder-workspace/.build/checkouts/swift-extensions/Sources/SwiftExtensions/Extensions/Darwin/FloatingPoint and Darwin.swift:17:8: error: no such module 'Darwin'
15 | #endif
16 |
17 | import Darwin
   |        `- error: no such module 'Darwin'
18 |
19 | // MARK: - ceiling / floor
/host/spi-builder-workspace/.build/checkouts/swift-extensions/Sources/SwiftExtensions/Extensions/Darwin/FloatingPoint and Darwin.swift:17:8: error: no such module 'Darwin'
15 | #endif
16 |
17 | import Darwin
   |        `- error: no such module 'Darwin'
18 |
19 | // MARK: - ceiling / floor
/host/spi-builder-workspace/.build/checkouts/swift-extensions/Sources/SwiftExtensions/Extensions/Darwin/FloatingPoint and Darwin.swift:17:8: error: no such module 'Darwin'
15 | #endif
16 |
17 | import Darwin
   |        `- error: no such module 'Darwin'
18 |
19 | // MARK: - ceiling / floor
[121/200] Compiling SwiftTimecodeCore Timecode Components.swift
/host/spi-builder-workspace/.build/checkouts/swift-extensions/Sources/SwiftExtensions/Extensions/Darwin/FloatingPoint and Darwin.swift:17:8: error: no such module 'Darwin'
15 | #endif
16 |
17 | import Darwin
   |        `- error: no such module 'Darwin'
18 |
19 | // MARK: - ceiling / floor
[122/200] Compiling SwiftTimecodeCore Timecode FeetAndFrames.swift
/host/spi-builder-workspace/.build/checkouts/swift-extensions/Sources/SwiftExtensions/Extensions/Darwin/FloatingPoint and Darwin.swift:17:8: error: no such module 'Darwin'
15 | #endif
16 |
17 | import Darwin
   |        `- error: no such module 'Darwin'
18 |
19 | // MARK: - ceiling / floor
[123/200] Compiling SwiftTimecodeCore Timecode FrameCount Value.swift
/host/spi-builder-workspace/.build/checkouts/swift-extensions/Sources/SwiftExtensions/Extensions/Darwin/FloatingPoint and Darwin.swift:17:8: error: no such module 'Darwin'
15 | #endif
16 |
17 | import Darwin
   |        `- error: no such module 'Darwin'
18 |
19 | // MARK: - ceiling / floor
[124/200] Compiling SwiftTimecodeCore Timecode FrameCount.swift
/host/spi-builder-workspace/.build/checkouts/swift-extensions/Sources/SwiftExtensions/Extensions/Darwin/FloatingPoint and Darwin.swift:17:8: error: no such module 'Darwin'
15 | #endif
16 |
17 | import Darwin
   |        `- error: no such module 'Darwin'
18 |
19 | // MARK: - ceiling / floor
[125/200] Compiling SwiftTimecodeCore Timecode Random.swift
/host/spi-builder-workspace/.build/checkouts/swift-extensions/Sources/SwiftExtensions/Extensions/Darwin/FloatingPoint and Darwin.swift:17:8: error: no such module 'Darwin'
15 | #endif
16 |
17 | import Darwin
   |        `- error: no such module 'Darwin'
18 |
19 | // MARK: - ceiling / floor
[126/200] Compiling SwiftTimecodeCore Timecode Rational CMTime.swift
/host/spi-builder-workspace/.build/checkouts/swift-extensions/Sources/SwiftExtensions/Extensions/Darwin/FloatingPoint and Darwin.swift:17:8: error: no such module 'Darwin'
15 | #endif
16 |
17 | import Darwin
   |        `- error: no such module 'Darwin'
18 |
19 | // MARK: - ceiling / floor
[127/200] Compiling SwiftTimecodeCore Timecode Rational.swift
/host/spi-builder-workspace/.build/checkouts/swift-extensions/Sources/SwiftExtensions/Extensions/Darwin/FloatingPoint and Darwin.swift:17:8: error: no such module 'Darwin'
15 | #endif
16 |
17 | import Darwin
   |        `- error: no such module 'Darwin'
18 |
19 | // MARK: - ceiling / floor
[132/200] Emitting module SwiftDataParsing
[137/201] Compiling SwiftRadix RadixProtocol.swift
[138/201] Compiling SwiftRadix Utilities.swift
[158/201] Compiling SwiftTimecodeCore Hashable.swift
[159/201] Compiling SwiftTimecodeCore Identifiable.swift
[160/201] Compiling SwiftTimecodeCore Sendable.swift
[161/201] Compiling SwiftTimecodeCore Strideable.swift
[162/201] Compiling SwiftTimecodeCore Timecode Source Protocols.swift
/host/spi-builder-workspace/.build/checkouts/swift-extensions/Sources/SwiftExtensions/Extensions/Darwin/FloatingPoint and Darwin.swift:17:8: error: no such module 'Darwin'
15 | #endif
16 |
17 | import Darwin
   |        `- error: no such module 'Darwin'
18 |
19 | // MARK: - ceiling / floor
/host/spi-builder-workspace/.build/checkouts/swift-extensions/Sources/SwiftExtensions/Extensions/Darwin/FloatingPoint and Darwin.swift:17:8: error: no such module 'Darwin'
15 | #endif
16 |
17 | import Darwin
   |        `- error: no such module 'Darwin'
18 |
19 | // MARK: - ceiling / floor
/host/spi-builder-workspace/.build/checkouts/swift-extensions/Sources/SwiftExtensions/Extensions/Darwin/FloatingPoint and Darwin.swift:17:8: error: no such module 'Darwin'
15 | #endif
16 |
17 | import Darwin
   |        `- error: no such module 'Darwin'
18 |
19 | // MARK: - ceiling / floor
/host/spi-builder-workspace/.build/checkouts/swift-extensions/Sources/SwiftExtensions/Extensions/Darwin/FloatingPoint and Darwin.swift:17:8: error: no such module 'Darwin'
15 | #endif
16 |
17 | import Darwin
   |        `- error: no such module 'Darwin'
18 |
19 | // MARK: - ceiling / floor
/host/spi-builder-workspace/.build/checkouts/swift-extensions/Sources/SwiftExtensions/Extensions/Darwin/FloatingPoint and Darwin.swift:17:8: error: no such module 'Darwin'
15 | #endif
16 |
17 | import Darwin
   |        `- error: no such module 'Darwin'
18 |
19 | // MARK: - ceiling / floor
/host/spi-builder-workspace/.build/checkouts/swift-extensions/Sources/SwiftExtensions/Extensions/Darwin/FloatingPoint and Darwin.swift:17:8: error: no such module 'Darwin'
15 | #endif
16 |
17 | import Darwin
   |        `- error: no such module 'Darwin'
18 |
19 | // MARK: - ceiling / floor
/host/spi-builder-workspace/.build/checkouts/swift-extensions/Sources/SwiftExtensions/Extensions/Darwin/FloatingPoint and Darwin.swift:17:8: error: no such module 'Darwin'
15 | #endif
16 |
17 | import Darwin
   |        `- error: no such module 'Darwin'
18 |
19 | // MARK: - ceiling / floor
/host/spi-builder-workspace/.build/checkouts/swift-extensions/Sources/SwiftExtensions/Extensions/Darwin/FloatingPoint and Darwin.swift:17:8: error: no such module 'Darwin'
15 | #endif
16 |
17 | import Darwin
   |        `- error: no such module 'Darwin'
18 |
19 | // MARK: - ceiling / floor
/host/spi-builder-workspace/.build/checkouts/swift-extensions/Sources/SwiftExtensions/Extensions/Darwin/FloatingPoint and Darwin.swift:17:8: error: no such module 'Darwin'
15 | #endif
16 |
17 | import Darwin
   |        `- error: no such module 'Darwin'
18 |
19 | // MARK: - ceiling / floor
/host/spi-builder-workspace/.build/checkouts/swift-extensions/Sources/SwiftExtensions/Extensions/Darwin/FloatingPoint and Darwin.swift:17:8: error: no such module 'Darwin'
15 | #endif
16 |
17 | import Darwin
   |        `- error: no such module 'Darwin'
18 |
19 | // MARK: - ceiling / floor
/host/spi-builder-workspace/.build/checkouts/swift-extensions/Sources/SwiftExtensions/Extensions/Darwin/FloatingPoint and Darwin.swift:17:8: error: no such module 'Darwin'
15 | #endif
16 |
17 | import Darwin
   |        `- error: no such module 'Darwin'
18 |
19 | // MARK: - ceiling / floor
/host/spi-builder-workspace/.build/checkouts/swift-extensions/Sources/SwiftExtensions/Extensions/Darwin/FloatingPoint and Darwin.swift:17:8: error: no such module 'Darwin'
15 | #endif
16 |
17 | import Darwin
   |        `- error: no such module 'Darwin'
18 |
19 | // MARK: - ceiling / floor
/host/spi-builder-workspace/.build/checkouts/swift-extensions/Sources/SwiftExtensions/Extensions/Darwin/FloatingPoint and Darwin.swift:17:8: error: no such module 'Darwin'
15 | #endif
16 |
17 | import Darwin
   |        `- error: no such module 'Darwin'
18 |
19 | // MARK: - ceiling / floor
/host/spi-builder-workspace/.build/checkouts/swift-extensions/Sources/SwiftExtensions/Extensions/Darwin/FloatingPoint and Darwin.swift:17:8: error: no such module 'Darwin'
15 | #endif
16 |
17 | import Darwin
   |        `- error: no such module 'Darwin'
18 |
19 | // MARK: - ceiling / floor
/host/spi-builder-workspace/.build/checkouts/swift-extensions/Sources/SwiftExtensions/Extensions/Darwin/FloatingPoint and Darwin.swift:17:8: error: no such module 'Darwin'
15 | #endif
16 |
17 | import Darwin
   |        `- error: no such module 'Darwin'
18 |
19 | // MARK: - ceiling / floor
/host/spi-builder-workspace/.build/checkouts/swift-extensions/Sources/SwiftExtensions/Extensions/Darwin/FloatingPoint and Darwin.swift:17:8: error: no such module 'Darwin'
15 | #endif
16 |
17 | import Darwin
   |        `- error: no such module 'Darwin'
18 |
19 | // MARK: - ceiling / floor
/host/spi-builder-workspace/.build/checkouts/swift-extensions/Sources/SwiftExtensions/Extensions/Darwin/FloatingPoint and Darwin.swift:17:8: error: no such module 'Darwin'
15 | #endif
16 |
17 | import Darwin
   |        `- error: no such module 'Darwin'
18 |
19 | // MARK: - ceiling / floor
/host/spi-builder-workspace/.build/checkouts/swift-extensions/Sources/SwiftExtensions/Extensions/Darwin/FloatingPoint and Darwin.swift:17:8: error: no such module 'Darwin'
15 | #endif
16 |
17 | import Darwin
   |        `- error: no such module 'Darwin'
18 |
19 | // MARK: - ceiling / floor
/host/spi-builder-workspace/.build/checkouts/swift-extensions/Sources/SwiftExtensions/Extensions/Darwin/FloatingPoint and Darwin.swift:17:8: error: no such module 'Darwin'
15 | #endif
16 |
17 | import Darwin
   |        `- error: no such module 'Darwin'
18 |
19 | // MARK: - ceiling / floor
/host/spi-builder-workspace/.build/checkouts/swift-extensions/Sources/SwiftExtensions/Extensions/Darwin/FloatingPoint and Darwin.swift:17:8: error: no such module 'Darwin'
15 | #endif
16 |
17 | import Darwin
   |        `- error: no such module 'Darwin'
18 |
19 | // MARK: - ceiling / floor
/host/spi-builder-workspace/.build/checkouts/swift-extensions/Sources/SwiftExtensions/Extensions/Darwin/FloatingPoint and Darwin.swift:17:8: error: no such module 'Darwin'
15 | #endif
16 |
17 | import Darwin
   |        `- error: no such module 'Darwin'
18 |
19 | // MARK: - ceiling / floor
/host/spi-builder-workspace/.build/checkouts/swift-extensions/Sources/SwiftExtensions/Extensions/Darwin/FloatingPoint and Darwin.swift:17:8: error: no such module 'Darwin'
15 | #endif
16 |
17 | import Darwin
   |        `- error: no such module 'Darwin'
18 |
19 | // MARK: - ceiling / floor
/host/spi-builder-workspace/.build/checkouts/swift-extensions/Sources/SwiftExtensions/Extensions/Darwin/FloatingPoint and Darwin.swift:17:8: error: no such module 'Darwin'
15 | #endif
16 |
17 | import Darwin
   |        `- error: no such module 'Darwin'
18 |
19 | // MARK: - ceiling / floor
BUILD FAILURE 6.2 linux