Build Information
Failed to build CorvidaeLib, reference main (b55daf), with Swift 6.4 for tvOS using Xcode 27.0 on 22 Sep 2026 02:30:51 UTC.
Build Command
env DEVELOPER_DIR=/Applications/Xcode-27.0.0-Release.Candidate.app xcrun xcodebuild -IDEClonedSourcePackagesDirPathOverride=$PWD/.dependencies -skipMacroValidation -skipPackagePluginValidation -derivedDataPath $PWD/.derivedData build -scheme CorvidaeLib -destination generic/platform=tvOSBuild Log
========================================
RunAll
========================================
Builder version: 5.1.0
Interrupt handler set up.
========================================
Checkout
========================================
Clone URL: https://github.com/corvidae-ai/CorvidaeLib.git
Reference: main
Initialized empty Git repository in /Users/admin/builder/spi-builder-workspace/.git/
From https://github.com/corvidae-ai/CorvidaeLib
* branch main -> FETCH_HEAD
* [new branch] main -> origin/main
HEAD is now at b55daf3 Improved documentation comments - quick help
Cloned https://github.com/corvidae-ai/CorvidaeLib.git
Revision (git rev-parse @):
b55daf307ff0505790944b59dee94470051ae7ac
SUCCESS checkout https://github.com/corvidae-ai/CorvidaeLib.git at main
========================================
Build
========================================
Selected platform: tvOS
Swift version: 6.4
Building package at path: $PWD
https://github.com/corvidae-ai/CorvidaeLib.git
Command line invocation:
/Applications/Xcode-27.0.0-Release.Candidate.app/Contents/Developer/usr/bin/xcodebuild -IDEClonedSourcePackagesDirPathOverride=/Users/admin/builder/spi-builder-workspace/.dependencies -resolvePackageDependencies
Resolve Package Graph
Resolve Package Graph
Resolved source packages:
CorvidaeLib: /Users/admin/builder/spi-builder-workspace
resolved source packages: CorvidaeLib
2026-09-21 22:30:13.458 xcodebuild[530:3036] [MT] IDERunDestination: Supported platforms for the buildables in the current scheme is empty.
{
"dependencies" : [
],
"manifest_display_name" : "CorvidaeLib",
"name" : "CorvidaeLib",
"path" : "/Users/admin/builder/spi-builder-workspace",
"platforms" : [
{
"name" : "ios",
"version" : "16.0"
}
],
"products" : [
{
"name" : "CorvidaeLib",
"targets" : [
"CorvidaeCore"
],
"type" : {
"library" : [
"automatic"
]
}
}
],
"targets" : [
{
"c99name" : "CorvidaeCore",
"module_type" : "BinaryTarget",
"name" : "CorvidaeCore",
"path" : "remote/archive/CorvidaeCore.xcframework.zip",
"product_memberships" : [
"CorvidaeLib"
],
"sources" : [
],
"type" : "binary"
}
],
"tools_version" : "5.10"
}
{
"workspace" : {
"name" : "CorvidaeLib",
"schemes" : [
"CorvidaeLib"
]
}
}
2026-09-21 22:30:45.604 xcodebuild[639:3864] [MT] IDERunDestination: Supported platforms for the buildables in the current scheme is empty.
Running build ...
env DEVELOPER_DIR=/Applications/Xcode-27.0.0-Release.Candidate.app xcrun xcodebuild -IDEClonedSourcePackagesDirPathOverride=$PWD/.dependencies -skipMacroValidation -skipPackagePluginValidation -derivedDataPath $PWD/.derivedData build -scheme CorvidaeLib -destination generic/platform=tvOS
Command line invocation:
/Applications/Xcode-27.0.0-Release.Candidate.app/Contents/Developer/usr/bin/xcodebuild -IDEClonedSourcePackagesDirPathOverride=/Users/admin/builder/spi-builder-workspace/.dependencies -skipMacroValidation -skipPackagePluginValidation -derivedDataPath /Users/admin/builder/spi-builder-workspace/.derivedData build -scheme CorvidaeLib -destination generic/platform=tvOS
Resolve Package Graph
Resolved source packages:
CorvidaeLib: /Users/admin/builder/spi-builder-workspace
ComputePackagePrebuildTargetDependencyGraph
Prepare packages
CreateBuildRequest
SendProjectDescription
CreateBuildOperation
ComputeTargetDependencyGraph
note: Building targets in dependency order
note: Target dependency graph (1 target)
Target 'CorvidaeLib-product' in project 'CorvidaeLib' (no dependencies)
GatherProvisioningInputs
CreateBuildDescription
ExecuteExternalTool /Applications/Xcode-27.0.0-Release.Candidate.app/Contents/Developer/Toolchains/XcodeDefault.xctoolchain/usr/bin/clang -v -E -dM -isysroot /Applications/Xcode-27.0.0-Release.Candidate.app/Contents/Developer/Platforms/AppleTVOS.platform/Developer/SDKs/AppleTVOS27.0.sdk -x c -c /dev/null
Build description signature: 23abdfbccf9d69076fe674abefa6eb28
Build description path: /Users/admin/builder/spi-builder-workspace/.derivedData/Build/Intermediates.noindex/XCBuildData/23abdfbccf9d69076fe674abefa6eb28.xcbuilddata
/Users/admin/builder/spi-builder-workspace/.dependencies/artifacts/spi-builder-workspace/CorvidaeCore/CorvidaeCore.xcframework:1:1: error: While building for tvOS, no library for this platform was found in '/Users/admin/builder/spi-builder-workspace/.dependencies/artifacts/spi-builder-workspace/CorvidaeCore/CorvidaeCore.xcframework'. (in target 'CorvidaeLib-product' from project 'CorvidaeLib')
2026-09-21 22:30:47.163 xcodebuild[640:3906] [MT] IDERunDestination: Supported platforms for the buildables in the current scheme is empty.
** BUILD FAILED **
The following build commands failed:
Building workspace CorvidaeLib with scheme CorvidaeLib
(1 failure)
Command line invocation:
/Applications/Xcode-27.0.0-Release.Candidate.app/Contents/Developer/usr/bin/xcodebuild -IDEClonedSourcePackagesDirPathOverride=/Users/admin/builder/spi-builder-workspace/.dependencies -resolvePackageDependencies
Resolve Package Graph
Resolved source packages:
CorvidaeLib: /Users/admin/builder/spi-builder-workspace
resolved source packages: CorvidaeLib
2026-09-21 22:30:48.720 xcodebuild[652:4005] [MT] IDERunDestination: Supported platforms for the buildables in the current scheme is empty.
{
"dependencies" : [
],
"manifest_display_name" : "CorvidaeLib",
"name" : "CorvidaeLib",
"path" : "/Users/admin/builder/spi-builder-workspace",
"platforms" : [
{
"name" : "ios",
"version" : "16.0"
}
],
"products" : [
{
"name" : "CorvidaeLib",
"targets" : [
"CorvidaeCore"
],
"type" : {
"library" : [
"automatic"
]
}
}
],
"targets" : [
{
"c99name" : "CorvidaeCore",
"module_type" : "BinaryTarget",
"name" : "CorvidaeCore",
"path" : "remote/archive/CorvidaeCore.xcframework.zip",
"product_memberships" : [
"CorvidaeLib"
],
"sources" : [
],
"type" : "binary"
}
],
"tools_version" : "5.10"
}
{
"workspace" : {
"name" : "CorvidaeLib",
"schemes" : [
"CorvidaeLib"
]
}
}
2026-09-21 22:30:50.069 xcodebuild[680:4225] [MT] IDERunDestination: Supported platforms for the buildables in the current scheme is empty.
Running build ...
env DEVELOPER_DIR=/Applications/Xcode-27.0.0-Release.Candidate.app xcrun xcodebuild -IDEClonedSourcePackagesDirPathOverride=$PWD/.dependencies -skipMacroValidation -skipPackagePluginValidation -derivedDataPath $PWD/.derivedData build -scheme CorvidaeLib -destination generic/platform=tvOS
Command line invocation:
/Applications/Xcode-27.0.0-Release.Candidate.app/Contents/Developer/usr/bin/xcodebuild -IDEClonedSourcePackagesDirPathOverride=/Users/admin/builder/spi-builder-workspace/.dependencies -skipMacroValidation -skipPackagePluginValidation -derivedDataPath /Users/admin/builder/spi-builder-workspace/.derivedData build -scheme CorvidaeLib -destination generic/platform=tvOS
Resolve Package Graph
Resolved source packages:
CorvidaeLib: /Users/admin/builder/spi-builder-workspace
ComputePackagePrebuildTargetDependencyGraph
Prepare packages
CreateBuildRequest
SendProjectDescription
CreateBuildOperation
ComputeTargetDependencyGraph
note: Building targets in dependency order
note: Target dependency graph (1 target)
Target 'CorvidaeLib-product' in project 'CorvidaeLib' (no dependencies)
GatherProvisioningInputs
CreateBuildDescription
/Users/admin/builder/spi-builder-workspace/.dependencies/artifacts/spi-builder-workspace/CorvidaeCore/CorvidaeCore.xcframework:1:1: error: While building for tvOS, no library for this platform was found in '/Users/admin/builder/spi-builder-workspace/.dependencies/artifacts/spi-builder-workspace/CorvidaeCore/CorvidaeCore.xcframework'. (in target 'CorvidaeLib-product' from project 'CorvidaeLib')
2026-09-21 22:30:51.063 xcodebuild[695:4342] [MT] IDERunDestination: Supported platforms for the buildables in the current scheme is empty.
** BUILD FAILED **
The following build commands failed:
Building workspace CorvidaeLib with scheme CorvidaeLib
(1 failure)
BUILD FAILURE 6.4 tvOS