Build Information
Failed to build GoogleCloudDataprocV1, reference 0.5.0 (e344ab), with Swift 6.2 for Android on 10 Oct 2026 21:57:53 UTC.
Build Command
bash -c docker run --pull=always --rm -v "checkouts-54344849-0":/host -w "$PWD" -e JAVA_HOME="/root/.sdkman/candidates/java/current" -e SPI_BUILD="1" -e SPI_PROCESSING="1" registry.gitlab.com/saguaro1/spi-images:android-6.2-latest swift build --swift-sdk aarch64-unknown-linux-android28 2>&1Build Log
========================================
RunAll
========================================
Builder version: 5.1.1
Interrupt handler set up.
========================================
Checkout
========================================
Clone URL: https://github.com/googleapis/swift-google-cloud-dataproc-v1.git
Reference: 0.5.0
Initialized empty Git repository in /host/spi-builder-workspace/.git/
hint: Using 'master' as the name for the initial branch. This default branch name
hint: is subject to change. To configure the initial branch name to use in all
hint: of your new repositories, which will suppress this warning, call:
hint:
hint: git config --global init.defaultBranch <name>
hint:
hint: Names commonly chosen instead of 'master' are 'main', 'trunk' and
hint: 'development'. The just-created branch can be renamed via this command:
hint:
hint: git branch -m <name>
From https://github.com/googleapis/swift-google-cloud-dataproc-v1
* tag 0.5.0 -> FETCH_HEAD
HEAD is now at e344ab8 chore: release circa 2026-10-07 (#1382)
Cloned https://github.com/googleapis/swift-google-cloud-dataproc-v1.git
Revision (git rev-parse @):
e344ab8d3275f397ff6991f9532048d6f2074e9e
SPI manifest file found: $PWD/.spi.yml
SUCCESS checkout https://github.com/googleapis/swift-google-cloud-dataproc-v1.git at 0.5.0
========================================
Build
========================================
Selected platform: android
Swift version: 6.2
Building package at path: $PWD
https://github.com/googleapis/swift-google-cloud-dataproc-v1.git
Running build ...
bash -c docker run --pull=always --rm -v "checkouts-54344849-0":/host -w "$PWD" -e JAVA_HOME="/root/.sdkman/candidates/java/current" -e SPI_BUILD="1" -e SPI_PROCESSING="1" registry.gitlab.com/saguaro1/spi-images:android-6.2-latest swift build --swift-sdk aarch64-unknown-linux-android28 2>&1
android-6.2-latest: Pulling from saguaro1/spi-images
Digest: sha256:a839c9ce201f1dacc8eb056626ec7ab0a1c6d53d7b77c83feda395f4507c51be
Status: Image is up to date for registry.gitlab.com/saguaro1/spi-images:android-6.2-latest
Fetching https://github.com/googleapis/swift-google-longrunning
Fetching https://github.com/googleapis/swift-google-iam-v1
Fetching https://github.com/googleapis/swift-google-rpc
Fetching https://github.com/googleapis/swift-google-type
Fetching https://github.com/googleapis/swift-google-wkt
Fetching https://github.com/apple/swift-log
[1/422] Fetching swift-google-rpc
[6/1445] Fetching swift-google-rpc, swift-google-wkt
[17/9702] Fetching swift-google-rpc, swift-google-wkt, swift-log
[18/10321] Fetching swift-google-rpc, swift-google-wkt, swift-log, swift-google-longrunning
[37/11027] Fetching swift-google-rpc, swift-google-wkt, swift-log, swift-google-longrunning, swift-google-iam-v1
[145/11464] Fetching swift-google-rpc, swift-google-wkt, swift-log, swift-google-longrunning, swift-google-iam-v1, swift-google-type
Fetched https://github.com/googleapis/swift-google-rpc from cache (0.38s)
[3611/11042] Fetching swift-google-wkt, swift-log, swift-google-longrunning, swift-google-iam-v1, swift-google-type
Fetching https://github.com/googleapis/swift-google-auth
Fetched https://github.com/googleapis/swift-google-longrunning from cache (0.39s)
Fetching https://github.com/googleapis/swift-google-gax
[3983/10423] Fetching swift-google-wkt, swift-log, swift-google-iam-v1, swift-google-type
Fetched https://github.com/googleapis/swift-google-type from cache (0.40s)
[3711/9986] Fetching swift-google-wkt, swift-log, swift-google-iam-v1
Fetched https://github.com/googleapis/swift-google-iam-v1 from cache (0.40s)
Fetched https://github.com/googleapis/swift-google-wkt from cache (0.40s)
[2065/8257] Fetching swift-log
Fetched https://github.com/apple/swift-log from cache (0.51s)
[1/1023] Fetching swift-google-auth
[53/2771] Fetching swift-google-auth, swift-google-gax
Fetched https://github.com/googleapis/swift-google-auth from cache (0.42s)
Fetched https://github.com/googleapis/swift-google-gax from cache (0.42s)
Computing version for https://github.com/googleapis/swift-google-wkt
Computed https://github.com/googleapis/swift-google-wkt at 0.5.0 (0.97s)
Fetching https://github.com/swift-extras/swift-extras-base64
[1/954] Fetching swift-extras-base64
Fetched https://github.com/swift-extras/swift-extras-base64 from cache (0.40s)
Computing version for https://github.com/googleapis/swift-google-type
Computed https://github.com/googleapis/swift-google-type at 0.5.0 (0.55s)
Computing version for https://github.com/googleapis/swift-google-rpc
Computed https://github.com/googleapis/swift-google-rpc at 0.5.0 (0.14s)
Computing version for https://github.com/googleapis/swift-google-longrunning
Computed https://github.com/googleapis/swift-google-longrunning at 0.5.0 (0.15s)
Computing version for https://github.com/googleapis/swift-google-iam-v1
Computed https://github.com/googleapis/swift-google-iam-v1 at 0.5.0 (0.15s)
Computing version for https://github.com/googleapis/swift-google-gax
Computed https://github.com/googleapis/swift-google-gax at 0.5.0 (0.16s)
Fetching https://github.com/apple/swift-nio
Fetching https://github.com/swift-server/async-http-client.git
[1/16464] Fetching async-http-client
Fetched https://github.com/swift-server/async-http-client.git from cache (0.92s)
[1/86374] Fetching swift-nio
Fetched https://github.com/apple/swift-nio from cache (4.68s)
Computing version for https://github.com/googleapis/swift-google-auth
Computed https://github.com/googleapis/swift-google-auth at 0.5.0 (4.83s)
Fetching https://github.com/vapor/jwt-kit.git
Fetching https://github.com/apple/swift-system.git
[1/7241] Fetching swift-system
[291/17495] Fetching swift-system, jwt-kit
Fetched https://github.com/apple/swift-system.git from cache (0.70s)
[4410/10254] Fetching jwt-kit
Fetched https://github.com/vapor/jwt-kit.git from cache (0.91s)
Computing version for https://github.com/swift-extras/swift-extras-base64
Computed https://github.com/swift-extras/swift-extras-base64 at 1.2.0 (1.07s)
Computing version for https://github.com/swift-server/async-http-client.git
Computed https://github.com/swift-server/async-http-client.git at 1.36.2 (0.16s)
Fetching https://github.com/apple/swift-service-context.git
Fetching https://github.com/apple/swift-atomics.git
Fetching https://github.com/apple/swift-algorithms.git
[1/1500] Fetching swift-service-context
Fetching https://github.com/apple/swift-distributed-tracing.git
Fetching https://github.com/apple/swift-nio-transport-services.git
Fetching https://github.com/apple/swift-configuration.git
Fetched https://github.com/apple/swift-service-context.git from cache (0.37s)
Fetching https://github.com/apple/swift-nio-http2.git
[1/6164] Fetching swift-algorithms
[63/8053] Fetching swift-algorithms, swift-atomics
Fetched https://github.com/apple/swift-algorithms.git from cache (0.56s)
Fetching https://github.com/apple/swift-nio-ssl.git
Fetched https://github.com/apple/swift-atomics.git from cache (0.57s)
Fetching https://github.com/apple/swift-nio-extras.git
[1/2867] Fetching swift-nio-transport-services
[2/6795] Fetching swift-nio-transport-services, swift-configuration
[3680/13346] Fetching swift-nio-transport-services, swift-configuration, swift-distributed-tracing
[7059/25640] Fetching swift-nio-transport-services, swift-configuration, swift-distributed-tracing, swift-nio-http2
Fetched https://github.com/apple/swift-nio-transport-services.git from cache (0.49s)
Fetched https://github.com/apple/swift-configuration.git from cache (0.49s)
[657/18845] Fetching swift-distributed-tracing, swift-nio-http2
[4942/35706] Fetching swift-distributed-tracing, swift-nio-http2, swift-nio-ssl
[12929/42409] Fetching swift-distributed-tracing, swift-nio-http2, swift-nio-ssl, swift-nio-extras
Fetched https://github.com/apple/swift-distributed-tracing.git from cache (0.77s)
[20889/35858] Fetching swift-nio-http2, swift-nio-ssl, swift-nio-extras
Fetched https://github.com/apple/swift-nio-extras.git from cache (0.75s)
[17353/29155] Fetching swift-nio-http2, swift-nio-ssl
Fetched https://github.com/apple/swift-nio-http2.git from cache (1.34s)
Fetched https://github.com/apple/swift-nio-ssl.git from cache (1.63s)
Computing version for https://github.com/apple/swift-service-context.git
Computed https://github.com/apple/swift-service-context.git at 1.3.0 (2.34s)
Computing version for https://github.com/apple/swift-algorithms.git
Computed https://github.com/apple/swift-algorithms.git at 1.2.1 (0.85s)
Fetching https://github.com/apple/swift-numerics.git
[1/6728] Fetching swift-numerics
Fetched https://github.com/apple/swift-numerics.git from cache (0.51s)
Computing version for https://github.com/apple/swift-log
Computed https://github.com/apple/swift-log at 1.16.1 (0.67s)
Computing version for https://github.com/apple/swift-distributed-tracing.git
Computed https://github.com/apple/swift-distributed-tracing.git at 1.5.0 (0.14s)
Computing version for https://github.com/apple/swift-atomics.git
Computed https://github.com/apple/swift-atomics.git at 1.3.1 (0.14s)
Computing version for https://github.com/apple/swift-numerics.git
Computed https://github.com/apple/swift-numerics.git at 1.1.1 (0.14s)
Computing version for https://github.com/apple/swift-nio
Computed https://github.com/apple/swift-nio at 2.104.0 (0.34s)
Fetching https://github.com/apple/swift-collections.git
[1/28703] Fetching swift-collections
Fetched https://github.com/apple/swift-collections.git from cache (1.39s)
Computing version for https://github.com/apple/swift-configuration.git
Computed https://github.com/apple/swift-configuration.git at 1.2.2 (2.29s)
Fetching https://github.com/swift-server/swift-service-lifecycle
[1/2867] Fetching swift-service-lifecycle
Fetched https://github.com/swift-server/swift-service-lifecycle from cache (0.56s)
Computing version for https://github.com/apple/swift-nio-transport-services.git
Computed https://github.com/apple/swift-nio-transport-services.git at 1.28.0 (0.71s)
Computing version for https://github.com/swift-server/swift-service-lifecycle
Computed https://github.com/swift-server/swift-service-lifecycle at 2.12.1 (0.14s)
Fetching https://github.com/apple/swift-async-algorithms.git
[1/6820] Fetching swift-async-algorithms
Fetched https://github.com/apple/swift-async-algorithms.git from cache (0.50s)
Computing version for https://github.com/apple/swift-async-algorithms.git
Computed https://github.com/apple/swift-async-algorithms.git at 1.1.7 (0.72s)
Computing version for https://github.com/apple/swift-collections.git
Computed https://github.com/apple/swift-collections.git at 1.7.2 (0.23s)
Computing version for https://github.com/apple/swift-nio-http2.git
Computed https://github.com/apple/swift-nio-http2.git at 1.46.0 (0.15s)
Computing version for https://github.com/vapor/jwt-kit.git
Computed https://github.com/vapor/jwt-kit.git at 5.7.1 (0.15s)
Fetching https://github.com/apple/swift-certificates.git
Fetching https://github.com/apple/swift-crypto.git
[1/18629] Fetching swift-crypto
[2/26238] Fetching swift-crypto, swift-certificates
Fetched https://github.com/apple/swift-certificates.git from cache (0.60s)
[2050/18629] Fetching swift-crypto
Fetched https://github.com/apple/swift-crypto.git from cache (1.54s)
Computing version for https://github.com/apple/swift-crypto.git
Computed https://github.com/apple/swift-crypto.git at 4.5.2 (2.15s)
Fetching https://github.com/apple/swift-asn1.git
[1/2009] Fetching swift-asn1
Fetched https://github.com/apple/swift-asn1.git from cache (0.39s)
Computing version for https://github.com/apple/swift-asn1.git
Computed https://github.com/apple/swift-asn1.git at 1.7.3 (0.57s)
Computing version for https://github.com/apple/swift-certificates.git
Computed https://github.com/apple/swift-certificates.git at 1.21.0 (0.19s)
Computing version for https://github.com/apple/swift-nio-ssl.git
Computed https://github.com/apple/swift-nio-ssl.git at 2.37.5 (0.18s)
Computing version for https://github.com/apple/swift-system.git
Computed https://github.com/apple/swift-system.git at 1.8.1 (0.17s)
Computing version for https://github.com/apple/swift-nio-extras.git
Computed https://github.com/apple/swift-nio-extras.git at 1.35.1 (0.25s)
Fetching https://github.com/apple/swift-http-types.git
Fetching https://github.com/apple/swift-http-structured-headers.git
[1/1253] Fetching swift-http-structured-headers
[428/3192] Fetching swift-http-structured-headers, swift-http-types
Fetched https://github.com/apple/swift-http-structured-headers.git from cache (0.35s)
[427/1939] Fetching swift-http-types
Fetched https://github.com/apple/swift-http-types.git from cache (0.39s)
Computing version for https://github.com/apple/swift-http-structured-headers.git
Computed https://github.com/apple/swift-http-structured-headers.git at 1.7.0 (0.54s)
Computing version for https://github.com/apple/swift-http-types.git
Computed https://github.com/apple/swift-http-types.git at 1.8.0 (0.18s)
Creating working copy for https://github.com/googleapis/swift-google-rpc
Working copy of https://github.com/googleapis/swift-google-rpc resolved at 0.5.0
Creating working copy for https://github.com/apple/swift-async-algorithms.git
Working copy of https://github.com/apple/swift-async-algorithms.git resolved at 1.1.7
Creating working copy for https://github.com/googleapis/swift-google-wkt
Working copy of https://github.com/googleapis/swift-google-wkt resolved at 0.5.0
Creating working copy for https://github.com/apple/swift-algorithms.git
Working copy of https://github.com/apple/swift-algorithms.git resolved at 1.2.1
Creating working copy for https://github.com/apple/swift-nio-ssl.git
Working copy of https://github.com/apple/swift-nio-ssl.git resolved at 2.37.5
Creating working copy for https://github.com/googleapis/swift-google-gax
Working copy of https://github.com/googleapis/swift-google-gax resolved at 0.5.0
Creating working copy for https://github.com/googleapis/swift-google-longrunning
Working copy of https://github.com/googleapis/swift-google-longrunning resolved at 0.5.0
Creating working copy for https://github.com/apple/swift-atomics.git
Working copy of https://github.com/apple/swift-atomics.git resolved at 1.3.1
Creating working copy for https://github.com/swift-server/swift-service-lifecycle
Working copy of https://github.com/swift-server/swift-service-lifecycle resolved at 2.12.1
Creating working copy for https://github.com/googleapis/swift-google-iam-v1
Working copy of https://github.com/googleapis/swift-google-iam-v1 resolved at 0.5.0
Creating working copy for https://github.com/googleapis/swift-google-auth
Working copy of https://github.com/googleapis/swift-google-auth resolved at 0.5.0
Creating working copy for https://github.com/apple/swift-nio-extras.git
Working copy of https://github.com/apple/swift-nio-extras.git resolved at 1.35.1
Creating working copy for https://github.com/apple/swift-numerics.git
Working copy of https://github.com/apple/swift-numerics.git resolved at 1.1.1
Creating working copy for https://github.com/vapor/jwt-kit.git
Working copy of https://github.com/vapor/jwt-kit.git resolved at 5.7.1
Creating working copy for https://github.com/apple/swift-crypto.git
Working copy of https://github.com/apple/swift-crypto.git resolved at 4.5.2
Creating working copy for https://github.com/apple/swift-distributed-tracing.git
Working copy of https://github.com/apple/swift-distributed-tracing.git resolved at 1.5.0
Creating working copy for https://github.com/apple/swift-http-structured-headers.git
Working copy of https://github.com/apple/swift-http-structured-headers.git resolved at 1.7.0
Creating working copy for https://github.com/googleapis/swift-google-type
Working copy of https://github.com/googleapis/swift-google-type resolved at 0.5.0
Creating working copy for https://github.com/apple/swift-asn1.git
Working copy of https://github.com/apple/swift-asn1.git resolved at 1.7.3
Creating working copy for https://github.com/apple/swift-nio
Working copy of https://github.com/apple/swift-nio resolved at 2.104.0
Creating working copy for https://github.com/apple/swift-collections.git
Working copy of https://github.com/apple/swift-collections.git resolved at 1.7.2
Creating working copy for https://github.com/apple/swift-nio-transport-services.git
Working copy of https://github.com/apple/swift-nio-transport-services.git resolved at 1.28.0
Creating working copy for https://github.com/apple/swift-configuration.git
Working copy of https://github.com/apple/swift-configuration.git resolved at 1.2.2
Creating working copy for https://github.com/apple/swift-service-context.git
Working copy of https://github.com/apple/swift-service-context.git resolved at 1.3.0
Creating working copy for https://github.com/apple/swift-certificates.git
Working copy of https://github.com/apple/swift-certificates.git resolved at 1.21.0
Creating working copy for https://github.com/swift-server/async-http-client.git
Working copy of https://github.com/swift-server/async-http-client.git resolved at 1.36.2
Creating working copy for https://github.com/apple/swift-log
Working copy of https://github.com/apple/swift-log resolved at 1.16.1
Creating working copy for https://github.com/apple/swift-http-types.git
Working copy of https://github.com/apple/swift-http-types.git resolved at 1.8.0
Creating working copy for https://github.com/apple/swift-nio-http2.git
Working copy of https://github.com/apple/swift-nio-http2.git resolved at 1.46.0
Creating working copy for https://github.com/apple/swift-system.git
Working copy of https://github.com/apple/swift-system.git resolved at 1.8.1
Creating working copy for https://github.com/swift-extras/swift-extras-base64
Working copy of https://github.com/swift-extras/swift-extras-base64 resolved at 1.2.0
Building for debugging...
[0/1292] Write sources
[4/1292] Compiling _NumericsShims _NumericsShims.c
[4/1292] Write sources
[63/1292] Compiling _AtomicsShims.c
[64/1292] Write sources
[122/1292] Compiling CXKCPShims shims.c
[122/1292] Compiling SimpleFIPS202.c
[122/1292] Write swift-version--11D90AFD9DD3AB2.txt
[125/1292] Compiling KeccakHash.c
[126/1292] Compiling KeccakSponge.c
[127/1298] Compiling KeccakP-1600-opt64.c
[128/1300] Compiling a_d2i_fp.cc
[129/1300] Compiling a_dup.cc
[130/1320] Compiling evp.cc
[132/1331] Emitting module ServiceContextModule
[132/1331] Compiling a_time.cc
[134/1331] Emitting module _CertificateInternals
[134/1342] Compiling x_crl.cc
[136/1342] Emitting module RealModule
[137/1371] Compiling RealModule RealFunctions.swift
[138/1371] Compiling ServiceContextModule ServiceContextKey.swift
[139/1371] Compiling InternalCollectionsUtilities MutableSpan+Extras.swift
[140/1371] Compiling InternalCollectionsUtilities OutputSpan+Extras.swift
[141/1371] Compiling InternalCollectionsUtilities RandomAccessCollection+Offsets.swift
[142/1371] Compiling InternalCollectionsUtilities Span+Extras.swift
[143/1374] Compiling InternalCollectionsUtilities FixedWidthInteger+roundUpToPowerOfTwo.swift
[144/1374] Compiling InternalCollectionsUtilities Integer rank.swift
[145/1374] Compiling InternalCollectionsUtilities UInt+first and last set bit.swift
[146/1374] Compiling InternalCollectionsUtilities UInt+reversed.swift
[147/1374] Compiling InternalCollectionsUtilities Strideable+LimitHelpers.swift
[148/1374] Compiling InternalCollectionsUtilities String+Padding.swift
[149/1374] Compiling InternalCollectionsUtilities TemporaryAllocation.swift
[150/1374] Compiling InternalCollectionsUtilities _UnsafeBitSet+Index.swift
[151/1374] Compiling InternalCollectionsUtilities UnsafeMutablePointer+Extras.swift
[152/1374] Compiling InternalCollectionsUtilities UnsafeMutableRawBufferPointer+Extras.swift
[153/1374] Compiling InternalCollectionsUtilities UnsafePointer+Extras.swift
[154/1374] Compiling InternalCollectionsUtilities _UnsafeBitSet+_Word.swift
[155/1374] Compiling InternalCollectionsUtilities _UnsafeBitSet.swift
[156/1374] Compiling InternalCollectionsUtilities UnsafeBufferPointer+Extras.swift
[157/1374] Compiling InternalCollectionsUtilities UnsafeMutableBufferPointer+Extras.swift
[160/1376] Compiling InternalCollectionsUtilities Iterable+CopyContents.swift
[161/1376] Compiling InternalCollectionsUtilities Iterable+Equality.swift
[162/1376] Compiling InternalCollectionsUtilities LifetimeOverride.swift
[163/1376] Compiling InternalCollectionsUtilities MutableRef.swift
[164/1376] Emitting module InternalCollectionsUtilities
[165/1376] Compiling InternalCollectionsUtilities BorrowingIteratorProtocol+Equality.swift
[166/1376] Compiling InternalCollectionsUtilities BorrowingIteratorProtocol+Extras.swift
[167/1376] Compiling InternalCollectionsUtilities Debugging.swift
[168/1376] Compiling InternalCollectionsUtilities Descriptions.swift
[169/1376] Compiling RealModule Real.swift
[170/1376] Compiling RealModule Float16+Real.swift
[171/1376] Compiling RealModule Float80+Real.swift
[178/1376] Compiling RealModule RelaxedArithmetic.swift
[179/1377] Compiling Logging LoggingSystem.swift
[180/1378] Emitting module _NIODataStructures
[190/1378] Compiling _NIODataStructures Heap.swift
[191/1378] Compiling ServiceContextModule ServiceContext.swift
[192/1379] Emitting module _NIOBase64
[193/1379] Compiling _NIODataStructures _TinyArray.swift
[194/1379] Compiling _NIODataStructures PriorityQueue.swift
[195/1379] Compiling _NIOBase64 Base64.swift
[196/1381] Compiling Logging Logger+Attributes.swift
[202/1381] Compiling InternalCollectionsUtilities UnsafeRawBufferPointer+Extras.swift
[203/1381] Compiling InternalCollectionsUtilities _SortedCollection.swift
[204/1381] Compiling InternalCollectionsUtilities _UniqueCollection.swift
[205/1382] Compiling _CertificateInternals _TinyArray.swift
[205/1388] Wrapping AST for RealModule for debugging
[207/1388] Compiling Logging Logger.swift
[208/1388] Compiling Logging Logger+With.swift
[209/1388] Wrapping AST for _NIODataStructures for debugging
[211/1394] Wrapping AST for ServiceContextModule for debugging
[212/1394] Wrapping AST for _NIOBase64 for debugging
[213/1394] Wrapping AST for InternalCollectionsUtilities for debugging
[214/1398] Wrapping AST for _CertificateInternals for debugging
[215/1398] Compiling CNIOWindows shim.c
[216/1398] Compiling CSystem shims.c
[217/1398] Compiling CNIOWindows WSAStartup.c
[218/1398] Compiling CNIOWASI CNIOWASI.c
[219/1398] Compiling CNIOPosix event_loop_id.c
[221/1398] Compiling Instrumentation NoOpInstrument.swift
[222/1398] Emitting module SpanPreview
[222/1398] Compiling CNIOOpenBSD shim.c
[224/1398] Compiling SpanPreview OutputSpan+InputSpanHelpers.swift
[224/1398] Compiling CNIOLinux liburing_shims.c
[225/1398] Compiling SpanPreview MutableSpan+InputSpanHelpers.swift
[227/1398] Compiling SpanPreview InputSpan.swift
[227/1431] Compiling CNIOLinux shim.c
[230/1436] Compiling Instrumentation MultiplexInstrument.swift
[231/1436] Emitting module Instrumentation
[231/1436] Compiling CNIOLLHTTP c_nio_http.c
[233/1436] Compiling Instrumentation Instrument.swift
[233/1437] Compiling CNIOLLHTTP c_nio_api.c
[235/1452] Compiling SystemPackage IOCompletion.swift
[236/1452] Compiling SystemPackage IORequest.swift
[237/1452] Compiling SystemPackage IORing+Util.swift
[238/1452] Compiling SystemPackage IORing.swift
[239/1452] Compiling SystemPackage RawIORequest.swift
[239/1483] Wrapping AST for SpanPreview for debugging
[240/1483] Compiling CNIOFreeBSD shim.c
[242/1483] Emitting module SwiftASN1
[242/1483] Compiling CNIOExtrasZlib zutil.c
[243/1483] Compiling CNIOLLHTTP c_nio_llhttp.c
[245/1483] Compiling DequeModule Deque._UnsafeHandle.swift
[246/1483] Compiling DequeModule Deque.swift
[246/1483] Compiling CNIOExtrasZlib inftrees.c
[247/1483] Compiling CNIOExtrasZlib trees.c
[248/1483] Compiling CNIOExtrasZlib inffast.c
[249/1483] Compiling CNIOExtrasZlib inflate.c
[251/1483] Compiling DequeModule RigidDeque+Descriptions.swift
[252/1483] Compiling DequeModule RigidDeque+Equatable.swift
[253/1483] Compiling DequeModule RigidDeque+Hashable.swift
[254/1483] Compiling DequeModule RigidDeque+Initializers.swift
[255/1483] Compiling DequeModule RigidDeque+Insertions.swift
[256/1483] Compiling DequeModule RigidDeque+Iterable.swift
[256/1488] Compiling CNIOExtrasZlib deflate.c
[258/1488] Compiling DequeModule UniqueDeque+Consumption.swift
[259/1488] Compiling DequeModule UniqueDeque+ContainerOperations.swift
[260/1488] Compiling DequeModule UniqueDeque+Deprecations.swift
[261/1488] Compiling DequeModule UniqueDeque+Descriptions.swift
[262/1488] Compiling DequeModule UniqueDeque+Equatable.swift
[263/1488] Compiling DequeModule UniqueDeque+Hashable.swift
[264/1488] Compiling DequeModule UniqueDeque+Initializers.swift
[265/1488] Compiling DequeModule UniqueDeque+Insertions.swift
[266/1488] Compiling DequeModule UniqueDeque+Iterable.swift
[267/1488] Compiling DequeModule UniqueDeque+Prepend.swift
[268/1488] Compiling DequeModule UniqueDeque+Removals.swift
[268/1488] Compiling CNIOExtrasZlib crc32.c
[269/1488] Compiling CNIODarwin shim.c
[271/1488] Compiling DequeModule _DequeBuffer.swift
[272/1488] Compiling DequeModule _DequeBufferHeader.swift
[273/1488] Compiling DequeModule RigidDeque+Append.swift
[274/1488] Compiling DequeModule RigidDeque+Consumption.swift
[275/1488] Compiling DequeModule RigidDeque+ContainerOperations.swift
[275/1488] Compiling CNIOExtrasZlib adler32.c
[277/1488] Compiling DequeModule RigidDeque+Deprecations.swift
[277/1488] Compiling fiat_p256_adx_sqr.S
[278/1488] Compiling fiat_p256_adx_mul.S
[279/1488] Compiling fiat_curve25519_adx_square.S
[281/1488] Compiling DequeModule RigidDeque+Prepend.swift
[282/1488] Compiling DequeModule RigidDeque+Removals.swift
[283/1488] Compiling DequeModule RigidDeque+Replacements.swift
[284/1488] Compiling DequeModule RigidDeque+Testing.swift
[285/1488] Compiling DequeModule RigidDeque.swift
[286/1488] Compiling DequeModule UniqueDeque+Append.swift
[286/1488] Compiling fiat_curve25519_adx_mul.S
[287/1488] Compiling CNIOBoringSSLShims shims.c
[289/1488] Compiling DequeModule Deque+Codable.swift
[290/1488] Compiling DequeModule Deque+Collection.swift
[291/1488] Compiling DequeModule Deque+CustomReflectable.swift
[292/1488] Compiling DequeModule Deque+Descriptions.swift
[293/1488] Compiling DequeModule Deque+Equatable.swift
[294/1488] Compiling DequeModule Deque+ExpressibleByArrayLiteral.swift
[295/1488] Emitting module SystemPackage
[308/1488] Emitting module Logging
[311/1488] Compiling Logging MetadataProvider.swift
[312/1489] Compiling DequeModule Deque+Extras.swift
[313/1489] Compiling DequeModule Deque+Hashable.swift
[314/1489] Compiling DequeModule Deque+Testing.swift
[315/1489] Compiling DequeModule Deque._Storage.swift
[341/1490] Compiling Instrumentation InstrumentationSystem.swift
[342/1490] Compiling Instrumentation Locks.swift
[349/1491] Wrapping AST for Logging for debugging
[350/1491] Wrapping AST for SwiftASN1 for debugging
[351/1499] Wrapping AST for Instrumentation for debugging
[353/1499] Compiling Tracing TracingTime.swift
[354/1500] Compiling Tracing Tracer.swift
[355/1500] Compiling Tracing InstrumentationSystem+Tracing.swift
[356/1500] Compiling Tracing WithTracer.swift
[362/1501] Compiling Tracing TracerProtocol.swift
[363/1501] Wrapping AST for SystemPackage for debugging
[364/1501] Compiling tls_record.cc
[366/1501] Emitting module Tracing
[367/1501] Compiling Tracing TracerProtocol+Legacy.swift
[368/1501] Compiling Tracing SpanProtocol.swift
[369/1501] Compiling Tracing NoOpTracer.swift
[370/1502] Compiling tls_method.cc
[371/1502] Wrapping AST for Tracing for debugging
[372/1502] Compiling tls13_server.cc
[373/1502] Compiling tls13_enc.cc
[374/1502] Compiling tls13_client.cc
[376/1502] Compiling DequeModule UniqueDeque+Replacements.swift
[377/1502] Compiling DequeModule UniqueDeque.swift
[378/1502] Compiling DequeModule _DequeSlot.swift
[379/1502] Compiling DequeModule _UnsafeDequeHandle.swift
[380/1502] Compiling DequeModule _UnsafeDequeSegments.swift
[381/1502] Emitting module DequeModule
[382/1503] Compiling t1_enc.cc
[383/1546] Compiling ssl_x509.cc
[384/1546] Compiling tls13_both.cc
[385/1546] Wrapping AST for DequeModule for debugging
[387/1546] Compiling Configuration Deprecations.swift
[388/1546] Compiling Configuration ExpressibleByConfigInt.swift
[389/1546] Compiling Configuration ExpressibleByConfigString.swift
[390/1546] Compiling Configuration CLIKeyEncoder.swift
[391/1546] Compiling Configuration ConfigKeyEncoder.swift
[392/1546] Compiling Configuration DotSeparatorKeyDecoder.swift
[392/1551] Compiling ssl_versions.cc
[393/1551] Compiling ssl_transcript.cc
[395/1551] Emitting module Configuration
[395/1551] Compiling ssl_stat.cc
[396/1551] Compiling ssl_session.cc
[397/1551] Compiling ssl_privkey.cc
[398/1551] Compiling ssl_file.cc
[399/1551] Compiling ssl_key_share.cc
[401/1551] Emitting module ExtrasBase64
[401/1551] Compiling ssl_lib.cc
[403/1551] Compiling ExtrasBase64 Base64+Span.swift
[404/1551] Compiling ExtrasBase64 Base32+Span.swift
[405/1551] Compiling ExtrasBase64 Base32.swift
[406/1551] Compiling ExtrasBase64 Base64.swift
[406/1552] Compiling ssl_credential.cc
[409/1583] Compiling Configuration JSONSnapshot.swift
[410/1583] Compiling Configuration PropertyListSnapshot.swift
[411/1583] Compiling Configuration ReloadingFileProvider.swift
[412/1583] Compiling Configuration ReloadingFileProviderMetrics.swift
[413/1583] Compiling Configuration YAMLSnapshot.swift
[414/1583] Compiling Configuration InMemoryProvider.swift
[415/1583] Compiling Configuration MutableInMemoryProvider.swift
[416/1583] Compiling Configuration ConfigProvider+Operators.swift
[417/1583] Compiling Configuration KeyMappingProvider.swift
[418/1583] Compiling Configuration SecretsSpecifier.swift
[419/1583] Compiling Configuration AsyncCombineLatestManySequence.swift
[420/1583] Compiling Configuration CombineLatestManyStateMachine.swift
[421/1583] Compiling Configuration CombineLatestManyStorage.swift
[422/1583] Compiling Configuration AsyncSequences.swift
[423/1583] Compiling Configuration FoundationExtensions.swift
[424/1583] Compiling Configuration Span.swift
[425/1583] Compiling Configuration ConfigBytesFromStringDecoder.swift
[426/1583] Compiling GoogleWKT WKTField.swift
[427/1583] Compiling GoogleWKT WKTMethod.swift
[428/1583] Compiling GoogleWKT WKTMixin.swift
[429/1583] Compiling GoogleWKT WKTOption.swift
[430/1583] Compiling GoogleWKT WKTStringValue.swift
[431/1583] Compiling GoogleWKT WKTTimestamp.swift
[432/1583] Compiling GoogleWKT WKTUInt32Value.swift
[433/1583] Compiling GoogleWKT WKTUInt64Value.swift
[434/1583] Compiling GoogleWKT WKTValue.swift
[435/1583] Compiling GoogleWKT WKTApi.swift
[436/1583] Compiling GoogleWKT WKTEnum.swift
[437/1583] Compiling GoogleWKT WKTEnumValue.swift
[438/1583] Compiling GoogleWKT WKTAny.swift
[439/1583] Compiling GoogleWKT WKTAnyError.swift
[440/1583] Compiling GoogleWKT WKTBoolValue.swift
[441/1583] Compiling GoogleWKT WKTBytesValue.swift
[442/1583] Compiling GoogleWKT WKTFloatValue.swift
[443/1583] Compiling GoogleWKT WKTInt32Value.swift
[443/1583] Compiling ssl_cipher.cc
[444/1583] Wrapping AST for ExtrasBase64 for debugging
[445/1583] Compiling ssl_buffer.cc
[446/1583] Compiling ssl_cert.cc
[447/1583] Compiling ssl_asn1.cc
[448/1583] Compiling s3_pkt.cc
[452/1583] Compiling GoogleWKT WKTInt64Value.swift
[453/1583] Compiling GoogleWKT WKTRecursive.swift
[453/1587] Compiling ssl_aead_ctx.cc
[455/1587] Compiling GoogleWKT AnyPackable.swift
[456/1587] Compiling GoogleWKT DecodeToDefault.swift
[457/1587] Compiling GoogleWKT DiscoveryBase64.swift
[458/1587] Compiling GoogleWKT ProtoJSONDecoder.swift
[459/1587] Compiling GoogleWKT ProtoJSONEncoder.swift
[460/1587] Emitting module GoogleWKT
[461/1587] Compiling GoogleWKT UnknownFields.swift
[466/1587] Compiling GoogleWKT WKTDoubleValue.swift
[467/1587] Compiling GoogleWKT WKTDuration.swift
[468/1587] Compiling GoogleWKT WKTEmpty.swift
[469/1587] Compiling GoogleWKT WKTFieldMask.swift
[488/1588] Compiling s3_lib.cc
[489/1588] Compiling s3_both.cc
[490/1588] Wrapping AST for Configuration for debugging
[492/1588] Compiling GoogleWKT WKTSourceContext.swift
[493/1588] Compiling GoogleWKT WKTSyntax.swift
[494/1588] Compiling GoogleWKT WKTType.swift
[495/1588] Compiling GoogleWKT PackageVersion.swift
[496/1607] Compiling handshake_server.cc
[497/1622] Compiling handshake.cc
[498/1622] Wrapping AST for GoogleWKT for debugging
[499/1622] Compiling handshake_client.cc
[501/1622] Compiling GoogleRpc LocalizedMessage.swift
[502/1622] Compiling GoogleRpc PackageVersion.swift
[502/1624] Compiling handoff.cc
[504/1624] Compiling GoogleRpc RequestInfo.swift
[505/1624] Compiling GoogleRpc ResourceInfo.swift
[508/1624] Compiling GoogleRpc PreconditionFailure.swift
[509/1624] Emitting module GoogleType
[510/1624] Compiling GoogleRpc HttpHeader.swift
[511/1624] Compiling GoogleRpc DebugInfo.swift
[512/1624] Compiling GoogleRpc ErrorInfo.swift
[513/1624] Compiling GoogleRpc HttpRequest.swift
[514/1624] Compiling GoogleRpc HttpResponse.swift
[515/1626] Compiling GoogleRpc QuotaFailure.swift
[517/1626] Compiling GoogleRpc Status.swift
[518/1626] Compiling GoogleType Quaternion.swift
[520/1626] Compiling GoogleRpc RetryInfo.swift
[523/1626] Compiling GoogleRpc Help.swift
[529/1626] Compiling GoogleRpc BadRequest.swift
[530/1626] Compiling GoogleRpc Code.swift
[534/1626] Emitting module GoogleRpc
[538/1627] Compiling GoogleType TimeOfDay.swift
[539/1627] Compiling GoogleType TimeZone.swift
[540/1628] Wrapping AST for GoogleRpc for debugging
[541/1628] Wrapping AST for GoogleType for debugging
[542/1628] Compiling dtls_record.cc
[543/1628] Compiling encrypted_client_hello.cc
[544/1628] Compiling dtls_method.cc
[545/1628] Compiling md5-x86_64-linux.S
[546/1628] Compiling md5-x86_64-apple.S
[547/1628] Compiling md5-586-linux.S
[548/1628] Compiling md5-586-apple.S
[549/1628] Compiling chacha20_poly1305_x86_64-linux.S
[550/1628] Compiling extensions.cc
[551/1628] Compiling chacha20_poly1305_x86_64-apple.S
[552/1628] Compiling chacha20_poly1305_armv8-win.S
[553/1628] Compiling chacha20_poly1305_armv8-linux.S
[554/1628] Compiling chacha20_poly1305_armv8-apple.S
[555/1628] Compiling chacha-x86_64-apple.S
[556/1628] Compiling chacha-x86_64-linux.S
[557/1628] Compiling chacha-x86-linux.S
[558/1628] Compiling chacha-x86-apple.S
[559/1628] Compiling d1_pkt.cc
[560/1628] Compiling chacha-armv8-win.S
[561/1628] Compiling chacha-armv8-linux.S
[562/1628] Compiling chacha-armv8-apple.S
[563/1628] Compiling chacha-armv4-linux.S
[564/1628] Compiling d1_srtp.cc
[565/1628] Compiling aes128gcmsiv-x86_64-apple.S
[566/1628] Compiling aes128gcmsiv-x86_64-linux.S
[567/1628] Compiling x86_64-mont5-linux.S
[568/1628] Compiling x86_64-mont5-apple.S
[569/1628] Compiling x86_64-mont-linux.S
[570/1628] Compiling x86_64-mont-apple.S
[571/1628] Compiling x86-mont-linux.S
[572/1628] Compiling err_data.cc
[573/1628] Compiling x86-mont-apple.S
[574/1628] Compiling vpaes-x86_64-linux.S
[575/1628] Compiling vpaes-x86-linux.S
[576/1628] Compiling vpaes-x86-apple.S
[577/1628] Compiling vpaes-x86_64-apple.S
[578/1628] Compiling vpaes-armv8-win.S
[579/1628] Compiling vpaes-armv7-linux.S
[580/1628] Compiling vpaes-armv8-apple.S
[581/1628] Compiling vpaes-armv8-linux.S
[582/1628] Compiling sha512-x86_64-linux.S
[583/1628] Compiling sha512-armv8-win.S
[584/1628] Compiling sha512-x86_64-apple.S
[585/1628] Compiling sha512-armv4-linux.S
[586/1628] Compiling sha512-armv8-apple.S
[587/1628] Compiling sha512-586-linux.S
[588/1628] Compiling sha256-x86_64-linux.S
[588/1628] Compiling sha512-586-apple.S
[590/1628] Compiling sha512-armv8-linux.S
[591/1628] Compiling sha256-armv8-apple.S
[592/1628] Compiling sha256-armv8-win.S
[593/1628] Compiling sha256-586-linux.S
[594/1628] Compiling sha256-armv8-linux.S
[595/1628] Compiling sha256-armv4-linux.S
[596/1628] Compiling sha256-x86_64-apple.S
[597/1628] Compiling sha1-x86_64-linux.S
[598/1628] Compiling sha256-586-apple.S
[599/1628] Compiling sha1-x86_64-apple.S
[600/1628] Compiling sha1-armv8-win.S
[601/1628] Compiling sha1-armv8-apple.S
[602/1628] Compiling sha1-armv4-large-linux.S
[603/1628] Compiling sha1-586-apple.S
[604/1628] Compiling sha1-armv8-linux.S
[605/1628] Compiling sha1-586-linux.S
[606/1628] Compiling rsaz-avx2-linux.S
[607/1628] Compiling rdrand-x86_64-linux.S
[608/1628] Compiling rsaz-avx2-apple.S
[609/1628] Compiling rdrand-x86_64-apple.S
[610/1628] Compiling p256_beeu-x86_64-asm-linux.S
[611/1628] Compiling p256_beeu-x86_64-asm-apple.S
[612/1628] Compiling p256_beeu-armv8-asm-win.S
[613/1628] Compiling p256_beeu-armv8-asm-linux.S
[614/1628] Compiling p256_beeu-armv8-asm-apple.S
[614/1628] Compiling p256-x86_64-asm-linux.S
[616/1628] Compiling p256-x86_64-asm-apple.S
[617/1628] Compiling d1_lib.cc
[618/1628] Compiling p256-armv8-asm-win.S
[619/1628] Compiling p256-armv8-asm-linux.S
[620/1628] Compiling p256-armv8-asm-apple.S
[621/1628] Compiling bio_ssl.cc
[622/1628] Compiling ghashv8-armv8-win.S
[623/1628] Compiling ghashv8-armv7-linux.S
[624/1628] Compiling ghashv8-armv8-linux.S
[625/1628] Compiling ghashv8-armv8-apple.S
[626/1628] Compiling ghash-x86_64-linux.S
[627/1628] Compiling ghash-x86-linux.S
[628/1628] Compiling ghash-x86_64-apple.S
[629/1628] Compiling ghash-ssse3-x86_64-linux.S
[630/1628] Compiling ghash-ssse3-x86-linux.S
[631/1628] Compiling ghash-ssse3-x86_64-apple.S
[632/1628] Compiling ghash-x86-apple.S
[633/1628] Compiling ghash-neon-armv8-apple.S
[634/1628] Compiling ghash-ssse3-x86-apple.S
[635/1628] Compiling ghash-neon-armv8-linux.S
[636/1628] Compiling ghash-neon-armv8-win.S
[637/1628] Compiling ghash-armv4-linux.S
[638/1628] Compiling bsaes-armv7-linux.S
[639/1628] Compiling co-586-apple.S
[640/1628] Compiling co-586-linux.S
[641/1628] Compiling bn-armv8-win.S
[642/1628] Compiling d1_both.cc
[643/1628] Compiling bn-armv8-linux.S
[644/1628] Compiling bn-586-linux.S
[645/1628] Compiling bn-armv8-apple.S
[646/1628] Compiling bn-586-apple.S
[647/1628] Compiling armv8-mont-linux.S
[648/1628] Compiling armv8-mont-apple.S
[648/1628] Compiling armv8-mont-win.S
[650/1628] Compiling aesv8-gcm-armv8-win.S
[651/1628] Compiling armv4-mont-linux.S
[652/1628] Compiling aesv8-gcm-armv8-apple.S
[653/1628] Compiling aesv8-gcm-armv8-linux.S
[654/1628] Compiling aesv8-armv8-win.S
[655/1628] Compiling aesni-x86_64-linux.S
[656/1628] Compiling aesv8-armv8-linux.S
[657/1628] Compiling aesv8-armv8-apple.S
[658/1628] Compiling aesni-x86_64-apple.S
[659/1628] Compiling aesv8-armv7-linux.S
[660/1628] Compiling aesni-x86-linux.S
[660/1628] Compiling aesni-gcm-x86_64-apple.S
[662/1628] Compiling aesni-gcm-x86_64-linux.S
[663/1628] Compiling aes-gcm-avx2-x86_64-linux.S
[664/1628] Compiling aesni-x86-apple.S
[665/1628] Compiling aes-gcm-avx10-x86_64-apple.S
[666/1628] Compiling aes-gcm-avx2-x86_64-apple.S
[667/1628] Compiling aes-gcm-avx10-x86_64-linux.S
[668/1628] Compiling x_x509.cc
[669/1628] Compiling x_x509a.cc
[670/1628] Compiling x_req.cc
[671/1628] Compiling x_pubkey.cc
[672/1628] Compiling x_sig.cc
[673/1628] Compiling x_name.cc
[674/1628] Compiling x_val.cc
[675/1628] Compiling x_spki.cc
[676/1628] Compiling x_crl.cc
[677/1628] Compiling x_exten.cc
[678/1628] Compiling x_attrib.cc
[679/1628] Compiling x_algor.cc
[680/1628] Compiling x509rset.cc
[681/1628] Compiling x_all.cc
[682/1628] Compiling x509spki.cc
[683/1628] Compiling x509name.cc
[684/1628] Compiling x509cset.cc
[685/1628] Compiling x509_vpm.cc
[686/1628] Compiling x509_vfy.cc
[687/1628] Compiling x509_trs.cc
[688/1628] Compiling x509_txt.cc
[689/1628] Compiling x509_v3.cc
[690/1628] Compiling x509_set.cc
[691/1628] Compiling x509_req.cc
[692/1628] Compiling x509_lu.cc
[693/1628] Compiling x509_obj.cc
[694/1628] Compiling x509_def.cc
[695/1628] Compiling x509_cmp.cc
[696/1628] Compiling x509_ext.cc
[697/1628] Compiling x509_d2.cc
[698/1628] Compiling x509.cc
[699/1628] Compiling x509_att.cc
[700/1628] Compiling v3_utl.cc
[701/1628] Compiling v3_prn.cc
[702/1628] Compiling v3_purp.cc
[703/1628] Compiling v3_pcons.cc
[704/1628] Compiling v3_skey.cc
[705/1628] Compiling v3_pmaps.cc
[706/1628] Compiling v3_ocsp.cc
[707/1628] Compiling v3_ncons.cc
[708/1628] Compiling v3_info.cc
[709/1628] Compiling v3_int.cc
[710/1628] Compiling v3_lib.cc
[711/1628] Compiling v3_ia5.cc
[712/1628] Compiling v3_genn.cc
[713/1628] Compiling v3_extku.cc
[714/1628] Compiling v3_enum.cc
[715/1628] Compiling v3_crld.cc
[716/1628] Compiling v3_bitst.cc
[717/1628] Compiling v3_cpols.cc
[718/1628] Compiling v3_conf.cc
[719/1628] Compiling v3_bcons.cc
[720/1628] Compiling v3_akeya.cc
[721/1628] Compiling v3_alt.cc
[722/1628] Compiling v3_akey.cc
[723/1628] Compiling t_x509a.cc
[724/1628] Compiling i2d_pr.cc
[725/1628] Compiling t_x509.cc
[726/1628] Compiling t_crl.cc
[727/1628] Compiling t_req.cc
[728/1628] Compiling rsa_pss.cc
[729/1628] Compiling policy.cc
[730/1628] Compiling name_print.cc
[731/1628] Compiling by_file.cc
[732/1628] Compiling algorithm.cc
[733/1628] Compiling by_dir.cc
[734/1628] Compiling asn1_gen.cc
[735/1628] Compiling trust_token.cc
[736/1628] Compiling a_digest.cc
[737/1628] Compiling a_verify.cc
[738/1628] Compiling voprf.cc
[739/1628] Compiling a_sign.cc
[740/1628] Compiling thread_win.cc
[741/1628] Compiling thread.cc
[742/1628] Compiling thread_pthread.cc
[743/1628] Compiling thread_none.cc
[744/1628] Compiling sha256.cc
[745/1628] Compiling pmbtoken.cc
[746/1628] Compiling sha1.cc
[747/1628] Compiling slhdsa.cc
[748/1628] Compiling stack.cc
[749/1628] Compiling siphash.cc
[750/1628] Compiling sha512.cc
[751/1628] Compiling spake2plus.cc
[752/1628] Compiling rsa_print.cc
[753/1628] Compiling rsa_extra.cc
[754/1628] Compiling rc4.cc
[755/1628] Compiling windows.cc
[756/1628] Compiling refcount.cc
[757/1628] Compiling rsa_crypt.cc
[758/1628] Compiling rsa_asn1.cc
[759/1628] Compiling urandom.cc
[760/1628] Compiling passive.cc
[760/1628] Compiling trusty.cc
[762/1628] Compiling rand.cc
[763/1628] Compiling poly1305_arm_asm.S
[764/1628] Compiling ios.cc
[765/1628] Compiling getentropy.cc
[766/1628] Compiling forkunsafe.cc
[767/1628] Compiling deterministic.cc
[768/1628] Compiling fork_detect.cc
[769/1628] Compiling poly1305_vec.cc
[770/1628] Compiling poly1305_arm.cc
[771/1628] Compiling poly1305.cc
[772/1628] Compiling pool.cc
[773/1628] Compiling pkcs8.cc
[774/1628] Compiling pkcs8_x509.cc
[775/1628] Compiling pkcs7_x509.cc
[776/1628] Compiling pkcs7.cc
[777/1628] Compiling p5_pbev2.cc
[778/1628] Compiling pem_x509.cc
[779/1628] Compiling pem_xaux.cc
[780/1628] Compiling pem_pkey.cc
[781/1628] Compiling pem_all.cc
[782/1628] Compiling pem_pk8.cc
[783/1628] Compiling pem_lib.cc
[784/1628] Compiling obj_xref.cc
[785/1628] Compiling pem_info.cc
[786/1628] Compiling pem_oth.cc
[787/1628] Compiling mlkem.cc
[788/1628] Compiling mldsa.cc
[789/1628] Compiling poly_rq_mul.S
[790/1628] Compiling mem.cc
[791/1628] Compiling fips_shared_support.cc
[792/1628] Compiling obj.cc
[793/1628] Compiling md5.cc
[794/1628] Compiling lhash.cc
[795/1628] Compiling md4.cc
[796/1628] Compiling kyber.cc
[797/1628] Compiling sign.cc
[798/1628] Compiling ex_data.cc
[799/1628] Compiling hrss.cc
[800/1628] Compiling scrypt.cc
[801/1628] Compiling print.cc
[802/1628] Compiling hpke.cc
[803/1628] Compiling p_x25519.cc
[804/1628] Compiling pbkdf.cc
[805/1628] Compiling p_x25519_asn1.cc
[806/1628] Compiling p_rsa_asn1.cc
[807/1628] Compiling p_rsa.cc
[808/1628] Compiling p_ed25519.cc
[809/1628] Compiling p_hkdf.cc
[810/1628] Compiling p_ed25519_asn1.cc
[811/1628] Compiling p_ec_asn1.cc
[812/1628] Compiling p_ec.cc
[813/1628] Compiling p_dh.cc
[814/1628] Compiling p_dh_asn1.cc
[815/1628] Compiling evp_ctx.cc
[816/1628] Compiling evp.cc
[817/1628] Compiling p_dsa_asn1.cc
[818/1628] Compiling err.cc
[819/1628] Compiling evp_asn1.cc
[820/1628] Compiling engine.cc
[821/1628] Compiling ecdh.cc
[822/1628] Compiling ec_derive.cc
[823/1628] Compiling ecdsa_asn1.cc
[824/1628] Compiling hash_to_curve.cc
[825/1628] Compiling dsa_asn1.cc
[826/1628] Compiling dsa.cc
[827/1628] Compiling ec_asn1.cc
[828/1628] Compiling bcm.cc
[829/1628] Compiling params.cc
[830/1628] Compiling x25519-asm-arm.S
[831/1628] Compiling des.cc
[832/1628] Compiling digest_extra.cc
[833/1628] Compiling dh_asn1.cc
[834/1628] Compiling curve25519_64_adx.cc
[835/1628] Compiling crypto.cc
[836/1628] Compiling cpu_intel.cc
[837/1628] Compiling cpu_arm_freebsd.cc
[838/1628] Compiling cpu_arm_linux.cc
[839/1628] Compiling curve25519.cc
[840/1628] Compiling spake25519.cc
[841/1628] Compiling cpu_aarch64_win.cc
[842/1628] Compiling cpu_aarch64_fuchsia.cc
[843/1628] Compiling cpu_aarch64_sysreg.cc
[844/1628] Compiling cpu_aarch64_openbsd.cc
[845/1628] Compiling cpu_aarch64_linux.cc
[846/1628] Compiling cpu_aarch64_apple.cc
[847/1628] Compiling conf.cc
[848/1628] Compiling tls_cbc.cc
[849/1628] Compiling get_cipher.cc
[850/1628] Compiling e_tls.cc
[851/1628] Compiling e_rc2.cc
[852/1628] Compiling e_null.cc
[853/1628] Compiling e_rc4.cc
[854/1628] Compiling e_des.cc
[855/1628] Compiling e_aesctrhmac.cc
[856/1628] Compiling e_chacha20poly1305.cc
[857/1628] Compiling e_aesgcmsiv.cc
[858/1628] Compiling derive_key.cc
[859/1628] Compiling chacha.cc
[860/1628] Compiling unicode.cc
[861/1628] Compiling cbs.cc
[862/1628] Compiling buf.cc
[863/1628] Compiling ber.cc
[864/1628] Compiling cbb.cc
[865/1628] Compiling bn_asn1.cc
[866/1628] Compiling asn1_compat.cc
[867/1628] Compiling convert.cc
[868/1628] Compiling blake2.cc
[869/1628] Compiling socket_helper.cc
[870/1628] Compiling socket.cc
[871/1628] Compiling printf.cc
[872/1628] Compiling pair.cc
[873/1628] Compiling hexdump.cc
[874/1628] Compiling file.cc
[875/1628] Compiling errno.cc
[876/1628] Compiling fd.cc
[877/1628] Compiling connect.cc
[878/1628] Compiling bio_mem.cc
[879/1628] Compiling base64.cc
[880/1628] Compiling bio.cc
[881/1628] Compiling tasn_typ.cc
[882/1628] Compiling tasn_utl.cc
[883/1628] Compiling tasn_fre.cc
[884/1628] Compiling tasn_new.cc
[885/1628] Compiling posix_time.cc
[886/1628] Compiling tasn_enc.cc
[887/1628] Compiling f_string.cc
[888/1628] Compiling f_int.cc
[889/1628] Compiling tasn_dec.cc
[890/1628] Compiling asn_pack.cc
[891/1628] Compiling asn1_par.cc
[892/1628] Compiling asn1_lib.cc
[893/1628] Compiling a_utctm.cc
[894/1628] Compiling a_time.cc
[895/1628] Compiling a_octet.cc
[896/1628] Compiling a_type.cc
[897/1628] Compiling a_strex.cc
[898/1628] Compiling a_strnid.cc
[899/1628] Compiling a_object.cc
[900/1628] Compiling a_i2d_fp.cc
[901/1628] Compiling a_dup.cc
[902/1628] Compiling a_mbstr.cc
[903/1628] Compiling CGoogleGaxCRC32C CGoogleGaxCRC32C.c
[904/1628] Compiling a_d2i_fp.cc
[905/1628] Compiling a_int.cc
[906/1628] Compiling fiat_p256_adx_sqr.S
[907/1628] Compiling a_gentm.cc
[908/1628] Compiling fiat_p256_adx_mul.S
[909/1628] Compiling fiat_curve25519_adx_square.S
[910/1628] Compiling md5-x86_64-linux.S
[911/1628] Compiling fiat_curve25519_adx_mul.S
[912/1628] Compiling md5-x86_64-apple.S
[913/1628] Compiling md5-586-linux.S
[914/1628] Compiling md5-586-apple.S
[915/1628] Compiling a_bitstr.cc
[916/1628] Compiling chacha20_poly1305_x86_64-linux.S
[917/1628] Compiling chacha20_poly1305_x86_64-apple.S
[918/1628] Compiling chacha20_poly1305_armv8-win.S
[919/1628] Compiling chacha20_poly1305_armv8-apple.S
[920/1628] Compiling chacha-x86_64-linux.S
[921/1628] Compiling chacha-x86_64-apple.S
[922/1628] Compiling chacha20_poly1305_armv8-linux.S
[923/1628] Compiling CCryptoBoringSSLShims shims.c
[924/1628] Compiling chacha-x86-linux.S
[925/1628] Compiling chacha-armv8-win.S
[926/1628] Compiling chacha-x86-apple.S
[927/1628] Compiling chacha-armv8-apple.S
[928/1628] Compiling chacha-armv8-linux.S
[929/1628] Compiling chacha-armv4-linux.S
[930/1628] Compiling aes128gcmsiv-x86_64-linux.S
[931/1628] Compiling x86_64-mont5-linux.S
[932/1628] Compiling aes128gcmsiv-x86_64-apple.S
[933/1628] Compiling x86_64-mont5-apple.S
[934/1628] Compiling x86_64-mont-linux.S
[935/1628] Compiling x86_64-mont-apple.S
[936/1628] Compiling x86-mont-apple.S
[937/1628] Compiling x86-mont-linux.S
[938/1628] Compiling vpaes-x86_64-linux.S
[939/1628] Compiling vpaes-x86_64-apple.S
[940/1628] Compiling vpaes-x86-apple.S
[941/1628] Compiling a_bool.cc
[942/1628] Compiling vpaes-x86-linux.S
[943/1628] Compiling vpaes-armv8-win.S
[944/1628] Compiling vpaes-armv7-linux.S
[945/1628] Compiling vpaes-armv8-linux.S
[946/1628] Compiling vpaes-armv8-apple.S
[947/1628] Compiling sha512-x86_64-linux.S
[948/1628] Compiling sha512-x86_64-apple.S
[948/1628] Compiling sha512-armv8-win.S
[950/1628] Compiling sha512-armv8-apple.S
[950/1628] Compiling sha512-armv4-linux.S
[952/1628] Compiling sha512-586-linux.S
[953/1628] Compiling sha512-armv8-linux.S
[954/1628] Compiling sha256-x86_64-apple.S
[955/1628] Compiling sha512-586-apple.S
[956/1628] Compiling sha256-armv8-win.S
[957/1628] Compiling sha256-x86_64-linux.S
[958/1628] Compiling sha256-armv8-apple.S
[959/1628] Compiling sha256-armv8-linux.S
[960/1628] Compiling sha256-armv4-linux.S
[961/1628] Compiling sha256-586-linux.S
[962/1628] Compiling err_data.cc
[962/1628] Compiling sha256-586-apple.S
[964/1628] Compiling sha1-x86_64-linux.S
[965/1628] Compiling sha1-armv8-win.S
[966/1628] Compiling sha1-armv8-apple.S
[967/1628] Compiling sha1-x86_64-apple.S
[968/1628] Compiling sha1-586-linux.S
[969/1628] Compiling sha1-armv4-large-linux.S
[970/1628] Compiling sha1-armv8-linux.S
[971/1628] Compiling rsaz-avx2-linux.S
[971/1628] Compiling sha1-586-apple.S
[973/1628] Compiling rdrand-x86_64-linux.S
[974/1628] Compiling rdrand-x86_64-apple.S
[975/1628] Compiling rsaz-avx2-apple.S
[976/1628] Compiling p256_beeu-x86_64-asm-linux.S
[977/1628] Compiling p256_beeu-armv8-asm-win.S
[978/1628] Compiling p256_beeu-x86_64-asm-apple.S
[979/1628] Compiling p256_beeu-armv8-asm-apple.S
[980/1628] Compiling p256_beeu-armv8-asm-linux.S
[981/1628] Compiling p256-x86_64-asm-linux.S
[982/1628] Compiling p256-x86_64-asm-apple.S
[983/1628] Compiling p256-armv8-asm-linux.S
[984/1628] Compiling p256-armv8-asm-win.S
[985/1628] Compiling ghashv8-armv8-linux.S
[986/1628] Compiling ghashv8-armv8-win.S
[986/1628] Compiling ghashv8-armv8-apple.S
[988/1628] Compiling p256-armv8-asm-apple.S
[989/1628] Compiling ghashv8-armv7-linux.S
[990/1628] Compiling ghash-x86_64-linux.S
[991/1628] Compiling ghash-x86_64-apple.S
[991/1628] Compiling ghash-x86-apple.S
[993/1628] Compiling ghash-x86-linux.S
[994/1628] Compiling ghash-ssse3-x86_64-linux.S
[995/1628] Compiling ghash-ssse3-x86-linux.S
[996/1628] Compiling ghash-neon-armv8-win.S
[997/1628] Compiling ghash-ssse3-x86-apple.S
[998/1628] Compiling ghash-ssse3-x86_64-apple.S
[999/1628] Compiling ghash-neon-armv8-linux.S
[1000/1628] Compiling ghash-neon-armv8-apple.S
[1001/1628] Compiling ghash-armv4-linux.S
[1002/1628] Compiling bsaes-armv7-linux.S
[1003/1628] Compiling co-586-apple.S
[1004/1628] Compiling co-586-linux.S
[1005/1628] Compiling bn-armv8-win.S
[1006/1628] Compiling bn-armv8-linux.S
[1007/1628] Compiling armv8-mont-win.S
[1008/1628] Compiling bn-armv8-apple.S
[1009/1628] Compiling bn-586-apple.S
[1009/1628] Compiling bn-586-linux.S
[1011/1628] Compiling armv8-mont-linux.S
[1012/1628] Compiling armv4-mont-linux.S
[1013/1628] Compiling aesv8-gcm-armv8-win.S
[1014/1628] Compiling armv8-mont-apple.S
[1015/1628] Compiling aesv8-gcm-armv8-linux.S
[1016/1628] Compiling aesv8-gcm-armv8-apple.S
[1017/1628] Compiling aesv8-armv8-win.S
[1018/1628] Compiling aesv8-armv8-linux.S
[1019/1628] Compiling aesv8-armv8-apple.S
[1020/1628] Compiling aesv8-armv7-linux.S
[1021/1628] Compiling aesni-x86_64-linux.S
[1022/1628] Compiling aesni-x86_64-apple.S
[1023/1628] Compiling aesni-x86-linux.S
[1024/1628] Compiling aesni-gcm-x86_64-apple.S
[1025/1628] Compiling aesni-gcm-x86_64-linux.S
[1026/1628] Compiling aesni-x86-apple.S
[1027/1628] Compiling aes-gcm-avx512-x86_64-linux.S
[1028/1628] Compiling aes-gcm-avx512-x86_64-apple.S
[1029/1628] Compiling aes-gcm-avx2-x86_64-linux.S
[1030/1628] Compiling aes-gcm-avx2-x86_64-apple.S
[1031/1628] Compiling xwing.cc
[1032/1628] Compiling x_sig.cc
[1033/1628] Compiling x_spki.cc
[1034/1628] Compiling x_req.cc
[1035/1628] Compiling x_x509a.cc
[1036/1628] Compiling x_x509.cc
[1037/1628] Compiling c-nioatomics.c
[1038/1628] Compiling x_name.cc
[1039/1628] Compiling x_pubkey.cc
[1040/1628] Compiling x_exten.cc
[1041/1628] Compiling x_attrib.cc
[1042/1628] Compiling x_all.cc
[1043/1628] Compiling x_algor.cc
[1044/1628] Compiling c-atomics.c
[1045/1628] Compiling x509spki.cc
[1047/1635] Compiling NIOConcurrencyHelpers NIOThreadPoolWorkAvailable.swift
[1048/1635] Compiling NIOConcurrencyHelpers NIOLock.swift
[1048/1635] Compiling x509rset.cc
[1049/1635] Compiling x509_vpm.cc
[1051/1635] Emitting module NIOConcurrencyHelpers
[1052/1635] Compiling NIOConcurrencyHelpers lock.swift
[1053/1635] Compiling NIOConcurrencyHelpers NIOLockedValueBox.swift
[1054/1635] Compiling NIOConcurrencyHelpers NIOAtomic.swift
[1055/1635] Compiling NIOConcurrencyHelpers atomics.swift
[1055/1636] Compiling x509name.cc
[1057/1636] Compiling x509cset.cc
[1058/1636] Wrapping AST for NIOConcurrencyHelpers for debugging
[1059/1636] Compiling x509_v3.cc
[1060/1636] Compiling x509_txt.cc
[1061/1636] Compiling x509_vfy.cc
[1062/1636] Compiling x509_set.cc
[1063/1636] Compiling x509_trs.cc
[1064/1636] Compiling x509_obj.cc
[1065/1636] Compiling x509_req.cc
[1066/1636] Compiling x509_d2.cc
[1067/1636] Compiling x509_def.cc
[1068/1636] Compiling x509_ext.cc
[1068/1636] Compiling x509_lu.cc
[1070/1636] Compiling x509_cmp.cc
[1071/1636] Compiling x509_att.cc
[1072/1636] Compiling x509.cc
[1073/1636] Compiling v3_utl.cc
[1074/1636] Compiling v3_prn.cc
[1075/1636] Compiling v3_skey.cc
[1076/1636] Compiling v3_purp.cc
[1077/1636] Compiling v3_pmaps.cc
[1078/1636] Compiling v3_pcons.cc
[1079/1636] Compiling v3_ocsp.cc
[1080/1636] Compiling v3_ncons.cc
[1081/1636] Compiling v3_int.cc
[1082/1636] Compiling v3_info.cc
[1083/1636] Compiling v3_lib.cc
[1084/1636] Compiling v3_genn.cc
[1085/1636] Compiling v3_ia5.cc
[1086/1636] Compiling v3_extku.cc
[1087/1636] Compiling v3_enum.cc
[1088/1636] Compiling v3_cpols.cc
[1089/1636] Compiling v3_crld.cc
[1090/1636] Compiling v3_bitst.cc
[1091/1636] Compiling v3_bcons.cc
[1092/1636] Compiling v3_alt.cc
[1093/1636] Compiling v3_conf.cc
[1094/1636] Compiling v3_akey.cc
[1095/1636] Compiling v3_akeya.cc
[1096/1636] Compiling t_x509a.cc
[1097/1636] Compiling t_x509.cc
[1098/1636] Compiling t_crl.cc
[1099/1636] Compiling t_req.cc
[1100/1636] Compiling i2d_pr.cc
[1101/1636] Compiling policy.cc
[1102/1636] Compiling name_print.cc
[1103/1636] Compiling rsa_pss.cc
[1104/1636] Compiling by_file.cc
[1105/1636] Compiling by_dir.cc
[1106/1636] Compiling asn1_gen.cc
[1107/1636] Compiling algorithm.cc
[1108/1636] Compiling a_digest.cc
[1109/1636] Compiling a_sign.cc
[1110/1636] Compiling voprf.cc
[1111/1636] Compiling a_verify.cc
[1112/1636] Compiling thread_none.cc
[1113/1636] Compiling thread_pthread.cc
[1114/1636] Compiling thread.cc
[1115/1636] Compiling thread_win.cc
[1116/1636] Compiling pmbtoken.cc
[1117/1636] Compiling stack.cc
[1118/1636] Compiling trust_token.cc
[1119/1636] Compiling slhdsa.cc
[1120/1636] Compiling siphash.cc
[1121/1636] Compiling sha256.cc
[1122/1636] Compiling sha512.cc
[1123/1636] Compiling spake2plus.cc
[1124/1636] Compiling sha1.cc
[1125/1636] Compiling rsa_print.cc
[1126/1636] Compiling rsa_extra.cc
[1127/1636] Compiling rc4.cc
[1128/1636] Compiling refcount.cc
[1129/1636] Compiling rsa_crypt.cc
[1130/1636] Compiling windows.cc
[1131/1636] Compiling urandom.cc
[1132/1636] Compiling trusty.cc
[1133/1636] Compiling rand.cc
[1134/1636] Compiling getentropy.cc
[1135/1636] Compiling rsa_asn1.cc
[1136/1636] Compiling ios.cc
[1137/1636] Compiling poly1305_arm_asm.S
[1138/1636] Compiling passive.cc
[1139/1636] Compiling forkunsafe.cc
[1140/1636] Compiling fork_detect.cc
[1141/1636] Compiling deterministic.cc
[1142/1636] Compiling poly1305_vec.cc
[1143/1636] Compiling pool.cc
[1144/1636] Compiling poly1305_arm.cc
[1145/1636] Compiling poly1305.cc
[1146/1636] Compiling pkcs8.cc
[1147/1636] Compiling pkcs8_x509.cc
[1148/1636] Compiling pkcs7_x509.cc
[1149/1636] Compiling pkcs7.cc
[1150/1636] Compiling p5_pbev2.cc
[1151/1636] Compiling pem_pkey.cc
[1152/1636] Compiling pem_xaux.cc
[1153/1636] Compiling pem_x509.cc
[1154/1636] Compiling pem_pk8.cc
[1155/1636] Compiling mlkem.cc
[1156/1636] Compiling pem_oth.cc
[1157/1636] Compiling obj_xref.cc
[1158/1636] Compiling pem_lib.cc
[1159/1636] Compiling pem_info.cc
[1160/1636] Compiling pem_all.cc
[1161/1636] Compiling obj.cc
[1162/1636] Compiling mldsa.cc
[1163/1636] Compiling poly_rq_mul.S
[1164/1636] Compiling mem.cc
[1165/1636] Compiling fips_shared_support.cc
[1166/1636] Compiling lhash.cc
[1167/1636] Compiling fuzzer_mode.cc
[1168/1636] Compiling md4.cc
[1169/1636] Compiling md5.cc
[1170/1636] Compiling hpke.cc
[1171/1636] Compiling kyber.cc
[1172/1636] Compiling ex_data.cc
[1173/1636] Compiling hrss.cc
[1174/1636] Compiling scrypt.cc
[1175/1636] Compiling print.cc
[1176/1636] Compiling pbkdf.cc
[1177/1636] Compiling sign.cc
[1178/1636] Compiling p_x25519_asn1.cc
[1179/1636] Compiling p_x25519.cc
[1180/1636] Compiling p_rsa_asn1.cc
[1181/1636] Compiling p_rsa.cc
[1182/1636] Compiling p_ed25519_asn1.cc
[1183/1636] Compiling p_hkdf.cc
[1184/1636] Compiling p_ec_asn1.cc
[1185/1636] Compiling p_ed25519.cc
[1186/1636] Compiling p_ec.cc
[1187/1636] Compiling p_dsa_asn1.cc
[1188/1636] Compiling err.cc
[1189/1636] Compiling p_dh_asn1.cc
[1190/1636] Compiling evp_ctx.cc
[1191/1636] Compiling p_dh.cc
[1192/1636] Compiling engine.cc
[1193/1636] Compiling evp_asn1.cc
[1194/1636] Compiling ecdsa_p1363.cc
[1195/1636] Compiling ecdh.cc
[1196/1636] Compiling ec_derive.cc
[1197/1636] Compiling ecdsa_asn1.cc
[1198/1636] Compiling hash_to_curve.cc
[1199/1636] Compiling dsa.cc
[1200/1636] Compiling dsa_asn1.cc
[1201/1636] Compiling ec_asn1.cc
[1202/1636] Compiling des.cc
[1203/1636] Compiling params.cc
[1204/1636] Compiling digest_extra.cc
[1205/1636] Compiling x25519-asm-arm.S
[1206/1636] Compiling curve25519_64_adx.cc
[1207/1636] Compiling dh_asn1.cc
[1208/1636] Compiling spake25519.cc
[1209/1636] Compiling cpu_arm_linux.cc
[1210/1636] Compiling curve25519.cc
[1211/1636] Compiling cpu_intel.cc
[1212/1636] Compiling crypto.cc
[1213/1636] Compiling cpu_arm_freebsd.cc
[1214/1636] Compiling cpu_aarch64_win.cc
[1215/1636] Compiling cpu_aarch64_openbsd.cc
[1216/1636] Compiling cpu_aarch64_sysreg.cc
[1217/1636] Compiling cpu_aarch64_linux.cc
[1218/1636] Compiling cpu_aarch64_apple.cc
[1219/1636] Compiling cpu_aarch64_fuchsia.cc
[1220/1636] Compiling conf.cc
[1221/1636] Compiling get_cipher.cc
[1222/1636] Compiling tls_cbc.cc
[1223/1636] Compiling e_rc2.cc
[1224/1636] Compiling e_rc4.cc
[1225/1636] Compiling e_tls.cc
[1226/1636] Compiling cms.cc
[1227/1636] Compiling e_null.cc
[1228/1636] Compiling e_des.cc
[1229/1636] Compiling e_chacha20poly1305.cc
[1230/1636] Compiling e_aeseax.cc
[1231/1636] Compiling e_aesgcmsiv.cc
[1232/1636] Compiling e_aesctrhmac.cc
[1233/1636] Compiling derive_key.cc
[1234/1636] Compiling chacha.cc
[1235/1636] Compiling unicode.cc
[1236/1636] Compiling buf.cc
[1237/1636] Compiling sqrt.cc
[1238/1636] Compiling ber.cc
[1239/1636] Compiling cbs.cc
[1240/1636] Compiling asn1_compat.cc
[1241/1636] Compiling cbb.cc
[1242/1636] Compiling exponentiation.cc
[1243/1636] Compiling div.cc
[1244/1636] Compiling blake2.cc
[1245/1636] Compiling printf.cc
[1246/1636] Compiling pair.cc
[1247/1636] Compiling convert.cc
[1248/1636] Compiling bn_asn1.cc
[1249/1636] Compiling file.cc
[1250/1636] Compiling hexdump.cc
[1251/1636] Compiling errno.cc
[1252/1636] Compiling fd.cc
[1253/1636] Compiling bio_mem.cc
[1254/1636] Compiling base64.cc
[1255/1636] Compiling bio.cc
[1256/1636] Compiling tasn_fre.cc
[1257/1636] Compiling tasn_typ.cc
[1258/1636] Compiling tasn_utl.cc
[1259/1636] Compiling tasn_enc.cc
[1260/1636] Compiling tasn_new.cc
[1261/1636] Compiling posix_time.cc
[1262/1636] Compiling bcm.cc
[1263/1636] Compiling f_string.cc
[1264/1636] Compiling f_int.cc
[1265/1636] Compiling tasn_dec.cc
[1266/1636] Compiling asn_pack.cc
[1267/1636] Compiling asn1_par.cc
[1268/1636] Compiling asn1_lib.cc
[1269/1636] Compiling a_utctm.cc
[1270/1636] Compiling a_type.cc
[1271/1636] Compiling a_octet.cc
[1272/1636] Compiling a_strex.cc
[1273/1636] Compiling a_strnid.cc
[1274/1636] Compiling a_object.cc
[1275/1636] Compiling CAsyncHTTPClient CAsyncHTTPClient.c
[1275/1636] Write sources
[1302/1636] Compiling a_i2d_fp.cc
[1303/1655] Compiling a_mbstr.cc
[1304/1679] Compiling a_gentm.cc
[1306/1679] Compiling Atomics UnsafeAtomic.swift
[1307/1679] Compiling Atomics UnsafeAtomicLazyReference.swift
[1307/1681] Compiling aes.cc
[1308/1681] Compiling a_int.cc
[1310/1681] Compiling Atomics AtomicStorage.swift
[1311/1681] Compiling Atomics AtomicValue.swift
[1312/1681] Compiling Atomics ManagedAtomic.swift
[1313/1681] Compiling Atomics ManagedAtomicLazyReference.swift
[1314/1681] Compiling Atomics AtomicMemoryOrderings.swift
[1315/1681] Compiling Atomics DoubleWord.swift
[1315/1681] Compiling a_bool.cc
[1316/1681] Compiling a_bitstr.cc
[1318/1681] Compiling Atomics IntegerOperations.swift
[1319/1681] Compiling Atomics Unmanaged extensions.swift
[1321/1689] Compiling Algorithms Reductions.swift
[1322/1689] Compiling Algorithms Rotate.swift
[1323/1689] Compiling Algorithms Split.swift
[1324/1689] Compiling Algorithms Stride.swift
[1325/1689] Compiling Algorithms Suffix.swift
[1326/1692] Compiling Atomics AtomicInteger.swift
[1327/1692] Compiling Atomics AtomicOptionalWrappable.swift
[1328/1692] Compiling Atomics AtomicReference.swift
[1332/1692] Compiling CryptoBoringWrapper RandomBytes.swift
[1333/1692] Emitting module CryptoBoringWrapper
[1338/1692] Compiling Atomics PointerConformances.swift
[1339/1692] Compiling Atomics Primitives.native.swift
[1342/1692] Compiling Algorithms Trim.swift
[1343/1692] Compiling Algorithms Unique.swift
[1344/1692] Compiling Algorithms Windows.swift
[1345/1692] Compiling CryptoBoringWrapper EllipticCurve.swift
[1346/1692] Compiling CryptoBoringWrapper FiniteFieldArithmeticContext.swift
[1347/1692] Compiling CryptoBoringWrapper CryptoKitErrors_boring.swift
[1348/1692] Compiling CryptoBoringWrapper BoringSSLAEAD.swift
[1349/1692] Compiling CryptoBoringWrapper EllipticCurvePoint.swift
[1350/1692] Compiling CryptoBoringWrapper ArbitraryPrecisionInteger.swift
[1351/1693] Compiling Atomics OptionalRawRepresentable.swift
[1352/1693] Compiling Atomics RawRepresentable.swift
[1353/1693] Compiling Atomics AtomicBool.swift
[1354/1693] Compiling Atomics IntegerConformances.swift
[1356/1693] Emitting module Atomics
[1356/1693] Wrapping AST for CryptoBoringWrapper for debugging
[1358/1777] Compiling Crypto ChaChaPoly.swift
[1359/1777] Compiling Crypto Cipher.swift
[1360/1777] Compiling Crypto Nonces.swift
[1361/1777] Compiling Crypto ASN1BitString.swift
[1362/1777] Compiling Crypto ASN1Boolean.swift
[1363/1777] Compiling Crypto ASN1Identifier.swift
[1364/1777] Compiling Crypto AES-GCM.swift
[1365/1777] Compiling Crypto AES-GCM_boring.swift
[1366/1777] Compiling Crypto ChaChaPoly_boring.swift
[1367/1778] Wrapping AST for Atomics for debugging
[1369/1842] Emitting module Algorithms
[1370/1843] Wrapping AST for Algorithms for debugging
[1372/1843] Compiling NIOCore ByteBuffer-binaryEncodedLengthPrefix.swift
[1373/1843] Compiling NIOCore ByteBuffer-conversions.swift
[1374/1843] Compiling NIOCore ByteBuffer-core.swift
[1375/1843] Compiling NIOCore ByteBuffer-hex.swift
[1376/1843] Compiling NIOCore ByteBuffer-int.swift
[1377/1843] Compiling NIOCore ByteBuffer-lengthPrefix.swift
[1378/1843] Compiling NIOCore CircularBuffer.swift
[1379/1843] Compiling NIOCore Codec.swift
[1380/1843] Compiling NIOCore ConvenienceOptionSupport.swift
[1381/1843] Compiling NIOCore DeadChannel.swift
[1382/1843] Compiling NIOCore DispatchQueue+WithFuture.swift
[1383/1843] Compiling NIOCore EventLoop+Deprecated.swift
[1384/1854] Compiling NIOCore EventLoop+SerialExecutor.swift
[1385/1854] Compiling NIOCore EventLoop.swift
[1386/1854] Compiling NIOCore EventLoopFuture+AssumeIsolated.swift
[1387/1854] Compiling NIOCore ByteBuffer-multi-int.swift
[1388/1854] Compiling NIOCore ByteBuffer-quicBinaryEncodingStrategy.swift
[1389/1854] Compiling NIOCore ByteBuffer-views.swift
[1390/1854] Compiling NIOCore Channel.swift
[1391/1854] Compiling NIOCore ChannelHandler.swift
[1392/1854] Compiling NIOCore ChannelHandlers.swift
[1393/1854] Compiling NIOCore ChannelInvoker.swift
[1394/1854] Compiling NIOCore ChannelOption.swift
[1395/1854] Compiling NIOCore ChannelPipeline.swift
[1396/1854] Compiling NIOCore NIOCoreSendableMetatype.swift
[1397/1854] Compiling NIOCore NIODecodedAsyncSequence.swift
[1398/1854] Compiling NIOCore NIOLoopBound.swift
[1399/1854] Compiling NIOCore NIOPooledRecvBufferAllocator.swift
[1400/1854] Compiling NIOCore NIOScheduledCallback.swift
[1401/1854] Compiling NIOCore NIOSendable.swift
[1402/1854] Compiling NIOCore NIOSplitLinesMessageDecoder.swift
[1403/1854] Compiling NIOCore NIOTransportAccessibleChannelCore.swift
[1404/1854] Compiling NIOCore RecvByteBufferAllocator.swift
[1405/1854] Compiling NIOCore IPProtocol.swift
[1406/1854] Compiling NIOCore IntegerBitPacking.swift
[1407/1854] Compiling NIOCore IntegerTypes.swift
[1408/1854] Compiling NIOCore Interfaces.swift
[1409/1854] Compiling NIOCore Linux.swift
[1410/1854] Compiling NIOCore MarkedCircularBuffer.swift
[1411/1854] Compiling NIOCore MulticastChannel.swift
[1412/1854] Compiling NIOCore NIOAny.swift
[1413/1854] Compiling NIOCore NIOCloseOnErrorHandler.swift
[1414/1861] Emitting module Crypto
[1415/1862] Compiling NIOCore AddressedEnvelope.swift
[1416/1862] Compiling NIOCore AsyncAwaitSupport.swift
[1417/1862] Compiling NIOCore AsyncChannel.swift
[1418/1862] Compiling NIOCore AsyncChannelHandler.swift
[1419/1862] Compiling NIOCore AsyncChannelInboundStream.swift
[1420/1862] Compiling NIOCore AsyncChannelOutboundWriter.swift
[1421/1862] Compiling NIOCore NIOAsyncSequenceProducer.swift
[1422/1862] Compiling NIOCore NIOAsyncSequenceProducerStrategies.swift
[1423/1862] Compiling NIOCore NIOAsyncWriter.swift
[1424/1862] Compiling NIOCore NIOThrowingAsyncSequenceProducer.swift
[1425/1862] Compiling NIOCore BSDSocketAPI.swift
[1426/1862] Compiling NIOCore ByteBuffer-aux.swift
[1427/1862] Compiling NIOCore EventLoopFuture+Deprecated.swift
[1428/1862] Compiling NIOCore EventLoopFuture+WithEventLoop.swift
[1429/1862] Compiling NIOCore EventLoopFuture.swift
[1430/1862] Compiling NIOCore FileDescriptor.swift
[1431/1862] Compiling NIOCore FileHandle.swift
[1432/1862] Compiling NIOCore FileRegion.swift
[1433/1862] Compiling NIOCore GlobalSingletons.swift
[1434/1862] Compiling NIOCore IO.swift
[1435/1862] Compiling NIOCore IOData.swift
[1445/1862] Compiling Crypto Signature.swift
[1446/1862] Compiling Crypto CryptoKitErrors_boring.swift
[1447/1862] Compiling Crypto Optional+withUnsafeBytes_boring.swift
[1448/1862] Compiling Crypto RNG_boring.swift
[1449/1862] Compiling Crypto SafeCompare_boring.swift
[1450/1862] Compiling Crypto Zeroization_boring.swift
[1451/1862] Compiling Crypto _CryptoModuleAnchor.swift
[1452/1862] Compiling Crypto PrettyBytes.swift
[1453/1862] Compiling Crypto SafeCompare.swift
[1454/1862] Compiling Crypto SecureBytes.swift
[1455/1862] Compiling Crypto Zeroization.swift
[1483/1862] Compiling NIOCore SingleStepByteToMessageDecoder.swift
[1484/1862] Compiling NIOCore SocketAddresses.swift
[1485/1862] Compiling NIOCore SocketOptionProvider.swift
[1486/1862] Compiling NIOCore SystemCallHelpers.swift
[1487/1862] Compiling NIOCore TimeAmount+Duration.swift
[1488/1862] Compiling NIOCore TypeAssistedChannelHandler.swift
[1489/1862] Compiling NIOCore UniversalBootstrapSupport.swift
[1490/1862] Compiling NIOCore Utilities.swift
[1491/1862] Compiling Crypto HKDF.swift
[1492/1862] Compiling Crypto AESWrap.swift
[1493/1862] Compiling Crypto AESWrap_boring.swift
[1494/1862] Compiling Crypto Ed25519_boring.swift
[1495/1862] Compiling Crypto NISTCurvesKeys_boring.swift
[1496/1862] Compiling Crypto X25519Keys_boring.swift
[1497/1862] Compiling Crypto Curve25519.swift
[1498/1862] Compiling Crypto Ed25519Keys.swift
[1499/1862] Compiling Crypto NISTCurvesKeys.swift
[1500/1862] Compiling Crypto X25519Keys.swift
[1501/1862] Compiling Crypto SymmetricKeys.swift
[1502/1862] Compiling Crypto HMAC.swift
[1521/1863] Wrapping AST for Crypto for debugging
[1531/1925] Compiling CryptoExtras ARCServer.swift
[1532/1925] Compiling CryptoExtras ChaCha20CTR_boring.swift
[1533/1925] Compiling CryptoExtras ChaCha20CTR.swift
[1534/1925] Compiling CryptoExtras BoringSSLSHA512256Context.swift
[1535/1925] Compiling CryptoExtras BoringSSLSHA512256HashFunction.swift
[1536/1925] Compiling CryptoExtras SHA512256.swift
[1537/1925] Compiling CryptoExtras SHA512256Digest.swift
[1538/1925] Compiling CryptoExtras Curve25519+PEM.swift
[1539/1925] Compiling CryptoExtras ObjectIdentifier.swift
[1540/1933] Compiling CryptoExtras Data+Extensions.swift
[1541/1933] Compiling CryptoExtras DigestType.swift
[1542/1933] Compiling CryptoExtras Error.swift
[1543/1933] Compiling CryptoExtras I2OSP.swift
[1544/1933] Compiling CryptoExtras IntegerEncoding.swift
[1545/1933] Compiling CryptoExtras PEMDocument.swift
[1546/1933] Compiling CryptoExtras PrettyBytes.swift
[1547/1933] Compiling CryptoExtras SubjectPublicKeyInfo.swift
[1548/1933] Compiling CryptoExtras AES_CBC.swift
[1549/1933] Compiling CryptoExtras AES_CFB.swift
[1550/1933] Compiling CryptoExtras AES_CTR.swift
[1551/1933] Compiling CryptoExtras AES_GCM_SIV.swift
[1552/1933] Compiling CryptoExtras Block Function.swift
[1553/1933] Compiling CryptoExtras AES_CBC_boring.swift
[1554/1933] Compiling CryptoExtras AES_CFB_boring.swift
[1555/1933] Compiling CryptoExtras AES_CTR_boring.swift
[1556/1933] Compiling CryptoExtras AES_GCM_SIV_boring.swift
[1557/1933] Compiling CryptoExtras ThreadOps.swift
[1558/1933] Compiling CryptoExtras ThreadPosix.swift
[1559/1933] Compiling CryptoExtras ThreadSpecific.swift
[1560/1933] Compiling CryptoExtras ThreadWindows.swift
[1561/1933] Compiling CryptoExtras DLEQ.swift
[1562/1933] Compiling CryptoExtras Prover.swift
[1563/1933] Compiling CryptoExtras Verifier.swift
[1564/1933] Compiling CryptoExtras ZKPToolbox.swift
[1565/1933] Emitting module CryptoExtras
[1566/1933] Compiling CryptoExtras PBKDF2.swift
[1567/1933] Compiling CryptoExtras Scrypt_boring.swift
[1568/1933] Compiling CryptoExtras Scrypt.swift
[1569/1933] Compiling CryptoExtras OPRF.swift
[1570/1933] Compiling CryptoExtras OPRFClient.swift
[1571/1933] Compiling CryptoExtras OPRFServer.swift
[1572/1933] Compiling CryptoExtras VOPRF+API.swift
[1573/1933] Compiling CryptoExtras VOPRFClient.swift
[1574/1933] Compiling CryptoExtras VOPRFServer.swift
[1575/1933] Compiling CryptoExtras CMAC.swift
[1576/1933] Compiling CryptoExtras ARC+API.swift
[1577/1933] Compiling CryptoExtras ARC.swift
[1578/1933] Compiling CryptoExtras ARCCredential.swift
[1579/1933] Compiling CryptoExtras ARCEncoding.swift
[1580/1933] Compiling CryptoExtras ARCPrecredential.swift
[1581/1933] Compiling CryptoExtras ARCPresentation.swift
[1582/1933] Compiling CryptoExtras ARCRequest.swift
[1583/1933] Compiling CryptoExtras ARCResponse.swift
[1584/1933] Compiling CryptoExtras PKCS8DERRepresentation.swift
[1585/1933] Compiling CryptoExtras PKCS8PrivateKey.swift
[1586/1933] Compiling CryptoExtras RFC8410AlgorithmIdentifier.swift
[1587/1933] Compiling CryptoExtras ECToolbox_boring.swift
[1588/1933] Compiling CryptoExtras ECToolbox.swift
[1589/1933] Compiling CryptoExtras HashToField.swift
[1590/1933] Compiling CryptoExtras KDF.swift
[1591/1933] Compiling CryptoExtras PBKDF2_boring.swift
[1592/1933] Compiling CryptoExtras PBKDF2_commoncrypto.swift
[1593/1933] Compiling CryptoExtras BoringSSLPassphraseCallbackManager.swift
[1594/1933] Compiling CryptoExtras RSA+BlindSigning.swift
[1595/1933] Compiling CryptoExtras RSA.swift
[1596/1933] Compiling CryptoExtras RSA_boring.swift
[1597/1933] Compiling CryptoExtras Reexport.swift
[1598/1933] Compiling CryptoExtras Zeroization_boring.swift
[1599/1933] Compiling CryptoExtras BoringSSLHelpers.swift
[1600/1933] Compiling CryptoExtras CryptoKitErrors_boring.swift
[1601/1934] Wrapping AST for CryptoExtras for debugging
[1603/1936] Compiling _CryptoExtras Exports.swift
[1604/1936] Emitting module _CryptoExtras
[1605/1937] Wrapping AST for _CryptoExtras for debugging
[1607/2032] Emitting module NIOCore
[1608/2032] Compiling X509 CMSIssuerAndSerialNumber.swift
[1609/2032] Compiling X509 CMSOperations.swift
[1610/2032] Compiling X509 CMSSignature.swift
[1611/2032] Compiling X509 CMSSignedData.swift
[1612/2032] Compiling X509 CMSSignerIdentifier.swift
[1613/2032] Compiling X509 CMSSignerInfo.swift
[1614/2032] Compiling X509 CMSVersion.swift
[1615/2032] Compiling X509 Curve25519+DER.swift
[1616/2032] Compiling X509 CustomPrivateKey.swift
[1617/2037] Wrapping AST for NIOCore for debugging
[1619/2090] Compiling NIOFoundationEssentialsCompat Codable+ByteBuffer.swift
[1620/2090] Emitting module NIOEmbedded
[1621/2090] Compiling NIOFoundationEssentialsCompat ByteBuffer-foundation.swift
[1622/2090] Emitting module NIOFoundationEssentialsCompat
[1623/2091] Wrapping AST for NIOFoundationEssentialsCompat for debugging
[1625/2091] Compiling NIOEmbedded AsyncTestingChannel.swift
[1626/2091] Compiling NIOEmbedded AsyncTestingEventLoop.swift
[1627/2091] Compiling NIOEmbedded Embedded.swift
[1629/2092] Compiling X509 DomainComponent.swift
[1630/2092] Compiling X509 EmailAddress.swift
[1631/2092] Compiling X509 LocalityName.swift
[1632/2092] Compiling X509 OrganizationName.swift
[1633/2092] Compiling X509 OrganizationalUnitName.swift
[1634/2092] Compiling X509 StateOrProvinceName.swift
[1635/2092] Compiling X509 StreetAddress.swift
[1636/2092] Compiling X509 Error.swift
[1637/2092] Compiling X509 AuthorityInformationAccess.swift
[1638/2092] Compiling X509 AuthorityKeyIdentifier.swift
[1639/2092] Compiling X509 BasicConstraints.swift
[1640/2092] Compiling X509 ExtendedKeyUsage.swift
[1641/2092] Compiling X509 ExtensionIdentifiers.swift
[1642/2092] Compiling X509 KeyUsage.swift
[1642/2105] Wrapping AST for NIOEmbedded for debugging
[1644/2105] Compiling NIOPosix BSDSocketAPICommon.swift
[1645/2105] Compiling NIOPosix BSDSocketAPIPosix.swift
[1646/2105] Compiling NIOPosix BSDSocketAPIWindows.swift
[1647/2105] Compiling NIOPosix BaseSocket.swift
[1648/2105] Compiling NIOPosix BaseSocketChannel+AccessibleTransport.swift
[1649/2105] Compiling NIOPosix BaseSocketChannel+SocketOptionProvider.swift
[1650/2105] Compiling NIOPosix BaseSocketChannel.swift
[1651/2105] Compiling NIOPosix HappyEyeballs.swift
[1652/2105] Compiling NIOPosix IO.swift
[1653/2105] Compiling NIOPosix IntegerBitPacking.swift
[1654/2105] Compiling NIOPosix IntegerTypes.swift
[1655/2105] Compiling NIOPosix Linux.swift
[1656/2105] Compiling NIOPosix LinuxCPUSet.swift
[1657/2105] Compiling NIOPosix LinuxUring.swift
[1658/2105] Compiling NIOPosix Resolver.swift
[1659/2105] Compiling NIOPosix Selectable.swift
[1660/2105] Compiling NIOPosix SelectableChannel.swift
[1661/2105] Compiling NIOPosix SelectableEventLoop.swift
[1662/2105] Compiling NIOPosix SelectorEpoll.swift
[1663/2105] Compiling NIOPosix SelectorGeneric.swift
[1664/2105] Compiling NIOPosix SelectorKqueue.swift
[1665/2105] Compiling NIOPosix SelectorUring.swift
[1666/2105] Compiling NIOPosix MultiThreadedEventLoopGroup.swift
[1667/2105] Compiling NIOPosix NIOPosixSendableMetatype.swift
[1668/2105] Compiling NIOPosix NIORandomizedDNSResolver.swift
[1669/2105] Compiling NIOPosix NIOThreadPool.swift
[1670/2105] Compiling NIOPosix NonBlockingFileIO.swift
[1671/2105] Compiling NIOPosix PendingDatagramWritesManager.swift
[1672/2105] Compiling NIOPosix PendingWritesManager.swift
[1673/2105] Compiling NIOPosix SelectorWSAPoll.swift
[1674/2105] Compiling NIOPosix ServerSocket.swift
[1675/2105] Compiling NIOPosix Socket.swift
[1676/2105] Compiling NIOPosix SocketChannel.swift
[1677/2105] Compiling NIOPosix SocketProtocols.swift
[1678/2105] Compiling NIOPosix StructuredConcurrencyHelpers.swift
[1679/2105] Compiling NIOPosix System.swift
[1680/2105] Compiling X509 OCSPSignature.swift
[1681/2105] Compiling X509 OCSPSingleRequest.swift
[1682/2105] Compiling X509 OCSPSingleResponse.swift
[1683/2105] Compiling X509 OCSPTBSRequest.swift
[1684/2105] Compiling X509 OCSPVersion.swift
[1685/2105] Compiling X509 OneOfPolicies.swift
[1686/2105] Compiling X509 PolicyBuilder.swift
[1687/2105] Compiling X509 BasicConstraintsPolicy.swift
[1688/2105] Compiling X509 DNSNames.swift
[1689/2105] Compiling X509 ExpiryPolicy.swift
[1690/2105] Compiling X509 IPConstraints.swift
[1691/2105] Compiling X509 NameConstraintsPolicy.swift
[1692/2105] Compiling X509 RFC5280Policy.swift
[1693/2105] Compiling X509 URIConstraints.swift
[1694/2105] Compiling X509 VersionPolicy.swift
[1695/2105] Compiling X509 ServerIdentityPolicy.swift
[1696/2105] Compiling X509 TrustRootLoading.swift
[1697/2105] Compiling X509 UnverifiedChain.swift
[1698/2105] Compiling NIOPosix BaseStreamSocketChannel.swift
[1699/2105] Compiling NIOPosix Bootstrap.swift
[1700/2105] Compiling NIOPosix ControlMessage.swift
[1701/2105] Compiling NIOPosix DatagramVectorReadManager.swift
[1702/2105] Compiling NIOPosix Errors+Any.swift
[1703/2105] Compiling NIOPosix FileDescriptor.swift
[1704/2105] Compiling NIOPosix GetaddrinfoResolver.swift
[1705/2105] Compiling NIOPosix PipeChannel.swift
[1706/2105] Compiling NIOPosix PipePair.swift
[1707/2105] Compiling NIOPosix Pool.swift
[1708/2105] Compiling NIOPosix PosixSingletons+ConcurrencyTakeOver.swift
[1709/2105] Compiling NIOPosix PosixSingletons.swift
[1710/2105] Compiling NIOPosix RawSocketBootstrap.swift
[1718/2112] Emitting module NIOPosix
[1719/2112] Compiling NIOPosix VsockChannelEvents.swift
[1720/2112] Compiling NIOPosix Windows.swift
[1721/2112] Compiling X509 SubjectKeyIdentifier.swift
[1722/2112] Compiling X509 Extension.swift
[1723/2112] Compiling X509 Extensions.swift
[1724/2112] Compiling X509 ExtensionsBuilder.swift
[1725/2112] Compiling X509 GeneralName.swift
[1726/2112] Compiling X509 Lock.swift
[1727/2112] Compiling X509 LockedValueBox.swift
[1728/2112] Compiling X509 BasicOCSPResponse.swift
[1729/2112] Compiling X509 DirectoryString.swift
[1730/2112] Compiling X509 OCSPCertID.swift
[1731/2112] Compiling X509 OCSPCertStatus.swift
[1746/2112] Compiling NIOPosix Thread.swift
[1747/2112] Compiling NIOPosix ThreadPosix.swift
[1748/2112] Compiling NIOPosix ThreadWindows.swift
[1749/2112] Compiling NIOPosix Utilities.swift
[1750/2112] Compiling NIOPosix VsockAddress.swift
[1782/2113] Emitting module X509
[1782/2113] Wrapping AST for NIOPosix for debugging
[1784/2115] Compiling NIO Exports.swift
[1785/2115] Emitting module NIO
[1786/2155] Wrapping AST for NIO for debugging
[1788/2155] Compiling NIOTLS TLSEvents.swift
[1789/2155] Compiling NIOSOCKS SelectedAuthenticationMethod.swift
[1790/2155] Compiling NIOFoundationCompat JSONSerialization+ByteBuffer.swift
[1791/2156] Compiling NIOFoundationCompat Exports.swift
[1792/2156] Emitting module NIOFoundationCompat
[1793/2156] Compiling NIOFoundationCompat WaitSpinningRunLoop.swift
[1794/2157] Compiling NIOSOCKS SOCKSResponse.swift
[1795/2157] Emitting module NIOTLS
[1797/2157] Compiling NIOSOCKS ClientStateMachine.swift
[1798/2157] Compiling NIOTLS ApplicationProtocolNegotiationHandler.swift
[1798/2157] Wrapping AST for NIOFoundationCompat for debugging
[1800/2157] Compiling NIOSOCKS ServerStateMachine.swift
[1801/2157] Emitting module NIOSOCKS
[1802/2157] Compiling NIOHTTP1 HTTPServerPipelineHandler.swift
[1803/2157] Compiling NIOHTTP1 HTTPServerProtocolErrorHandler.swift
[1804/2157] Compiling NIOHTTP1 HTTPDecoder.swift
[1805/2157] Compiling NIOHTTP1 HTTPEncoder.swift
[1806/2157] Compiling NIOHTTP1 HTTPPipelineSetup.swift
[1807/2157] Compiling NIOHTTP1 ByteCollectionUtils.swift
[1808/2157] Compiling NIOHTTP1 HTTPHeaderValidator.swift
[1809/2157] Compiling NIOHTTP1 HTTPHeaders+Validation.swift
[1811/2158] Compiling NIOTLS ProtocolNegotiationHandlerStateMachine.swift
[1812/2158] Compiling NIOTLS NIOTypedApplicationProtocolNegotiationHandler.swift
[1813/2158] Compiling NIOTLS SNIHandler.swift
[1813/2159] Wrapping AST for NIOSOCKS for debugging
[1816/2159] Compiling NIOHTTP1 NIOTypedHTTPClientUpgradeHandler.swift
[1817/2159] Compiling NIOHTTP1 NIOTypedHTTPClientUpgraderStateMachine.swift
[1817/2161] Wrapping AST for NIOTLS for debugging
[1819/2191] Compiling NIOSSL CustomPrivateKey.swift
[1820/2191] Compiling NIOSSL FreeBSDCABundle.swift
[1821/2191] Compiling NIOSSL LinuxCABundle.swift
[1822/2191] Compiling NIOSSL NIOSSLClientHandler.swift
[1823/2191] Compiling NIOSSL NIOSSLHandler+Configuration.swift
[1824/2191] Compiling NIOSSL SSLCallbacks.swift
[1825/2191] Compiling NIOSSL SSLCertificate.swift
[1826/2191] Compiling X509 ValidatedCertificateChain.swift
[1827/2191] Compiling X509 VerificationDiagnostic.swift
[1828/2191] Compiling X509 Verifier.swift
[1829/2191] Compiling X509 VerifierPolicy.swift
[1830/2191] Compiling X509 AlgorithmIdentifier.swift
[1831/2191] Compiling X509 ECDSASignature.swift
[1832/2191] Compiling X509 RSAPKCS1PublicKey.swift
[1833/2191] Compiling X509 SubjectPublicKeyInfo.swift
[1834/2191] Compiling X509 TBSCertificate.swift
[1835/2191] Compiling X509 Time.swift
[1836/2191] Compiling X509 TimeCalculations.swift
[1837/2191] Compiling X509 Validity.swift
[1838/2191] Compiling X509 X509SendableMetatype.swift
[1839/2192] Wrapping AST for X509 for debugging
[1841/2259] Compiling JWTKit HMAC.swift
[1842/2259] Compiling JWTKit HMACError.swift
[1843/2259] Compiling JWTKit JWTMultiValueClaim.swift
[1844/2259] Compiling JWTKit JWTUnixEpochClaim.swift
[1845/2259] Compiling JWTKit JWKIdentifier.swift
[1846/2259] Compiling JWTKit JWKS.swift
[1847/2259] Compiling JWTKit GoogleHostedDomainClaim.swift
[1848/2259] Compiling JWTKit IDClaim.swift
[1849/2259] Compiling JWTKit IssuedAtClaim.swift
[1850/2259] Emitting module NIOHTTP1
[1852/2260] Compiling JWTKit JWTSerializer.swift
[1853/2260] Compiling JWTKit JWTSigner.swift
[1854/2260] Compiling JWTKit JWTKeyCollection+MLDSA.swift
[1855/2260] Compiling JWTKit MLDSA.swift
[1856/2260] Compiling JWTKit MLDSA65+MLDSAKey.swift
[1857/2260] Compiling JWTKit MLDSA87+MLDSAKey.swift
[1858/2260] Compiling JWTKit MLDSAError.swift
[1859/2260] Compiling JWTKit MLDSAKey.swift
[1860/2260] Compiling JWTKit MLDSASigner.swift
[1860/2269] Wrapping AST for NIOHTTP1 for debugging
[1862/2286] Compiling JWTKit MLDSAType.swift
[1863/2286] Compiling JWTKit JWTKeyCollection+UnsecuredNone.swift
[1864/2286] Compiling JWTKit UnsecuredNoneSigner.swift
[1865/2286] Compiling JWTKit JWTKeyCollection+RSA.swift
[1866/2286] Compiling JWTKit RSA.swift
[1867/2286] Compiling JWTKit RSAError.swift
[1868/2286] Compiling JWTKit RSASigner.swift
[1869/2286] Compiling JWTKit Base64URL.swift
[1870/2286] Compiling JWTKit CryptoSigner.swift
[1871/2286] Compiling NIOHPACK HPACKEncoder.swift
[1872/2286] Compiling NIOHPACK HPACKErrors.swift
[1873/2286] Compiling NIOHPACK DynamicHeaderTable.swift
[1874/2286] Compiling NIOHPACK HPACKDecoder.swift
[1875/2290] Compiling JWTKit P256+CurveType.swift
[1876/2290] Compiling JWTKit P384+CurveType.swift
[1877/2290] Compiling JWTKit P521+CurveType.swift
[1878/2290] Compiling JWTKit EdDSA.swift
[1879/2290] Compiling NIOHPACK HPACKHeader.swift
[1880/2290] Compiling NIOHPACK HeaderTables.swift
[1881/2290] Compiling JWTKit IssuerClaim.swift
[1882/2290] Compiling JWTKit JWTClaim.swift
[1884/2290] Compiling JWTKit EdDSACurve.swift
[1885/2290] Compiling JWTKit EdDSAError.swift
[1886/2290] Compiling JWTKit EdDSASigner.swift
[1887/2290] Compiling JWTKit JWTKeyCollection+EdDSA.swift
[1898/2290] Emitting module JWTKit
[1899/2290] Compiling NIOHPACK IntegerCoding.swift
[1900/2290] Compiling NIOHPACK IndexedHeaderTable.swift
[1901/2291] Compiling NIOHTTPCompression HTTPDecompressor.swift
[1902/2291] Compiling NIOHPACK HuffmanCoding.swift
[1903/2291] Compiling NIOHPACK HuffmanTables.swift
[1904/2291] Emitting module NIOHPACK
[1907/2291] Compiling JWTKit HMACSigner.swift
[1908/2291] Compiling JWTKit JWTKeyCollection+HMAC.swift
[1909/2291] Compiling JWTKit Insecure.swift
[1910/2291] Compiling JWTKit JWK.swift
[1913/2291] Compiling JWTKit JWKSigner.swift
[1914/2291] Compiling JWTKit JWTAlgorithm.swift
[1915/2291] Compiling JWTKit JWTError.swift
[1916/2291] Compiling JWTKit JWTHeader+CommonFields.swift
[1917/2291] Compiling JWTKit JWTHeader.swift
[1918/2291] Compiling JWTKit JWTHeaderField.swift
[1919/2291] Compiling JWTKit JWTKeyCollection.swift
[1920/2291] Compiling JWTKit JWTParser+MandatoryVerificationFields.swift
[1921/2291] Compiling JWTKit JWTParser.swift
[1922/2291] Compiling JWTKit JWTPayload.swift
[1923/2291] Compiling NIOSSL Zeroization.swift
[1924/2291] Compiling NIOSSL TLSConfiguration.swift
[1925/2291] Compiling NIOSSL UniversalBootstrapSupport.swift
[1926/2291] Compiling NIOSSL UnsafeKeyAndChainTarget.swift
[1927/2291] Compiling JWTKit ECDSA.swift
[1928/2291] Compiling JWTKit ECDSACurve.swift
[1929/2291] Compiling JWTKit ECDSACurveType.swift
[1930/2291] Compiling JWTKit ECDSAError.swift
[1931/2291] Compiling JWTKit ECDSAKeyTypes.swift
[1932/2291] Compiling JWTKit ECDSASigner.swift
[1933/2291] Compiling JWTKit ECDSASigningAlgorithm.swift
[1934/2291] Compiling JWTKit JWTKeyCollection+ECDSA.swift
[1943/2291] Emitting module NIOSSL
[1948/2291] Compiling NIOHTTPCompression HTTPDecompression.swift
[1949/2291] Emitting module NIOHTTPCompression
[1950/2291] Compiling NIOHPACK StaticHeaderTable.swift
[1951/2291] Compiling NIOHTTPCompression HTTPRequestCompressor.swift
[1952/2291] Compiling NIOHTTPCompression HTTPResponseCompressor.swift
[1953/2291] Compiling NIOHTTPCompression HTTPCompression.swift
[1966/2292] Wrapping AST for NIOHTTPCompression for debugging
[1970/2293] Wrapping AST for NIOHPACK for debugging
[1972/2356] Compiling JWTKit CustomizedJSONCoders.swift
[1973/2356] Compiling JWTKit Utilities.swift
[1974/2356] Compiling JWTKit AppleIdentityToken.swift
[1975/2356] Compiling JWTKit FirebaseAuthIdentityToken.swift
[1976/2356] Compiling JWTKit GoogleIdentityToken.swift
[1977/2356] Compiling JWTKit MicrosoftIdentityToken.swift
[1978/2356] Compiling JWTKit EmptyPolicy.swift
[1979/2356] Compiling JWTKit ValidationTimePayload.swift
[1980/2356] Compiling JWTKit X5CVerifier.swift
[1981/2357] Wrapping AST for JWTKit for debugging
[1983/2357] Compiling NIOHTTP2 HTTP2PipelineHelpers.swift
[1984/2357] Compiling NIOHTTP2 HTTP2Settings.swift
[1985/2357] Compiling NIOHTTP2 HTTP2Stream.swift
[1986/2357] Compiling NIOHTTP2 HTTP2StreamChannel+OutboundStreamMultiplexer.swift
[1987/2358] Wrapping AST for NIOSSL for debugging
[1989/2358] Compiling NIOHTTP2 HasFlowControlWindows.swift
[1990/2358] Compiling NIOHTTP2 HasLocalSettings.swift
[1991/2358] Compiling NIOHTTP2 HasRemoteSettings.swift
[1992/2358] Compiling NIOHTTP2 LocallyQuiescingState.swift
[1993/2358] Compiling NIOHTTP2 QuiescingState.swift
[1994/2358] Compiling NIOHTTP2 RemotelyQuiescingState.swift
[1995/2358] Compiling NIOHTTP2 SendAndReceiveGoawayState.swift
[1996/2358] Compiling NIOHTTP2 StateMachineResult.swift
[1997/2358] Compiling NIOHTTP2 ContentLengthVerifier.swift
[1998/2366] Emitting module NIOHTTP2
[1999/2366] Compiling NIOHTTP2 HTTP2StreamMultiplexer.swift
[2000/2366] Compiling NIOHTTP2 HTTP2ToHTTP1Codec.swift
[2001/2366] Compiling NIOHTTP2 HTTP2UserEvents.swift
[2002/2366] Compiling NIOHTTP2 InboundEventBuffer.swift
[2003/2366] Compiling NIOHTTP2 InboundWindowManager.swift
[2004/2366] Compiling NIOHTTP2 MultiplexerAbstractChannel.swift
[2005/2366] Compiling NIOHTTP2 NIOHTTP2FrameDelegate.swift
[2006/2366] Compiling NIOHTTP2 NIOHTTP2ServerConnectionManagementHandler+StateMachine.swift
[2007/2366] Compiling NIOHTTP2 NIOHTTP2ServerConnectionManagementHandler.swift
[2008/2366] Compiling NIOHTTP2 StreamChannelFlowController.swift
[2009/2366] Compiling NIOHTTP2 StreamChannelList.swift
[2010/2366] Compiling NIOHTTP2 StreamMap.swift
[2011/2366] Compiling NIOHTTP2 StreamStateMachine.swift
[2012/2366] Compiling NIOHTTP2 Timer.swift
[2013/2366] Compiling NIOHTTP2 UnsafeTransfer.swift
[2014/2366] Compiling NIOHTTP2 WatermarkedFlowController.swift
[2015/2366] Compiling NIOHTTP2 HTTP2FrameParser.swift
[2016/2366] Compiling NIOHTTP2 HTTP2PingData.swift
[2021/2366] Compiling NIOHTTP2 HTTP2StreamChannel.swift
[2022/2366] Compiling NIOHTTP2 HTTP2StreamDelegate.swift
[2023/2366] Compiling NIOHTTP2 HTTP2StreamID.swift
[2024/2366] Compiling NIOHTTP2 ConnectionStateMachine.swift
[2025/2366] Compiling NIOHTTP2 ConnectionStreamsState.swift
[2026/2366] Compiling NIOHTTP2 MayReceiveFrames.swift
[2027/2366] Compiling NIOHTTP2 ReceivingDataState.swift
[2028/2366] Compiling NIOHTTP2 ReceivingGoAwayState.swift
[2029/2366] Compiling NIOHTTP2 ReceivingHeadersState.swift
[2030/2366] Compiling NIOHTTP2 ReceivingPushPromiseState.swift
[2031/2366] Compiling NIOHTTP2 ReceivingRstStreamState.swift
[2032/2366] Compiling NIOHTTP2 ReceivingWindowUpdateState.swift
[2033/2366] Compiling NIOHTTP2 MaySendFrames.swift
[2034/2366] Compiling NIOHTTP2 SendingDataState.swift
[2035/2366] Compiling NIOHTTP2 SendingGoawayState.swift
[2036/2366] Compiling NIOHTTP2 SendingHeadersState.swift
[2037/2366] Compiling NIOHTTP2 SendingPushPromiseState.swift
[2038/2366] Compiling NIOHTTP2 SendingRstStreamState.swift
[2039/2366] Compiling NIOHTTP2 SendingWindowUpdateState.swift
[2040/2366] Compiling NIOHTTP2 HTTP2SettingsState.swift
[2041/2366] Compiling NIOHTTP2 HasExtendedConnectSettings.swift
[2042/2366] Compiling NIOHTTP2 HTTP2ChannelHandler+InlineStreamMultiplexer.swift
[2043/2366] Compiling NIOHTTP2 HTTP2ChannelHandler.swift
[2044/2366] Compiling NIOHTTP2 HTTP2CommonInboundStreamMultiplexer.swift
[2045/2366] Compiling NIOHTTP2 HTTP2ConnectionStateChange.swift
[2046/2366] Compiling NIOHTTP2 HTTP2Error.swift
[2047/2366] Compiling NIOHTTP2 HTTP2ErrorCode.swift
[2048/2366] Compiling NIOHTTP2 HTTP2FlowControlWindow.swift
[2049/2366] Compiling NIOHTTP2 HTTP2Frame.swift
[2050/2366] Compiling NIOHTTP2 HTTP2FrameEncoder.swift
[2051/2366] Compiling NIOHTTP2 DOSHeuristics.swift
[2052/2366] Compiling NIOHTTP2 Error+Any.swift
[2053/2366] Compiling NIOHTTP2 ConcurrentStreamBuffer.swift
[2054/2366] Compiling NIOHTTP2 ControlFrameBuffer.swift
[2055/2366] Compiling NIOHTTP2 OutboundFlowControlBuffer.swift
[2056/2366] Compiling NIOHTTP2 OutboundFrameBuffer.swift
[2057/2366] Compiling NIOHTTP2 GlitchesMonitor.swift
[2058/2366] Compiling NIOHTTP2 HPACKHeaders+Validation.swift
[2059/2366] Compiling NIOHTTP2 HTTP2ChannelHandler+InboundStreamMultiplexer.swift
[2060/2367] Wrapping AST for NIOHTTP2 for debugging
[2062/2431] Emitting module AsyncHTTPClient
[2063/2439] Compiling AsyncHTTPClient AnyAsyncSequence.swift
[2064/2439] Compiling AsyncHTTPClient AnyAsyncSequenceProucerDelete.swift
[2065/2439] Compiling AsyncHTTPClient AsyncLazySequence.swift
[2066/2439] Compiling AsyncHTTPClient HTTPClient+execute.swift
[2067/2439] Compiling AsyncHTTPClient HTTPClient+shutdown.swift
[2068/2439] Compiling AsyncHTTPClient HTTPClient+tracing.swift
[2069/2439] Compiling AsyncHTTPClient HTTPClientRequest+Prepared.swift
[2070/2439] Compiling AsyncHTTPClient HTTPClientRequest+auth.swift
[2071/2439] Compiling AsyncHTTPClient HTTPClientRequest.swift
[2072/2439] Compiling AsyncHTTPClient RequestValidation.swift
[2073/2439] Compiling AsyncHTTPClient SSLContextCache.swift
[2074/2439] Compiling AsyncHTTPClient Scheme.swift
[2075/2439] Compiling AsyncHTTPClient Singleton.swift
[2076/2439] Compiling AsyncHTTPClient StringConvertibleInstances.swift
[2077/2439] Compiling AsyncHTTPClient StructuredConcurrencyHelpers.swift
[2078/2439] Compiling AsyncHTTPClient TracingSupport.swift
[2079/2439] Compiling AsyncHTTPClient Utils.swift
[2080/2439] Compiling AsyncHTTPClient HTTPClientResponse.swift
[2081/2439] Compiling AsyncHTTPClient SingleIteratorPrecondition.swift
[2082/2439] Compiling AsyncHTTPClient Transaction+StateMachine.swift
[2083/2439] Compiling AsyncHTTPClient Transaction.swift
[2084/2439] Compiling AsyncHTTPClient Base64.swift
[2085/2439] Compiling AsyncHTTPClient BasicAuth.swift
[2086/2439] Compiling AsyncHTTPClient BestEffortHashableTLSConfiguration.swift
[2087/2439] Compiling AsyncHTTPClient Configuration+BrowserLike.swift
[2088/2439] Compiling AsyncHTTPClient ConnectionPool.swift
[2089/2439] Compiling AsyncHTTPClient HTTP1ProxyConnectHandler.swift
[2090/2439] Compiling AsyncHTTPClient SOCKSEventsHandler.swift
[2091/2439] Compiling AsyncHTTPClient TLSEventsHandler.swift
[2092/2439] Compiling AsyncHTTPClient HTTP1ClientChannelHandler.swift
[2093/2439] Compiling AsyncHTTPClient HTTP1Connection.swift
[2094/2439] Compiling AsyncHTTPClient HTTP1ConnectionStateMachine.swift
[2095/2439] Compiling AsyncHTTPClient HTTP2ClientRequestHandler.swift
[2096/2439] Compiling AsyncHTTPClient HTTP2Connection.swift
[2097/2439] Compiling AsyncHTTPClient HTTP2IdleHandler.swift
[2098/2439] Compiling AsyncHTTPClient LRUCache.swift
[2099/2439] Compiling AsyncHTTPClient NIOLoopBound+Execute.swift
[2100/2439] Compiling AsyncHTTPClient NWErrorHandler.swift
[2101/2439] Compiling AsyncHTTPClient NWWaitingHandler.swift
[2102/2439] Compiling AsyncHTTPClient TLSConfiguration.swift
[2103/2439] Compiling AsyncHTTPClient RedirectState.swift
[2104/2439] Compiling AsyncHTTPClient RequestBag+StateMachine.swift
[2105/2439] Compiling AsyncHTTPClient RequestBag+Tracing.swift
[2106/2439] Compiling AsyncHTTPClient RequestBag.swift
[2107/2439] Compiling AsyncHTTPClient HTTPConnectionEvent.swift
[2108/2439] Compiling AsyncHTTPClient HTTPConnectionPool+Factory.swift
[2109/2439] Compiling AsyncHTTPClient HTTPConnectionPool+Manager.swift
[2110/2439] Compiling AsyncHTTPClient HTTPConnectionPool.swift
[2111/2439] Compiling AsyncHTTPClient HTTPExecutableRequest.swift
[2112/2439] Compiling AsyncHTTPClient HTTPRequestStateMachine+Demand.swift
[2113/2439] Compiling AsyncHTTPClient HTTPRequestStateMachine.swift
[2114/2439] Compiling AsyncHTTPClient RequestBodyLength.swift
[2115/2439] Compiling AsyncHTTPClient RequestFramingMetadata.swift
[2116/2439] Compiling AsyncHTTPClient RequestOptions.swift
[2117/2439] Compiling AsyncHTTPClient HTTPConnectionPool+Backoff.swift
[2118/2439] Compiling AsyncHTTPClient HTTPConnectionPool+HTTP1Connections.swift
[2119/2439] Compiling AsyncHTTPClient HTTPConnectionPool+HTTP1StateMachine.swift
[2120/2439] Compiling AsyncHTTPClient HTTPConnectionPool+HTTP2Connections.swift
[2121/2439] Compiling AsyncHTTPClient HTTPConnectionPool+HTTP2StateMachine.swift
[2122/2439] Compiling AsyncHTTPClient HTTPConnectionPool+RequestQueue.swift
[2123/2439] Compiling AsyncHTTPClient HTTPConnectionPool+StateMachine.swift
[2124/2439] Compiling AsyncHTTPClient ConnectionTarget.swift
[2125/2439] Compiling AsyncHTTPClient DeconstructedURL.swift
[2126/2439] Compiling AsyncHTTPClient FileDownloadDelegate.swift
[2127/2439] Compiling AsyncHTTPClient FoundationExtensions.swift
[2128/2439] Compiling AsyncHTTPClient HTTPClient+HTTPCookie.swift
[2129/2439] Compiling AsyncHTTPClient HTTPClient+Proxy.swift
[2130/2439] Compiling AsyncHTTPClient HTTPClient+StructuredConcurrency.swift
[2131/2439] Compiling AsyncHTTPClient HTTPClient.swift
[2132/2439] Compiling AsyncHTTPClient HTTPClientConfiguration+SwiftConfiguration.swift
[2133/2439] Compiling AsyncHTTPClient HTTPHandler.swift
[2134/2440] Wrapping AST for AsyncHTTPClient for debugging
[2136/2463] Emitting module GoogleAuth
[2137/2466] Compiling GoogleAuth CredentialParserRegistry.swift
[2138/2466] Compiling GoogleAuth Credentials.swift
[2139/2466] Compiling GoogleAuth CredentialsError.swift
[2140/2466] Compiling GoogleAuth ADC.swift
[2141/2466] Compiling GoogleAuth ADCPath.swift
[2142/2466] Compiling GoogleAuth ADCResolver.swift
[2143/2466] Compiling GoogleAuth AuthHeaders.swift
[2144/2466] Compiling GoogleAuth ServiceAccountCredentials.swift
[2145/2466] Compiling GoogleAuth ServiceAccountData.swift
[2146/2466] Compiling GoogleAuth ServiceAccountTokenProvider.swift
[2147/2466] Compiling GoogleAuth SubjectTokenProvider.swift
[2148/2466] Compiling GoogleAuth MDSAccessTokenProvider.swift
[2149/2466] Compiling GoogleAuth MDSCredentials.swift
[2150/2466] Compiling GoogleAuth AnonymousCredentials.swift
[2151/2466] Compiling GoogleAuth ApiKeyCredentials.swift
[2152/2466] Compiling GoogleAuth ExternalAccountCredentials.swift
[2153/2466] Compiling GoogleAuth UserAccountData.swift
[2154/2466] Compiling GoogleAuth UserAccountTokenProvider.swift
[2155/2466] Compiling GoogleAuth UserCredentials.swift
[2156/2466] Compiling GoogleAuth AuthHTTPClient.swift
[2157/2466] Compiling GoogleAuth AuthHTTPError.swift
[2158/2466] Compiling GoogleAuth RetryEngine.swift
[2159/2466] Compiling GoogleAuth STSHandler.swift
[2160/2466] Compiling GoogleAuth TokenCache.swift
[2161/2466] Compiling GoogleAuth PackageVersion.swift
[2162/2467] Wrapping AST for GoogleAuth for debugging
[2164/2525] Emitting module GoogleGax
[2165/2533] Compiling GoogleGax Pagination.swift
/host/spi-builder-workspace/.build/checkouts/swift-google-gax/Sources/GoogleGax/Pagination.swift:44:22: error: cannot convert '@Sendable (String) async throws -> (response: ResponseType, items: [Item], nextToken: String)' to 'nonisolated(nonsending) @Sendable (String) async throws -> (response: ResponseType, items: [Item], nextToken: String)' because crossing of an isolation boundary requires parameter and result types to conform to 'Sendable' protocol
42 | ) where ResponseType: _PaginatedResponse<Item> {
43 | self.initialPageToken = initialPageToken ?? ""
44 | self.fetchPage = { token in
| |- error: cannot convert '@Sendable (String) async throws -> (response: ResponseType, items: [Item], nextToken: String)' to 'nonisolated(nonsending) @Sendable (String) async throws -> (response: ResponseType, items: [Item], nextToken: String)' because crossing of an isolation boundary requires parameter and result types to conform to 'Sendable' protocol
| `- note: type 'Item' does not conform to 'Sendable' protocol
45 | let response = try await listRpc(token)
46 | return (response, response._getPaginatedItems(), response._nextPageToken())
[2166/2533] Compiling GoogleGax PollingBackoffPolicy.swift
/host/spi-builder-workspace/.build/checkouts/swift-google-gax/Sources/GoogleGax/Pagination.swift:44:22: error: cannot convert '@Sendable (String) async throws -> (response: ResponseType, items: [Item], nextToken: String)' to 'nonisolated(nonsending) @Sendable (String) async throws -> (response: ResponseType, items: [Item], nextToken: String)' because crossing of an isolation boundary requires parameter and result types to conform to 'Sendable' protocol
42 | ) where ResponseType: _PaginatedResponse<Item> {
43 | self.initialPageToken = initialPageToken ?? ""
44 | self.fetchPage = { token in
| |- error: cannot convert '@Sendable (String) async throws -> (response: ResponseType, items: [Item], nextToken: String)' to 'nonisolated(nonsending) @Sendable (String) async throws -> (response: ResponseType, items: [Item], nextToken: String)' because crossing of an isolation boundary requires parameter and result types to conform to 'Sendable' protocol
| `- note: type 'Item' does not conform to 'Sendable' protocol
45 | let response = try await listRpc(token)
46 | return (response, response._getPaginatedItems(), response._nextPageToken())
[2167/2533] Compiling GoogleGax PollingErrorPolicy.swift
/host/spi-builder-workspace/.build/checkouts/swift-google-gax/Sources/GoogleGax/Pagination.swift:44:22: error: cannot convert '@Sendable (String) async throws -> (response: ResponseType, items: [Item], nextToken: String)' to 'nonisolated(nonsending) @Sendable (String) async throws -> (response: ResponseType, items: [Item], nextToken: String)' because crossing of an isolation boundary requires parameter and result types to conform to 'Sendable' protocol
42 | ) where ResponseType: _PaginatedResponse<Item> {
43 | self.initialPageToken = initialPageToken ?? ""
44 | self.fetchPage = { token in
| |- error: cannot convert '@Sendable (String) async throws -> (response: ResponseType, items: [Item], nextToken: String)' to 'nonisolated(nonsending) @Sendable (String) async throws -> (response: ResponseType, items: [Item], nextToken: String)' because crossing of an isolation boundary requires parameter and result types to conform to 'Sendable' protocol
| `- note: type 'Item' does not conform to 'Sendable' protocol
45 | let response = try await listRpc(token)
46 | return (response, response._getPaginatedItems(), response._nextPageToken())
[2168/2533] Compiling GoogleGax PollingResult.swift
/host/spi-builder-workspace/.build/checkouts/swift-google-gax/Sources/GoogleGax/Pagination.swift:44:22: error: cannot convert '@Sendable (String) async throws -> (response: ResponseType, items: [Item], nextToken: String)' to 'nonisolated(nonsending) @Sendable (String) async throws -> (response: ResponseType, items: [Item], nextToken: String)' because crossing of an isolation boundary requires parameter and result types to conform to 'Sendable' protocol
42 | ) where ResponseType: _PaginatedResponse<Item> {
43 | self.initialPageToken = initialPageToken ?? ""
44 | self.fetchPage = { token in
| |- error: cannot convert '@Sendable (String) async throws -> (response: ResponseType, items: [Item], nextToken: String)' to 'nonisolated(nonsending) @Sendable (String) async throws -> (response: ResponseType, items: [Item], nextToken: String)' because crossing of an isolation boundary requires parameter and result types to conform to 'Sendable' protocol
| `- note: type 'Item' does not conform to 'Sendable' protocol
45 | let response = try await listRpc(token)
46 | return (response, response._getPaginatedItems(), response._nextPageToken())
[2169/2533] Compiling GoogleGax PollingState.swift
/host/spi-builder-workspace/.build/checkouts/swift-google-gax/Sources/GoogleGax/Pagination.swift:44:22: error: cannot convert '@Sendable (String) async throws -> (response: ResponseType, items: [Item], nextToken: String)' to 'nonisolated(nonsending) @Sendable (String) async throws -> (response: ResponseType, items: [Item], nextToken: String)' because crossing of an isolation boundary requires parameter and result types to conform to 'Sendable' protocol
42 | ) where ResponseType: _PaginatedResponse<Item> {
43 | self.initialPageToken = initialPageToken ?? ""
44 | self.fetchPage = { token in
| |- error: cannot convert '@Sendable (String) async throws -> (response: ResponseType, items: [Item], nextToken: String)' to 'nonisolated(nonsending) @Sendable (String) async throws -> (response: ResponseType, items: [Item], nextToken: String)' because crossing of an isolation boundary requires parameter and result types to conform to 'Sendable' protocol
| `- note: type 'Item' does not conform to 'Sendable' protocol
45 | let response = try await listRpc(token)
46 | return (response, response._getPaginatedItems(), response._nextPageToken())
[2170/2533] Compiling GoogleGax ProtobufConversionError.swift
/host/spi-builder-workspace/.build/checkouts/swift-google-gax/Sources/GoogleGax/Pagination.swift:44:22: error: cannot convert '@Sendable (String) async throws -> (response: ResponseType, items: [Item], nextToken: String)' to 'nonisolated(nonsending) @Sendable (String) async throws -> (response: ResponseType, items: [Item], nextToken: String)' because crossing of an isolation boundary requires parameter and result types to conform to 'Sendable' protocol
42 | ) where ResponseType: _PaginatedResponse<Item> {
43 | self.initialPageToken = initialPageToken ?? ""
44 | self.fetchPage = { token in
| |- error: cannot convert '@Sendable (String) async throws -> (response: ResponseType, items: [Item], nextToken: String)' to 'nonisolated(nonsending) @Sendable (String) async throws -> (response: ResponseType, items: [Item], nextToken: String)' because crossing of an isolation boundary requires parameter and result types to conform to 'Sendable' protocol
| `- note: type 'Item' does not conform to 'Sendable' protocol
45 | let response = try await listRpc(token)
46 | return (response, response._getPaginatedItems(), response._nextPageToken())
[2171/2533] Compiling GoogleGax QueryParameter.swift
/host/spi-builder-workspace/.build/checkouts/swift-google-gax/Sources/GoogleGax/Pagination.swift:44:22: error: cannot convert '@Sendable (String) async throws -> (response: ResponseType, items: [Item], nextToken: String)' to 'nonisolated(nonsending) @Sendable (String) async throws -> (response: ResponseType, items: [Item], nextToken: String)' because crossing of an isolation boundary requires parameter and result types to conform to 'Sendable' protocol
42 | ) where ResponseType: _PaginatedResponse<Item> {
43 | self.initialPageToken = initialPageToken ?? ""
44 | self.fetchPage = { token in
| |- error: cannot convert '@Sendable (String) async throws -> (response: ResponseType, items: [Item], nextToken: String)' to 'nonisolated(nonsending) @Sendable (String) async throws -> (response: ResponseType, items: [Item], nextToken: String)' because crossing of an isolation boundary requires parameter and result types to conform to 'Sendable' protocol
| `- note: type 'Item' does not conform to 'Sendable' protocol
45 | let response = try await listRpc(token)
46 | return (response, response._getPaginatedItems(), response._nextPageToken())
[2172/2533] Compiling GoogleGax RequestError.swift
/host/spi-builder-workspace/.build/checkouts/swift-google-gax/Sources/GoogleGax/Pagination.swift:44:22: error: cannot convert '@Sendable (String) async throws -> (response: ResponseType, items: [Item], nextToken: String)' to 'nonisolated(nonsending) @Sendable (String) async throws -> (response: ResponseType, items: [Item], nextToken: String)' because crossing of an isolation boundary requires parameter and result types to conform to 'Sendable' protocol
42 | ) where ResponseType: _PaginatedResponse<Item> {
43 | self.initialPageToken = initialPageToken ?? ""
44 | self.fetchPage = { token in
| |- error: cannot convert '@Sendable (String) async throws -> (response: ResponseType, items: [Item], nextToken: String)' to 'nonisolated(nonsending) @Sendable (String) async throws -> (response: ResponseType, items: [Item], nextToken: String)' because crossing of an isolation boundary requires parameter and result types to conform to 'Sendable' protocol
| `- note: type 'Item' does not conform to 'Sendable' protocol
45 | let response = try await listRpc(token)
46 | return (response, response._getPaginatedItems(), response._nextPageToken())
[2173/2533] Compiling GoogleGax LimitedAttemptCount+PollingErrorPolicy.swift
[2174/2533] Compiling GoogleGax LimitedAttemptCount+RetryPolicy.swift
[2175/2533] Compiling GoogleGax LimitedAttemptCount.swift
[2176/2533] Compiling GoogleGax LimitedElapsedTime+PollingErrorPolicy.swift
[2177/2533] Compiling GoogleGax LimitedElapsedTime+RetryPolicy.swift
[2178/2533] Compiling GoogleGax LimitedElapsedTime.swift
[2179/2533] Compiling GoogleGax LongRunningOperations.swift
[2180/2533] Compiling GoogleGax NeverRetry.swift
[2181/2533] Compiling GoogleGax RequestOptions.swift
[2182/2533] Compiling GoogleGax RetryLoop.swift
[2183/2533] Compiling GoogleGax RetryPolicy.swift
[2184/2533] Compiling GoogleGax RetryResult.swift
[2185/2533] Compiling GoogleGax RetryState.swift
[2186/2533] Compiling GoogleGax RetryThrottler.swift
[2187/2533] Compiling GoogleGax RetryThrottlerError.swift
[2188/2533] Compiling GoogleGax RoutingMatcher.swift
[2189/2533] Compiling GoogleGax ServiceError.swift
[2190/2533] Compiling GoogleGax StatusDetail.swift
[2191/2533] Compiling GoogleGax StrictIdempotency.swift
[2192/2533] Compiling GoogleGax ThrottleResult.swift
[2193/2533] Compiling GoogleGax TooManyRequests+PollingErrorPolicy.swift
[2194/2533] Compiling GoogleGax TooManyRequests+RetryPolicy.swift
[2195/2533] Compiling GoogleGax TooManyRequests.swift
[2196/2533] Compiling GoogleGax PackageVersion.swift
[2197/2533] Compiling GoogleGax AIP194+PollingErrorPolicy.swift
[2198/2533] Compiling GoogleGax AIP194+RetryPolicy.swift
[2199/2533] Compiling GoogleGax AIP194.swift
[2200/2533] Compiling GoogleGax AdaptiveThrottler.swift
[2201/2533] Compiling GoogleGax AlwaysPoll.swift
[2202/2533] Compiling GoogleGax AlwaysRetry.swift
[2203/2533] Compiling GoogleGax ApiClientHeader.swift
[2204/2533] Compiling GoogleGax BackoffPolicy.swift
[2205/2533] Compiling GoogleGax BasePollingErrorPolicy.swift
[2206/2533] Compiling GoogleGax BaseRetryPolicy.swift
[2207/2533] Compiling GoogleGax BindingError.swift
[2208/2533] Compiling GoogleGax CRC32C.swift
[2209/2533] Compiling GoogleGax CircuitBreaker.swift
[2210/2533] Compiling GoogleGax ClientError.swift
[2211/2533] Compiling GoogleGax ClientOptions.swift
[2212/2533] Compiling GoogleGax ContinueOnIO+PollingErrorPolicy.swift
[2213/2533] Compiling GoogleGax ContinueOnIO+RetryPolicy.swift
[2214/2533] Compiling GoogleGax ContinueOnIO.swift
[2215/2533] Compiling GoogleGax CredentialsProtocol.swift
[2216/2533] Compiling GoogleGax ErrorWrapper.swift
[2217/2533] Compiling GoogleGax ExponentialBackoff+BackoffPolicy.swift
[2218/2533] Compiling GoogleGax ExponentialBackoff+PollingBackoffPolicy.swift
[2219/2533] Compiling GoogleGax ExponentialBackoff.swift
[2220/2533] Compiling GoogleGax HTTPClient.swift
[2221/2533] Compiling GoogleGax HTTPClientHolder.swift
[2222/2533] Compiling GoogleGax HTTPClientProtocol.swift
[2223/2533] Compiling GoogleGax HTTPClientRequest.swift
[2224/2533] Compiling GoogleGax HTTPClientResponse.swift
[2225/2533] Compiling GoogleGax HTTPHeaders.swift
[2226/2533] Compiling GoogleGax HTTPResponseBody.swift
[2227/2533] Compiling GoogleGax HeaderNames.swift
[2228/2533] Compiling GoogleGax Host.swift
[2229/2533] Compiling GoogleGax InProgressResult.swift
BUILD FAILURE 6.2 android