The Swift Package Index logo.Swift Package Index

Build Information

Failed to build KVVlive, reference master (10c600), with Swift 6.4 for Wasm on 17 Sep 2026 01:41:04 UTC.

Build Command

bash -c docker run --pull=always --rm -v "checkouts-54344845-0":/host -w "$PWD" -e JAVA_HOME="/root/.sdkman/candidates/java/current" -e SPI_BUILD="1" -e SPI_PROCESSING="1" registry.gitlab.com/saguaro1/spi-images:wasm-6.4-latest swift build --swift-sdk swift-6.4.x-DEVELOPMENT-SNAPSHOT-2026-09-04-a_wasm 2>&1

Build Log

========================================
RunAll
========================================
Builder version: 5.1.0
Interrupt handler set up.
========================================
Checkout
========================================
Clone URL: https://github.com/marijanp/kvvliveapi.git
Reference: master
Initialized empty Git repository in /host/spi-builder-workspace/.git/
hint: Using 'master' as the name for the initial branch. This default branch name
hint: is subject to change. To configure the initial branch name to use in all
hint: of your new repositories, which will suppress this warning, call:
hint:
hint: 	git config --global init.defaultBranch <name>
hint:
hint: Names commonly chosen instead of 'master' are 'main', 'trunk' and
hint: 'development'. The just-created branch can be renamed via this command:
hint:
hint: 	git branch -m <name>
From https://github.com/marijanp/kvvliveapi
 * branch            master     -> FETCH_HEAD
 * [new branch]      master     -> origin/master
HEAD is now at 10c6000 Fixed nil-error while unwrapping the request, in case an error occurred Added semaphore.signal() to error handler
Cloned https://github.com/marijanp/kvvliveapi.git
Revision (git rev-parse @):
10c600097cd20f39fc995c3edb01152734522c94
SUCCESS checkout https://github.com/marijanp/kvvliveapi.git at master
========================================
Build
========================================
Selected platform:         wasm
Swift version:             6.4
Building package at path:  $PWD
https://github.com/marijanp/kvvliveapi.git
Running build ...
bash -c docker run --pull=always --rm -v "checkouts-54344845-0":/host -w "$PWD" -e JAVA_HOME="/root/.sdkman/candidates/java/current" -e SPI_BUILD="1" -e SPI_PROCESSING="1" registry.gitlab.com/saguaro1/spi-images:wasm-6.4-latest swift build --swift-sdk swift-6.4.x-DEVELOPMENT-SNAPSHOT-2026-09-04-a_wasm 2>&1
wasm-6.4-latest: Pulling from saguaro1/spi-images
Digest: sha256:4328fdb43c680d205c1d6761b1e3267aa38277eefdda9ddfb17b6a0f1a77857a
Status: Image is up to date for registry.gitlab.com/saguaro1/spi-images:wasm-6.4-latest
Building for debugging...
[Planning deferred tasks]
[23 / 31] KVVlive
[28 / 31] KVVlive
error: SwiftCompile normal wasm32 /host/spi-builder-workspace/KVVlive/Request.swift failed with a nonzero exit code. Command line:     cd /host
    builtin-SwiftPerFileCompile Request.swift
/host/spi-builder-workspace/KVVlive/Request.swift:108:23: error: cannot find 'URLRequest' in scope
106 |     private func getJsonData() -> Data? {
107 |         searchURL.queryItems?.append(URLQueryItem(name: "key", value: apiKey))
108 |         let request = URLRequest(url: searchURL.url!)
    |                       `- error: cannot find 'URLRequest' in scope
109 |         let semaphore = DispatchSemaphore(value: 0)
110 |         var recievedData: Data? = Data()
/host/spi-builder-workspace/KVVlive/Request.swift:108:23: error: failed to produce diagnostic for expression; please submit a bug report (https://swift.org/contributing/#reporting-bugs)
106 |     private func getJsonData() -> Data? {
107 |         searchURL.queryItems?.append(URLQueryItem(name: "key", value: apiKey))
108 |         let request = URLRequest(url: searchURL.url!)
    |                       `- error: failed to produce diagnostic for expression; please submit a bug report (https://swift.org/contributing/#reporting-bugs)
109 |         let semaphore = DispatchSemaphore(value: 0)
110 |         var recievedData: Data? = Data()
/host/spi-builder-workspace/KVVlive/Request.swift:109:25: error: cannot find 'DispatchSemaphore' in scope
107 |         searchURL.queryItems?.append(URLQueryItem(name: "key", value: apiKey))
108 |         let request = URLRequest(url: searchURL.url!)
109 |         let semaphore = DispatchSemaphore(value: 0)
    |                         `- error: cannot find 'DispatchSemaphore' in scope
110 |         var recievedData: Data? = Data()
111 |         let task = URLSession.shared.dataTask(with: request, completionHandler: { (data, response, error) in
/host/spi-builder-workspace/KVVlive/Request.swift:111:31: error: type 'URLSession' (aka 'AnyObject') has no member 'shared'
109 |         let semaphore = DispatchSemaphore(value: 0)
110 |         var recievedData: Data? = Data()
111 |         let task = URLSession.shared.dataTask(with: request, completionHandler: { (data, response, error) in
    |                               `- error: type 'URLSession' (aka 'AnyObject') has no member 'shared'
112 |             if let err = error {
113 |                 print(err)
Failed frontend command:
/usr/bin/swift-frontend -frontend -c /host/spi-builder-workspace/KVVlive/Departure.swift -primary-file /host/spi-builder-workspace/KVVlive/Request.swift /host/spi-builder-workspace/KVVlive/Stop.swift /host/spi-builder-workspace/KVVlive/StopWithDistance.swift -emit-dependencies-path /host/spi-builder-workspace/.build/out/Intermediates.noindex/KVVlive.build/Debug-webassembly-wasm32/KVVlive-t.build/Objects-normal/wasm32/Request.d -emit-const-values-path /host/spi-builder-workspace/.build/out/Intermediates.noindex/KVVlive.build/Debug-webassembly-wasm32/KVVlive-t.build/Objects-normal/wasm32/Request.swiftconstvalues -emit-reference-dependencies-path /host/spi-builder-workspace/.build/out/Intermediates.noindex/KVVlive.build/Debug-webassembly-wasm32/KVVlive-t.build/Objects-normal/wasm32/Request.swiftdeps -serialize-diagnostics-path /host/spi-builder-workspace/.build/out/Intermediates.noindex/KVVlive.build/Debug-webassembly-wasm32/KVVlive-t.build/Objects-normal/wasm32/Request.dia -target wasm32-unknown-wasip1 -disable-objc-interop -sdk /root/.swiftpm/swift-sdks/swift-6.4.x-DEVELOPMENT-SNAPSHOT-2026-09-04-a_wasm.artifactbundle/swift-6.4.x-DEVELOPMENT-SNAPSHOT-2026-09-04-a_wasm/wasm32-unknown-wasip1/WASI.sdk -sysroot /root/.swiftpm/swift-sdks/swift-6.4.x-DEVELOPMENT-SNAPSHOT-2026-09-04-a_wasm.artifactbundle/swift-6.4.x-DEVELOPMENT-SNAPSHOT-2026-09-04-a_wasm/wasm32-unknown-wasip1/WASI.sdk -I /host/spi-builder-workspace/.build/out/Products/Debug-webassembly-wasm32 -module-cache-path /host/spi-builder-workspace/.build/out/ModuleCache.noindex -color-diagnostics -Xcc -fcolor-diagnostics -enable-testing -g -debug-info-format\=dwarf -dwarf-version\=4 -swift-version 4.2 -Onone -D SWIFT_PACKAGE -D DEBUG -D SWIFT_MODULE_RESOURCE_BUNDLE_UNAVAILABLE -D Xcode -serialize-debugging-options -enable-experimental-feature DebugDescriptionMacro -empty-abi-descriptor -external-plugin-path /usr/lib/swift/host/plugins/testing\#/usr/bin/swift-plugin-server -validate-clang-modules-once -clang-build-session-file /host/spi-builder-workspace/.build/out/ModuleCache.noindex/Session.modulevalidation -Xcc -working-directory -Xcc /host -resource-dir /root/.swiftpm/swift-sdks/swift-6.4.x-DEVELOPMENT-SNAPSHOT-2026-09-04-a_wasm.artifactbundle/swift-6.4.x-DEVELOPMENT-SNAPSHOT-2026-09-04-a_wasm/wasm32-unknown-wasip1/swift.xctoolchain/usr/lib/swift_static -use-static-resource-dir -enable-anonymous-context-mangled-names -file-compilation-dir /host -Xcc -resource-dir -Xcc /root/.swiftpm/swift-sdks/swift-6.4.x-DEVELOPMENT-SNAPSHOT-2026-09-04-a_wasm.artifactbundle/swift-6.4.x-DEVELOPMENT-SNAPSHOT-2026-09-04-a_wasm/wasm32-unknown-wasip1/swift.xctoolchain/usr/lib/swift_static/clang -Xcc -D_LIBCPP_HARDENING_MODE\=_LIBCPP_HARDENING_MODE_DEBUG -Xcc -fmodules-prune-interval\=86400 -Xcc -fmodules-prune-after\=345600 -Xcc -I/host/spi-builder-workspace/.build/out/Products/Debug-webassembly-wasm32/include -Xcc -I/host/spi-builder-workspace/.build/out/Intermediates.noindex/KVVlive.build/Debug-webassembly-wasm32/KVVlive-t.build/DerivedSources-normal/wasm32 -Xcc -I/host/spi-builder-workspace/.build/out/Intermediates.noindex/KVVlive.build/Debug-webassembly-wasm32/KVVlive-t.build/DerivedSources/wasm32 -Xcc -I/host/spi-builder-workspace/.build/out/Intermediates.noindex/KVVlive.build/Debug-webassembly-wasm32/KVVlive-t.build/DerivedSources -Xcc -DSWIFT_PACKAGE -Xcc -DDEBUG\=1 -no-auto-bridging-header-chaining -module-name KVVlive -const-gather-protocols-file /host/spi-builder-workspace/.build/out/Intermediates.noindex/KVVlive.build/Debug-webassembly-wasm32/KVVlive-t.build/Objects-normal/wasm32/KVVlive_const_extract_protocols.json -in-process-plugin-server-path /usr/lib/swift/host/libSwiftInProcPluginServer.so -plugin-path /usr/lib/swift/host/plugins -plugin-path /usr/local/lib/swift/host/plugins -parse-as-library -o /host/spi-builder-workspace/.build/out/Intermediates.noindex/KVVlive.build/Debug-webassembly-wasm32/KVVlive-t.build/Objects-normal/wasm32/Request.o -index-unit-output-path /KVVlive.build/Debug-webassembly-wasm32/KVVlive-t.build/Objects-normal/wasm32/Request.o -index-store-path /host/spi-builder-workspace/.build/out -index-system-modules
error: Build failed
BUILD FAILURE 6.4 wasm