Build Information
Failed to build GoogleCloudAuditManagerV1, reference main (e83657), with Swift 6.2 for Android on 11 Oct 2026 05:20:10 UTC.
Build Command
bash -c docker run --pull=always --rm -v "checkouts-54344847-0":/host -w "$PWD" -e JAVA_HOME="/root/.sdkman/candidates/java/current" -e SPI_BUILD="1" -e SPI_PROCESSING="1" registry.gitlab.com/saguaro1/spi-images:android-6.2-latest swift build --swift-sdk aarch64-unknown-linux-android28 2>&1Build Log
========================================
RunAll
========================================
Builder version: 5.1.1
Interrupt handler set up.
========================================
Checkout
========================================
Clone URL: https://github.com/googleapis/swift-google-cloud-auditmanager-v1.git
Reference: main
Initialized empty Git repository in /host/spi-builder-workspace/.git/
hint: Using 'master' as the name for the initial branch. This default branch name
hint: is subject to change. To configure the initial branch name to use in all
hint: of your new repositories, which will suppress this warning, call:
hint:
hint: git config --global init.defaultBranch <name>
hint:
hint: Names commonly chosen instead of 'master' are 'main', 'trunk' and
hint: 'development'. The just-created branch can be renamed via this command:
hint:
hint: git branch -m <name>
From https://github.com/googleapis/swift-google-cloud-auditmanager-v1
* branch main -> FETCH_HEAD
* [new branch] main -> origin/main
HEAD is now at e836570 chore: release circa 2026-10-07 (#1382)
Cloned https://github.com/googleapis/swift-google-cloud-auditmanager-v1.git
Revision (git rev-parse @):
e836570ee7e9d2c6ad0c968716fb2d0af28d8a25
SPI manifest file found: $PWD/.spi.yml
SUCCESS checkout https://github.com/googleapis/swift-google-cloud-auditmanager-v1.git at main
========================================
Build
========================================
Selected platform: android
Swift version: 6.2
Building package at path: $PWD
https://github.com/googleapis/swift-google-cloud-auditmanager-v1.git
Running build ...
bash -c docker run --pull=always --rm -v "checkouts-54344847-0":/host -w "$PWD" -e JAVA_HOME="/root/.sdkman/candidates/java/current" -e SPI_BUILD="1" -e SPI_PROCESSING="1" registry.gitlab.com/saguaro1/spi-images:android-6.2-latest swift build --swift-sdk aarch64-unknown-linux-android28 2>&1
android-6.2-latest: Pulling from saguaro1/spi-images
Digest: sha256:a839c9ce201f1dacc8eb056626ec7ab0a1c6d53d7b77c83feda395f4507c51be
Status: Image is up to date for registry.gitlab.com/saguaro1/spi-images:android-6.2-latest
Fetching https://github.com/googleapis/swift-google-longrunning
Fetching https://github.com/googleapis/swift-google-gax
Fetching https://github.com/googleapis/swift-google-cloud-location
Fetching https://github.com/apple/swift-log
Fetching https://github.com/googleapis/swift-google-rpc
Fetching https://github.com/googleapis/swift-google-wkt
[1/8257] Fetching swift-log
[2/8679] Fetching swift-log, swift-google-rpc
[182/9231] Fetching swift-log, swift-google-rpc, swift-google-cloud-location
[367/10254] Fetching swift-log, swift-google-rpc, swift-google-cloud-location, swift-google-wkt
[1744/12002] Fetching swift-log, swift-google-rpc, swift-google-cloud-location, swift-google-wkt, swift-google-gax
[1936/12621] Fetching swift-log, swift-google-rpc, swift-google-cloud-location, swift-google-wkt, swift-google-gax, swift-google-longrunning
Fetched https://github.com/googleapis/swift-google-longrunning from cache (0.53s)
[12002/12002] Fetching swift-log, swift-google-rpc, swift-google-cloud-location, swift-google-wkt, swift-google-gax
Fetching https://github.com/googleapis/swift-google-auth
Fetched https://github.com/googleapis/swift-google-cloud-location from cache (0.55s)
Fetched https://github.com/googleapis/swift-google-wkt from cache (0.55s)
Fetched https://github.com/googleapis/swift-google-rpc from cache (0.55s)
Fetched https://github.com/googleapis/swift-google-gax from cache (0.55s)
Fetched https://github.com/apple/swift-log from cache (0.61s)
[1/1023] Fetching swift-google-auth
Fetched https://github.com/googleapis/swift-google-auth from cache (0.41s)
Computing version for https://github.com/googleapis/swift-google-wkt
Computed https://github.com/googleapis/swift-google-wkt at 0.5.0 (1.07s)
Fetching https://github.com/swift-extras/swift-extras-base64
[1/954] Fetching swift-extras-base64
Fetched https://github.com/swift-extras/swift-extras-base64 from cache (0.38s)
Computing version for https://github.com/googleapis/swift-google-rpc
Computed https://github.com/googleapis/swift-google-rpc at 0.5.0 (0.53s)
Computing version for https://github.com/googleapis/swift-google-longrunning
Computed https://github.com/googleapis/swift-google-longrunning at 0.5.0 (0.14s)
Computing version for https://github.com/googleapis/swift-google-gax
Computed https://github.com/googleapis/swift-google-gax at 0.5.0 (0.15s)
Fetching https://github.com/apple/swift-nio
Fetching https://github.com/swift-server/async-http-client.git
[1/16464] Fetching async-http-client
[15313/102838] Fetching async-http-client, swift-nio
Fetched https://github.com/swift-server/async-http-client.git from cache (1.05s)
[7774/86374] Fetching swift-nio
Fetched https://github.com/apple/swift-nio from cache (3.45s)
Computing version for https://github.com/googleapis/swift-google-cloud-location
Computed https://github.com/googleapis/swift-google-cloud-location at 0.5.0 (3.60s)
Computing version for https://github.com/googleapis/swift-google-auth
Computed https://github.com/googleapis/swift-google-auth at 0.5.0 (0.16s)
Fetching https://github.com/vapor/jwt-kit.git
Fetching https://github.com/apple/swift-system.git
[1/7241] Fetching swift-system
[74/17495] Fetching swift-system, jwt-kit
Fetched https://github.com/apple/swift-system.git from cache (0.66s)
[4615/10254] Fetching jwt-kit
Fetched https://github.com/vapor/jwt-kit.git from cache (0.89s)
Computing version for https://github.com/swift-extras/swift-extras-base64
Computed https://github.com/swift-extras/swift-extras-base64 at 1.2.0 (1.04s)
Computing version for https://github.com/swift-server/async-http-client.git
Computed https://github.com/swift-server/async-http-client.git at 1.36.2 (0.17s)
Fetching https://github.com/apple/swift-nio-http2.git
Fetching https://github.com/apple/swift-nio-extras.git
Fetching https://github.com/apple/swift-distributed-tracing.git
Fetching https://github.com/apple/swift-nio-ssl.git
Fetching https://github.com/apple/swift-atomics.git
Fetching https://github.com/apple/swift-service-context.git
[1/1500] Fetching swift-service-context
[16/3389] Fetching swift-service-context, swift-atomics
[965/9940] Fetching swift-service-context, swift-atomics, swift-distributed-tracing
[1706/26811] Fetching swift-service-context, swift-atomics, swift-distributed-tracing, swift-nio-ssl
[3850/33514] Fetching swift-service-context, swift-atomics, swift-distributed-tracing, swift-nio-ssl, swift-nio-extras
[16813/45808] Fetching swift-service-context, swift-atomics, swift-distributed-tracing, swift-nio-ssl, swift-nio-extras, swift-nio-http2
Fetched https://github.com/apple/swift-distributed-tracing.git from cache (0.55s)
Fetching https://github.com/apple/swift-configuration.git
[10845/39257] Fetching swift-service-context, swift-atomics, swift-nio-ssl, swift-nio-extras, swift-nio-http2
[23737/43185] Fetching swift-service-context, swift-atomics, swift-nio-ssl, swift-nio-extras, swift-nio-http2, swift-configuration
Fetched https://github.com/apple/swift-configuration.git from cache (0.49s)
Fetching https://github.com/apple/swift-algorithms.git
[25761/39257] Fetching swift-service-context, swift-atomics, swift-nio-ssl, swift-nio-extras, swift-nio-http2
[30654/45421] Fetching swift-service-context, swift-atomics, swift-nio-ssl, swift-nio-extras, swift-nio-http2, swift-algorithms
Fetched https://github.com/apple/swift-algorithms.git from cache (0.52s)
Fetching https://github.com/apple/swift-nio-transport-services.git
[1/2867] Fetching swift-nio-transport-services
Fetched https://github.com/apple/swift-service-context.git from cache (1.94s)
Fetched https://github.com/apple/swift-atomics.git from cache (1.94s)
Fetched https://github.com/apple/swift-nio-extras.git from cache (1.94s)
Fetched https://github.com/apple/swift-nio-http2.git from cache (1.95s)
Fetched https://github.com/apple/swift-nio-ssl.git from cache (1.95s)
Fetched https://github.com/apple/swift-nio-transport-services.git from cache (0.42s)
Computing version for https://github.com/apple/swift-service-context.git
Computed https://github.com/apple/swift-service-context.git at 1.3.0 (2.16s)
Computing version for https://github.com/apple/swift-algorithms.git
Computed https://github.com/apple/swift-algorithms.git at 1.2.1 (1.11s)
Fetching https://github.com/apple/swift-numerics.git
[1/6728] Fetching swift-numerics
Fetched https://github.com/apple/swift-numerics.git from cache (0.55s)
Computing version for https://github.com/apple/swift-log
Computed https://github.com/apple/swift-log at 1.16.1 (0.71s)
Computing version for https://github.com/apple/swift-distributed-tracing.git
Computed https://github.com/apple/swift-distributed-tracing.git at 1.5.0 (0.15s)
Computing version for https://github.com/apple/swift-atomics.git
Computed https://github.com/apple/swift-atomics.git at 1.3.1 (0.14s)
Computing version for https://github.com/apple/swift-numerics.git
Computed https://github.com/apple/swift-numerics.git at 1.1.1 (0.14s)
Computing version for https://github.com/apple/swift-nio
Computed https://github.com/apple/swift-nio at 2.104.0 (0.36s)
Fetching https://github.com/apple/swift-collections.git
[1/28703] Fetching swift-collections
Fetched https://github.com/apple/swift-collections.git from cache (1.51s)
Computing version for https://github.com/apple/swift-configuration.git
Computed https://github.com/apple/swift-configuration.git at 1.2.2 (2.33s)
Fetching https://github.com/swift-server/swift-service-lifecycle
[1/2867] Fetching swift-service-lifecycle
Fetched https://github.com/swift-server/swift-service-lifecycle from cache (0.51s)
Computing version for https://github.com/apple/swift-nio-transport-services.git
Computed https://github.com/apple/swift-nio-transport-services.git at 1.28.0 (0.67s)
Computing version for https://github.com/swift-server/swift-service-lifecycle
Computed https://github.com/swift-server/swift-service-lifecycle at 2.12.1 (0.15s)
Fetching https://github.com/apple/swift-async-algorithms.git
[1/6820] Fetching swift-async-algorithms
Fetched https://github.com/apple/swift-async-algorithms.git from cache (0.55s)
Computing version for https://github.com/apple/swift-async-algorithms.git
Computed https://github.com/apple/swift-async-algorithms.git at 1.1.7 (0.74s)
Computing version for https://github.com/apple/swift-collections.git
Computed https://github.com/apple/swift-collections.git at 1.7.2 (0.24s)
Computing version for https://github.com/apple/swift-nio-http2.git
Computed https://github.com/apple/swift-nio-http2.git at 1.46.0 (0.16s)
Computing version for https://github.com/vapor/jwt-kit.git
Computed https://github.com/vapor/jwt-kit.git at 5.7.1 (0.14s)
Fetching https://github.com/apple/swift-certificates.git
Fetching https://github.com/apple/swift-crypto.git
[1/18629] Fetching swift-crypto
[2/26238] Fetching swift-crypto, swift-certificates
Fetched https://github.com/apple/swift-certificates.git from cache (1.26s)
Fetched https://github.com/apple/swift-crypto.git from cache (1.27s)
Computing version for https://github.com/apple/swift-crypto.git
Computed https://github.com/apple/swift-crypto.git at 4.5.2 (1.95s)
Fetching https://github.com/apple/swift-asn1.git
[1/2009] Fetching swift-asn1
Fetched https://github.com/apple/swift-asn1.git from cache (0.41s)
Computing version for https://github.com/apple/swift-asn1.git
Computed https://github.com/apple/swift-asn1.git at 1.7.3 (0.59s)
Computing version for https://github.com/apple/swift-certificates.git
Computed https://github.com/apple/swift-certificates.git at 1.21.0 (0.20s)
Computing version for https://github.com/apple/swift-nio-ssl.git
Computed https://github.com/apple/swift-nio-ssl.git at 2.37.5 (0.18s)
Computing version for https://github.com/apple/swift-system.git
Computed https://github.com/apple/swift-system.git at 1.8.1 (0.18s)
Computing version for https://github.com/apple/swift-nio-extras.git
Computed https://github.com/apple/swift-nio-extras.git at 1.35.1 (0.25s)
Fetching https://github.com/apple/swift-http-types.git
Fetching https://github.com/apple/swift-http-structured-headers.git
[1/1253] Fetching swift-http-structured-headers
[52/3192] Fetching swift-http-structured-headers, swift-http-types
Fetched https://github.com/apple/swift-http-structured-headers.git from cache (0.38s)
[1183/1939] Fetching swift-http-types
Fetched https://github.com/apple/swift-http-types.git from cache (0.41s)
Computing version for https://github.com/apple/swift-http-structured-headers.git
Computed https://github.com/apple/swift-http-structured-headers.git at 1.7.0 (0.55s)
Computing version for https://github.com/apple/swift-http-types.git
Computed https://github.com/apple/swift-http-types.git at 1.8.0 (0.17s)
Creating working copy for https://github.com/apple/swift-nio-transport-services.git
Working copy of https://github.com/apple/swift-nio-transport-services.git resolved at 1.28.0
Creating working copy for https://github.com/apple/swift-collections.git
Working copy of https://github.com/apple/swift-collections.git resolved at 1.7.2
Creating working copy for https://github.com/googleapis/swift-google-gax
Working copy of https://github.com/googleapis/swift-google-gax resolved at 0.5.0
Creating working copy for https://github.com/googleapis/swift-google-wkt
Working copy of https://github.com/googleapis/swift-google-wkt resolved at 0.5.0
Creating working copy for https://github.com/googleapis/swift-google-cloud-location
Working copy of https://github.com/googleapis/swift-google-cloud-location resolved at 0.5.0
Creating working copy for https://github.com/swift-server/swift-service-lifecycle
Working copy of https://github.com/swift-server/swift-service-lifecycle resolved at 2.12.1
Creating working copy for https://github.com/apple/swift-service-context.git
Working copy of https://github.com/apple/swift-service-context.git resolved at 1.3.0
Creating working copy for https://github.com/apple/swift-algorithms.git
Working copy of https://github.com/apple/swift-algorithms.git resolved at 1.2.1
Creating working copy for https://github.com/apple/swift-distributed-tracing.git
Working copy of https://github.com/apple/swift-distributed-tracing.git resolved at 1.5.0
Creating working copy for https://github.com/apple/swift-asn1.git
Working copy of https://github.com/apple/swift-asn1.git resolved at 1.7.3
Creating working copy for https://github.com/swift-extras/swift-extras-base64
Working copy of https://github.com/swift-extras/swift-extras-base64 resolved at 1.2.0
Creating working copy for https://github.com/apple/swift-configuration.git
Working copy of https://github.com/apple/swift-configuration.git resolved at 1.2.2
Creating working copy for https://github.com/swift-server/async-http-client.git
Working copy of https://github.com/swift-server/async-http-client.git resolved at 1.36.2
Creating working copy for https://github.com/apple/swift-nio-extras.git
Working copy of https://github.com/apple/swift-nio-extras.git resolved at 1.35.1
Creating working copy for https://github.com/googleapis/swift-google-auth
Working copy of https://github.com/googleapis/swift-google-auth resolved at 0.5.0
Creating working copy for https://github.com/apple/swift-http-types.git
Working copy of https://github.com/apple/swift-http-types.git resolved at 1.8.0
Creating working copy for https://github.com/apple/swift-nio-ssl.git
Working copy of https://github.com/apple/swift-nio-ssl.git resolved at 2.37.5
Creating working copy for https://github.com/apple/swift-atomics.git
Working copy of https://github.com/apple/swift-atomics.git resolved at 1.3.1
Creating working copy for https://github.com/apple/swift-system.git
Working copy of https://github.com/apple/swift-system.git resolved at 1.8.1
Creating working copy for https://github.com/apple/swift-crypto.git
Working copy of https://github.com/apple/swift-crypto.git resolved at 4.5.2
Creating working copy for https://github.com/apple/swift-async-algorithms.git
Working copy of https://github.com/apple/swift-async-algorithms.git resolved at 1.1.7
Creating working copy for https://github.com/apple/swift-numerics.git
Working copy of https://github.com/apple/swift-numerics.git resolved at 1.1.1
Creating working copy for https://github.com/apple/swift-certificates.git
Working copy of https://github.com/apple/swift-certificates.git resolved at 1.21.0
Creating working copy for https://github.com/googleapis/swift-google-longrunning
Working copy of https://github.com/googleapis/swift-google-longrunning resolved at 0.5.0
Creating working copy for https://github.com/apple/swift-log
Working copy of https://github.com/apple/swift-log resolved at 1.16.1
Creating working copy for https://github.com/apple/swift-nio
Working copy of https://github.com/apple/swift-nio resolved at 2.104.0
Creating working copy for https://github.com/apple/swift-http-structured-headers.git
Working copy of https://github.com/apple/swift-http-structured-headers.git resolved at 1.7.0
Creating working copy for https://github.com/googleapis/swift-google-rpc
Working copy of https://github.com/googleapis/swift-google-rpc resolved at 0.5.0
Creating working copy for https://github.com/apple/swift-nio-http2.git
Working copy of https://github.com/apple/swift-nio-http2.git resolved at 1.46.0
Creating working copy for https://github.com/vapor/jwt-kit.git
Working copy of https://github.com/vapor/jwt-kit.git resolved at 5.7.1
Building for debugging...
[0/962] Compiling ghash-x86_64-linux.S
[1/962] Compiling ghashv8-armv7-linux.S
[1/962] Compiling aesv8-gcm-armv8-win.S
[3/962] Write sources
[7/962] Compiling aesv8-gcm-armv8-linux.S
[8/962] Write sources
[46/962] Compiling _NumericsShims _NumericsShims.c
[46/962] Write swift-version--11D90AFD9DD3AB2.txt
[48/962] Compiling SimpleFIPS202.c
[49/962] Compiling _AtomicsShims.c
[50/962] Compiling CXKCPShims shims.c
[51/962] Compiling KeccakSponge.c
[52/987] Compiling asn1_par.cc
[52/987] Compiling asn_pack.cc
[54/1001] Compiling a_utctm.cc
[55/1001] Compiling asn1_lib.cc
[57/1040] Emitting module RealModule
[58/1041] Emitting module _NIODataStructures
[59/1041] Compiling InternalCollectionsUtilities RandomAccessCollection+Offsets.swift
[60/1041] Compiling InternalCollectionsUtilities Span+Extras.swift
[61/1043] Compiling InternalCollectionsUtilities FixedWidthInteger+roundUpToPowerOfTwo.swift
[62/1043] Compiling InternalCollectionsUtilities Integer rank.swift
[63/1043] Compiling RealModule Float16+Real.swift
[64/1043] Compiling InternalCollectionsUtilities BorrowingIteratorProtocol+Equality.swift
[65/1043] Compiling InternalCollectionsUtilities BorrowingIteratorProtocol+Extras.swift
[66/1043] Compiling InternalCollectionsUtilities UnsafeMutablePointer+Extras.swift
[67/1043] Compiling InternalCollectionsUtilities UnsafeMutableRawBufferPointer+Extras.swift
[68/1043] Compiling InternalCollectionsUtilities UnsafePointer+Extras.swift
[69/1046] Emitting module InternalCollectionsUtilities
[72/1046] Compiling InternalCollectionsUtilities Debugging.swift
[73/1046] Compiling InternalCollectionsUtilities Descriptions.swift
[76/1046] Compiling InternalCollectionsUtilities UInt+first and last set bit.swift
[77/1046] Compiling InternalCollectionsUtilities UInt+reversed.swift
[78/1046] Compiling InternalCollectionsUtilities Iterable+CopyContents.swift
[79/1046] Compiling InternalCollectionsUtilities Iterable+Equality.swift
[80/1046] Compiling InternalCollectionsUtilities LifetimeOverride.swift
[81/1046] Compiling InternalCollectionsUtilities MutableRef.swift
[82/1046] Compiling InternalCollectionsUtilities _UnsafeBitSet+_Word.swift
[83/1046] Compiling InternalCollectionsUtilities _UnsafeBitSet.swift
[84/1046] Compiling InternalCollectionsUtilities UnsafeBufferPointer+Extras.swift
[85/1046] Compiling InternalCollectionsUtilities UnsafeMutableBufferPointer+Extras.swift
[86/1046] Compiling InternalCollectionsUtilities MutableSpan+Extras.swift
[87/1046] Compiling InternalCollectionsUtilities OutputSpan+Extras.swift
[90/1046] Compiling SwiftASN1 DER.swift
[91/1046] Compiling SwiftASN1 Errors.swift
[92/1046] Compiling InternalCollectionsUtilities TemporaryAllocation.swift
[93/1046] Compiling InternalCollectionsUtilities _UnsafeBitSet+Index.swift
[98/1046] Compiling RealModule Real.swift
[99/1046] Compiling RealModule RealFunctions.swift
[100/1046] Compiling RealModule RelaxedArithmetic.swift
[101/1046] Compiling ServiceContextModule ServiceContext.swift
[102/1046] Compiling RealModule Float80+Real.swift
[103/1046] Compiling ServiceContextModule ServiceContextKey.swift
[104/1046] Emitting module ServiceContextModule
[105/1048] Compiling _NIOBase64 Base64.swift
[106/1048] Emitting module _NIOBase64
[109/1049] Compiling Logging LoggingSystem.swift
[111/1050] Compiling _NIODataStructures PriorityQueue.swift
[112/1050] Compiling _NIODataStructures _TinyArray.swift
[113/1050] Compiling Logging Logger+Attributes.swift
[116/1050] Compiling _NIODataStructures Heap.swift
[116/1053] Wrapping AST for _NIOBase64 for debugging
[119/1061] Compiling InternalCollectionsUtilities UnsafeRawBufferPointer+Extras.swift
[120/1061] Compiling InternalCollectionsUtilities _SortedCollection.swift
[121/1061] Compiling InternalCollectionsUtilities _UniqueCollection.swift
[122/1063] Emitting module _CertificateInternals
[123/1063] Compiling _CertificateInternals _TinyArray.swift
[123/1064] Wrapping AST for ServiceContextModule for debugging
[126/1064] Wrapping AST for RealModule for debugging
[127/1064] Wrapping AST for _NIODataStructures for debugging
[128/1064] Wrapping AST for _CertificateInternals for debugging
[130/1064] Compiling Instrumentation MultiplexInstrument.swift
[131/1064] Compiling Logging Logger.swift
[132/1064] Compiling Instrumentation NoOpInstrument.swift
[133/1064] Compiling Logging Logger+With.swift
[133/1064] Compiling KeccakHash.c
[134/1064] Wrapping AST for InternalCollectionsUtilities for debugging
[137/1068] Compiling CNIOWindows shim.c
[138/1068] Compiling CSystem shims.c
[140/1068] Emitting module Instrumentation
[141/1068] Compiling Instrumentation InstrumentationSystem.swift
[141/1068] Compiling CNIOWindows WSAStartup.c
[143/1068] Emitting module SpanPreview
[143/1068] Compiling CNIOWASI CNIOWASI.c
[145/1068] Compiling SpanPreview OutputSpan+InputSpanHelpers.swift
[145/1068] Compiling CNIOPosix event_loop_id.c
[146/1068] Compiling CNIOOpenBSD shim.c
[148/1068] Compiling SpanPreview InputSpan.swift
[149/1068] Compiling SpanPreview MutableSpan+InputSpanHelpers.swift
[151/1106] Compiling ExtrasBase64 Base32+Span.swift
[151/1106] Compiling CNIOLinux liburing_shims.c
[152/1106] Compiling CNIOLinux shim.c
[153/1148] Wrapping AST for SpanPreview for debugging
[155/1148] Compiling DequeModule Deque+Descriptions.swift
[156/1148] Compiling DequeModule Deque+Equatable.swift
[157/1148] Compiling DequeModule Deque+ExpressibleByArrayLiteral.swift
[158/1148] Compiling DequeModule Deque+Codable.swift
[159/1148] Compiling DequeModule Deque+Collection.swift
[160/1148] Compiling DequeModule Deque+CustomReflectable.swift
[161/1148] Compiling DequeModule UniqueDeque+Consumption.swift
[162/1148] Compiling DequeModule UniqueDeque+ContainerOperations.swift
[163/1148] Compiling DequeModule UniqueDeque+Deprecations.swift
[164/1148] Compiling DequeModule UniqueDeque+Descriptions.swift
[165/1148] Compiling DequeModule UniqueDeque+Equatable.swift
[166/1148] Compiling DequeModule UniqueDeque+Hashable.swift
[167/1148] Compiling DequeModule UniqueDeque+Initializers.swift
[168/1148] Compiling DequeModule UniqueDeque+Insertions.swift
[169/1148] Compiling DequeModule UniqueDeque+Iterable.swift
[170/1148] Compiling DequeModule UniqueDeque+Prepend.swift
[171/1148] Compiling DequeModule UniqueDeque+Removals.swift
[171/1153] Compiling KeccakP-1600-opt64.c
[172/1153] Compiling CNIOLLHTTP c_nio_http.c
[173/1153] Compiling CNIOLLHTTP c_nio_llhttp.c
[174/1153] Compiling CNIOFreeBSD shim.c
[175/1153] Compiling CNIOLLHTTP c_nio_api.c
[176/1153] Compiling CNIOExtrasZlib zutil.c
[178/1153] Compiling DequeModule _DequeBuffer.swift
[179/1153] Compiling DequeModule _DequeBufferHeader.swift
[180/1153] Compiling DequeModule RigidDeque+Append.swift
[181/1153] Compiling DequeModule RigidDeque+Consumption.swift
[181/1153] Compiling CNIOExtrasZlib inftrees.c
[182/1153] Compiling DequeModule RigidDeque+ContainerOperations.swift
[183/1153] Compiling DequeModule RigidDeque+Deprecations.swift
[184/1153] Compiling CNIOExtrasZlib trees.c
[185/1153] Compiling CNIOExtrasZlib inflate.c
[186/1153] Compiling CNIOExtrasZlib inffast.c
[188/1153] Compiling DequeModule RigidDeque+Descriptions.swift
[189/1153] Compiling DequeModule RigidDeque+Equatable.swift
[190/1153] Compiling DequeModule RigidDeque+Hashable.swift
[191/1153] Compiling DequeModule RigidDeque+Initializers.swift
[192/1153] Compiling DequeModule RigidDeque+Insertions.swift
[193/1153] Compiling DequeModule RigidDeque+Iterable.swift
[194/1153] Compiling DequeModule RigidDeque+Prepend.swift
[195/1153] Compiling DequeModule RigidDeque+Removals.swift
[196/1153] Compiling DequeModule RigidDeque+Replacements.swift
[197/1153] Compiling DequeModule RigidDeque+Testing.swift
[198/1153] Compiling DequeModule RigidDeque.swift
[199/1153] Compiling DequeModule UniqueDeque+Append.swift
[199/1153] Compiling CNIOExtrasZlib crc32.c
[200/1153] Compiling CNIOExtrasZlib deflate.c
[201/1153] Compiling CNIODarwin shim.c
[202/1153] Compiling CNIOExtrasZlib adler32.c
[203/1153] Compiling fiat_p256_adx_sqr.S
[205/1153] Emitting module SystemPackage
[205/1158] Compiling fiat_p256_adx_mul.S
[207/1158] Emitting module SwiftASN1
[208/1158] Compiling ExtrasBase64 Base32.swift
[208/1158] Compiling fiat_curve25519_adx_square.S
[209/1158] Compiling fiat_curve25519_adx_mul.S
[210/1158] Compiling CNIOBoringSSLShims shims.c
[212/1158] Compiling DequeModule Deque+Testing.swift
[213/1158] Compiling DequeModule Deque._Storage.swift
[214/1158] Compiling DequeModule Deque._UnsafeHandle.swift
[215/1158] Compiling DequeModule Deque.swift
[222/1158] Compiling Logging MetadataProvider.swift
[226/1158] Compiling DequeModule Deque+Extras.swift
[227/1158] Compiling DequeModule Deque+Hashable.swift
[228/1158] Compiling Instrumentation Locks.swift
[229/1158] Compiling Instrumentation Instrument.swift
[230/1159] Emitting module Logging
[265/1169] Wrapping AST for Logging for debugging
[267/1169] Compiling Tracing TracingTime.swift
[267/1169] Wrapping AST for SwiftASN1 for debugging
[273/1170] Wrapping AST for Instrumentation for debugging
[275/1170] Compiling Tracing WithTracer.swift
[276/1170] Compiling Tracing TracerProtocol+Legacy.swift
[277/1170] Compiling Tracing TracerProtocol.swift
[278/1170] Compiling Tracing Tracer.swift
[279/1170] Compiling SystemPackage SystemString.swift
[280/1170] Compiling SystemPackage Util+StringArray.swift
[281/1170] Compiling SystemPackage Util.swift
[282/1170] Compiling SystemPackage UtilConsumers.swift
[283/1170] Compiling SystemPackage WinSDK+Overlay.swift
[283/1171] Compiling tls_method.cc
[286/1171] Compiling Tracing NoOpTracer.swift
[287/1171] Compiling Tracing SpanProtocol.swift
[288/1171] Compiling Tracing InstrumentationSystem+Tracing.swift
[289/1171] Emitting module Tracing
[290/1172] Wrapping AST for SystemPackage for debugging
[291/1172] Wrapping AST for Tracing for debugging
[292/1172] Compiling tls_record.cc
[293/1172] Compiling tls13_server.cc
[301/1172] Emitting module DequeModule
[301/1172] Compiling tls13_enc.cc
[302/1172] Compiling tls13_client.cc
[304/1172] Compiling DequeModule UniqueDeque+Replacements.swift
[305/1172] Compiling DequeModule UniqueDeque.swift
[306/1172] Compiling DequeModule _DequeSlot.swift
[307/1172] Compiling DequeModule _UnsafeDequeHandle.swift
[308/1172] Compiling DequeModule _UnsafeDequeSegments.swift
[308/1172] Compiling tls13_both.cc
[309/1173] Compiling t1_enc.cc
[311/1173] Compiling ssl_x509.cc
[312/1197] Compiling ssl_versions.cc
[313/1216] Wrapping AST for DequeModule for debugging
[314/1216] Compiling ssl_transcript.cc
[316/1216] Compiling Configuration JSONSnapshot.swift
[317/1216] Compiling Configuration PropertyListSnapshot.swift
[318/1216] Compiling Configuration ReloadingFileProvider.swift
[319/1216] Compiling Configuration ReloadingFileProviderMetrics.swift
[320/1216] Compiling Configuration YAMLSnapshot.swift
[321/1216] Compiling Configuration InMemoryProvider.swift
[322/1221] Compiling Configuration Deprecations.swift
[323/1221] Compiling Configuration ExpressibleByConfigInt.swift
[324/1221] Compiling Configuration ExpressibleByConfigString.swift
[325/1221] Compiling Configuration CLIKeyEncoder.swift
[326/1221] Compiling Configuration ConfigKeyEncoder.swift
[327/1221] Compiling Configuration DotSeparatorKeyDecoder.swift
[327/1221] Compiling ssl_stat.cc
[328/1221] Compiling ssl_privkey.cc
[329/1221] Compiling ssl_session.cc
[331/1221] Compiling ExtrasBase64 Base64.swift
[332/1221] Compiling ExtrasBase64 Base64+Span.swift
[333/1221] Compiling Configuration EnvironmentKeyEncoder.swift
[334/1221] Compiling Configuration EnvironmentVariablesProvider.swift
[335/1221] Compiling Configuration CommonProviderFileSystem.swift
[336/1221] Compiling Configuration DirectoryFilesProvider.swift
[337/1221] Compiling Configuration FileProvider.swift
[338/1221] Compiling Configuration FileProviderSnapshot.swift
[338/1221] Compiling ssl_lib.cc
[340/1221] Emitting module ExtrasBase64
[340/1222] Compiling ssl_file.cc
[341/1222] Compiling ssl_key_share.cc
[343/1222] Compiling ssl_credential.cc
[344/1253] Compiling ssl_cipher.cc
[345/1253] Wrapping AST for ExtrasBase64 for debugging
[346/1253] Compiling ssl_cert.cc
[347/1253] Compiling ssl_buffer.cc
[348/1253] Compiling ssl_aead_ctx.cc
[349/1253] Compiling ssl_asn1.cc
[350/1253] Compiling s3_pkt.cc
[352/1253] Compiling GoogleWKT WKTValue.swift
[353/1253] Compiling GoogleWKT WKTApi.swift
[354/1253] Compiling GoogleWKT WKTEnum.swift
[355/1253] Compiling GoogleWKT WKTEnumValue.swift
[356/1253] Compiling GoogleWKT WKTStringValue.swift
[357/1253] Compiling GoogleWKT WKTTimestamp.swift
[358/1253] Compiling Configuration CombineLatestManyStorage.swift
[359/1253] Compiling Configuration AsyncSequences.swift
[360/1253] Compiling Configuration FoundationExtensions.swift
[361/1253] Compiling Configuration Span.swift
[362/1253] Compiling Configuration ConfigBytesFromStringDecoder.swift
[363/1253] Compiling Configuration MutableInMemoryProvider.swift
[364/1253] Compiling Configuration ConfigProvider+Operators.swift
[365/1253] Compiling Configuration KeyMappingProvider.swift
[366/1253] Compiling Configuration SecretsSpecifier.swift
[367/1253] Compiling Configuration AsyncCombineLatestManySequence.swift
[368/1253] Compiling Configuration CombineLatestManyStateMachine.swift
[368/1253] Compiling handshake_client.cc
[369/1253] Compiling s3_lib.cc
[371/1253] Compiling GoogleWKT AnyPackable.swift
[372/1253] Compiling GoogleWKT DecodeToDefault.swift
[373/1253] Compiling GoogleWKT DiscoveryBase64.swift
[374/1253] Compiling GoogleWKT ProtoJSONDecoder.swift
[375/1253] Compiling GoogleWKT ProtoJSONEncoder.swift
[376/1253] Compiling GoogleWKT UnknownFields.swift
[377/1253] Compiling GoogleWKT WKTAny.swift
[378/1253] Compiling GoogleWKT WKTAnyError.swift
[379/1253] Compiling GoogleWKT WKTBoolValue.swift
[380/1253] Compiling GoogleWKT WKTBytesValue.swift
[381/1253] Compiling GoogleWKT WKTDoubleValue.swift
[382/1253] Compiling GoogleWKT WKTDuration.swift
[383/1253] Emitting module Configuration
[386/1253] Compiling GoogleWKT WKTUInt32Value.swift
[387/1253] Compiling GoogleWKT WKTUInt64Value.swift
[392/1253] Compiling GoogleWKT WKTFloatValue.swift
[393/1253] Compiling GoogleWKT WKTInt32Value.swift
[394/1253] Compiling GoogleWKT WKTInt64Value.swift
[395/1253] Compiling GoogleWKT WKTRecursive.swift
[395/1258] Compiling handshake_server.cc
[398/1258] Compiling GoogleWKT WKTField.swift
[399/1258] Compiling GoogleWKT WKTMethod.swift
[400/1258] Compiling GoogleWKT WKTMixin.swift
[401/1258] Compiling GoogleWKT WKTOption.swift
[404/1258] Compiling GoogleWKT WKTEmpty.swift
[405/1258] Compiling GoogleWKT WKTFieldMask.swift
[410/1258] Compiling s3_both.cc
[411/1258] Wrapping AST for Configuration for debugging
[413/1258] Compiling GoogleWKT WKTSourceContext.swift
[414/1258] Compiling GoogleWKT WKTSyntax.swift
[415/1258] Compiling GoogleWKT WKTType.swift
[416/1258] Compiling GoogleWKT PackageVersion.swift
[416/1258] Compiling handshake.cc
[417/1258] Compiling handoff.cc
[419/1258] Emitting module GoogleWKT
[425/1259] Compiling dtls_record.cc
[426/1274] Compiling d1_pkt.cc
[427/1274] Wrapping AST for GoogleWKT for debugging
[429/1274] Compiling GoogleRpc LocalizedMessage.swift
[430/1274] Compiling GoogleRpc PackageVersion.swift
[431/1276] Compiling GoogleRpc DebugInfo.swift
[432/1276] Compiling GoogleRpc ErrorInfo.swift
[432/1276] Compiling d1_srtp.cc
[433/1276] Compiling md5-x86_64-linux.S
[434/1276] Compiling encrypted_client_hello.cc
[436/1276] Compiling GoogleRpc Help.swift
[437/1276] Compiling GoogleRpc HttpHeader.swift
[437/1276] Compiling md5-x86_64-apple.S
[438/1276] Compiling md5-586-linux.S
[439/1276] Compiling dtls_method.cc
[441/1276] Compiling GoogleRpc BadRequest.swift
[442/1276] Compiling GoogleRpc Code.swift
[443/1276] Emitting module GoogleRpc
[443/1276] Compiling md5-586-apple.S
[444/1276] Compiling chacha20_poly1305_x86_64-linux.S
[445/1276] Compiling chacha20_poly1305_x86_64-apple.S
[446/1276] Compiling chacha20_poly1305_armv8-win.S
[448/1276] Compiling GoogleRpc RetryInfo.swift
[449/1276] Compiling GoogleRpc Status.swift
[450/1276] Compiling GoogleRpc PreconditionFailure.swift
[451/1276] Compiling GoogleRpc QuotaFailure.swift
[452/1276] Compiling GoogleRpc HttpRequest.swift
[453/1276] Compiling GoogleRpc HttpResponse.swift
[454/1276] Compiling GoogleRpc RequestInfo.swift
[455/1276] Compiling GoogleRpc ResourceInfo.swift
[456/1277] Compiling chacha20_poly1305_armv8-apple.S
[457/1277] Compiling chacha20_poly1305_armv8-linux.S
[458/1277] Compiling chacha-x86_64-linux.S
[459/1277] Compiling chacha-x86_64-apple.S
[460/1277] Wrapping AST for GoogleRpc for debugging
[461/1277] Compiling chacha-x86-linux.S
[462/1277] Compiling chacha-x86-apple.S
[463/1277] Compiling chacha-armv8-win.S
[464/1277] Compiling chacha-armv8-linux.S
[465/1277] Compiling chacha-armv8-apple.S
[466/1277] Compiling extensions.cc
[467/1277] Compiling chacha-armv4-linux.S
[468/1277] Compiling err_data.cc
[469/1277] Compiling aes128gcmsiv-x86_64-linux.S
[470/1277] Compiling aes128gcmsiv-x86_64-apple.S
[471/1277] Compiling x86_64-mont5-apple.S
[472/1277] Compiling x86_64-mont5-linux.S
[473/1277] Compiling x86_64-mont-linux.S
[474/1277] Compiling x86_64-mont-apple.S
[475/1277] Compiling x86-mont-linux.S
[476/1277] Compiling x86-mont-apple.S
[477/1277] Compiling vpaes-x86_64-apple.S
[478/1277] Compiling vpaes-x86-linux.S
[479/1277] Compiling vpaes-x86_64-linux.S
[480/1277] Compiling vpaes-x86-apple.S
[481/1277] Compiling vpaes-armv8-linux.S
[482/1277] Compiling vpaes-armv8-win.S
[483/1277] Compiling vpaes-armv8-apple.S
[484/1277] Compiling d1_lib.cc
[485/1277] Compiling vpaes-armv7-linux.S
[486/1277] Compiling sha512-x86_64-apple.S
[487/1277] Compiling sha512-x86_64-linux.S
[488/1277] Compiling sha512-armv8-win.S
[489/1277] Compiling sha512-armv8-apple.S
[490/1277] Compiling sha512-armv4-linux.S
[491/1277] Compiling sha512-armv8-linux.S
[492/1277] Compiling sha512-586-apple.S
[493/1277] Compiling sha512-586-linux.S
[494/1277] Compiling sha256-x86_64-linux.S
[495/1277] Compiling sha256-armv8-win.S
[496/1277] Compiling sha256-x86_64-apple.S
[497/1277] Compiling sha256-armv4-linux.S
[498/1277] Compiling sha256-586-linux.S
[499/1277] Compiling sha256-armv8-apple.S
[500/1277] Compiling sha1-x86_64-linux.S
[501/1277] Compiling sha256-armv8-linux.S
[502/1277] Compiling sha256-586-apple.S
[503/1277] Compiling sha1-x86_64-apple.S
[504/1277] Compiling sha1-armv8-win.S
[505/1277] Compiling sha1-armv8-apple.S
[506/1277] Compiling rsaz-avx2-linux.S
[507/1277] Compiling rsaz-avx2-apple.S
[508/1277] Compiling sha1-586-apple.S
[509/1277] Compiling sha1-armv8-linux.S
[510/1277] Compiling sha1-586-linux.S
[511/1277] Compiling sha1-armv4-large-linux.S
[512/1277] Compiling rdrand-x86_64-apple.S
[513/1277] Compiling rdrand-x86_64-linux.S
[514/1277] Compiling p256_beeu-x86_64-asm-apple.S
[515/1277] Compiling p256_beeu-x86_64-asm-linux.S
[516/1277] Compiling p256-x86_64-asm-linux.S
[516/1277] Compiling p256_beeu-armv8-asm-apple.S
[518/1277] Compiling p256_beeu-armv8-asm-win.S
[519/1277] Compiling p256-x86_64-asm-apple.S
[520/1277] Compiling p256_beeu-armv8-asm-linux.S
[521/1277] Compiling p256-armv8-asm-win.S
[522/1277] Compiling p256-armv8-asm-apple.S
[523/1277] Compiling ghashv8-armv8-apple.S
[524/1277] Compiling ghashv8-armv8-win.S
[525/1277] Compiling ghashv8-armv8-linux.S
[526/1277] Compiling p256-armv8-asm-linux.S
[527/1277] Compiling bio_ssl.cc
[528/1277] Compiling ghash-x86_64-linux.S
[529/1277] Compiling ghash-x86-linux.S
[530/1277] Compiling ghashv8-armv7-linux.S
[531/1277] Compiling ghash-x86_64-apple.S
[532/1277] Compiling ghash-ssse3-x86_64-linux.S
[533/1277] Compiling ghash-x86-apple.S
[534/1277] Compiling ghash-ssse3-x86-apple.S
[534/1277] Compiling ghash-ssse3-x86-linux.S
[536/1277] Compiling ghash-neon-armv8-win.S
[537/1277] Compiling d1_both.cc
[538/1277] Compiling ghash-neon-armv8-linux.S
[539/1277] Compiling ghash-ssse3-x86_64-apple.S
[540/1277] Compiling ghash-armv4-linux.S
[541/1277] Compiling ghash-neon-armv8-apple.S
[542/1277] Compiling co-586-linux.S
[543/1277] Compiling co-586-apple.S
[544/1277] Compiling bn-586-linux.S
[545/1277] Compiling bn-586-apple.S
[546/1277] Compiling bn-armv8-linux.S
[547/1277] Compiling bsaes-armv7-linux.S
[548/1277] Compiling bn-armv8-win.S
[549/1277] Compiling armv8-mont-win.S
[550/1277] Compiling bn-armv8-apple.S
[551/1277] Compiling armv8-mont-apple.S
[551/1277] Compiling armv4-mont-linux.S
[553/1277] Compiling armv8-mont-linux.S
[554/1277] Compiling aesv8-gcm-armv8-win.S
[555/1277] Compiling aesv8-armv8-win.S
[556/1277] Compiling aesv8-gcm-armv8-apple.S
[556/1277] Compiling aesv8-armv7-linux.S
[556/1277] Compiling aesv8-armv8-apple.S
[559/1277] Compiling aesni-x86_64-linux.S
[559/1277] Compiling aesv8-gcm-armv8-linux.S
[561/1277] Compiling aesni-x86_64-apple.S
[562/1277] Compiling aesv8-armv8-linux.S
[563/1277] Compiling aesni-x86-linux.S
[564/1277] Compiling aes-gcm-avx10-x86_64-linux.S
[565/1277] Compiling aes-gcm-avx10-x86_64-apple.S
[566/1277] Compiling aesni-gcm-x86_64-linux.S
[567/1277] Compiling aes-gcm-avx2-x86_64-linux.S
[568/1277] Compiling aesni-x86-apple.S
[569/1277] Compiling aes-gcm-avx2-x86_64-apple.S
[569/1277] Compiling aesni-gcm-x86_64-apple.S
[571/1277] Compiling x_sig.cc
[572/1277] Compiling x_pubkey.cc
[573/1277] Compiling x_val.cc
[574/1277] Compiling x_spki.cc
[575/1277] Compiling x_name.cc
[576/1277] Compiling x_req.cc
[577/1277] Compiling x_x509.cc
[578/1277] Compiling x_x509a.cc
[579/1277] Compiling x_attrib.cc
[580/1277] Compiling x_all.cc
[581/1277] Compiling x_exten.cc
[582/1277] Compiling x509spki.cc
[583/1277] Compiling x_crl.cc
[584/1277] Compiling x_algor.cc
[585/1277] Compiling x509name.cc
[586/1277] Compiling x509rset.cc
[587/1277] Compiling x509cset.cc
[588/1277] Compiling x509_vfy.cc
[589/1277] Compiling x509_vpm.cc
[590/1277] Compiling x509_v3.cc
[591/1277] Compiling x509_txt.cc
[592/1277] Compiling x509_trs.cc
[593/1277] Compiling x509_set.cc
[594/1277] Compiling x509_req.cc
[595/1277] Compiling x509_obj.cc
[596/1277] Compiling x509_lu.cc
[597/1277] Compiling x509_ext.cc
[598/1277] Compiling x509_def.cc
[599/1277] Compiling x509_d2.cc
[600/1277] Compiling x509_cmp.cc
[601/1277] Compiling x509.cc
[602/1277] Compiling x509_att.cc
[603/1277] Compiling v3_utl.cc
[604/1277] Compiling v3_skey.cc
[605/1277] Compiling v3_pmaps.cc
[606/1277] Compiling v3_purp.cc
[607/1277] Compiling v3_prn.cc
[608/1277] Compiling v3_pcons.cc
[609/1277] Compiling v3_ocsp.cc
[610/1277] Compiling v3_ncons.cc
[611/1277] Compiling v3_lib.cc
[612/1277] Compiling v3_int.cc
[613/1277] Compiling v3_ia5.cc
[614/1277] Compiling v3_genn.cc
[615/1277] Compiling v3_info.cc
[616/1277] Compiling v3_extku.cc
[617/1277] Compiling v3_enum.cc
[618/1277] Compiling v3_crld.cc
[619/1277] Compiling v3_cpols.cc
[620/1277] Compiling v3_conf.cc
[621/1277] Compiling v3_bitst.cc
[622/1277] Compiling v3_bcons.cc
[623/1277] Compiling v3_alt.cc
[624/1277] Compiling v3_akeya.cc
[625/1277] Compiling v3_akey.cc
[626/1277] Compiling t_x509a.cc
[627/1277] Compiling t_req.cc
[628/1277] Compiling t_x509.cc
[629/1277] Compiling t_crl.cc
[630/1277] Compiling rsa_pss.cc
[631/1277] Compiling i2d_pr.cc
[632/1277] Compiling policy.cc
[633/1277] Compiling name_print.cc
[634/1277] Compiling by_file.cc
[635/1277] Compiling by_dir.cc
[636/1277] Compiling asn1_gen.cc
[637/1277] Compiling a_verify.cc
[638/1277] Compiling algorithm.cc
[639/1277] Compiling a_sign.cc
[640/1277] Compiling a_digest.cc
[641/1277] Compiling voprf.cc
[642/1277] Compiling thread_win.cc
[643/1277] Compiling stack.cc
[644/1277] Compiling trust_token.cc
[645/1277] Compiling thread_pthread.cc
[646/1277] Compiling thread_none.cc
[647/1277] Compiling thread.cc
[648/1277] Compiling pmbtoken.cc
[649/1277] Compiling spake2plus.cc
[650/1277] Compiling slhdsa.cc
[651/1277] Compiling siphash.cc
[652/1277] Compiling sha512.cc
[653/1277] Compiling sha256.cc
[654/1277] Compiling sha1.cc
[655/1277] Compiling rsa_extra.cc
[656/1277] Compiling rsa_print.cc
[657/1277] Compiling rsa_crypt.cc
[658/1277] Compiling refcount.cc
[659/1277] Compiling rc4.cc
[660/1277] Compiling windows.cc
[661/1277] Compiling trusty.cc
[662/1277] Compiling urandom.cc
[663/1277] Compiling rand.cc
[664/1277] Compiling rsa_asn1.cc
[665/1277] Compiling passive.cc
[666/1277] Compiling ios.cc
[667/1277] Compiling poly1305_arm_asm.S
[668/1277] Compiling getentropy.cc
[669/1277] Compiling forkunsafe.cc
[670/1277] Compiling deterministic.cc
[671/1277] Compiling fork_detect.cc
[672/1277] Compiling poly1305_vec.cc
[673/1277] Compiling poly1305_arm.cc
[674/1277] Compiling pool.cc
[675/1277] Compiling poly1305.cc
[676/1277] Compiling pkcs8_x509.cc
[677/1277] Compiling pkcs7.cc
[678/1277] Compiling pkcs8.cc
[679/1277] Compiling p5_pbev2.cc
[680/1277] Compiling pkcs7_x509.cc
[681/1277] Compiling pem_xaux.cc
[682/1277] Compiling pem_x509.cc
[683/1277] Compiling pem_pkey.cc
[684/1277] Compiling pem_pk8.cc
[685/1277] Compiling pem_lib.cc
[686/1277] Compiling pem_oth.cc
[687/1277] Compiling pem_info.cc
[688/1277] Compiling mlkem.cc
[689/1277] Compiling obj_xref.cc
[690/1277] Compiling pem_all.cc
[691/1277] Compiling mldsa.cc
[692/1277] Compiling poly_rq_mul.S
[693/1277] Compiling obj.cc
[694/1277] Compiling fips_shared_support.cc
[695/1277] Compiling md5.cc
[696/1277] Compiling mem.cc
[697/1277] Compiling lhash.cc
[698/1277] Compiling md4.cc
[699/1277] Compiling kyber.cc
[700/1277] Compiling scrypt.cc
[701/1277] Compiling sign.cc
[702/1277] Compiling ex_data.cc
[703/1277] Compiling print.cc
[704/1277] Compiling hrss.cc
[705/1277] Compiling hpke.cc
[706/1277] Compiling pbkdf.cc
[707/1277] Compiling p_x25519.cc
[708/1277] Compiling p_rsa.cc
[708/1277] Compiling p_x25519_asn1.cc
[710/1277] Compiling p_rsa_asn1.cc
[711/1277] Compiling p_ed25519.cc
[712/1277] Compiling p_hkdf.cc
[713/1277] Compiling p_ed25519_asn1.cc
[714/1277] Compiling p_ec_asn1.cc
[715/1277] Compiling p_ec.cc
[716/1277] Compiling p_dh_asn1.cc
[717/1277] Compiling p_dh.cc
[718/1277] Compiling p_dsa_asn1.cc
[719/1277] Compiling evp_ctx.cc
[720/1277] Compiling evp_asn1.cc
[721/1277] Compiling evp.cc
[722/1277] Compiling engine.cc
[723/1277] Compiling err.cc
[724/1277] Compiling ecdh.cc
[725/1277] Compiling ecdsa_asn1.cc
[726/1277] Compiling hash_to_curve.cc
[727/1277] Compiling ec_derive.cc
[728/1277] Compiling dsa.cc
[729/1277] Compiling digest_extra.cc
[730/1277] Compiling params.cc
[731/1277] Compiling ec_asn1.cc
[732/1277] Compiling dsa_asn1.cc
[733/1277] Compiling x25519-asm-arm.S
[734/1277] Compiling bcm.cc
[735/1277] Compiling dh_asn1.cc
[736/1277] Compiling des.cc
[737/1277] Compiling curve25519_64_adx.cc
[738/1277] Compiling cpu_intel.cc
[739/1277] Compiling spake25519.cc
[740/1277] Compiling crypto.cc
[741/1277] Compiling cpu_arm_linux.cc
[742/1277] Compiling curve25519.cc
[743/1277] Compiling cpu_aarch64_win.cc
[743/1277] Compiling cpu_arm_freebsd.cc
[745/1277] Compiling cpu_aarch64_sysreg.cc
[746/1277] Compiling cpu_aarch64_linux.cc
[747/1277] Compiling cpu_aarch64_fuchsia.cc
[748/1277] Compiling cpu_aarch64_openbsd.cc
[749/1277] Compiling cpu_aarch64_apple.cc
[750/1277] Compiling conf.cc
[751/1277] Compiling get_cipher.cc
[752/1277] Compiling tls_cbc.cc
[753/1277] Compiling e_tls.cc
[754/1277] Compiling e_rc4.cc
[755/1277] Compiling e_null.cc
[756/1277] Compiling e_rc2.cc
[757/1277] Compiling e_des.cc
[758/1277] Compiling e_chacha20poly1305.cc
[759/1277] Compiling e_aesgcmsiv.cc
[760/1277] Compiling e_aesctrhmac.cc
[761/1277] Compiling derive_key.cc
[762/1277] Compiling chacha.cc
[763/1277] Compiling unicode.cc
[764/1277] Compiling cbs.cc
[765/1277] Compiling buf.cc
[766/1277] Compiling cbb.cc
[767/1277] Compiling ber.cc
[768/1277] Compiling asn1_compat.cc
[769/1277] Compiling blake2.cc
[770/1277] Compiling bn_asn1.cc
[771/1277] Compiling convert.cc
[772/1277] Compiling socket.cc
[773/1277] Compiling socket_helper.cc
[774/1277] Compiling printf.cc
[775/1277] Compiling pair.cc
[776/1277] Compiling fd.cc
[777/1277] Compiling hexdump.cc
[778/1277] Compiling file.cc
[779/1277] Compiling errno.cc
[780/1277] Compiling bio_mem.cc
[781/1277] Compiling connect.cc
[782/1277] Compiling bio.cc
[783/1277] Compiling tasn_typ.cc
[784/1277] Compiling base64.cc
[785/1277] Compiling tasn_fre.cc
[786/1277] Compiling tasn_enc.cc
[787/1277] Compiling tasn_utl.cc
[788/1277] Compiling f_string.cc
[789/1277] Compiling posix_time.cc
[790/1277] Compiling tasn_new.cc
[791/1277] Compiling tasn_dec.cc
[792/1277] Compiling f_int.cc
[793/1277] Compiling asn1_par.cc
[794/1277] Compiling asn1_lib.cc
[795/1277] Compiling asn_pack.cc
[796/1277] Compiling a_type.cc
[797/1277] Compiling a_octet.cc
[798/1277] Compiling a_utctm.cc
[799/1277] Compiling a_time.cc
[800/1277] Compiling a_strex.cc
[801/1277] Compiling a_strnid.cc
[802/1277] Compiling a_mbstr.cc
[803/1277] Compiling a_object.cc
[804/1277] Compiling a_i2d_fp.cc
[805/1277] Compiling a_dup.cc
[806/1277] Compiling CGoogleGaxCRC32C CGoogleGaxCRC32C.c
[807/1277] Compiling a_bitstr.cc
[808/1277] Compiling fiat_p256_adx_sqr.S
[809/1277] Compiling a_d2i_fp.cc
[810/1277] Compiling fiat_p256_adx_mul.S
[811/1277] Compiling fiat_curve25519_adx_square.S
[812/1277] Compiling md5-x86_64-linux.S
[813/1277] Compiling fiat_curve25519_adx_mul.S
[814/1277] Compiling md5-x86_64-apple.S
[815/1277] Compiling md5-586-linux.S
[816/1277] Compiling a_int.cc
[817/1277] Compiling md5-586-apple.S
[818/1277] Compiling chacha20_poly1305_x86_64-apple.S
[819/1277] Compiling chacha20_poly1305_x86_64-linux.S
[820/1277] Compiling chacha20_poly1305_armv8-win.S
[821/1277] Compiling chacha20_poly1305_armv8-apple.S
[822/1277] Compiling a_gentm.cc
[823/1277] Compiling chacha20_poly1305_armv8-linux.S
[824/1277] Compiling chacha-x86_64-apple.S
[825/1277] Compiling chacha-x86_64-linux.S
[826/1277] Compiling chacha-x86-linux.S
[827/1277] Compiling a_bool.cc
[828/1277] Compiling chacha-x86-apple.S
[829/1277] Compiling chacha-armv8-win.S
[830/1277] Compiling CCryptoBoringSSLShims shims.c
[831/1277] Compiling chacha-armv8-apple.S
[832/1277] Compiling chacha-armv8-linux.S
[833/1277] Compiling chacha-armv4-linux.S
[834/1277] Compiling aes128gcmsiv-x86_64-linux.S
[835/1277] Compiling x86_64-mont5-apple.S
[836/1277] Compiling x86_64-mont-linux.S
[837/1277] Compiling aes128gcmsiv-x86_64-apple.S
[838/1277] Compiling x86_64-mont5-linux.S
[839/1277] Compiling x86-mont-linux.S
[840/1277] Compiling x86_64-mont-apple.S
[841/1277] Compiling vpaes-x86_64-linux.S
[842/1277] Compiling vpaes-x86_64-apple.S
[843/1277] Compiling x86-mont-apple.S
[844/1277] Compiling vpaes-x86-linux.S
[845/1277] Compiling vpaes-x86-apple.S
[846/1277] Compiling vpaes-armv8-win.S
[847/1277] Compiling vpaes-armv8-apple.S
[848/1277] Compiling vpaes-armv8-linux.S
[849/1277] Compiling err_data.cc
[850/1277] Compiling sha512-x86_64-linux.S
[851/1277] Compiling sha512-x86_64-apple.S
[852/1277] Compiling vpaes-armv7-linux.S
[853/1277] Compiling sha512-armv8-win.S
[854/1277] Compiling sha512-armv8-linux.S
[855/1277] Compiling sha512-armv8-apple.S
[856/1277] Compiling sha512-armv4-linux.S
[857/1277] Compiling sha512-586-linux.S
[858/1277] Compiling sha512-586-apple.S
[859/1277] Compiling sha256-x86_64-linux.S
[860/1277] Compiling sha256-x86_64-apple.S
[861/1277] Compiling sha256-armv8-apple.S
[862/1277] Compiling sha256-armv8-win.S
[863/1277] Compiling sha256-586-linux.S
[864/1277] Compiling sha256-armv8-linux.S
[865/1277] Compiling sha256-armv4-linux.S
[866/1277] Compiling sha1-armv8-win.S
[867/1277] Compiling sha256-586-apple.S
[868/1277] Compiling sha1-x86_64-linux.S
[869/1277] Compiling sha1-x86_64-apple.S
[870/1277] Compiling sha1-armv4-large-linux.S
[871/1277] Compiling sha1-armv8-apple.S
[872/1277] Compiling sha1-armv8-linux.S
[873/1277] Compiling sha1-586-linux.S
[874/1277] Compiling rsaz-avx2-apple.S
[875/1277] Compiling sha1-586-apple.S
[876/1277] Compiling rsaz-avx2-linux.S
[877/1277] Compiling rdrand-x86_64-linux.S
[878/1277] Compiling rdrand-x86_64-apple.S
[879/1277] Compiling p256_beeu-x86_64-asm-apple.S
[880/1277] Compiling p256_beeu-x86_64-asm-linux.S
[881/1277] Compiling p256_beeu-armv8-asm-win.S
[882/1277] Compiling p256_beeu-armv8-asm-linux.S
[883/1277] Compiling p256_beeu-armv8-asm-apple.S
[884/1277] Compiling p256-x86_64-asm-linux.S
[885/1277] Compiling p256-x86_64-asm-apple.S
[886/1277] Compiling p256-armv8-asm-win.S
[886/1277] Compiling p256-armv8-asm-apple.S
[888/1277] Compiling ghashv8-armv8-win.S
[889/1277] Compiling p256-armv8-asm-linux.S
[890/1277] Compiling ghashv8-armv8-linux.S
[891/1277] Compiling ghashv8-armv8-apple.S
[891/1277] Compiling ghash-x86_64-apple.S
[891/1277] Compiling ghash-x86-apple.S
[891/1277] Compiling ghash-ssse3-x86_64-linux.S
[895/1277] Compiling ghash-x86-linux.S
[896/1277] Compiling ghash-ssse3-x86_64-apple.S
[897/1277] Compiling ghash-neon-armv8-linux.S
[898/1277] Compiling ghash-ssse3-x86-apple.S
[899/1277] Compiling ghash-neon-armv8-apple.S
[900/1277] Compiling ghash-neon-armv8-win.S
[901/1277] Compiling ghash-ssse3-x86-linux.S
[902/1277] Compiling ghash-armv4-linux.S
[903/1277] Compiling co-586-apple.S
[904/1277] Compiling co-586-linux.S
[905/1277] Compiling bsaes-armv7-linux.S
[906/1277] Compiling bn-armv8-apple.S
[907/1277] Compiling bn-armv8-win.S
[908/1277] Compiling bn-armv8-linux.S
[909/1277] Compiling bn-586-apple.S
[910/1277] Compiling bn-586-linux.S
[911/1277] Compiling armv8-mont-win.S
[912/1277] Compiling armv8-mont-apple.S
[913/1277] Compiling armv8-mont-linux.S
[914/1277] Compiling armv4-mont-linux.S
[915/1277] Compiling aesv8-gcm-armv8-apple.S
[916/1277] Compiling aesv8-armv8-apple.S
[917/1277] Compiling aesv8-armv8-win.S
[918/1277] Compiling aesv8-armv7-linux.S
[919/1277] Compiling aesv8-armv8-linux.S
[920/1277] Compiling aesni-x86_64-apple.S
[921/1277] Compiling aesni-x86-apple.S
[922/1277] Compiling aesni-x86_64-linux.S
[923/1277] Compiling aesni-x86-linux.S
[924/1277] Compiling aesni-gcm-x86_64-linux.S
[925/1277] Compiling aes-gcm-avx512-x86_64-apple.S
[926/1277] Compiling aes-gcm-avx512-x86_64-linux.S
[927/1277] Compiling aesni-gcm-x86_64-apple.S
[928/1277] Compiling aes-gcm-avx2-x86_64-linux.S
[929/1277] Compiling aes-gcm-avx2-x86_64-apple.S
[930/1277] Compiling xwing.cc
[931/1277] Compiling x_sig.cc
[932/1277] Compiling x_req.cc
[933/1277] Compiling x_x509.cc
[934/1277] Compiling x_spki.cc
[935/1277] Compiling x_x509a.cc
[936/1277] Compiling c-nioatomics.c
[937/1277] Compiling x_name.cc
[938/1277] Compiling x_attrib.cc
[939/1277] Compiling x_exten.cc
[940/1277] Compiling x_crl.cc
[941/1277] Compiling x_pubkey.cc
[942/1277] Compiling c-atomics.c
[943/1277] Compiling x_all.cc
[944/1284] Compiling x_algor.cc
[946/1284] Compiling NIOConcurrencyHelpers NIOLock.swift
[946/1284] Compiling x509spki.cc
[947/1284] Compiling x509rset.cc
[948/1284] Compiling x509cset.cc
[949/1284] Compiling x509name.cc
[951/1284] Compiling NIOConcurrencyHelpers lock.swift
[952/1284] Compiling NIOConcurrencyHelpers NIOAtomic.swift
[953/1284] Compiling NIOConcurrencyHelpers NIOLockedValueBox.swift
[954/1284] Compiling NIOConcurrencyHelpers NIOThreadPoolWorkAvailable.swift
[955/1284] Compiling NIOConcurrencyHelpers atomics.swift
[956/1284] Emitting module NIOConcurrencyHelpers
[957/1285] Compiling x509_vpm.cc
[958/1285] Wrapping AST for NIOConcurrencyHelpers for debugging
[959/1285] Compiling x509_vfy.cc
[960/1285] Compiling x509_v3.cc
[961/1285] Compiling x509_txt.cc
[962/1285] Compiling x509_set.cc
[963/1285] Compiling x509_trs.cc
[964/1285] Compiling x509_req.cc
[965/1285] Compiling x509_obj.cc
[966/1285] Compiling x509_lu.cc
[967/1285] Compiling x509_ext.cc
[968/1285] Compiling x509_def.cc
[969/1285] Compiling x509_d2.cc
[970/1285] Compiling x509.cc
[971/1285] Compiling x509_cmp.cc
[972/1285] Compiling x509_att.cc
[973/1285] Compiling v3_purp.cc
[974/1285] Compiling v3_skey.cc
[975/1285] Compiling v3_utl.cc
[976/1285] Compiling v3_prn.cc
[977/1285] Compiling v3_pmaps.cc
[978/1285] Compiling v3_pcons.cc
[979/1285] Compiling v3_ocsp.cc
[980/1285] Compiling v3_ncons.cc
[981/1285] Compiling v3_lib.cc
[982/1285] Compiling v3_int.cc
[983/1285] Compiling v3_info.cc
[984/1285] Compiling v3_ia5.cc
[985/1285] Compiling v3_extku.cc
[986/1285] Compiling v3_genn.cc
[987/1285] Compiling v3_crld.cc
[988/1285] Compiling v3_enum.cc
[989/1285] Compiling v3_cpols.cc
[990/1285] Compiling v3_conf.cc
[991/1285] Compiling v3_bitst.cc
[992/1285] Compiling v3_bcons.cc
[993/1285] Compiling v3_akeya.cc
[994/1285] Compiling v3_alt.cc
[995/1285] Compiling v3_akey.cc
[996/1285] Compiling t_x509a.cc
[997/1285] Compiling t_x509.cc
[998/1285] Compiling t_req.cc
[999/1285] Compiling t_crl.cc
[1000/1285] Compiling rsa_pss.cc
[1001/1285] Compiling i2d_pr.cc
[1002/1285] Compiling name_print.cc
[1003/1285] Compiling policy.cc
[1004/1285] Compiling by_file.cc
[1005/1285] Compiling algorithm.cc
[1006/1285] Compiling asn1_gen.cc
[1007/1285] Compiling by_dir.cc
[1008/1285] Compiling a_verify.cc
[1009/1285] Compiling a_sign.cc
[1010/1285] Compiling voprf.cc
[1011/1285] Compiling trust_token.cc
[1012/1285] Compiling a_digest.cc
[1013/1285] Compiling thread_win.cc
[1014/1285] Compiling thread_pthread.cc
[1015/1285] Compiling thread_none.cc
[1016/1285] Compiling thread.cc
[1017/1285] Compiling pmbtoken.cc
[1018/1285] Compiling stack.cc
[1019/1285] Compiling sha512.cc
[1020/1285] Compiling siphash.cc
[1021/1285] Compiling slhdsa.cc
[1022/1285] Compiling sha256.cc
[1023/1285] Compiling sha1.cc
[1024/1285] Compiling spake2plus.cc
[1025/1285] Compiling rsa_print.cc
[1026/1285] Compiling rsa_extra.cc
[1027/1285] Compiling rsa_crypt.cc
[1028/1285] Compiling rc4.cc
[1029/1285] Compiling refcount.cc
[1030/1285] Compiling trusty.cc
[1031/1285] Compiling windows.cc
[1032/1285] Compiling rsa_asn1.cc
[1033/1285] Compiling urandom.cc
[1034/1285] Compiling rand.cc
[1035/1285] Compiling passive.cc
[1036/1285] Compiling poly1305_arm_asm.S
[1037/1285] Compiling getentropy.cc
[1038/1285] Compiling ios.cc
[1039/1285] Compiling forkunsafe.cc
[1040/1285] Compiling deterministic.cc
[1041/1285] Compiling fork_detect.cc
[1042/1285] Compiling poly1305_vec.cc
[1043/1285] Compiling poly1305_arm.cc
[1044/1285] Compiling pool.cc
[1045/1285] Compiling poly1305.cc
[1046/1285] Compiling pkcs7.cc
[1047/1285] Compiling pkcs8.cc
[1048/1285] Compiling pkcs8_x509.cc
[1049/1285] Compiling p5_pbev2.cc
[1050/1285] Compiling pkcs7_x509.cc
[1051/1285] Compiling pem_xaux.cc
[1052/1285] Compiling pem_pkey.cc
[1053/1285] Compiling pem_x509.cc
[1054/1285] Compiling pem_oth.cc
[1055/1285] Compiling pem_pk8.cc
[1056/1285] Compiling mlkem.cc
[1057/1285] Compiling pem_info.cc
[1058/1285] Compiling pem_lib.cc
[1059/1285] Compiling obj_xref.cc
[1060/1285] Compiling pem_all.cc
[1061/1285] Compiling obj.cc
[1062/1285] Compiling poly_rq_mul.S
[1063/1285] Compiling mldsa.cc
[1064/1285] Compiling mem.cc
[1065/1285] Compiling fips_shared_support.cc
[1066/1285] Compiling lhash.cc
[1067/1285] Compiling md5.cc
[1068/1285] Compiling md4.cc
[1069/1285] Compiling kyber.cc
[1070/1285] Compiling fuzzer_mode.cc
[1071/1285] Compiling ex_data.cc
[1072/1285] Compiling hrss.cc
[1073/1285] Compiling hpke.cc
[1074/1285] Compiling sign.cc
[1075/1285] Compiling scrypt.cc
[1076/1285] Compiling print.cc
[1077/1285] Compiling pbkdf.cc
[1078/1285] Compiling p_x25519_asn1.cc
[1079/1285] Compiling p_x25519.cc
[1080/1285] Compiling p_rsa_asn1.cc
[1081/1285] Compiling p_rsa.cc
[1082/1285] Compiling p_ed25519_asn1.cc
[1083/1285] Compiling p_hkdf.cc
[1084/1285] Compiling p_ed25519.cc
[1085/1285] Compiling p_ec_asn1.cc
[1086/1285] Compiling p_ec.cc
[1087/1285] Compiling p_dsa_asn1.cc
[1088/1285] Compiling p_dh.cc
[1089/1285] Compiling evp_ctx.cc
[1090/1285] Compiling p_dh_asn1.cc
[1091/1285] Compiling evp_asn1.cc
[1092/1285] Compiling err.cc
[1093/1285] Compiling evp.cc
[1094/1285] Compiling ecdsa_p1363.cc
[1095/1285] Compiling engine.cc
[1096/1285] Compiling ecdh.cc
[1097/1285] Compiling ecdsa_asn1.cc
[1098/1285] Compiling ec_derive.cc
[1099/1285] Compiling hash_to_curve.cc
[1100/1285] Compiling dsa.cc
[1101/1285] Compiling ec_asn1.cc
[1102/1285] Compiling digest_extra.cc
[1103/1285] Compiling dsa_asn1.cc
[1104/1285] Compiling x25519-asm-arm.S
[1105/1285] Compiling params.cc
[1106/1285] Compiling des.cc
[1107/1285] Compiling dh_asn1.cc
[1108/1285] Compiling curve25519_64_adx.cc
[1109/1285] Compiling crypto.cc
[1110/1285] Compiling spake25519.cc
[1111/1285] Compiling cpu_intel.cc
[1112/1285] Compiling cpu_arm_linux.cc
[1113/1285] Compiling cpu_arm_freebsd.cc
[1114/1285] Compiling curve25519.cc
[1115/1285] Compiling cpu_aarch64_win.cc
[1116/1285] Compiling cpu_aarch64_openbsd.cc
[1117/1285] Compiling cpu_aarch64_sysreg.cc
[1118/1285] Compiling cpu_aarch64_linux.cc
[1119/1285] Compiling cpu_aarch64_fuchsia.cc
[1120/1285] Compiling cpu_aarch64_apple.cc
[1121/1285] Compiling conf.cc
[1122/1285] Compiling get_cipher.cc
[1123/1285] Compiling tls_cbc.cc
[1124/1285] Compiling e_tls.cc
[1125/1285] Compiling e_rc4.cc
[1126/1285] Compiling cms.cc
[1127/1285] Compiling e_rc2.cc
[1128/1285] Compiling e_null.cc
[1129/1285] Compiling e_chacha20poly1305.cc
[1130/1285] Compiling e_des.cc
[1131/1285] Compiling derive_key.cc
[1132/1285] Compiling e_aeseax.cc
[1133/1285] Compiling e_aesgcmsiv.cc
[1134/1285] Compiling e_aesctrhmac.cc
[1135/1285] Compiling chacha.cc
[1136/1285] Compiling buf.cc
[1137/1285] Compiling unicode.cc
[1138/1285] Compiling cbs.cc
[1139/1285] Compiling sqrt.cc
[1140/1285] Compiling cbb.cc
[1141/1285] Compiling ber.cc
[1142/1285] Compiling asn1_compat.cc
[1143/1285] Compiling exponentiation.cc
[1144/1285] Compiling div.cc
[1145/1285] Compiling printf.cc
[1146/1285] Compiling blake2.cc
[1147/1285] Compiling pair.cc
[1148/1285] Compiling bn_asn1.cc
[1149/1285] Compiling convert.cc
[1150/1285] Compiling hexdump.cc
[1151/1285] Compiling file.cc
[1152/1285] Compiling fd.cc
[1153/1285] Compiling errno.cc
[1154/1285] Compiling bio_mem.cc
[1155/1285] Compiling bio.cc
[1156/1285] Compiling base64.cc
[1157/1285] Compiling tasn_typ.cc
[1158/1285] Compiling tasn_fre.cc
[1159/1285] Compiling tasn_enc.cc
[1160/1285] Compiling tasn_utl.cc
[1161/1285] Compiling posix_time.cc
[1162/1285] Compiling tasn_new.cc
[1163/1285] Compiling tasn_dec.cc
[1164/1285] Compiling f_string.cc
[1165/1285] Compiling f_int.cc
[1166/1285] Compiling a_octet.cc
[1167/1285] Compiling a_time.cc
[1168/1285] Compiling a_type.cc
[1169/1285] Compiling a_strnid.cc
[1170/1285] Compiling bcm.cc
[1171/1285] Compiling a_strex.cc
[1172/1285] Compiling a_object.cc
[1173/1285] Compiling a_mbstr.cc
[1174/1285] Compiling a_i2d_fp.cc
[1175/1285] Compiling CAsyncHTTPClient CAsyncHTTPClient.c
[1176/1285] Write sources
[1196/1285] Compiling a_d2i_fp.cc
[1197/1285] Write sources
[1198/1303] Compiling a_dup.cc
[1199/1328] Compiling a_int.cc
[1200/1328] Compiling a_gentm.cc
[1202/1328] Compiling Algorithms Indexed.swift
[1203/1328] Compiling Algorithms Intersperse.swift
[1203/1328] Compiling a_bool.cc
[1205/1330] Compiling Algorithms RandomSample.swift
[1206/1330] Compiling Algorithms Reductions.swift
[1206/1330] Compiling aes.cc
[1208/1330] Compiling Algorithms EitherSequence.swift
[1209/1330] Compiling Algorithms FirstNonNil.swift
[1210/1330] Compiling Algorithms Partition.swift
[1211/1330] Compiling Algorithms Permutations.swift
[1211/1330] Compiling a_bitstr.cc
[1213/1330] Compiling Atomics IntegerOperations.swift
[1214/1330] Compiling Atomics Unmanaged extensions.swift
[1215/1336] Compiling Algorithms Product.swift
[1216/1336] Compiling Algorithms FlattenCollection.swift
[1217/1336] Compiling Algorithms Grouped.swift
[1221/1341] Compiling Algorithms Split.swift
[1222/1341] Compiling Algorithms Stride.swift
[1223/1341] Compiling Algorithms Suffix.swift
[1224/1341] Compiling Algorithms Compacted.swift
[1225/1341] Compiling Algorithms Cycle.swift
[1229/1341] Compiling Algorithms Keyed.swift
[1230/1341] Compiling Algorithms MinMax.swift
[1238/1341] Compiling Algorithms Trim.swift
[1239/1341] Compiling Algorithms Unique.swift
[1240/1341] Compiling Algorithms Windows.swift
[1241/1341] Compiling CryptoBoringWrapper RandomBytes.swift
[1242/1341] Emitting module CryptoBoringWrapper
[1243/1341] Compiling CryptoBoringWrapper EllipticCurve.swift
[1244/1341] Compiling CryptoBoringWrapper FiniteFieldArithmeticContext.swift
[1245/1341] Compiling CryptoBoringWrapper EllipticCurvePoint.swift
[1246/1341] Compiling CryptoBoringWrapper CryptoKitErrors_boring.swift
[1247/1341] Compiling CryptoBoringWrapper BoringSSLAEAD.swift
[1248/1341] Compiling CryptoBoringWrapper ArbitraryPrecisionInteger.swift
[1250/1342] Compiling Algorithms AdjacentPairs.swift
[1251/1342] Compiling Algorithms Chain.swift
[1252/1342] Compiling Algorithms Chunked.swift
[1253/1342] Compiling Algorithms Combinations.swift
[1253/1342] Wrapping AST for CryptoBoringWrapper for debugging
[1255/1342] Emitting module Atomics
[1256/1363] Compiling Crypto HPKE-LabeledExtract.swift
[1257/1363] Compiling Crypto HPKE-Utils.swift
[1258/1363] Compiling Crypto DHKEM.swift
[1259/1363] Compiling Crypto HPKE-KEM-Curve25519.swift
[1260/1363] Compiling Crypto HPKE-NIST-EC-KEMs.swift
[1261/1363] Compiling Crypto HPKE-KEM.swift
[1262/1427] Wrapping AST for Atomics for debugging
[1264/1491] Emitting module Algorithms
[1265/1492] Wrapping AST for Algorithms for debugging
[1267/1492] Compiling NIOCore NIOCoreSendableMetatype.swift
[1268/1492] Compiling NIOCore NIODecodedAsyncSequence.swift
[1269/1492] Compiling NIOCore NIOLoopBound.swift
[1270/1492] Compiling NIOCore NIOPooledRecvBufferAllocator.swift
[1271/1492] Compiling NIOCore NIOScheduledCallback.swift
[1272/1492] Compiling NIOCore NIOSendable.swift
[1273/1492] Compiling NIOCore NIOSplitLinesMessageDecoder.swift
[1274/1492] Compiling NIOCore NIOTransportAccessibleChannelCore.swift
[1275/1492] Compiling NIOCore RecvByteBufferAllocator.swift
[1276/1500] Compiling NIOCore Interfaces.swift
[1277/1500] Compiling NIOCore Linux.swift
[1278/1500] Compiling NIOCore MarkedCircularBuffer.swift
[1279/1500] Compiling NIOCore MulticastChannel.swift
[1280/1500] Compiling NIOCore NIOAny.swift
[1281/1500] Compiling NIOCore NIOCloseOnErrorHandler.swift
[1288/1511] Compiling NIOCore IPProtocol.swift
[1289/1511] Compiling NIOCore IntegerBitPacking.swift
[1290/1511] Compiling NIOCore IntegerTypes.swift
[1297/1511] Compiling NIOCore EventLoopFuture+Deprecated.swift
[1298/1511] Compiling NIOCore EventLoopFuture+WithEventLoop.swift
[1299/1511] Compiling NIOCore EventLoopFuture.swift
[1300/1511] Compiling NIOCore FileDescriptor.swift
[1301/1511] Compiling NIOCore FileHandle.swift
[1302/1511] Compiling NIOCore FileRegion.swift
[1303/1511] Compiling NIOCore GlobalSingletons.swift
[1304/1511] Compiling NIOCore IO.swift
[1305/1511] Compiling NIOCore IOData.swift
[1309/1511] Compiling NIOCore SingleStepByteToMessageDecoder.swift
[1310/1511] Compiling NIOCore SocketAddresses.swift
[1311/1511] Compiling NIOCore SocketOptionProvider.swift
[1312/1511] Compiling NIOCore SystemCallHelpers.swift
[1313/1511] Compiling NIOCore TimeAmount+Duration.swift
[1314/1511] Compiling NIOCore TypeAssistedChannelHandler.swift
[1315/1511] Compiling NIOCore UniversalBootstrapSupport.swift
[1316/1511] Compiling NIOCore Utilities.swift
[1317/1511] Compiling Crypto Signature.swift
[1318/1511] Compiling Crypto CryptoKitErrors_boring.swift
[1319/1511] Compiling Crypto Optional+withUnsafeBytes_boring.swift
[1320/1511] Compiling Crypto RNG_boring.swift
[1321/1511] Compiling Crypto SafeCompare_boring.swift
[1322/1511] Compiling Crypto Zeroization_boring.swift
[1323/1511] Compiling Crypto _CryptoModuleAnchor.swift
[1324/1511] Compiling Crypto PrettyBytes.swift
[1325/1511] Compiling Crypto SafeCompare.swift
[1326/1511] Compiling Crypto SecureBytes.swift
[1327/1511] Compiling Crypto Zeroization.swift
[1328/1511] Compiling NIOCore ByteBuffer-multi-int.swift
[1329/1511] Compiling NIOCore ByteBuffer-quicBinaryEncodingStrategy.swift
[1330/1511] Compiling NIOCore ByteBuffer-views.swift
[1331/1511] Compiling NIOCore Channel.swift
[1332/1511] Compiling NIOCore ChannelHandler.swift
[1333/1511] Compiling NIOCore ChannelHandlers.swift
[1334/1511] Compiling NIOCore ChannelInvoker.swift
[1335/1511] Compiling NIOCore ChannelOption.swift
[1336/1511] Compiling NIOCore ChannelPipeline.swift
[1337/1511] Compiling NIOCore AddressedEnvelope.swift
[1338/1511] Compiling NIOCore AsyncAwaitSupport.swift
[1339/1511] Compiling NIOCore AsyncChannel.swift
[1340/1511] Compiling NIOCore EventLoop+SerialExecutor.swift
[1341/1511] Compiling NIOCore EventLoop.swift
[1342/1511] Compiling NIOCore EventLoopFuture+AssumeIsolated.swift
[1343/1511] Compiling NIOCore NIOThrowingAsyncSequenceProducer.swift
[1344/1511] Compiling NIOCore BSDSocketAPI.swift
[1345/1511] Compiling NIOCore ByteBuffer-aux.swift
[1346/1511] Compiling NIOCore ByteBuffer-binaryEncodedLengthPrefix.swift
[1347/1511] Compiling NIOCore ByteBuffer-conversions.swift
[1348/1511] Compiling NIOCore ByteBuffer-core.swift
[1349/1511] Compiling NIOCore ByteBuffer-hex.swift
[1350/1511] Compiling NIOCore ByteBuffer-int.swift
[1351/1511] Compiling NIOCore ByteBuffer-lengthPrefix.swift
[1352/1511] Compiling NIOCore AsyncChannelHandler.swift
[1353/1511] Compiling NIOCore AsyncChannelInboundStream.swift
[1354/1511] Compiling NIOCore AsyncChannelOutboundWriter.swift
[1355/1511] Compiling NIOCore NIOAsyncSequenceProducer.swift
[1356/1511] Compiling NIOCore NIOAsyncSequenceProducerStrategies.swift
[1357/1511] Compiling NIOCore NIOAsyncWriter.swift
[1358/1511] Compiling NIOCore CircularBuffer.swift
[1359/1511] Compiling NIOCore Codec.swift
[1360/1511] Compiling NIOCore ConvenienceOptionSupport.swift
[1361/1511] Compiling NIOCore DeadChannel.swift
[1362/1511] Compiling NIOCore DispatchQueue+WithFuture.swift
[1363/1511] Compiling NIOCore EventLoop+Deprecated.swift
[1376/1511] Compiling Crypto Insecure_HashFunctions.swift
[1377/1511] Compiling Crypto MLKEM_boring.swift
[1378/1511] Compiling Crypto MLKEM_wrapper.swift
[1379/1511] Compiling Crypto XWing_boring.swift
[1380/1511] Compiling Crypto KEM-Errors.swift
[1381/1511] Compiling Crypto KEM.swift
[1382/1511] Compiling Crypto MLKEM.swift
[1383/1511] Compiling Crypto XWing.swift
[1384/1511] Compiling Crypto ECDH_boring.swift
[1385/1511] Compiling Crypto DH.swift
[1386/1511] Compiling Crypto ECDH.swift
[1387/1511] Compiling Crypto ANSIx963.swift
[1388/1511] Emitting module Crypto
[1398/1512] Wrapping AST for Crypto for debugging
[1408/1574] Compiling CryptoExtras PBKDF2.swift
[1409/1574] Compiling CryptoExtras Scrypt_boring.swift
[1410/1574] Compiling CryptoExtras Scrypt.swift
[1411/1574] Compiling CryptoExtras OPRF.swift
[1412/1574] Compiling CryptoExtras OPRFClient.swift
[1413/1574] Compiling CryptoExtras OPRFServer.swift
[1414/1574] Compiling CryptoExtras VOPRF+API.swift
[1415/1574] Compiling CryptoExtras VOPRFClient.swift
[1416/1574] Compiling CryptoExtras VOPRFServer.swift
[1417/1574] Emitting module CryptoExtras
[1418/1582] Compiling CryptoExtras ARCServer.swift
[1419/1582] Compiling CryptoExtras ChaCha20CTR_boring.swift
[1420/1582] Compiling CryptoExtras ChaCha20CTR.swift
[1421/1582] Compiling CryptoExtras BoringSSLSHA512256Context.swift
[1422/1582] Compiling CryptoExtras BoringSSLSHA512256HashFunction.swift
[1423/1582] Compiling CryptoExtras SHA512256.swift
[1424/1582] Compiling CryptoExtras SHA512256Digest.swift
[1425/1582] Compiling CryptoExtras Curve25519+PEM.swift
[1426/1582] Compiling CryptoExtras ObjectIdentifier.swift
[1427/1582] Compiling CryptoExtras Data+Extensions.swift
[1428/1582] Compiling CryptoExtras DigestType.swift
[1429/1582] Compiling CryptoExtras Error.swift
[1430/1582] Compiling CryptoExtras I2OSP.swift
[1431/1582] Compiling CryptoExtras IntegerEncoding.swift
[1432/1582] Compiling CryptoExtras PEMDocument.swift
[1433/1582] Compiling CryptoExtras PrettyBytes.swift
[1434/1582] Compiling CryptoExtras SubjectPublicKeyInfo.swift
[1435/1582] Compiling CryptoExtras PKCS8DERRepresentation.swift
[1436/1582] Compiling CryptoExtras PKCS8PrivateKey.swift
[1437/1582] Compiling CryptoExtras RFC8410AlgorithmIdentifier.swift
[1438/1582] Compiling CryptoExtras ECToolbox_boring.swift
[1439/1582] Compiling CryptoExtras ECToolbox.swift
[1440/1582] Compiling CryptoExtras HashToField.swift
[1441/1582] Compiling CryptoExtras KDF.swift
[1442/1582] Compiling CryptoExtras PBKDF2_boring.swift
[1443/1582] Compiling CryptoExtras PBKDF2_commoncrypto.swift
[1453/1582] Compiling CryptoExtras ThreadOps.swift
[1454/1582] Compiling CryptoExtras ThreadPosix.swift
[1455/1582] Compiling CryptoExtras ThreadSpecific.swift
[1456/1582] Compiling CryptoExtras ThreadWindows.swift
[1457/1582] Compiling CryptoExtras DLEQ.swift
[1458/1582] Compiling CryptoExtras Prover.swift
[1459/1582] Compiling CryptoExtras Verifier.swift
[1460/1582] Compiling CryptoExtras ZKPToolbox.swift
[1461/1582] Compiling CryptoExtras BoringSSLPassphraseCallbackManager.swift
[1462/1582] Compiling CryptoExtras RSA+BlindSigning.swift
[1463/1582] Compiling CryptoExtras RSA.swift
[1464/1582] Compiling CryptoExtras RSA_boring.swift
[1465/1582] Compiling CryptoExtras Reexport.swift
[1466/1582] Compiling CryptoExtras Zeroization_boring.swift
[1467/1582] Compiling CryptoExtras BoringSSLHelpers.swift
[1468/1582] Compiling CryptoExtras CryptoKitErrors_boring.swift
[1469/1582] Compiling CryptoExtras CMAC.swift
[1470/1582] Compiling CryptoExtras ARC+API.swift
[1471/1582] Compiling CryptoExtras ARC.swift
[1472/1582] Compiling CryptoExtras ARCCredential.swift
[1473/1582] Compiling CryptoExtras ARCEncoding.swift
[1474/1582] Compiling CryptoExtras ARCPrecredential.swift
[1475/1582] Compiling CryptoExtras ARCPresentation.swift
[1476/1582] Compiling CryptoExtras ARCRequest.swift
[1477/1582] Compiling CryptoExtras ARCResponse.swift
[1478/1582] Compiling CryptoExtras AES_CBC.swift
[1479/1582] Compiling CryptoExtras AES_CFB.swift
[1480/1582] Compiling CryptoExtras AES_CTR.swift
[1481/1582] Compiling CryptoExtras AES_GCM_SIV.swift
[1482/1582] Compiling CryptoExtras Block Function.swift
[1483/1582] Compiling CryptoExtras AES_CBC_boring.swift
[1484/1582] Compiling CryptoExtras AES_CFB_boring.swift
[1485/1582] Compiling CryptoExtras AES_CTR_boring.swift
[1486/1582] Compiling CryptoExtras AES_GCM_SIV_boring.swift
[1487/1583] Wrapping AST for CryptoExtras for debugging
[1507/1585] Emitting module _CryptoExtras
[1508/1585] Compiling _CryptoExtras Exports.swift
[1509/1586] Wrapping AST for _CryptoExtras for debugging
[1511/1681] Emitting module NIOCore
[1512/1688] Wrapping AST for NIOCore for debugging
[1514/1739] Compiling NIOFoundationEssentialsCompat Codable+ByteBuffer.swift
[1515/1739] Compiling NIOEmbedded AsyncTestingChannel.swift
[1516/1739] Emitting module NIOEmbedded
[1517/1739] Compiling NIOFoundationEssentialsCompat ByteBuffer-foundation.swift
[1518/1739] Emitting module NIOFoundationEssentialsCompat
[1519/1740] Wrapping AST for NIOFoundationEssentialsCompat for debugging
[1521/1740] Compiling NIOEmbedded AsyncTestingEventLoop.swift
[1522/1740] Compiling NIOEmbedded Embedded.swift
[1523/1741] Wrapping AST for NIOEmbedded for debugging
[1525/1741] Compiling NIOPosix HappyEyeballs.swift
[1526/1741] Compiling NIOPosix IO.swift
[1527/1741] Compiling NIOPosix IntegerBitPacking.swift
[1528/1741] Compiling NIOPosix IntegerTypes.swift
[1529/1741] Compiling NIOPosix Linux.swift
[1530/1741] Compiling NIOPosix LinuxCPUSet.swift
[1531/1741] Compiling NIOPosix LinuxUring.swift
[1532/1748] Compiling NIOPosix BSDSocketAPICommon.swift
[1533/1748] Compiling NIOPosix BSDSocketAPIPosix.swift
[1534/1748] Compiling NIOPosix BSDSocketAPIWindows.swift
[1535/1748] Compiling NIOPosix BaseSocket.swift
[1536/1748] Compiling NIOPosix BaseSocketChannel+AccessibleTransport.swift
[1537/1748] Compiling NIOPosix BaseSocketChannel+SocketOptionProvider.swift
[1538/1748] Compiling NIOPosix BaseSocketChannel.swift
[1539/1748] Compiling NIOPosix BaseStreamSocketChannel.swift
[1540/1748] Compiling NIOPosix Bootstrap.swift
[1541/1748] Compiling NIOPosix ControlMessage.swift
[1542/1748] Compiling NIOPosix DatagramVectorReadManager.swift
[1543/1748] Compiling NIOPosix Errors+Any.swift
[1544/1748] Compiling NIOPosix FileDescriptor.swift
[1545/1748] Compiling NIOPosix GetaddrinfoResolver.swift
[1546/1761] Compiling NIOPosix Resolver.swift
[1547/1761] Compiling NIOPosix SelectorWSAPoll.swift
[1548/1761] Compiling NIOPosix ServerSocket.swift
[1549/1761] Compiling NIOPosix Socket.swift
[1550/1761] Compiling NIOPosix SocketChannel.swift
[1551/1761] Compiling NIOPosix SocketProtocols.swift
[1552/1761] Compiling NIOPosix StructuredConcurrencyHelpers.swift
[1553/1761] Compiling NIOPosix System.swift
[1554/1761] Compiling NIOPosix Thread.swift
[1555/1761] Compiling NIOPosix ThreadPosix.swift
[1556/1761] Compiling NIOPosix ThreadWindows.swift
[1557/1761] Compiling NIOPosix Utilities.swift
[1558/1761] Compiling NIOPosix VsockAddress.swift
[1559/1761] Compiling X509 OneOfPolicies.swift
[1560/1761] Compiling X509 PolicyBuilder.swift
[1561/1761] Compiling X509 BasicConstraintsPolicy.swift
[1562/1761] Compiling X509 DNSNames.swift
[1563/1761] Compiling X509 ExpiryPolicy.swift
[1564/1761] Compiling X509 IPConstraints.swift
[1565/1761] Compiling X509 NameConstraintsPolicy.swift
[1566/1761] Compiling X509 RFC5280Policy.swift
[1567/1761] Compiling X509 URIConstraints.swift
[1568/1761] Compiling X509 VersionPolicy.swift
[1569/1761] Compiling X509 ServerIdentityPolicy.swift
[1570/1761] Compiling X509 TrustRootLoading.swift
[1571/1761] Compiling X509 UnverifiedChain.swift
[1572/1761] Compiling NIOPosix VsockChannelEvents.swift
[1573/1761] Compiling NIOPosix Windows.swift
[1574/1761] Compiling X509 LocalityName.swift
[1575/1761] Compiling X509 OrganizationName.swift
[1576/1761] Compiling X509 OrganizationalUnitName.swift
[1577/1761] Compiling X509 StateOrProvinceName.swift
[1578/1761] Compiling X509 StreetAddress.swift
[1579/1761] Compiling X509 Error.swift
[1580/1761] Compiling X509 AuthorityInformationAccess.swift
[1581/1761] Compiling X509 AuthorityKeyIdentifier.swift
[1582/1761] Compiling X509 BasicConstraints.swift
[1583/1761] Compiling X509 ExtendedKeyUsage.swift
[1584/1761] Compiling X509 ExtensionIdentifiers.swift
[1585/1761] Compiling X509 KeyUsage.swift
[1586/1761] Compiling NIOPosix PendingWritesManager.swift
[1587/1761] Compiling NIOPosix Selectable.swift
[1588/1761] Compiling NIOPosix SelectableChannel.swift
[1589/1761] Compiling NIOPosix SelectableEventLoop.swift
[1590/1761] Compiling NIOPosix SelectorEpoll.swift
[1591/1761] Compiling NIOPosix SelectorGeneric.swift
[1592/1761] Compiling NIOPosix SelectorKqueue.swift
[1593/1761] Compiling NIOPosix SelectorUring.swift
[1594/1761] Compiling NIOPosix PipeChannel.swift
[1595/1761] Compiling NIOPosix PipePair.swift
[1596/1761] Compiling NIOPosix Pool.swift
[1597/1761] Compiling NIOPosix PosixSingletons+ConcurrencyTakeOver.swift
[1598/1761] Compiling NIOPosix PosixSingletons.swift
[1599/1761] Compiling NIOPosix RawSocketBootstrap.swift
[1607/1761] Emitting module NIOPosix
[1615/1761] Compiling NIOPosix MultiThreadedEventLoopGroup.swift
[1616/1761] Compiling NIOPosix NIOPosixSendableMetatype.swift
[1617/1761] Compiling NIOPosix NIORandomizedDNSResolver.swift
[1618/1761] Compiling NIOPosix NIOThreadPool.swift
[1619/1761] Compiling NIOPosix NonBlockingFileIO.swift
[1620/1761] Compiling NIOPosix PendingDatagramWritesManager.swift
[1621/1761] Compiling X509 NameConstraints.swift
[1622/1761] Compiling X509 SubjectAlternativeName.swift
[1623/1761] Compiling X509 SubjectKeyIdentifier.swift
[1624/1761] Compiling X509 Extension.swift
[1625/1761] Compiling X509 Extensions.swift
[1626/1761] Compiling X509 ExtensionsBuilder.swift
[1627/1761] Compiling X509 GeneralName.swift
[1628/1761] Compiling X509 Lock.swift
[1629/1761] Compiling X509 LockedValueBox.swift
[1630/1761] Compiling X509 BasicOCSPResponse.swift
[1631/1761] Compiling X509 DirectoryString.swift
[1632/1761] Compiling X509 OCSPCertID.swift
[1633/1761] Compiling X509 OCSPCertStatus.swift
[1676/1762] Wrapping AST for NIOPosix for debugging
[1678/1764] Compiling NIO Exports.swift
[1679/1764] Emitting module NIO
[1680/1765] Wrapping AST for NIO for debugging
[1682/1804] Emitting module X509
[1683/1804] Compiling NIOTLS TLSEvents.swift
[1684/1804] Emitting module NIOTLS
[1685/1804] Compiling NIOFoundationCompat Exports.swift
[1686/1804] Compiling NIOSOCKS SOCKSResponse.swift
[1687/1805] Emitting module NIOFoundationCompat
[1688/1805] Compiling NIOFoundationCompat WaitSpinningRunLoop.swift
[1689/1805] Compiling NIOFoundationCompat JSONSerialization+ByteBuffer.swift
[1690/1806] Compiling NIOTLS ApplicationProtocolNegotiationHandler.swift
[1691/1806] Compiling NIOHTTP1 ByteCollectionUtils.swift
[1692/1806] Compiling NIOHTTP1 HTTPDecoder.swift
[1693/1806] Compiling NIOSOCKS SelectedAuthenticationMethod.swift
[1694/1806] Compiling NIOSOCKS ClientStateMachine.swift
[1696/1806] Emitting module NIOSOCKS
[1696/1806] Wrapping AST for NIOFoundationCompat for debugging
[1698/1806] Compiling NIOHTTP1 HTTPEncoder.swift
[1699/1806] Compiling NIOHTTP1 HTTPHeaderValidator.swift
[1700/1806] Compiling NIOHTTP1 HTTPHeaders+Validation.swift
[1701/1806] Compiling NIOHTTP1 HTTPPipelineSetup.swift
[1702/1806] Compiling NIOHTTP1 HTTPServerPipelineHandler.swift
[1703/1806] Compiling NIOHTTP1 HTTPServerProtocolErrorHandler.swift
[1704/1806] Compiling NIOSOCKS ServerStateMachine.swift
[1705/1807] Wrapping AST for NIOSOCKS for debugging
[1707/1807] Compiling NIOTLS NIOTypedApplicationProtocolNegotiationHandler.swift
[1708/1807] Compiling NIOTLS SNIHandler.swift
[1709/1807] Compiling NIOTLS ProtocolNegotiationHandlerStateMachine.swift
[1710/1808] Wrapping AST for NIOTLS for debugging
[1712/1838] Compiling NIOSSL IdentityVerification.swift
[1713/1838] Compiling NIOSSL SubjectAlternativeName.swift
[1714/1838] Compiling NIOSSL NIOSSLClientHandler.swift
[1715/1838] Compiling NIOSSL NIOSSLHandler+Configuration.swift
[1716/1840] Compiling NIOSSL NIOSSLSecureBytes.swift
[1717/1840] Compiling NIOSSL RNG.swift
[1718/1840] Compiling NIOSSL SSLPKCS12Bundle.swift
[1719/1840] Compiling NIOSSL AndroidCABundle.swift
[1720/1840] Compiling NIOSSL ByteBufferBIO.swift
[1721/1840] Compiling NIOSSL CustomPrivateKey.swift
[1722/1840] Compiling NIOSSL FreeBSDCABundle.swift
[1723/1840] Compiling NIOSSL SafeCompare.swift
[1724/1840] Compiling NIOSSL LinuxCABundle.swift
[1725/1840] Compiling X509 ValidatedCertificateChain.swift
[1726/1840] Compiling X509 VerificationDiagnostic.swift
[1727/1840] Compiling X509 Verifier.swift
[1728/1840] Compiling X509 VerifierPolicy.swift
[1729/1840] Compiling X509 AlgorithmIdentifier.swift
[1730/1840] Compiling X509 ECDSASignature.swift
[1731/1840] Compiling X509 RSAPKCS1PublicKey.swift
[1732/1840] Compiling X509 SubjectPublicKeyInfo.swift
[1733/1840] Compiling X509 TBSCertificate.swift
[1734/1840] Compiling X509 Time.swift
[1735/1840] Compiling X509 TimeCalculations.swift
[1736/1840] Compiling X509 Validity.swift
[1737/1840] Compiling X509 X509SendableMetatype.swift
[1739/1841] Compiling NIOHTTP1 NIOTypedHTTPServerUpgradeHandler.swift
[1740/1841] Compiling NIOHTTP1 NIOTypedHTTPServerUpgraderStateMachine.swift
[1741/1841] Emitting module NIOHTTP1
[1742/1841] Compiling NIOSSL SSLContext.swift
[1743/1841] Compiling NIOSSL SSLErrors.swift
[1744/1841] Compiling NIOSSL SSLInit.swift
[1744/1841] Wrapping AST for X509 for debugging
[1746/1909] Wrapping AST for NIOHTTP1 for debugging
[1748/1926] Compiling NIOHPACK HuffmanTables.swift
[1749/1927] Compiling NIOHPACK IndexedHeaderTable.swift
[1750/1927] Compiling NIOHPACK IntegerCoding.swift
[1751/1927] Compiling NIOHTTPCompression HTTPDecompressor.swift
[1752/1927] Compiling NIOHPACK StaticHeaderTable.swift
[1753/1927] Emitting module NIOHPACK
[1754/1927] Emitting module NIOHTTPCompression
[1755/1927] Compiling NIOHPACK HuffmanCoding.swift
[1756/1927] Compiling JWTKit MLDSAType.swift
[1757/1927] Compiling JWTKit JWTKeyCollection+UnsecuredNone.swift
[1758/1927] Compiling JWTKit UnsecuredNoneSigner.swift
[1759/1927] Compiling JWTKit JWTKeyCollection+RSA.swift
[1760/1927] Compiling JWTKit RSA.swift
[1761/1927] Compiling JWTKit RSAError.swift
[1762/1927] Compiling JWTKit RSASigner.swift
[1763/1927] Compiling JWTKit Base64URL.swift
[1764/1927] Compiling JWTKit CryptoSigner.swift
[1765/1935] Compiling NIOHTTPCompression HTTPDecompression.swift
[1766/1935] Compiling NIOHTTPCompression HTTPCompression.swift
[1767/1936] Compiling NIOHTTPCompression HTTPResponseCompressor.swift
[1768/1936] Compiling NIOHTTPCompression HTTPRequestCompressor.swift
[1769/1937] Compiling JWTKit JWTSerializer.swift
[1770/1937] Compiling JWTKit JWTSigner.swift
[1771/1937] Compiling JWTKit JWTKeyCollection+MLDSA.swift
[1772/1937] Compiling JWTKit MLDSA.swift
[1773/1937] Compiling JWTKit MLDSA65+MLDSAKey.swift
[1774/1937] Compiling JWTKit MLDSA87+MLDSAKey.swift
[1775/1937] Compiling JWTKit MLDSAError.swift
[1776/1937] Compiling JWTKit MLDSAKey.swift
[1777/1937] Compiling JWTKit MLDSASigner.swift
[1779/1937] Compiling NIOHPACK DynamicHeaderTable.swift
[1780/1937] Compiling NIOHPACK HPACKDecoder.swift
[1781/1937] Compiling NIOHPACK HPACKEncoder.swift
[1782/1937] Compiling NIOHPACK HPACKErrors.swift
[1783/1937] Compiling NIOHPACK HPACKHeader.swift
[1784/1937] Compiling NIOHPACK HeaderTables.swift
[1785/1937] Compiling JWTKit ECDSACurveType.swift
[1786/1937] Compiling JWTKit ECDSAError.swift
[1787/1937] Compiling JWTKit ECDSAKeyTypes.swift
[1788/1937] Compiling JWTKit ECDSASigner.swift
[1789/1937] Compiling JWTKit JWTKeyCollection.swift
[1790/1937] Compiling JWTKit JWTParser+MandatoryVerificationFields.swift
[1791/1937] Compiling JWTKit JWTParser.swift
[1792/1937] Compiling JWTKit JWTPayload.swift
[1794/1937] Compiling JWTKit AudienceClaim.swift
[1795/1937] Compiling JWTKit BoolClaim.swift
[1796/1937] Compiling JWTKit ExpirationClaim.swift
[1800/1941] Compiling JWTKit GoogleHostedDomainClaim.swift
[1801/1941] Compiling JWTKit IDClaim.swift
[1802/1941] Compiling JWTKit IssuedAtClaim.swift
[1803/1941] Compiling JWTKit IssuerClaim.swift
[1804/1941] Compiling JWTKit JWTClaim.swift
[1805/1941] Compiling JWTKit JWTMultiValueClaim.swift
[1806/1941] Compiling JWTKit JWTUnixEpochClaim.swift
[1806/1941] Wrapping AST for NIOHTTPCompression for debugging
[1808/1941] Emitting module JWTKit
[1815/1942] Wrapping AST for NIOHPACK for debugging
[1817/1967] Compiling NIOHTTP2 MaySendFrames.swift
[1818/1967] Compiling NIOHTTP2 SendingDataState.swift
[1819/1967] Compiling NIOHTTP2 SendingGoawayState.swift
[1820/1968] Compiling NIOHTTP2 SendingHeadersState.swift
[1821/1971] Compiling NIOHTTP2 OutboundFlowControlBuffer.swift
[1822/1971] Compiling NIOHTTP2 OutboundFrameBuffer.swift
[1823/1971] Compiling NIOHTTP2 GlitchesMonitor.swift
[1824/1971] Compiling NIOHTTP2 HPACKHeaders+Validation.swift
[1825/1971] Compiling NIOHTTP2 HTTP2ConnectionStateChange.swift
[1826/1971] Compiling NIOHTTP2 HTTP2Error.swift
[1827/1971] Compiling NIOHTTP2 HTTP2ErrorCode.swift
[1828/1971] Compiling NIOHTTP2 HTTP2FlowControlWindow.swift
[1829/1971] Emitting module NIOSSL
[1830/1971] Compiling NIOHTTP2 HTTP2ChannelHandler+InboundStreamMultiplexer.swift
[1831/1971] Compiling NIOHTTP2 HTTP2ChannelHandler+InlineStreamMultiplexer.swift
[1832/1971] Compiling NIOHTTP2 HTTP2ChannelHandler.swift
[1833/1971] Compiling NIOHTTP2 HTTP2CommonInboundStreamMultiplexer.swift
[1834/1971] Compiling NIOHTTP2 SendingPushPromiseState.swift
[1835/1971] Compiling NIOHTTP2 SendingRstStreamState.swift
[1836/1971] Compiling NIOHTTP2 SendingWindowUpdateState.swift
[1837/1972] Compiling NIOHTTP2 HTTP2SettingsState.swift
[1838/1972] Compiling NIOHTTP2 HasExtendedConnectSettings.swift
[1839/2005] Compiling NIOHTTP2 HTTP2Stream.swift
[1840/2005] Compiling NIOHTTP2 HTTP2StreamChannel+OutboundStreamMultiplexer.swift
[1841/2005] Compiling NIOHTTP2 HTTP2StreamChannel.swift
[1842/2005] Compiling NIOHTTP2 HTTP2StreamDelegate.swift
[1843/2005] Compiling NIOHTTP2 HTTP2StreamID.swift
[1844/2005] Compiling JWTKit JWK.swift
[1845/2005] Compiling JWTKit JWKIdentifier.swift
[1846/2005] Compiling JWTKit JWKS.swift
[1847/2005] Compiling JWTKit JWKSigner.swift
[1853/2005] Compiling NIOHTTP2 HTTP2Frame.swift
[1854/2005] Compiling NIOHTTP2 HTTP2FrameEncoder.swift
[1855/2005] Compiling NIOHTTP2 HasFlowControlWindows.swift
[1856/2005] Compiling NIOHTTP2 HasLocalSettings.swift
[1857/2005] Compiling NIOHTTP2 HasRemoteSettings.swift
[1858/2005] Compiling NIOHTTP2 LocallyQuiescingState.swift
[1859/2005] Compiling NIOHTTP2 QuiescingState.swift
[1860/2005] Compiling NIOHTTP2 RemotelyQuiescingState.swift
[1861/2005] Compiling NIOHTTP2 SendAndReceiveGoawayState.swift
[1862/2005] Compiling NIOHTTP2 StateMachineResult.swift
[1863/2005] Compiling NIOHTTP2 ContentLengthVerifier.swift
[1864/2005] Compiling NIOHTTP2 HTTP2StreamMultiplexer.swift
[1865/2005] Compiling NIOHTTP2 HTTP2ToHTTP1Codec.swift
[1866/2005] Compiling NIOHTTP2 HTTP2UserEvents.swift
[1876/2013] Compiling NIOHTTP2 StreamStateMachine.swift
[1877/2013] Compiling NIOHTTP2 Timer.swift
[1878/2013] Compiling NIOHTTP2 UnsafeTransfer.swift
[1879/2013] Compiling NIOHTTP2 WatermarkedFlowController.swift
[1880/2013] Compiling JWTKit GoogleIdentityToken.swift
[1881/2013] Compiling JWTKit MicrosoftIdentityToken.swift
[1882/2013] Compiling JWTKit EmptyPolicy.swift
[1883/2013] Compiling JWTKit ValidationTimePayload.swift
[1884/2013] Compiling JWTKit X5CVerifier.swift
[1889/2014] Wrapping AST for JWTKit for debugging
[1891/2015] Wrapping AST for NIOSSL for debugging
[1893/2015] Emitting module NIOHTTP2
[1894/2015] Compiling NIOHTTP2 NIOHTTP2ServerConnectionManagementHandler.swift
[1895/2015] Compiling NIOHTTP2 StreamChannelFlowController.swift
[1896/2015] Compiling NIOHTTP2 StreamChannelList.swift
[1897/2015] Compiling NIOHTTP2 StreamMap.swift
[1905/2015] Compiling NIOHTTP2 InboundEventBuffer.swift
[1906/2015] Compiling NIOHTTP2 InboundWindowManager.swift
[1907/2015] Compiling NIOHTTP2 MultiplexerAbstractChannel.swift
[1908/2015] Compiling NIOHTTP2 NIOHTTP2FrameDelegate.swift
[1909/2015] Compiling NIOHTTP2 NIOHTTP2ServerConnectionManagementHandler+StateMachine.swift
[1910/2015] Compiling NIOHTTP2 HTTP2FrameParser.swift
[1911/2015] Compiling NIOHTTP2 HTTP2PingData.swift
[1912/2015] Compiling NIOHTTP2 HTTP2PipelineHelpers.swift
[1913/2015] Compiling NIOHTTP2 HTTP2Settings.swift
[1928/2015] Compiling NIOHTTP2 DOSHeuristics.swift
[1929/2015] Compiling NIOHTTP2 Error+Any.swift
[1930/2015] Compiling NIOHTTP2 ConcurrentStreamBuffer.swift
[1931/2015] Compiling NIOHTTP2 ControlFrameBuffer.swift
[1946/2015] Compiling NIOHTTP2 ConnectionStateMachine.swift
[1947/2015] Compiling NIOHTTP2 ConnectionStreamsState.swift
[1948/2015] Compiling NIOHTTP2 MayReceiveFrames.swift
[1949/2015] Compiling NIOHTTP2 ReceivingDataState.swift
[1950/2015] Compiling NIOHTTP2 ReceivingGoAwayState.swift
[1951/2015] Compiling NIOHTTP2 ReceivingHeadersState.swift
[1952/2015] Compiling NIOHTTP2 ReceivingPushPromiseState.swift
[1953/2015] Compiling NIOHTTP2 ReceivingRstStreamState.swift
[1954/2015] Compiling NIOHTTP2 ReceivingWindowUpdateState.swift
[1955/2016] Wrapping AST for NIOHTTP2 for debugging
[1957/2080] Emitting module AsyncHTTPClient
[1958/2088] Compiling AsyncHTTPClient AnyAsyncSequence.swift
[1959/2088] Compiling AsyncHTTPClient AnyAsyncSequenceProucerDelete.swift
[1960/2088] Compiling AsyncHTTPClient AsyncLazySequence.swift
[1961/2088] Compiling AsyncHTTPClient HTTPClient+execute.swift
[1962/2088] Compiling AsyncHTTPClient HTTPClient+shutdown.swift
[1963/2088] Compiling AsyncHTTPClient HTTPClient+tracing.swift
[1964/2088] Compiling AsyncHTTPClient HTTPClientRequest+Prepared.swift
[1965/2088] Compiling AsyncHTTPClient HTTPClientRequest+auth.swift
[1966/2088] Compiling AsyncHTTPClient HTTPClientRequest.swift
[1967/2088] Compiling AsyncHTTPClient RequestValidation.swift
[1968/2088] Compiling AsyncHTTPClient SSLContextCache.swift
[1969/2088] Compiling AsyncHTTPClient Scheme.swift
[1970/2088] Compiling AsyncHTTPClient Singleton.swift
[1971/2088] Compiling AsyncHTTPClient StringConvertibleInstances.swift
[1972/2088] Compiling AsyncHTTPClient StructuredConcurrencyHelpers.swift
[1973/2088] Compiling AsyncHTTPClient TracingSupport.swift
[1974/2088] Compiling AsyncHTTPClient Utils.swift
[1975/2088] Compiling AsyncHTTPClient HTTPConnectionEvent.swift
[1976/2088] Compiling AsyncHTTPClient HTTPConnectionPool+Factory.swift
[1977/2088] Compiling AsyncHTTPClient HTTPConnectionPool+Manager.swift
[1978/2088] Compiling AsyncHTTPClient HTTPConnectionPool.swift
[1979/2088] Compiling AsyncHTTPClient HTTPExecutableRequest.swift
[1980/2088] Compiling AsyncHTTPClient HTTPRequestStateMachine+Demand.swift
[1981/2088] Compiling AsyncHTTPClient HTTPRequestStateMachine.swift
[1982/2088] Compiling AsyncHTTPClient RequestBodyLength.swift
[1983/2088] Compiling AsyncHTTPClient RequestFramingMetadata.swift
[1984/2088] Compiling AsyncHTTPClient HTTP1ProxyConnectHandler.swift
[1985/2088] Compiling AsyncHTTPClient SOCKSEventsHandler.swift
[1986/2088] Compiling AsyncHTTPClient TLSEventsHandler.swift
[1987/2088] Compiling AsyncHTTPClient HTTP1ClientChannelHandler.swift
[1988/2088] Compiling AsyncHTTPClient HTTP1Connection.swift
[1989/2088] Compiling AsyncHTTPClient HTTP1ConnectionStateMachine.swift
[1990/2088] Compiling AsyncHTTPClient HTTP2ClientRequestHandler.swift
[1991/2088] Compiling AsyncHTTPClient HTTP2Connection.swift
[1992/2088] Compiling AsyncHTTPClient HTTP2IdleHandler.swift
[1993/2088] Compiling AsyncHTTPClient RequestOptions.swift
[1994/2088] Compiling AsyncHTTPClient HTTPConnectionPool+Backoff.swift
[1995/2088] Compiling AsyncHTTPClient HTTPConnectionPool+HTTP1Connections.swift
[1996/2088] Compiling AsyncHTTPClient HTTPConnectionPool+HTTP1StateMachine.swift
[1997/2088] Compiling AsyncHTTPClient HTTPConnectionPool+HTTP2Connections.swift
[1998/2088] Compiling AsyncHTTPClient HTTPConnectionPool+HTTP2StateMachine.swift
[1999/2088] Compiling AsyncHTTPClient HTTPConnectionPool+RequestQueue.swift
[2000/2088] Compiling AsyncHTTPClient HTTPConnectionPool+StateMachine.swift
[2001/2088] Compiling AsyncHTTPClient ConnectionTarget.swift
[2002/2088] Compiling AsyncHTTPClient LRUCache.swift
[2003/2088] Compiling AsyncHTTPClient NIOLoopBound+Execute.swift
[2004/2088] Compiling AsyncHTTPClient NWErrorHandler.swift
[2005/2088] Compiling AsyncHTTPClient NWWaitingHandler.swift
[2006/2088] Compiling AsyncHTTPClient TLSConfiguration.swift
[2007/2088] Compiling AsyncHTTPClient RedirectState.swift
[2008/2088] Compiling AsyncHTTPClient RequestBag+StateMachine.swift
[2009/2088] Compiling AsyncHTTPClient RequestBag+Tracing.swift
[2010/2088] Compiling AsyncHTTPClient RequestBag.swift
[2011/2088] Compiling AsyncHTTPClient HTTPClientResponse.swift
[2012/2088] Compiling AsyncHTTPClient SingleIteratorPrecondition.swift
[2013/2088] Compiling AsyncHTTPClient Transaction+StateMachine.swift
[2014/2088] Compiling AsyncHTTPClient Transaction.swift
[2015/2088] Compiling AsyncHTTPClient Base64.swift
[2016/2088] Compiling AsyncHTTPClient BasicAuth.swift
[2017/2088] Compiling AsyncHTTPClient BestEffortHashableTLSConfiguration.swift
[2018/2088] Compiling AsyncHTTPClient Configuration+BrowserLike.swift
[2019/2088] Compiling AsyncHTTPClient ConnectionPool.swift
[2020/2088] Compiling AsyncHTTPClient DeconstructedURL.swift
[2021/2088] Compiling AsyncHTTPClient FileDownloadDelegate.swift
[2022/2088] Compiling AsyncHTTPClient FoundationExtensions.swift
[2023/2088] Compiling AsyncHTTPClient HTTPClient+HTTPCookie.swift
[2024/2088] Compiling AsyncHTTPClient HTTPClient+Proxy.swift
[2025/2088] Compiling AsyncHTTPClient HTTPClient+StructuredConcurrency.swift
[2026/2088] Compiling AsyncHTTPClient HTTPClient.swift
[2027/2088] Compiling AsyncHTTPClient HTTPClientConfiguration+SwiftConfiguration.swift
[2028/2088] Compiling AsyncHTTPClient HTTPHandler.swift
[2029/2089] Wrapping AST for AsyncHTTPClient for debugging
[2031/2112] Compiling GoogleAuth AnonymousCredentials.swift
[2032/2112] Compiling GoogleAuth ApiKeyCredentials.swift
[2033/2112] Compiling GoogleAuth ExternalAccountCredentials.swift
[2034/2115] Compiling GoogleAuth CredentialParserRegistry.swift
[2035/2115] Compiling GoogleAuth Credentials.swift
[2036/2115] Compiling GoogleAuth CredentialsError.swift
[2037/2115] Compiling GoogleAuth SubjectTokenProvider.swift
[2038/2115] Compiling GoogleAuth MDSAccessTokenProvider.swift
[2039/2115] Compiling GoogleAuth MDSCredentials.swift
[2040/2115] Compiling GoogleAuth AuthHTTPClient.swift
[2041/2115] Compiling GoogleAuth AuthHTTPError.swift
[2042/2115] Compiling GoogleAuth RetryEngine.swift
[2043/2115] Compiling GoogleAuth UserAccountData.swift
[2044/2115] Compiling GoogleAuth UserAccountTokenProvider.swift
[2045/2115] Compiling GoogleAuth UserCredentials.swift
[2046/2115] Compiling GoogleAuth ServiceAccountCredentials.swift
[2047/2115] Compiling GoogleAuth ServiceAccountData.swift
[2048/2115] Compiling GoogleAuth ServiceAccountTokenProvider.swift
[2049/2115] Emitting module GoogleAuth
[2050/2115] Compiling GoogleAuth ADC.swift
[2051/2115] Compiling GoogleAuth ADCPath.swift
[2052/2115] Compiling GoogleAuth ADCResolver.swift
[2053/2115] Compiling GoogleAuth AuthHeaders.swift
[2054/2115] Compiling GoogleAuth STSHandler.swift
[2055/2115] Compiling GoogleAuth TokenCache.swift
[2056/2115] Compiling GoogleAuth PackageVersion.swift
[2057/2116] Wrapping AST for GoogleAuth for debugging
[2059/2174] Compiling GoogleGax AIP194+PollingErrorPolicy.swift
[2060/2174] Compiling GoogleGax AIP194+RetryPolicy.swift
[2061/2174] Compiling GoogleGax AIP194.swift
[2062/2174] Compiling GoogleGax AdaptiveThrottler.swift
[2063/2174] Compiling GoogleGax AlwaysPoll.swift
[2064/2174] Compiling GoogleGax AlwaysRetry.swift
[2065/2174] Compiling GoogleGax ApiClientHeader.swift
[2066/2174] Compiling GoogleGax BackoffPolicy.swift
[2067/2174] Compiling GoogleGax BasePollingErrorPolicy.swift
[2068/2182] Compiling GoogleGax Pagination.swift
/host/spi-builder-workspace/.build/checkouts/swift-google-gax/Sources/GoogleGax/Pagination.swift:44:22: error: cannot convert '@Sendable (String) async throws -> (response: ResponseType, items: [Item], nextToken: String)' to 'nonisolated(nonsending) @Sendable (String) async throws -> (response: ResponseType, items: [Item], nextToken: String)' because crossing of an isolation boundary requires parameter and result types to conform to 'Sendable' protocol
42 | ) where ResponseType: _PaginatedResponse<Item> {
43 | self.initialPageToken = initialPageToken ?? ""
44 | self.fetchPage = { token in
| |- error: cannot convert '@Sendable (String) async throws -> (response: ResponseType, items: [Item], nextToken: String)' to 'nonisolated(nonsending) @Sendable (String) async throws -> (response: ResponseType, items: [Item], nextToken: String)' because crossing of an isolation boundary requires parameter and result types to conform to 'Sendable' protocol
| `- note: type 'Item' does not conform to 'Sendable' protocol
45 | let response = try await listRpc(token)
46 | return (response, response._getPaginatedItems(), response._nextPageToken())
[2069/2182] Compiling GoogleGax PollingBackoffPolicy.swift
/host/spi-builder-workspace/.build/checkouts/swift-google-gax/Sources/GoogleGax/Pagination.swift:44:22: error: cannot convert '@Sendable (String) async throws -> (response: ResponseType, items: [Item], nextToken: String)' to 'nonisolated(nonsending) @Sendable (String) async throws -> (response: ResponseType, items: [Item], nextToken: String)' because crossing of an isolation boundary requires parameter and result types to conform to 'Sendable' protocol
42 | ) where ResponseType: _PaginatedResponse<Item> {
43 | self.initialPageToken = initialPageToken ?? ""
44 | self.fetchPage = { token in
| |- error: cannot convert '@Sendable (String) async throws -> (response: ResponseType, items: [Item], nextToken: String)' to 'nonisolated(nonsending) @Sendable (String) async throws -> (response: ResponseType, items: [Item], nextToken: String)' because crossing of an isolation boundary requires parameter and result types to conform to 'Sendable' protocol
| `- note: type 'Item' does not conform to 'Sendable' protocol
45 | let response = try await listRpc(token)
46 | return (response, response._getPaginatedItems(), response._nextPageToken())
[2070/2182] Compiling GoogleGax PollingErrorPolicy.swift
/host/spi-builder-workspace/.build/checkouts/swift-google-gax/Sources/GoogleGax/Pagination.swift:44:22: error: cannot convert '@Sendable (String) async throws -> (response: ResponseType, items: [Item], nextToken: String)' to 'nonisolated(nonsending) @Sendable (String) async throws -> (response: ResponseType, items: [Item], nextToken: String)' because crossing of an isolation boundary requires parameter and result types to conform to 'Sendable' protocol
42 | ) where ResponseType: _PaginatedResponse<Item> {
43 | self.initialPageToken = initialPageToken ?? ""
44 | self.fetchPage = { token in
| |- error: cannot convert '@Sendable (String) async throws -> (response: ResponseType, items: [Item], nextToken: String)' to 'nonisolated(nonsending) @Sendable (String) async throws -> (response: ResponseType, items: [Item], nextToken: String)' because crossing of an isolation boundary requires parameter and result types to conform to 'Sendable' protocol
| `- note: type 'Item' does not conform to 'Sendable' protocol
45 | let response = try await listRpc(token)
46 | return (response, response._getPaginatedItems(), response._nextPageToken())
[2071/2182] Compiling GoogleGax PollingResult.swift
/host/spi-builder-workspace/.build/checkouts/swift-google-gax/Sources/GoogleGax/Pagination.swift:44:22: error: cannot convert '@Sendable (String) async throws -> (response: ResponseType, items: [Item], nextToken: String)' to 'nonisolated(nonsending) @Sendable (String) async throws -> (response: ResponseType, items: [Item], nextToken: String)' because crossing of an isolation boundary requires parameter and result types to conform to 'Sendable' protocol
42 | ) where ResponseType: _PaginatedResponse<Item> {
43 | self.initialPageToken = initialPageToken ?? ""
44 | self.fetchPage = { token in
| |- error: cannot convert '@Sendable (String) async throws -> (response: ResponseType, items: [Item], nextToken: String)' to 'nonisolated(nonsending) @Sendable (String) async throws -> (response: ResponseType, items: [Item], nextToken: String)' because crossing of an isolation boundary requires parameter and result types to conform to 'Sendable' protocol
| `- note: type 'Item' does not conform to 'Sendable' protocol
45 | let response = try await listRpc(token)
46 | return (response, response._getPaginatedItems(), response._nextPageToken())
[2072/2182] Compiling GoogleGax PollingState.swift
/host/spi-builder-workspace/.build/checkouts/swift-google-gax/Sources/GoogleGax/Pagination.swift:44:22: error: cannot convert '@Sendable (String) async throws -> (response: ResponseType, items: [Item], nextToken: String)' to 'nonisolated(nonsending) @Sendable (String) async throws -> (response: ResponseType, items: [Item], nextToken: String)' because crossing of an isolation boundary requires parameter and result types to conform to 'Sendable' protocol
42 | ) where ResponseType: _PaginatedResponse<Item> {
43 | self.initialPageToken = initialPageToken ?? ""
44 | self.fetchPage = { token in
| |- error: cannot convert '@Sendable (String) async throws -> (response: ResponseType, items: [Item], nextToken: String)' to 'nonisolated(nonsending) @Sendable (String) async throws -> (response: ResponseType, items: [Item], nextToken: String)' because crossing of an isolation boundary requires parameter and result types to conform to 'Sendable' protocol
| `- note: type 'Item' does not conform to 'Sendable' protocol
45 | let response = try await listRpc(token)
46 | return (response, response._getPaginatedItems(), response._nextPageToken())
[2073/2182] Compiling GoogleGax ProtobufConversionError.swift
/host/spi-builder-workspace/.build/checkouts/swift-google-gax/Sources/GoogleGax/Pagination.swift:44:22: error: cannot convert '@Sendable (String) async throws -> (response: ResponseType, items: [Item], nextToken: String)' to 'nonisolated(nonsending) @Sendable (String) async throws -> (response: ResponseType, items: [Item], nextToken: String)' because crossing of an isolation boundary requires parameter and result types to conform to 'Sendable' protocol
42 | ) where ResponseType: _PaginatedResponse<Item> {
43 | self.initialPageToken = initialPageToken ?? ""
44 | self.fetchPage = { token in
| |- error: cannot convert '@Sendable (String) async throws -> (response: ResponseType, items: [Item], nextToken: String)' to 'nonisolated(nonsending) @Sendable (String) async throws -> (response: ResponseType, items: [Item], nextToken: String)' because crossing of an isolation boundary requires parameter and result types to conform to 'Sendable' protocol
| `- note: type 'Item' does not conform to 'Sendable' protocol
45 | let response = try await listRpc(token)
46 | return (response, response._getPaginatedItems(), response._nextPageToken())
[2074/2182] Compiling GoogleGax QueryParameter.swift
/host/spi-builder-workspace/.build/checkouts/swift-google-gax/Sources/GoogleGax/Pagination.swift:44:22: error: cannot convert '@Sendable (String) async throws -> (response: ResponseType, items: [Item], nextToken: String)' to 'nonisolated(nonsending) @Sendable (String) async throws -> (response: ResponseType, items: [Item], nextToken: String)' because crossing of an isolation boundary requires parameter and result types to conform to 'Sendable' protocol
42 | ) where ResponseType: _PaginatedResponse<Item> {
43 | self.initialPageToken = initialPageToken ?? ""
44 | self.fetchPage = { token in
| |- error: cannot convert '@Sendable (String) async throws -> (response: ResponseType, items: [Item], nextToken: String)' to 'nonisolated(nonsending) @Sendable (String) async throws -> (response: ResponseType, items: [Item], nextToken: String)' because crossing of an isolation boundary requires parameter and result types to conform to 'Sendable' protocol
| `- note: type 'Item' does not conform to 'Sendable' protocol
45 | let response = try await listRpc(token)
46 | return (response, response._getPaginatedItems(), response._nextPageToken())
[2075/2182] Compiling GoogleGax RequestError.swift
/host/spi-builder-workspace/.build/checkouts/swift-google-gax/Sources/GoogleGax/Pagination.swift:44:22: error: cannot convert '@Sendable (String) async throws -> (response: ResponseType, items: [Item], nextToken: String)' to 'nonisolated(nonsending) @Sendable (String) async throws -> (response: ResponseType, items: [Item], nextToken: String)' because crossing of an isolation boundary requires parameter and result types to conform to 'Sendable' protocol
42 | ) where ResponseType: _PaginatedResponse<Item> {
43 | self.initialPageToken = initialPageToken ?? ""
44 | self.fetchPage = { token in
| |- error: cannot convert '@Sendable (String) async throws -> (response: ResponseType, items: [Item], nextToken: String)' to 'nonisolated(nonsending) @Sendable (String) async throws -> (response: ResponseType, items: [Item], nextToken: String)' because crossing of an isolation boundary requires parameter and result types to conform to 'Sendable' protocol
| `- note: type 'Item' does not conform to 'Sendable' protocol
45 | let response = try await listRpc(token)
46 | return (response, response._getPaginatedItems(), response._nextPageToken())
[2076/2182] Emitting module GoogleGax
[2077/2182] Compiling GoogleGax ContinueOnIO.swift
[2078/2182] Compiling GoogleGax CredentialsProtocol.swift
[2079/2182] Compiling GoogleGax ErrorWrapper.swift
[2080/2182] Compiling GoogleGax ExponentialBackoff+BackoffPolicy.swift
[2081/2182] Compiling GoogleGax ExponentialBackoff+PollingBackoffPolicy.swift
[2082/2182] Compiling GoogleGax ExponentialBackoff.swift
[2083/2182] Compiling GoogleGax HTTPClient.swift
[2084/2182] Compiling GoogleGax HTTPClientHolder.swift
[2085/2182] Compiling GoogleGax HTTPClientProtocol.swift
[2086/2182] Compiling GoogleGax HTTPClientRequest.swift
[2087/2182] Compiling GoogleGax HTTPClientResponse.swift
[2088/2182] Compiling GoogleGax HTTPHeaders.swift
[2089/2182] Compiling GoogleGax HTTPResponseBody.swift
[2090/2182] Compiling GoogleGax HeaderNames.swift
[2091/2182] Compiling GoogleGax Host.swift
[2092/2182] Compiling GoogleGax InProgressResult.swift
[2093/2182] Compiling GoogleGax RequestOptions.swift
[2094/2182] Compiling GoogleGax RetryLoop.swift
[2095/2182] Compiling GoogleGax RetryPolicy.swift
[2096/2182] Compiling GoogleGax RetryResult.swift
[2097/2182] Compiling GoogleGax RetryState.swift
[2098/2182] Compiling GoogleGax RetryThrottler.swift
[2099/2182] Compiling GoogleGax RetryThrottlerError.swift
[2100/2182] Compiling GoogleGax RoutingMatcher.swift
[2101/2182] Compiling GoogleGax LimitedAttemptCount+PollingErrorPolicy.swift
[2102/2182] Compiling GoogleGax LimitedAttemptCount+RetryPolicy.swift
[2103/2182] Compiling GoogleGax LimitedAttemptCount.swift
[2104/2182] Compiling GoogleGax LimitedElapsedTime+PollingErrorPolicy.swift
[2105/2182] Compiling GoogleGax LimitedElapsedTime+RetryPolicy.swift
[2106/2182] Compiling GoogleGax LimitedElapsedTime.swift
[2107/2182] Compiling GoogleGax LongRunningOperations.swift
[2108/2182] Compiling GoogleGax NeverRetry.swift
[2109/2182] Compiling GoogleGax BaseRetryPolicy.swift
[2110/2182] Compiling GoogleGax BindingError.swift
[2111/2182] Compiling GoogleGax CRC32C.swift
[2112/2182] Compiling GoogleGax CircuitBreaker.swift
[2113/2182] Compiling GoogleGax ClientError.swift
[2114/2182] Compiling GoogleGax ClientOptions.swift
[2115/2182] Compiling GoogleGax ContinueOnIO+PollingErrorPolicy.swift
[2116/2182] Compiling GoogleGax ContinueOnIO+RetryPolicy.swift
[2117/2182] Compiling GoogleGax ServiceError.swift
[2118/2182] Compiling GoogleGax StatusDetail.swift
[2119/2182] Compiling GoogleGax StrictIdempotency.swift
[2120/2182] Compiling GoogleGax ThrottleResult.swift
[2121/2182] Compiling GoogleGax TooManyRequests+PollingErrorPolicy.swift
[2122/2182] Compiling GoogleGax TooManyRequests+RetryPolicy.swift
[2123/2182] Compiling GoogleGax TooManyRequests.swift
[2124/2182] Compiling GoogleGax PackageVersion.swift
BUILD FAILURE 6.2 android