The Swift Package Index logo.Swift Package Index

Build Information

Failed to build PoutouPush, reference 0.0.5 (d0f217), with Swift 6.4 for watchOS using Xcode 27.0 on 16 Sep 2026 12:36:28 UTC.

Build Command

env DEVELOPER_DIR=/Applications/Xcode-27.0.0-Release.Candidate.app xcrun xcodebuild -IDEClonedSourcePackagesDirPathOverride=$PWD/.dependencies -skipMacroValidation -skipPackagePluginValidation -derivedDataPath $PWD/.derivedData build -scheme PoutouPush -destination generic/platform=watchOS

Build Log

========================================
RunAll
========================================
Builder version: 5.1.0
Interrupt handler set up.
========================================
Checkout
========================================
Clone URL: https://github.com/favret/poutoupush.git
Reference: 0.0.5
Initialized empty Git repository in /Users/admin/builder/spi-builder-workspace/.git/
From https://github.com/favret/poutoupush
 * tag               0.0.5      -> FETCH_HEAD
HEAD is now at d0f2177 feat: add fcm
Cloned https://github.com/favret/poutoupush.git
Revision (git rev-parse @):
d0f2177820d9aebeaf29b31e88e177a22d84a04d
SUCCESS checkout https://github.com/favret/poutoupush.git at 0.0.5
========================================
Build
========================================
Selected platform:         watchOS
Swift version:             6.4
Building package at path:  $PWD
https://github.com/favret/poutoupush.git
Command line invocation:
    /Applications/Xcode-27.0.0-Release.Candidate.app/Contents/Developer/usr/bin/xcodebuild -IDEClonedSourcePackagesDirPathOverride=/Users/admin/builder/spi-builder-workspace/.dependencies -resolvePackageDependencies
Resolve Package Graph
Fetching from https://github.com/IBM-Swift/CCurl.git
Creating working copy of package ‘CCurl’
Checking out 0.5.0 of package ‘CCurl’
ignoring declared target(s) 'CCurl' in the system packageResolve Package Graph
ignoring declared target(s) 'CCurl' in the system package
Resolved source packages:
  PoutouPush: /Users/admin/builder/spi-builder-workspace
  CCurl: https://github.com/IBM-Swift/CCurl.git @ 0.5.0
resolved source packages: PoutouPush, CCurl
2026-09-16 08:35:38.073 xcodebuild[529:3029] [MT] IDERunDestination: Supported platforms for the buildables in the current scheme is empty.
{
  "dependencies" : [
    {
      "identity" : "ccurl",
      "requirement" : {
        "range" : [
          {
            "lower_bound" : "0.4.1",
            "upper_bound" : "1.0.0"
          }
        ]
      },
      "type" : "sourceControl",
      "url" : "https://github.com/IBM-Swift/CCurl.git"
    }
  ],
  "manifest_display_name" : "PoutouPush",
  "name" : "PoutouPush",
  "path" : "/Users/admin/builder/spi-builder-workspace",
  "platforms" : [
  ],
  "products" : [
    {
      "name" : "PoutouPush",
      "targets" : [
        "PoutouPush"
      ],
      "type" : {
        "library" : [
          "automatic"
        ]
      }
    }
  ],
  "targets" : [
    {
      "c99name" : "PoutouPush",
      "module_type" : "SwiftTarget",
      "name" : "PoutouPush",
      "path" : "Sources/PoutouPush",
      "product_dependencies" : [
        "CCurl"
      ],
      "product_memberships" : [
        "PoutouPush"
      ],
      "sources" : [
        "APNS/APNS.swift",
        "APNS/APNSPayload.swift",
        "FCM/FCM.swift",
        "FCM/FCMPayload.swift",
        "GCM/GCM.swift",
        "GCM/GCMPayload.swift"
      ],
      "type" : "library"
    }
  ],
  "tools_version" : "4.0"
}
{
  "workspace" : {
    "name" : "PoutouPush",
    "schemes" : [
      "PoutouPush"
    ]
  }
}
2026-09-16 08:36:19.195 xcodebuild[684:4294] [MT] IDERunDestination: Supported platforms for the buildables in the current scheme is empty.
Running build ...
env DEVELOPER_DIR=/Applications/Xcode-27.0.0-Release.Candidate.app xcrun xcodebuild -IDEClonedSourcePackagesDirPathOverride=$PWD/.dependencies -skipMacroValidation -skipPackagePluginValidation -derivedDataPath $PWD/.derivedData build -scheme PoutouPush -destination generic/platform=watchOS
Command line invocation:
    /Applications/Xcode-27.0.0-Release.Candidate.app/Contents/Developer/usr/bin/xcodebuild -IDEClonedSourcePackagesDirPathOverride=/Users/admin/builder/spi-builder-workspace/.dependencies -skipMacroValidation -skipPackagePluginValidation -derivedDataPath /Users/admin/builder/spi-builder-workspace/.derivedData build -scheme PoutouPush -destination generic/platform=watchOS
Resolve Package Graph
ignoring declared target(s) 'CCurl' in the system package
Resolve Package Graph
ignoring declared target(s) 'CCurl' in the system package
Resolved source packages:
  CCurl: https://github.com/IBM-Swift/CCurl.git @ 0.5.0
  PoutouPush: /Users/admin/builder/spi-builder-workspace
ComputePackagePrebuildTargetDependencyGraph
Prepare packages
CreateBuildRequest
SendProjectDescription
CreateBuildOperation
ComputeTargetDependencyGraph
note: Building targets in dependency order
note: Target dependency graph (4 targets)
    Target 'PoutouPush-product' in project 'PoutouPush'
        ➜ Explicit dependency on target 'PoutouPush' in project 'PoutouPush'
        ➜ Explicit dependency on target 'CCurl-product' in project 'CCurl'
    Target 'PoutouPush' in project 'PoutouPush'
        ➜ Explicit dependency on target 'CCurl' in project 'CCurl'
        ➜ Explicit dependency on target 'CCurl-product' in project 'CCurl'
    Target 'CCurl-product' in project 'CCurl'
        ➜ Explicit dependency on target 'CCurl' in project 'CCurl'
    Target 'CCurl' in project 'CCurl' (no dependencies)
GatherProvisioningInputs
CreateBuildDescription
ExecuteExternalTool /Applications/Xcode-27.0.0-Release.Candidate.app/Contents/Developer/Toolchains/XcodeDefault.xctoolchain/usr/bin/clang -v -E -dM -isysroot /Applications/Xcode-27.0.0-Release.Candidate.app/Contents/Developer/Platforms/WatchOS.platform/Developer/SDKs/WatchOS27.0.sdk -x c -c /dev/null
ExecuteExternalTool /Applications/Xcode-27.0.0-Release.Candidate.app/Contents/Developer/Toolchains/XcodeDefault.xctoolchain/usr/bin/swiftc --version
ExecuteExternalTool /Applications/Xcode-27.0.0-Release.Candidate.app/Contents/Developer/Toolchains/XcodeDefault.xctoolchain/usr/bin/ld -version_details
Build description signature: e3e8aa206f0f15cd3be57824d0fd8732
Build description path: /Users/admin/builder/spi-builder-workspace/.derivedData/Build/Intermediates.noindex/XCBuildData/e3e8aa206f0f15cd3be57824d0fd8732.xcbuilddata
CreateBuildDirectory /Users/admin/builder/spi-builder-workspace/.derivedData/ModuleCache.noindex
    cd /Users/admin/builder/spi-builder-workspace/.swiftpm/xcode
    builtin-create-build-directory /Users/admin/builder/spi-builder-workspace/.derivedData/ModuleCache.noindex
CreateBuildDirectory /Users/admin/builder/spi-builder-workspace/.derivedData/CompilationCache.noindex
    cd /Users/admin/builder/spi-builder-workspace/.swiftpm/xcode
    builtin-create-build-directory /Users/admin/builder/spi-builder-workspace/.derivedData/CompilationCache.noindex
CreateBuildDirectory /Users/admin/builder/spi-builder-workspace/.derivedData/SDKExplicitPrecompiledModules
    cd /Users/admin/builder/spi-builder-workspace/.swiftpm/xcode
    builtin-create-build-directory /Users/admin/builder/spi-builder-workspace/.derivedData/SDKExplicitPrecompiledModules
CreateBuildDirectory /Users/admin/builder/spi-builder-workspace/.derivedData/Build/Products
    cd /Users/admin/builder/spi-builder-workspace/.swiftpm/xcode
    builtin-create-build-directory /Users/admin/builder/spi-builder-workspace/.derivedData/Build/Products
CreateBuildDirectory /Users/admin/builder/spi-builder-workspace/.derivedData/Build/Intermediates.noindex
    cd /Users/admin/builder/spi-builder-workspace/.swiftpm/xcode
    builtin-create-build-directory /Users/admin/builder/spi-builder-workspace/.derivedData/Build/Intermediates.noindex
ClangStatCache /Applications/Xcode-27.0.0-Release.Candidate.app/Contents/Developer/Toolchains/XcodeDefault.xctoolchain/usr/bin/clang-stat-cache /Applications/Xcode-27.0.0-Release.Candidate.app/Contents/Developer/Platforms/WatchOS.platform/Developer/SDKs/WatchOS27.0.sdk /Users/admin/builder/spi-builder-workspace/.derivedData/SDKStatCaches.noindex/watchos27.0-24R360-e829b21a6f8c9b70876ba0858053c04477534ef55a1706bf4c1112bbb242f0a2.sdkstatcache
    cd /Users/admin/builder/spi-builder-workspace/.swiftpm/xcode
    /Applications/Xcode-27.0.0-Release.Candidate.app/Contents/Developer/Toolchains/XcodeDefault.xctoolchain/usr/bin/clang-stat-cache /Applications/Xcode-27.0.0-Release.Candidate.app/Contents/Developer/Platforms/WatchOS.platform/Developer/SDKs/WatchOS27.0.sdk -o /Users/admin/builder/spi-builder-workspace/.derivedData/SDKStatCaches.noindex/watchos27.0-24R360-e829b21a6f8c9b70876ba0858053c04477534ef55a1706bf4c1112bbb242f0a2.sdkstatcache
CreateBuildDirectory /Users/admin/builder/spi-builder-workspace/.derivedData/Build/Intermediates.noindex/SwiftExplicitPrecompiledModules
    cd /Users/admin/builder/spi-builder-workspace/.swiftpm/xcode
    builtin-create-build-directory /Users/admin/builder/spi-builder-workspace/.derivedData/Build/Intermediates.noindex/SwiftExplicitPrecompiledModules
CreateBuildDirectory /Users/admin/builder/spi-builder-workspace/.derivedData/Build/Intermediates.noindex/PrecompiledHeaders
    cd /Users/admin/builder/spi-builder-workspace/.swiftpm/xcode
    builtin-create-build-directory /Users/admin/builder/spi-builder-workspace/.derivedData/Build/Intermediates.noindex/PrecompiledHeaders
CreateBuildDirectory /Users/admin/builder/spi-builder-workspace/.derivedData/Build/Intermediates.noindex/ExplicitPrecompiledModules
    cd /Users/admin/builder/spi-builder-workspace/.swiftpm/xcode
    builtin-create-build-directory /Users/admin/builder/spi-builder-workspace/.derivedData/Build/Intermediates.noindex/ExplicitPrecompiledModules
CreateBuildDirectory /Users/admin/builder/spi-builder-workspace/.derivedData/Build/Products/Debug-watchos
    cd /Users/admin/builder/spi-builder-workspace/.swiftpm/xcode
    builtin-create-build-directory /Users/admin/builder/spi-builder-workspace/.derivedData/Build/Products/Debug-watchos
CreateBuildDirectory /Users/admin/builder/spi-builder-workspace/.derivedData/Build/Intermediates.noindex/EagerLinkingTBDs/Debug-watchos
    cd /Users/admin/builder/spi-builder-workspace/.swiftpm/xcode
    builtin-create-build-directory /Users/admin/builder/spi-builder-workspace/.derivedData/Build/Intermediates.noindex/EagerLinkingTBDs/Debug-watchos
CreateBuildDirectory /Users/admin/builder/spi-builder-workspace/.derivedData/Build/Products/Debug-watchos/PackageFrameworks
    cd /Users/admin/builder/spi-builder-workspace/.swiftpm/xcode
    builtin-create-build-directory /Users/admin/builder/spi-builder-workspace/.derivedData/Build/Products/Debug-watchos/PackageFrameworks
WriteAuxiliaryFile /Users/admin/builder/spi-builder-workspace/.derivedData/Build/Intermediates.noindex/PoutouPush.build/Debug-watchos/PoutouPush-t.build/PoutouPush.modulemap (in target 'PoutouPush' from project 'PoutouPush')
    cd /Users/admin/builder/spi-builder-workspace
    write-file /Users/admin/builder/spi-builder-workspace/.derivedData/Build/Intermediates.noindex/PoutouPush.build/Debug-watchos/PoutouPush-t.build/PoutouPush.modulemap
WriteAuxiliaryFile /Users/admin/builder/spi-builder-workspace/.derivedData/Build/Intermediates.noindex/PoutouPush.build/Debug-watchos/PoutouPush-t.build/PoutouPush.DependencyStaticMetadataFileList (in target 'PoutouPush' from project 'PoutouPush')
    cd /Users/admin/builder/spi-builder-workspace
    write-file /Users/admin/builder/spi-builder-workspace/.derivedData/Build/Intermediates.noindex/PoutouPush.build/Debug-watchos/PoutouPush-t.build/PoutouPush.DependencyStaticMetadataFileList
WriteAuxiliaryFile /Users/admin/builder/spi-builder-workspace/.derivedData/Build/Intermediates.noindex/PoutouPush.build/Debug-watchos/PoutouPush-t.build/Objects-normal/arm64_32/PoutouPush.LinkFileList (in target 'PoutouPush' from project 'PoutouPush')
    cd /Users/admin/builder/spi-builder-workspace
    write-file /Users/admin/builder/spi-builder-workspace/.derivedData/Build/Intermediates.noindex/PoutouPush.build/Debug-watchos/PoutouPush-t.build/Objects-normal/arm64_32/PoutouPush.LinkFileList
WriteAuxiliaryFile /Users/admin/builder/spi-builder-workspace/.derivedData/Build/Intermediates.noindex/PoutouPush.build/Debug-watchos/PoutouPush-t.build/Objects-normal/arm64_32/PoutouPush.SwiftConstValuesFileList (in target 'PoutouPush' from project 'PoutouPush')
    cd /Users/admin/builder/spi-builder-workspace
    write-file /Users/admin/builder/spi-builder-workspace/.derivedData/Build/Intermediates.noindex/PoutouPush.build/Debug-watchos/PoutouPush-t.build/Objects-normal/arm64_32/PoutouPush.SwiftConstValuesFileList
WriteAuxiliaryFile /Users/admin/builder/spi-builder-workspace/.derivedData/Build/Intermediates.noindex/PoutouPush.build/Debug-watchos/PoutouPush-t.build/Objects-normal/arm64/PoutouPush_const_extract_protocols.json (in target 'PoutouPush' from project 'PoutouPush')
    cd /Users/admin/builder/spi-builder-workspace
    write-file /Users/admin/builder/spi-builder-workspace/.derivedData/Build/Intermediates.noindex/PoutouPush.build/Debug-watchos/PoutouPush-t.build/Objects-normal/arm64/PoutouPush_const_extract_protocols.json
WriteAuxiliaryFile /Users/admin/builder/spi-builder-workspace/.derivedData/Build/Intermediates.noindex/PoutouPush.build/Debug-watchos/PoutouPush-t.build/Objects-normal/arm64_32/PoutouPush-OutputFileMap.json (in target 'PoutouPush' from project 'PoutouPush')
    cd /Users/admin/builder/spi-builder-workspace
    write-file /Users/admin/builder/spi-builder-workspace/.derivedData/Build/Intermediates.noindex/PoutouPush.build/Debug-watchos/PoutouPush-t.build/Objects-normal/arm64_32/PoutouPush-OutputFileMap.json
WriteAuxiliaryFile /Users/admin/builder/spi-builder-workspace/.derivedData/Build/Intermediates.noindex/PoutouPush.build/Debug-watchos/PoutouPush-t.build/Objects-normal/arm64_32/PoutouPush_const_extract_protocols.json (in target 'PoutouPush' from project 'PoutouPush')
    cd /Users/admin/builder/spi-builder-workspace
    write-file /Users/admin/builder/spi-builder-workspace/.derivedData/Build/Intermediates.noindex/PoutouPush.build/Debug-watchos/PoutouPush-t.build/Objects-normal/arm64_32/PoutouPush_const_extract_protocols.json
WriteAuxiliaryFile /Users/admin/builder/spi-builder-workspace/.derivedData/Build/Intermediates.noindex/PoutouPush.build/Debug-watchos/PoutouPush-t.build/Objects-normal/arm64_32/PoutouPush.SwiftFileList (in target 'PoutouPush' from project 'PoutouPush')
    cd /Users/admin/builder/spi-builder-workspace
    write-file /Users/admin/builder/spi-builder-workspace/.derivedData/Build/Intermediates.noindex/PoutouPush.build/Debug-watchos/PoutouPush-t.build/Objects-normal/arm64_32/PoutouPush.SwiftFileList
WriteAuxiliaryFile /Users/admin/builder/spi-builder-workspace/.derivedData/Build/Intermediates.noindex/PoutouPush.build/Debug-watchos/PoutouPush-t.build/PoutouPush.DependencyMetadataFileList (in target 'PoutouPush' from project 'PoutouPush')
    cd /Users/admin/builder/spi-builder-workspace
    write-file /Users/admin/builder/spi-builder-workspace/.derivedData/Build/Intermediates.noindex/PoutouPush.build/Debug-watchos/PoutouPush-t.build/PoutouPush.DependencyMetadataFileList
WriteAuxiliaryFile /Users/admin/builder/spi-builder-workspace/.derivedData/Build/Intermediates.noindex/PoutouPush.build/Debug-watchos/PoutouPush-t.build/Objects-normal/arm64/PoutouPush.SwiftFileList (in target 'PoutouPush' from project 'PoutouPush')
    cd /Users/admin/builder/spi-builder-workspace
    write-file /Users/admin/builder/spi-builder-workspace/.derivedData/Build/Intermediates.noindex/PoutouPush.build/Debug-watchos/PoutouPush-t.build/Objects-normal/arm64/PoutouPush.SwiftFileList
WriteAuxiliaryFile /Users/admin/builder/spi-builder-workspace/.derivedData/Build/Intermediates.noindex/PoutouPush.build/Debug-watchos/PoutouPush-t.build/Objects-normal/arm64/PoutouPush.SwiftConstValuesFileList (in target 'PoutouPush' from project 'PoutouPush')
    cd /Users/admin/builder/spi-builder-workspace
    write-file /Users/admin/builder/spi-builder-workspace/.derivedData/Build/Intermediates.noindex/PoutouPush.build/Debug-watchos/PoutouPush-t.build/Objects-normal/arm64/PoutouPush.SwiftConstValuesFileList
WriteAuxiliaryFile /Users/admin/builder/spi-builder-workspace/.derivedData/Build/Intermediates.noindex/PoutouPush.build/Debug-watchos/PoutouPush-t.build/Objects-normal/arm64/PoutouPush.LinkFileList (in target 'PoutouPush' from project 'PoutouPush')
    cd /Users/admin/builder/spi-builder-workspace
    write-file /Users/admin/builder/spi-builder-workspace/.derivedData/Build/Intermediates.noindex/PoutouPush.build/Debug-watchos/PoutouPush-t.build/Objects-normal/arm64/PoutouPush.LinkFileList
WriteAuxiliaryFile /Users/admin/builder/spi-builder-workspace/.derivedData/Build/Intermediates.noindex/PoutouPush.build/Debug-watchos/PoutouPush-t.build/Objects-normal/arm64/PoutouPush-OutputFileMap.json (in target 'PoutouPush' from project 'PoutouPush')
    cd /Users/admin/builder/spi-builder-workspace
    write-file /Users/admin/builder/spi-builder-workspace/.derivedData/Build/Intermediates.noindex/PoutouPush.build/Debug-watchos/PoutouPush-t.build/Objects-normal/arm64/PoutouPush-OutputFileMap.json
Copy /Users/admin/builder/spi-builder-workspace/.derivedData/Build/Intermediates.noindex/GeneratedModuleMaps-watchos/PoutouPush.modulemap /Users/admin/builder/spi-builder-workspace/.derivedData/Build/Intermediates.noindex/PoutouPush.build/Debug-watchos/PoutouPush-t.build/PoutouPush.modulemap (in target 'PoutouPush' from project 'PoutouPush')
    cd /Users/admin/builder/spi-builder-workspace
    builtin-copy -exclude .DS_Store -exclude CVS -exclude .svn -exclude .git -exclude .hg -resolve-src-symlinks /Users/admin/builder/spi-builder-workspace/.derivedData/Build/Intermediates.noindex/PoutouPush.build/Debug-watchos/PoutouPush-t.build/PoutouPush.modulemap /Users/admin/builder/spi-builder-workspace/.derivedData/Build/Intermediates.noindex/GeneratedModuleMaps-watchos
SwiftDriver PoutouPush normal arm64_32 com.apple.xcode.tools.swift.compiler (in target 'PoutouPush' from project 'PoutouPush')
    cd /Users/admin/builder/spi-builder-workspace/.swiftpm/xcode
    builtin-SwiftDriver -- /Applications/Xcode-27.0.0-Release.Candidate.app/Contents/Developer/Toolchains/XcodeDefault.xctoolchain/usr/bin/swiftc -parse-as-library -module-name PoutouPush -Onone @/Users/admin/builder/spi-builder-workspace/.derivedData/Build/Intermediates.noindex/PoutouPush.build/Debug-watchos/PoutouPush-t.build/Objects-normal/arm64_32/PoutouPush.SwiftFileList -DSWIFT_PACKAGE -DDEBUG -DSWIFT_MODULE_RESOURCE_BUNDLE_UNAVAILABLE -Xcc -fmodule-map-file\=/Users/admin/builder/spi-builder-workspace/.dependencies/checkouts/CCurl/module.modulemap -DXcode -plugin-path /Applications/Xcode-27.0.0-Release.Candidate.app/Contents/Developer/Toolchains/XcodeDefault.xctoolchain/usr/lib/swift/host/plugins/testing -enable-experimental-feature DebugDescriptionMacro -sdk /Applications/Xcode-27.0.0-Release.Candidate.app/Contents/Developer/Platforms/WatchOS.platform/Developer/SDKs/WatchOS27.0.sdk -target arm64_32-apple-watchos9.0 -g -module-cache-path /Users/admin/builder/spi-builder-workspace/.derivedData/ModuleCache.noindex -Xfrontend -serialize-debugging-options -enable-testing -index-store-path /Users/admin/builder/spi-builder-workspace/.derivedData/Index.noindex/DataStore -Xcc -D_LIBCPP_HARDENING_MODE\=_LIBCPP_HARDENING_MODE_DEBUG -swift-version 4 -I /Users/admin/builder/spi-builder-workspace/.derivedData/Build/Products/Debug-watchos -Isystem /Applications/Xcode-27.0.0-Release.Candidate.app/Contents/Developer/Platforms/WatchOS.platform/Developer/usr/lib -F /Users/admin/builder/spi-builder-workspace/.derivedData/Build/Products/Debug-watchos -F /Applications/Xcode-27.0.0-Release.Candidate.app/Contents/Developer/Platforms/WatchOS.platform/Developer/Library/Frameworks -F /Applications/Xcode-27.0.0-Release.Candidate.app/Contents/Developer/Platforms/WatchOS.platform/Developer/SDKs/WatchOS27.0.sdk/Developer/Library/Frameworks -c -j10 -enable-batch-mode -incremental -Xcc -ivfsstatcache -Xcc /Users/admin/builder/spi-builder-workspace/.derivedData/SDKStatCaches.noindex/watchos27.0-24R360-e829b21a6f8c9b70876ba0858053c04477534ef55a1706bf4c1112bbb242f0a2.sdkstatcache -output-file-map /Users/admin/builder/spi-builder-workspace/.derivedData/Build/Intermediates.noindex/PoutouPush.build/Debug-watchos/PoutouPush-t.build/Objects-normal/arm64_32/PoutouPush-OutputFileMap.json -save-temps -no-color-diagnostics -emit-dependencies -emit-module -emit-module-path /Users/admin/builder/spi-builder-workspace/.derivedData/Build/Intermediates.noindex/PoutouPush.build/Debug-watchos/PoutouPush-t.build/Objects-normal/arm64_32/PoutouPush.swiftmodule -serialize-diagnostics -validate-clang-modules-once -clang-build-session-file /Users/admin/builder/spi-builder-workspace/.derivedData/ModuleCache.noindex/Session.modulevalidation -Xcc -fmodules-prune-interval\=86400 -Xcc -fmodules-prune-after\=345600 -emit-const-values -const-gather-protocols-list /Users/admin/builder/spi-builder-workspace/.derivedData/Build/Intermediates.noindex/PoutouPush.build/Debug-watchos/PoutouPush-t.build/Objects-normal/arm64_32/PoutouPush_const_extract_protocols.json -Xcc -I/Users/admin/builder/spi-builder-workspace/.derivedData/Build/Products/Debug-watchos/include -Xcc -I/Users/admin/builder/spi-builder-workspace/.derivedData/Build/Intermediates.noindex/PoutouPush.build/Debug-watchos/PoutouPush-t.build/DerivedSources-normal/arm64_32 -Xcc -I/Users/admin/builder/spi-builder-workspace/.derivedData/Build/Intermediates.noindex/PoutouPush.build/Debug-watchos/PoutouPush-t.build/DerivedSources/arm64_32 -Xcc -I/Users/admin/builder/spi-builder-workspace/.derivedData/Build/Intermediates.noindex/PoutouPush.build/Debug-watchos/PoutouPush-t.build/DerivedSources -Xcc -DSWIFT_PACKAGE -Xcc -DDEBUG\=1 -emit-objc-header -emit-objc-header-path /Users/admin/builder/spi-builder-workspace/.derivedData/Build/Intermediates.noindex/PoutouPush.build/Debug-watchos/PoutouPush-t.build/Objects-normal/arm64_32/PoutouPush-Swift.h -working-directory /Users/admin/builder/spi-builder-workspace/.swiftpm/xcode -experimental-emit-module-separately -disable-cmo
SwiftDriver PoutouPush normal arm64 com.apple.xcode.tools.swift.compiler (in target 'PoutouPush' from project 'PoutouPush')
    cd /Users/admin/builder/spi-builder-workspace/.swiftpm/xcode
    builtin-SwiftDriver -- /Applications/Xcode-27.0.0-Release.Candidate.app/Contents/Developer/Toolchains/XcodeDefault.xctoolchain/usr/bin/swiftc -parse-as-library -module-name PoutouPush -Onone @/Users/admin/builder/spi-builder-workspace/.derivedData/Build/Intermediates.noindex/PoutouPush.build/Debug-watchos/PoutouPush-t.build/Objects-normal/arm64/PoutouPush.SwiftFileList -DSWIFT_PACKAGE -DDEBUG -DSWIFT_MODULE_RESOURCE_BUNDLE_UNAVAILABLE -Xcc -fmodule-map-file\=/Users/admin/builder/spi-builder-workspace/.dependencies/checkouts/CCurl/module.modulemap -DXcode -plugin-path /Applications/Xcode-27.0.0-Release.Candidate.app/Contents/Developer/Toolchains/XcodeDefault.xctoolchain/usr/lib/swift/host/plugins/testing -enable-experimental-feature DebugDescriptionMacro -sdk /Applications/Xcode-27.0.0-Release.Candidate.app/Contents/Developer/Platforms/WatchOS.platform/Developer/SDKs/WatchOS27.0.sdk -target arm64-apple-watchos9.0 -g -module-cache-path /Users/admin/builder/spi-builder-workspace/.derivedData/ModuleCache.noindex -Xfrontend -serialize-debugging-options -enable-testing -index-store-path /Users/admin/builder/spi-builder-workspace/.derivedData/Index.noindex/DataStore -Xcc -D_LIBCPP_HARDENING_MODE\=_LIBCPP_HARDENING_MODE_DEBUG -swift-version 4 -I /Users/admin/builder/spi-builder-workspace/.derivedData/Build/Products/Debug-watchos -Isystem /Applications/Xcode-27.0.0-Release.Candidate.app/Contents/Developer/Platforms/WatchOS.platform/Developer/usr/lib -F /Users/admin/builder/spi-builder-workspace/.derivedData/Build/Products/Debug-watchos -F /Applications/Xcode-27.0.0-Release.Candidate.app/Contents/Developer/Platforms/WatchOS.platform/Developer/Library/Frameworks -F /Applications/Xcode-27.0.0-Release.Candidate.app/Contents/Developer/Platforms/WatchOS.platform/Developer/SDKs/WatchOS27.0.sdk/Developer/Library/Frameworks -c -j10 -enable-batch-mode -incremental -Xcc -ivfsstatcache -Xcc /Users/admin/builder/spi-builder-workspace/.derivedData/SDKStatCaches.noindex/watchos27.0-24R360-e829b21a6f8c9b70876ba0858053c04477534ef55a1706bf4c1112bbb242f0a2.sdkstatcache -output-file-map /Users/admin/builder/spi-builder-workspace/.derivedData/Build/Intermediates.noindex/PoutouPush.build/Debug-watchos/PoutouPush-t.build/Objects-normal/arm64/PoutouPush-OutputFileMap.json -save-temps -no-color-diagnostics -emit-dependencies -emit-module -emit-module-path /Users/admin/builder/spi-builder-workspace/.derivedData/Build/Intermediates.noindex/PoutouPush.build/Debug-watchos/PoutouPush-t.build/Objects-normal/arm64/PoutouPush.swiftmodule -serialize-diagnostics -validate-clang-modules-once -clang-build-session-file /Users/admin/builder/spi-builder-workspace/.derivedData/ModuleCache.noindex/Session.modulevalidation -Xcc -fmodules-prune-interval\=86400 -Xcc -fmodules-prune-after\=345600 -emit-const-values -const-gather-protocols-list /Users/admin/builder/spi-builder-workspace/.derivedData/Build/Intermediates.noindex/PoutouPush.build/Debug-watchos/PoutouPush-t.build/Objects-normal/arm64/PoutouPush_const_extract_protocols.json -Xcc -I/Users/admin/builder/spi-builder-workspace/.derivedData/Build/Products/Debug-watchos/include -Xcc -I/Users/admin/builder/spi-builder-workspace/.derivedData/Build/Intermediates.noindex/PoutouPush.build/Debug-watchos/PoutouPush-t.build/DerivedSources-normal/arm64 -Xcc -I/Users/admin/builder/spi-builder-workspace/.derivedData/Build/Intermediates.noindex/PoutouPush.build/Debug-watchos/PoutouPush-t.build/DerivedSources/arm64 -Xcc -I/Users/admin/builder/spi-builder-workspace/.derivedData/Build/Intermediates.noindex/PoutouPush.build/Debug-watchos/PoutouPush-t.build/DerivedSources -Xcc -DSWIFT_PACKAGE -Xcc -DDEBUG\=1 -emit-objc-header -emit-objc-header-path /Users/admin/builder/spi-builder-workspace/.derivedData/Build/Intermediates.noindex/PoutouPush.build/Debug-watchos/PoutouPush-t.build/Objects-normal/arm64/PoutouPush-Swift.h -working-directory /Users/admin/builder/spi-builder-workspace/.swiftpm/xcode -experimental-emit-module-separately -disable-cmo
SwiftEmitModule normal arm64_32 Emitting\ module\ for\ PoutouPush (in target 'PoutouPush' from project 'PoutouPush')
SwiftCompile normal arm64_32 (in target 'PoutouPush' from project 'PoutouPush')
    cd /Users/admin/builder/spi-builder-workspace/.swiftpm/xcode

<module-includes>:1:9: note: in file included from <module-includes>:1:
1 | #import "shim.h"
  |         `- note: in file included from <module-includes>:1:
2 |
/Users/admin/builder/spi-builder-workspace/.dependencies/checkouts/CCurl/shim.h:20:9: error: 'curl/curl.h' file not found
18 | #define CurlHelpers_h
19 |
20 | #import <curl/curl.h>
   |         `- error: 'curl/curl.h' file not found
21 |
22 | #define CURL_TRUE  1
/Users/admin/builder/spi-builder-workspace/Sources/PoutouPush/APNS/APNS.swift:1:8: error: could not build Objective-C module 'CCurl'
  1 | import CCurl
    |        `- error: could not build Objective-C module 'CCurl'
  2 | import Foundation
  3 |
Failed frontend command:
/Applications/Xcode-27.0.0-Release.Candidate.app/Contents/Developer/Toolchains/XcodeDefault.xctoolchain/usr/bin/swift-frontend -frontend -emit-module -experimental-skip-non-inlinable-function-bodies-without-types /Users/admin/builder/spi-builder-workspace/Sources/PoutouPush/APNS/APNS.swift /Users/admin/builder/spi-builder-workspace/Sources/PoutouPush/APNS/APNSPayload.swift /Users/admin/builder/spi-builder-workspace/Sources/PoutouPush/FCM/FCM.swift /Users/admin/builder/spi-builder-workspace/Sources/PoutouPush/FCM/FCMPayload.swift /Users/admin/builder/spi-builder-workspace/Sources/PoutouPush/GCM/GCM.swift /Users/admin/builder/spi-builder-workspace/Sources/PoutouPush/GCM/GCMPayload.swift -target arm64_32-apple-watchos9.0 -enable-objc-interop -sdk /Applications/Xcode-27.0.0-Release.Candidate.app/Contents/Developer/Platforms/WatchOS.platform/Developer/SDKs/WatchOS27.0.sdk -I /Users/admin/builder/spi-builder-workspace/.derivedData/Build/Products/Debug-watchos -Isystem /Applications/Xcode-27.0.0-Release.Candidate.app/Contents/Developer/Platforms/WatchOS.platform/Developer/usr/lib -F /Users/admin/builder/spi-builder-workspace/.derivedData/Build/Products/Debug-watchos -F /Applications/Xcode-27.0.0-Release.Candidate.app/Contents/Developer/Platforms/WatchOS.platform/Developer/Library/Frameworks -F /Applications/Xcode-27.0.0-Release.Candidate.app/Contents/Developer/Platforms/WatchOS.platform/Developer/SDKs/WatchOS27.0.sdk/Developer/Library/Frameworks -module-cache-path /Users/admin/builder/spi-builder-workspace/.derivedData/ModuleCache.noindex -no-color-diagnostics -Xcc -fno-color-diagnostics -enable-testing -g -debug-info-format\=dwarf -dwarf-version\=4 -swift-version 4 -Onone -D SWIFT_PACKAGE -D DEBUG -D SWIFT_MODULE_RESOURCE_BUNDLE_UNAVAILABLE -D Xcode -serialize-debugging-options -enable-experimental-feature DebugDescriptionMacro -empty-abi-descriptor -plugin-path /Applications/Xcode-27.0.0-Release.Candidate.app/Contents/Developer/Toolchains/XcodeDefault.xctoolchain/usr/lib/swift/host/plugins/testing -validate-clang-modules-once -clang-build-session-file /Users/admin/builder/spi-builder-workspace/.derivedData/ModuleCache.noindex/Session.modulevalidation -Xcc -working-directory -Xcc /Users/admin/builder/spi-builder-workspace/.swiftpm/xcode -enable-anonymous-context-mangled-names -file-compilation-dir /Users/admin/builder/spi-builder-workspace/.swiftpm/xcode -Xcc -fmodule-map-file\=/Users/admin/builder/spi-builder-workspace/.dependencies/checkouts/CCurl/module.modulemap -Xcc -D_LIBCPP_HARDENING_MODE\=_LIBCPP_HARDENING_MODE_DEBUG -Xcc -ivfsstatcache -Xcc /Users/admin/builder/spi-builder-workspace/.derivedData/SDKStatCaches.noindex/watchos27.0-24R360-e829b21a6f8c9b70876ba0858053c04477534ef55a1706bf4c1112bbb242f0a2.sdkstatcache -Xcc -fmodules-prune-interval\=86400 -Xcc -fmodules-prune-after\=345600 -Xcc -I/Users/admin/builder/spi-builder-workspace/.derivedData/Build/Products/Debug-watchos/include -Xcc -I/Users/admin/builder/spi-builder-workspace/.derivedData/Build/Intermediates.noindex/PoutouPush.build/Debug-watchos/PoutouPush-t.build/DerivedSources-normal/arm64_32 -Xcc -I/Users/admin/builder/spi-builder-workspace/.derivedData/Build/Intermediates.noindex/PoutouPush.build/Debug-watchos/PoutouPush-t.build/DerivedSources/arm64_32 -Xcc -I/Users/admin/builder/spi-builder-workspace/.derivedData/Build/Intermediates.noindex/PoutouPush.build/Debug-watchos/PoutouPush-t.build/DerivedSources -Xcc -DSWIFT_PACKAGE -Xcc -DDEBUG\=1 -no-auto-bridging-header-chaining -module-name PoutouPush -const-gather-protocols-file /Users/admin/builder/spi-builder-workspace/.derivedData/Build/Intermediates.noindex/PoutouPush.build/Debug-watchos/PoutouPush-t.build/Objects-normal/arm64_32/PoutouPush_const_extract_protocols.json -disable-clang-spi -target-sdk-version 27.0 -target-sdk-name watchos27.0 -external-plugin-path /Applications/Xcode-27.0.0-Release.Candidate.app/Contents/Developer/Platforms/WatchOS.platform/Developer/usr/lib/swift/host/plugins\#/Applications/Xcode-27.0.0-Release.Candidate.app/Contents/Developer/Platforms/WatchOS.platform/Developer/usr/bin/swift-plugin-server -external-plugin-path /Applications/Xcode-27.0.0-Release.Candidate.app/Contents/Developer/Platforms/WatchOS.platform/Developer/usr/local/lib/swift/host/plugins\#/Applications/Xcode-27.0.0-Release.Candidate.app/Contents/Developer/Platforms/WatchOS.platform/Developer/usr/bin/swift-plugin-server -in-process-plugin-server-path /Applications/Xcode-27.0.0-Release.Candidate.app/Contents/Developer/Toolchains/XcodeDefault.xctoolchain/usr/lib/swift/host/libSwiftInProcPluginServer.dylib -plugin-path /Applications/Xcode-27.0.0-Release.Candidate.app/Contents/Developer/Toolchains/XcodeDefault.xctoolchain/usr/lib/swift/host/plugins -plugin-path /Applications/Xcode-27.0.0-Release.Candidate.app/Contents/Developer/Toolchains/XcodeDefault.xctoolchain/usr/local/lib/swift/host/plugins -emit-module-doc-path /Users/admin/builder/spi-builder-workspace/.derivedData/Build/Intermediates.noindex/PoutouPush.build/Debug-watchos/PoutouPush-t.build/Objects-normal/arm64_32/PoutouPush.swiftdoc -emit-module-source-info-path /Users/admin/builder/spi-builder-workspace/.derivedData/Build/Intermediates.noindex/PoutouPush.build/Debug-watchos/PoutouPush-t.build/Objects-normal/arm64_32/PoutouPush.swiftsourceinfo -emit-objc-header-path /Users/admin/builder/spi-builder-workspace/.derivedData/Build/Intermediates.noindex/PoutouPush.build/Debug-watchos/PoutouPush-t.build/Objects-normal/arm64_32/PoutouPush-Swift.h -serialize-diagnostics-path /Users/admin/builder/spi-builder-workspace/.derivedData/Build/Intermediates.noindex/PoutouPush.build/Debug-watchos/PoutouPush-t.build/Objects-normal/arm64_32/PoutouPush-primary-emit-module.dia -emit-dependencies-path /Users/admin/builder/spi-builder-workspace/.derivedData/Build/Intermediates.noindex/PoutouPush.build/Debug-watchos/PoutouPush-t.build/Objects-normal/arm64_32/PoutouPush-primary-emit-module.d -parse-as-library -o /Users/admin/builder/spi-builder-workspace/.derivedData/Build/Intermediates.noindex/PoutouPush.build/Debug-watchos/PoutouPush-t.build/Objects-normal/arm64_32/PoutouPush.swiftmodule -emit-abi-descriptor-path /Users/admin/builder/spi-builder-workspace/.derivedData/Build/Intermediates.noindex/PoutouPush.build/Debug-watchos/PoutouPush-t.build/Objects-normal/arm64_32/PoutouPush.abi.json
SwiftCompile normal arm64_32 Compiling\ APNS.swift /Users/admin/builder/spi-builder-workspace/Sources/PoutouPush/APNS/APNS.swift (in target 'PoutouPush' from project 'PoutouPush')
SwiftCompile normal arm64_32 /Users/admin/builder/spi-builder-workspace/Sources/PoutouPush/APNS/APNS.swift (in target 'PoutouPush' from project 'PoutouPush')
    cd /Users/admin/builder/spi-builder-workspace/.swiftpm/xcode
    builtin-SwiftPerFileCompile APNS.swift
<module-includes>:1:9: note: in file included from <module-includes>:1:
1 | #import "shim.h"
  |         `- note: in file included from <module-includes>:1:
2 |
/Users/admin/builder/spi-builder-workspace/.dependencies/checkouts/CCurl/shim.h:20:9: error: 'curl/curl.h' file not found
18 | #define CurlHelpers_h
19 |
20 | #import <curl/curl.h>
   |         `- error: 'curl/curl.h' file not found
21 |
22 | #define CURL_TRUE  1
SwiftCompile normal arm64_32 Compiling\ GCMPayload.swift /Users/admin/builder/spi-builder-workspace/Sources/PoutouPush/GCM/GCMPayload.swift (in target 'PoutouPush' from project 'PoutouPush')
SwiftCompile normal arm64_32 /Users/admin/builder/spi-builder-workspace/Sources/PoutouPush/GCM/GCMPayload.swift (in target 'PoutouPush' from project 'PoutouPush')
    cd /Users/admin/builder/spi-builder-workspace/.swiftpm/xcode
    builtin-SwiftPerFileCompile GCMPayload.swift
<module-includes>:1:9: note: in file included from <module-includes>:1:
1 | #import "shim.h"
  |         `- note: in file included from <module-includes>:1:
2 |
/Users/admin/builder/spi-builder-workspace/.dependencies/checkouts/CCurl/shim.h:20:9: error: 'curl/curl.h' file not found
18 | #define CurlHelpers_h
19 |
20 | #import <curl/curl.h>
   |         `- error: 'curl/curl.h' file not found
21 |
22 | #define CURL_TRUE  1
SwiftCompile normal arm64_32 Compiling\ FCM.swift /Users/admin/builder/spi-builder-workspace/Sources/PoutouPush/FCM/FCM.swift (in target 'PoutouPush' from project 'PoutouPush')
<module-includes>:1:9: note: in file included from <module-includes>:1:
1 | #import "shim.h"
  |         `- note: in file included from <module-includes>:1:
2 |
/Users/admin/builder/spi-builder-workspace/.dependencies/checkouts/CCurl/shim.h:20:9: error: 'curl/curl.h' file not found
18 | #define CurlHelpers_h
19 |
20 | #import <curl/curl.h>
   |         `- error: 'curl/curl.h' file not found
21 |
22 | #define CURL_TRUE  1
SwiftCompile normal arm64_32 /Users/admin/builder/spi-builder-workspace/Sources/PoutouPush/FCM/FCM.swift (in target 'PoutouPush' from project 'PoutouPush')
    cd /Users/admin/builder/spi-builder-workspace/.swiftpm/xcode
    builtin-SwiftPerFileCompile FCM.swift
SwiftCompile normal arm64_32 Compiling\ GCM.swift /Users/admin/builder/spi-builder-workspace/Sources/PoutouPush/GCM/GCM.swift (in target 'PoutouPush' from project 'PoutouPush')
SwiftCompile normal arm64_32 /Users/admin/builder/spi-builder-workspace/Sources/PoutouPush/GCM/GCM.swift (in target 'PoutouPush' from project 'PoutouPush')
    cd /Users/admin/builder/spi-builder-workspace/.swiftpm/xcode
    builtin-SwiftPerFileCompile GCM.swift
<module-includes>:1:9: note: in file included from <module-includes>:1:
1 | #import "shim.h"
  |         `- note: in file included from <module-includes>:1:
2 |
/Users/admin/builder/spi-builder-workspace/.dependencies/checkouts/CCurl/shim.h:20:9: error: 'curl/curl.h' file not found
18 | #define CurlHelpers_h
19 |
20 | #import <curl/curl.h>
   |         `- error: 'curl/curl.h' file not found
21 |
22 | #define CURL_TRUE  1
SwiftCompile normal arm64_32 Compiling\ APNSPayload.swift /Users/admin/builder/spi-builder-workspace/Sources/PoutouPush/APNS/APNSPayload.swift (in target 'PoutouPush' from project 'PoutouPush')
<module-includes>:1:9: note: in file included from <module-includes>:1:
1 | #import "shim.h"
  |         `- note: in file included from <module-includes>:1:
2 |
/Users/admin/builder/spi-builder-workspace/.dependencies/checkouts/CCurl/shim.h:20:9: error: 'curl/curl.h' file not found
18 | #define CurlHelpers_h
19 |
20 | #import <curl/curl.h>
   |         `- error: 'curl/curl.h' file not found
21 |
22 | #define CURL_TRUE  1
SwiftCompile normal arm64_32 /Users/admin/builder/spi-builder-workspace/Sources/PoutouPush/APNS/APNSPayload.swift (in target 'PoutouPush' from project 'PoutouPush')
    cd /Users/admin/builder/spi-builder-workspace/.swiftpm/xcode
    builtin-SwiftPerFileCompile APNSPayload.swift
SwiftCompile normal arm64_32 Compiling\ FCMPayload.swift /Users/admin/builder/spi-builder-workspace/Sources/PoutouPush/FCM/FCMPayload.swift (in target 'PoutouPush' from project 'PoutouPush')
<module-includes>:1:9: note: in file included from <module-includes>:1:
1 | #import "shim.h"
  |         `- note: in file included from <module-includes>:1:
2 |
/Users/admin/builder/spi-builder-workspace/.dependencies/checkouts/CCurl/shim.h:20:9: error: 'curl/curl.h' file not found
18 | #define CurlHelpers_h
19 |
20 | #import <curl/curl.h>
   |         `- error: 'curl/curl.h' file not found
21 |
22 | #define CURL_TRUE  1
SwiftCompile normal arm64_32 /Users/admin/builder/spi-builder-workspace/Sources/PoutouPush/FCM/FCMPayload.swift (in target 'PoutouPush' from project 'PoutouPush')
    cd /Users/admin/builder/spi-builder-workspace/.swiftpm/xcode
    builtin-SwiftPerFileCompile FCMPayload.swift
SwiftCompile normal arm64 Compiling\ APNSPayload.swift /Users/admin/builder/spi-builder-workspace/Sources/PoutouPush/APNS/APNSPayload.swift (in target 'PoutouPush' from project 'PoutouPush')
<module-includes>:1:9: note: in file included from <module-includes>:1:
1 | #import "shim.h"
  |         `- note: in file included from <module-includes>:1:
2 |
/Users/admin/builder/spi-builder-workspace/.dependencies/checkouts/CCurl/shim.h:20:9: error: 'curl/curl.h' file not found
18 | #define CurlHelpers_h
19 |
20 | #import <curl/curl.h>
   |         `- error: 'curl/curl.h' file not found
21 |
22 | #define CURL_TRUE  1
SwiftCompile normal arm64 /Users/admin/builder/spi-builder-workspace/Sources/PoutouPush/APNS/APNSPayload.swift (in target 'PoutouPush' from project 'PoutouPush')
    cd /Users/admin/builder/spi-builder-workspace/.swiftpm/xcode
    builtin-SwiftPerFileCompile APNSPayload.swift
SwiftEmitModule normal arm64 Emitting\ module\ for\ PoutouPush (in target 'PoutouPush' from project 'PoutouPush')
<module-includes>:1:9: note: in file included from <module-includes>:1:
1 | #import "shim.h"
  |         `- note: in file included from <module-includes>:1:
2 |
/Users/admin/builder/spi-builder-workspace/.dependencies/checkouts/CCurl/shim.h:20:9: error: 'curl/curl.h' file not found
18 | #define CurlHelpers_h
19 |
20 | #import <curl/curl.h>
   |         `- error: 'curl/curl.h' file not found
21 |
22 | #define CURL_TRUE  1
SwiftCompile normal arm64 (in target 'PoutouPush' from project 'PoutouPush')
    cd /Users/admin/builder/spi-builder-workspace/.swiftpm/xcode

SwiftCompile normal arm64 Compiling\ FCMPayload.swift /Users/admin/builder/spi-builder-workspace/Sources/PoutouPush/FCM/FCMPayload.swift (in target 'PoutouPush' from project 'PoutouPush')
<module-includes>:1:9: note: in file included from <module-includes>:1:
1 | #import "shim.h"
  |         `- note: in file included from <module-includes>:1:
2 |
/Users/admin/builder/spi-builder-workspace/.dependencies/checkouts/CCurl/shim.h:20:9: error: 'curl/curl.h' file not found
18 | #define CurlHelpers_h
19 |
20 | #import <curl/curl.h>
   |         `- error: 'curl/curl.h' file not found
21 |
22 | #define CURL_TRUE  1
SwiftCompile normal arm64 /Users/admin/builder/spi-builder-workspace/Sources/PoutouPush/FCM/FCMPayload.swift (in target 'PoutouPush' from project 'PoutouPush')
    cd /Users/admin/builder/spi-builder-workspace/.swiftpm/xcode
    builtin-SwiftPerFileCompile FCMPayload.swift
SwiftCompile normal arm64 Compiling\ GCM.swift /Users/admin/builder/spi-builder-workspace/Sources/PoutouPush/GCM/GCM.swift (in target 'PoutouPush' from project 'PoutouPush')
SwiftCompile normal arm64 /Users/admin/builder/spi-builder-workspace/Sources/PoutouPush/GCM/GCM.swift (in target 'PoutouPush' from project 'PoutouPush')
    cd /Users/admin/builder/spi-builder-workspace/.swiftpm/xcode
    builtin-SwiftPerFileCompile GCM.swift
PruneExplicitPrecompiledModules /Users/admin/builder/spi-builder-workspace/.derivedData/Build/Intermediates.noindex/SwiftExplicitPrecompiledModules
PruneExplicitPrecompiledModules /Users/admin/builder/spi-builder-workspace/.derivedData/SDKExplicitPrecompiledModules
PruneExplicitPrecompiledModules /Users/admin/builder/spi-builder-workspace/.derivedData/Build/Intermediates.noindex/ExplicitPrecompiledModules
2026-09-16 08:36:21.439 xcodebuild[685:4335] [MT] IDERunDestination: Supported platforms for the buildables in the current scheme is empty.
** BUILD FAILED **
The following build commands failed:
	SwiftCompile normal arm64_32 (in target 'PoutouPush' from project 'PoutouPush')
	SwiftEmitModule normal arm64_32 Emitting\ module\ for\ PoutouPush (in target 'PoutouPush' from project 'PoutouPush')
	Building workspace PoutouPush with scheme PoutouPush
(3 failures)
Command line invocation:
    /Applications/Xcode-27.0.0-Release.Candidate.app/Contents/Developer/usr/bin/xcodebuild -IDEClonedSourcePackagesDirPathOverride=/Users/admin/builder/spi-builder-workspace/.dependencies -resolvePackageDependencies
Resolve Package Graph
ignoring declared target(s) 'CCurl' in the system package
Resolved source packages:
  CCurl: https://github.com/IBM-Swift/CCurl.git @ 0.5.0
  PoutouPush: /Users/admin/builder/spi-builder-workspace
resolved source packages: CCurl, PoutouPush
2026-09-16 08:36:25.357 xcodebuild[718:4590] [MT] IDERunDestination: Supported platforms for the buildables in the current scheme is empty.
{
  "dependencies" : [
    {
      "identity" : "ccurl",
      "requirement" : {
        "range" : [
          {
            "lower_bound" : "0.4.1",
            "upper_bound" : "1.0.0"
          }
        ]
      },
      "type" : "sourceControl",
      "url" : "https://github.com/IBM-Swift/CCurl.git"
    }
  ],
  "manifest_display_name" : "PoutouPush",
  "name" : "PoutouPush",
  "path" : "/Users/admin/builder/spi-builder-workspace",
  "platforms" : [
  ],
  "products" : [
    {
      "name" : "PoutouPush",
      "targets" : [
        "PoutouPush"
      ],
      "type" : {
        "library" : [
          "automatic"
        ]
      }
    }
  ],
  "targets" : [
    {
      "c99name" : "PoutouPush",
      "module_type" : "SwiftTarget",
      "name" : "PoutouPush",
      "path" : "Sources/PoutouPush",
      "product_dependencies" : [
        "CCurl"
      ],
      "product_memberships" : [
        "PoutouPush"
      ],
      "sources" : [
        "APNS/APNS.swift",
        "APNS/APNSPayload.swift",
        "FCM/FCM.swift",
        "FCM/FCMPayload.swift",
        "GCM/GCM.swift",
        "GCM/GCMPayload.swift"
      ],
      "type" : "library"
    }
  ],
  "tools_version" : "4.0"
}
{
  "workspace" : {
    "name" : "PoutouPush",
    "schemes" : [
      "PoutouPush"
    ]
  }
}
2026-09-16 08:36:26.617 xcodebuild[726:4659] [MT] IDERunDestination: Supported platforms for the buildables in the current scheme is empty.
Running build ...
env DEVELOPER_DIR=/Applications/Xcode-27.0.0-Release.Candidate.app xcrun xcodebuild -IDEClonedSourcePackagesDirPathOverride=$PWD/.dependencies -skipMacroValidation -skipPackagePluginValidation -derivedDataPath $PWD/.derivedData build -scheme PoutouPush -destination generic/platform=watchOS
Command line invocation:
    /Applications/Xcode-27.0.0-Release.Candidate.app/Contents/Developer/usr/bin/xcodebuild -IDEClonedSourcePackagesDirPathOverride=/Users/admin/builder/spi-builder-workspace/.dependencies -skipMacroValidation -skipPackagePluginValidation -derivedDataPath /Users/admin/builder/spi-builder-workspace/.derivedData build -scheme PoutouPush -destination generic/platform=watchOS
Resolve Package Graph
ignoring declared target(s) 'CCurl' in the system package
Resolved source packages:
  CCurl: https://github.com/IBM-Swift/CCurl.git @ 0.5.0
  PoutouPush: /Users/admin/builder/spi-builder-workspace
ComputePackagePrebuildTargetDependencyGraph
Prepare packages
CreateBuildRequest
SendProjectDescription
CreateBuildOperation
ComputeTargetDependencyGraph
note: Building targets in dependency order
note: Target dependency graph (4 targets)
    Target 'PoutouPush-product' in project 'PoutouPush'
        ➜ Explicit dependency on target 'PoutouPush' in project 'PoutouPush'
        ➜ Explicit dependency on target 'CCurl-product' in project 'CCurl'
    Target 'PoutouPush' in project 'PoutouPush'
        ➜ Explicit dependency on target 'CCurl' in project 'CCurl'
        ➜ Explicit dependency on target 'CCurl-product' in project 'CCurl'
    Target 'CCurl-product' in project 'CCurl'
        ➜ Explicit dependency on target 'CCurl' in project 'CCurl'
    Target 'CCurl' in project 'CCurl' (no dependencies)
GatherProvisioningInputs
CreateBuildDescription
ClangStatCache /Applications/Xcode-27.0.0-Release.Candidate.app/Contents/Developer/Toolchains/XcodeDefault.xctoolchain/usr/bin/clang-stat-cache /Applications/Xcode-27.0.0-Release.Candidate.app/Contents/Developer/Platforms/WatchOS.platform/Developer/SDKs/WatchOS27.0.sdk /Users/admin/builder/spi-builder-workspace/.derivedData/SDKStatCaches.noindex/watchos27.0-24R360-e829b21a6f8c9b70876ba0858053c04477534ef55a1706bf4c1112bbb242f0a2.sdkstatcache
    cd /Users/admin/builder/spi-builder-workspace/.swiftpm/xcode
    /Applications/Xcode-27.0.0-Release.Candidate.app/Contents/Developer/Toolchains/XcodeDefault.xctoolchain/usr/bin/clang-stat-cache /Applications/Xcode-27.0.0-Release.Candidate.app/Contents/Developer/Platforms/WatchOS.platform/Developer/SDKs/WatchOS27.0.sdk -o /Users/admin/builder/spi-builder-workspace/.derivedData/SDKStatCaches.noindex/watchos27.0-24R360-e829b21a6f8c9b70876ba0858053c04477534ef55a1706bf4c1112bbb242f0a2.sdkstatcache
SwiftDriver PoutouPush normal arm64 com.apple.xcode.tools.swift.compiler (in target 'PoutouPush' from project 'PoutouPush')
    cd /Users/admin/builder/spi-builder-workspace/.swiftpm/xcode
    builtin-SwiftDriver -- /Applications/Xcode-27.0.0-Release.Candidate.app/Contents/Developer/Toolchains/XcodeDefault.xctoolchain/usr/bin/swiftc -parse-as-library -module-name PoutouPush -Onone @/Users/admin/builder/spi-builder-workspace/.derivedData/Build/Intermediates.noindex/PoutouPush.build/Debug-watchos/PoutouPush-t.build/Objects-normal/arm64/PoutouPush.SwiftFileList -DSWIFT_PACKAGE -DDEBUG -DSWIFT_MODULE_RESOURCE_BUNDLE_UNAVAILABLE -Xcc -fmodule-map-file\=/Users/admin/builder/spi-builder-workspace/.dependencies/checkouts/CCurl/module.modulemap -DXcode -plugin-path /Applications/Xcode-27.0.0-Release.Candidate.app/Contents/Developer/Toolchains/XcodeDefault.xctoolchain/usr/lib/swift/host/plugins/testing -enable-experimental-feature DebugDescriptionMacro -sdk /Applications/Xcode-27.0.0-Release.Candidate.app/Contents/Developer/Platforms/WatchOS.platform/Developer/SDKs/WatchOS27.0.sdk -target arm64-apple-watchos9.0 -g -module-cache-path /Users/admin/builder/spi-builder-workspace/.derivedData/ModuleCache.noindex -Xfrontend -serialize-debugging-options -enable-testing -index-store-path /Users/admin/builder/spi-builder-workspace/.derivedData/Index.noindex/DataStore -Xcc -D_LIBCPP_HARDENING_MODE\=_LIBCPP_HARDENING_MODE_DEBUG -swift-version 4 -I /Users/admin/builder/spi-builder-workspace/.derivedData/Build/Products/Debug-watchos -Isystem /Applications/Xcode-27.0.0-Release.Candidate.app/Contents/Developer/Platforms/WatchOS.platform/Developer/usr/lib -F /Users/admin/builder/spi-builder-workspace/.derivedData/Build/Products/Debug-watchos -F /Applications/Xcode-27.0.0-Release.Candidate.app/Contents/Developer/Platforms/WatchOS.platform/Developer/Library/Frameworks -F /Applications/Xcode-27.0.0-Release.Candidate.app/Contents/Developer/Platforms/WatchOS.platform/Developer/SDKs/WatchOS27.0.sdk/Developer/Library/Frameworks -c -j10 -enable-batch-mode -incremental -Xcc -ivfsstatcache -Xcc /Users/admin/builder/spi-builder-workspace/.derivedData/SDKStatCaches.noindex/watchos27.0-24R360-e829b21a6f8c9b70876ba0858053c04477534ef55a1706bf4c1112bbb242f0a2.sdkstatcache -output-file-map /Users/admin/builder/spi-builder-workspace/.derivedData/Build/Intermediates.noindex/PoutouPush.build/Debug-watchos/PoutouPush-t.build/Objects-normal/arm64/PoutouPush-OutputFileMap.json -save-temps -no-color-diagnostics -emit-dependencies -emit-module -emit-module-path /Users/admin/builder/spi-builder-workspace/.derivedData/Build/Intermediates.noindex/PoutouPush.build/Debug-watchos/PoutouPush-t.build/Objects-normal/arm64/PoutouPush.swiftmodule -serialize-diagnostics -validate-clang-modules-once -clang-build-session-file /Users/admin/builder/spi-builder-workspace/.derivedData/ModuleCache.noindex/Session.modulevalidation -Xcc -fmodules-prune-interval\=86400 -Xcc -fmodules-prune-after\=345600 -emit-const-values -const-gather-protocols-list /Users/admin/builder/spi-builder-workspace/.derivedData/Build/Intermediates.noindex/PoutouPush.build/Debug-watchos/PoutouPush-t.build/Objects-normal/arm64/PoutouPush_const_extract_protocols.json -Xcc -I/Users/admin/builder/spi-builder-workspace/.derivedData/Build/Products/Debug-watchos/include -Xcc -I/Users/admin/builder/spi-builder-workspace/.derivedData/Build/Intermediates.noindex/PoutouPush.build/Debug-watchos/PoutouPush-t.build/DerivedSources-normal/arm64 -Xcc -I/Users/admin/builder/spi-builder-workspace/.derivedData/Build/Intermediates.noindex/PoutouPush.build/Debug-watchos/PoutouPush-t.build/DerivedSources/arm64 -Xcc -I/Users/admin/builder/spi-builder-workspace/.derivedData/Build/Intermediates.noindex/PoutouPush.build/Debug-watchos/PoutouPush-t.build/DerivedSources -Xcc -DSWIFT_PACKAGE -Xcc -DDEBUG\=1 -emit-objc-header -emit-objc-header-path /Users/admin/builder/spi-builder-workspace/.derivedData/Build/Intermediates.noindex/PoutouPush.build/Debug-watchos/PoutouPush-t.build/Objects-normal/arm64/PoutouPush-Swift.h -working-directory /Users/admin/builder/spi-builder-workspace/.swiftpm/xcode -experimental-emit-module-separately -disable-cmo
SwiftDriver PoutouPush normal arm64_32 com.apple.xcode.tools.swift.compiler (in target 'PoutouPush' from project 'PoutouPush')
    cd /Users/admin/builder/spi-builder-workspace/.swiftpm/xcode
    builtin-SwiftDriver -- /Applications/Xcode-27.0.0-Release.Candidate.app/Contents/Developer/Toolchains/XcodeDefault.xctoolchain/usr/bin/swiftc -parse-as-library -module-name PoutouPush -Onone @/Users/admin/builder/spi-builder-workspace/.derivedData/Build/Intermediates.noindex/PoutouPush.build/Debug-watchos/PoutouPush-t.build/Objects-normal/arm64_32/PoutouPush.SwiftFileList -DSWIFT_PACKAGE -DDEBUG -DSWIFT_MODULE_RESOURCE_BUNDLE_UNAVAILABLE -Xcc -fmodule-map-file\=/Users/admin/builder/spi-builder-workspace/.dependencies/checkouts/CCurl/module.modulemap -DXcode -plugin-path /Applications/Xcode-27.0.0-Release.Candidate.app/Contents/Developer/Toolchains/XcodeDefault.xctoolchain/usr/lib/swift/host/plugins/testing -enable-experimental-feature DebugDescriptionMacro -sdk /Applications/Xcode-27.0.0-Release.Candidate.app/Contents/Developer/Platforms/WatchOS.platform/Developer/SDKs/WatchOS27.0.sdk -target arm64_32-apple-watchos9.0 -g -module-cache-path /Users/admin/builder/spi-builder-workspace/.derivedData/ModuleCache.noindex -Xfrontend -serialize-debugging-options -enable-testing -index-store-path /Users/admin/builder/spi-builder-workspace/.derivedData/Index.noindex/DataStore -Xcc -D_LIBCPP_HARDENING_MODE\=_LIBCPP_HARDENING_MODE_DEBUG -swift-version 4 -I /Users/admin/builder/spi-builder-workspace/.derivedData/Build/Products/Debug-watchos -Isystem /Applications/Xcode-27.0.0-Release.Candidate.app/Contents/Developer/Platforms/WatchOS.platform/Developer/usr/lib -F /Users/admin/builder/spi-builder-workspace/.derivedData/Build/Products/Debug-watchos -F /Applications/Xcode-27.0.0-Release.Candidate.app/Contents/Developer/Platforms/WatchOS.platform/Developer/Library/Frameworks -F /Applications/Xcode-27.0.0-Release.Candidate.app/Contents/Developer/Platforms/WatchOS.platform/Developer/SDKs/WatchOS27.0.sdk/Developer/Library/Frameworks -c -j10 -enable-batch-mode -incremental -Xcc -ivfsstatcache -Xcc /Users/admin/builder/spi-builder-workspace/.derivedData/SDKStatCaches.noindex/watchos27.0-24R360-e829b21a6f8c9b70876ba0858053c04477534ef55a1706bf4c1112bbb242f0a2.sdkstatcache -output-file-map /Users/admin/builder/spi-builder-workspace/.derivedData/Build/Intermediates.noindex/PoutouPush.build/Debug-watchos/PoutouPush-t.build/Objects-normal/arm64_32/PoutouPush-OutputFileMap.json -save-temps -no-color-diagnostics -emit-dependencies -emit-module -emit-module-path /Users/admin/builder/spi-builder-workspace/.derivedData/Build/Intermediates.noindex/PoutouPush.build/Debug-watchos/PoutouPush-t.build/Objects-normal/arm64_32/PoutouPush.swiftmodule -serialize-diagnostics -validate-clang-modules-once -clang-build-session-file /Users/admin/builder/spi-builder-workspace/.derivedData/ModuleCache.noindex/Session.modulevalidation -Xcc -fmodules-prune-interval\=86400 -Xcc -fmodules-prune-after\=345600 -emit-const-values -const-gather-protocols-list /Users/admin/builder/spi-builder-workspace/.derivedData/Build/Intermediates.noindex/PoutouPush.build/Debug-watchos/PoutouPush-t.build/Objects-normal/arm64_32/PoutouPush_const_extract_protocols.json -Xcc -I/Users/admin/builder/spi-builder-workspace/.derivedData/Build/Products/Debug-watchos/include -Xcc -I/Users/admin/builder/spi-builder-workspace/.derivedData/Build/Intermediates.noindex/PoutouPush.build/Debug-watchos/PoutouPush-t.build/DerivedSources-normal/arm64_32 -Xcc -I/Users/admin/builder/spi-builder-workspace/.derivedData/Build/Intermediates.noindex/PoutouPush.build/Debug-watchos/PoutouPush-t.build/DerivedSources/arm64_32 -Xcc -I/Users/admin/builder/spi-builder-workspace/.derivedData/Build/Intermediates.noindex/PoutouPush.build/Debug-watchos/PoutouPush-t.build/DerivedSources -Xcc -DSWIFT_PACKAGE -Xcc -DDEBUG\=1 -emit-objc-header -emit-objc-header-path /Users/admin/builder/spi-builder-workspace/.derivedData/Build/Intermediates.noindex/PoutouPush.build/Debug-watchos/PoutouPush-t.build/Objects-normal/arm64_32/PoutouPush-Swift.h -working-directory /Users/admin/builder/spi-builder-workspace/.swiftpm/xcode -experimental-emit-module-separately -disable-cmo
SwiftCompile normal arm64 Compiling\ APNS.swift /Users/admin/builder/spi-builder-workspace/Sources/PoutouPush/APNS/APNS.swift (in target 'PoutouPush' from project 'PoutouPush')
SwiftCompile normal arm64 /Users/admin/builder/spi-builder-workspace/Sources/PoutouPush/APNS/APNS.swift (in target 'PoutouPush' from project 'PoutouPush')
    cd /Users/admin/builder/spi-builder-workspace/.swiftpm/xcode
    builtin-SwiftPerFileCompile APNS.swift
<module-includes>:1:9: note: in file included from <module-includes>:1:
1 | #import "shim.h"
  |         `- note: in file included from <module-includes>:1:
2 |
/Users/admin/builder/spi-builder-workspace/.dependencies/checkouts/CCurl/shim.h:20:9: error: 'curl/curl.h' file not found
18 | #define CurlHelpers_h
19 |
20 | #import <curl/curl.h>
   |         `- error: 'curl/curl.h' file not found
21 |
22 | #define CURL_TRUE  1
SwiftCompile normal arm64 Compiling\ FCMPayload.swift /Users/admin/builder/spi-builder-workspace/Sources/PoutouPush/FCM/FCMPayload.swift (in target 'PoutouPush' from project 'PoutouPush')
<module-includes>:1:9: note: in file included from <module-includes>:1:
1 | #import "shim.h"
  |         `- note: in file included from <module-includes>:1:
2 |
/Users/admin/builder/spi-builder-workspace/.dependencies/checkouts/CCurl/shim.h:20:9: error: 'curl/curl.h' file not found
18 | #define CurlHelpers_h
19 |
20 | #import <curl/curl.h>
   |         `- error: 'curl/curl.h' file not found
21 |
22 | #define CURL_TRUE  1
SwiftCompile normal arm64 /Users/admin/builder/spi-builder-workspace/Sources/PoutouPush/FCM/FCMPayload.swift (in target 'PoutouPush' from project 'PoutouPush')
    cd /Users/admin/builder/spi-builder-workspace/.swiftpm/xcode
    builtin-SwiftPerFileCompile FCMPayload.swift
SwiftCompile normal arm64 Compiling\ GCMPayload.swift /Users/admin/builder/spi-builder-workspace/Sources/PoutouPush/GCM/GCMPayload.swift (in target 'PoutouPush' from project 'PoutouPush')
SwiftCompile normal arm64 /Users/admin/builder/spi-builder-workspace/Sources/PoutouPush/GCM/GCMPayload.swift (in target 'PoutouPush' from project 'PoutouPush')
    cd /Users/admin/builder/spi-builder-workspace/.swiftpm/xcode
    builtin-SwiftPerFileCompile GCMPayload.swift
SwiftCompile normal arm64 Compiling\ GCM.swift /Users/admin/builder/spi-builder-workspace/Sources/PoutouPush/GCM/GCM.swift (in target 'PoutouPush' from project 'PoutouPush')
<module-includes>:1:9: note: in file included from <module-includes>:1:
1 | #import "shim.h"
  |         `- note: in file included from <module-includes>:1:
2 |
/Users/admin/builder/spi-builder-workspace/.dependencies/checkouts/CCurl/shim.h:20:9: error: 'curl/curl.h' file not found
18 | #define CurlHelpers_h
19 |
20 | #import <curl/curl.h>
   |         `- error: 'curl/curl.h' file not found
21 |
22 | #define CURL_TRUE  1
SwiftCompile normal arm64 /Users/admin/builder/spi-builder-workspace/Sources/PoutouPush/GCM/GCM.swift (in target 'PoutouPush' from project 'PoutouPush')
    cd /Users/admin/builder/spi-builder-workspace/.swiftpm/xcode
    builtin-SwiftPerFileCompile GCM.swift
SwiftEmitModule normal arm64 Emitting\ module\ for\ PoutouPush (in target 'PoutouPush' from project 'PoutouPush')
<module-includes>:1:9: note: in file included from <module-includes>:1:
1 | #import "shim.h"
  |         `- note: in file included from <module-includes>:1:
2 |
/Users/admin/builder/spi-builder-workspace/.dependencies/checkouts/CCurl/shim.h:20:9: error: 'curl/curl.h' file not found
18 | #define CurlHelpers_h
19 |
20 | #import <curl/curl.h>
   |         `- error: 'curl/curl.h' file not found
21 |
22 | #define CURL_TRUE  1
SwiftCompile normal arm64 (in target 'PoutouPush' from project 'PoutouPush')
    cd /Users/admin/builder/spi-builder-workspace/.swiftpm/xcode

SwiftCompile normal arm64 Compiling\ APNSPayload.swift /Users/admin/builder/spi-builder-workspace/Sources/PoutouPush/APNS/APNSPayload.swift (in target 'PoutouPush' from project 'PoutouPush')
SwiftCompile normal arm64 /Users/admin/builder/spi-builder-workspace/Sources/PoutouPush/APNS/APNSPayload.swift (in target 'PoutouPush' from project 'PoutouPush')
    cd /Users/admin/builder/spi-builder-workspace/.swiftpm/xcode
    builtin-SwiftPerFileCompile APNSPayload.swift
<module-includes>:1:9: note: in file included from <module-includes>:1:
1 | #import "shim.h"
  |         `- note: in file included from <module-includes>:1:
2 |
/Users/admin/builder/spi-builder-workspace/.dependencies/checkouts/CCurl/shim.h:20:9: error: 'curl/curl.h' file not found
18 | #define CurlHelpers_h
19 |
20 | #import <curl/curl.h>
   |         `- error: 'curl/curl.h' file not found
21 |
22 | #define CURL_TRUE  1
SwiftCompile normal arm64 Compiling\ FCM.swift /Users/admin/builder/spi-builder-workspace/Sources/PoutouPush/FCM/FCM.swift (in target 'PoutouPush' from project 'PoutouPush')
<module-includes>:1:9: note: in file included from <module-includes>:1:
1 | #import "shim.h"
  |         `- note: in file included from <module-includes>:1:
2 |
/Users/admin/builder/spi-builder-workspace/.dependencies/checkouts/CCurl/shim.h:20:9: error: 'curl/curl.h' file not found
18 | #define CurlHelpers_h
19 |
20 | #import <curl/curl.h>
   |         `- error: 'curl/curl.h' file not found
21 |
22 | #define CURL_TRUE  1
SwiftCompile normal arm64 /Users/admin/builder/spi-builder-workspace/Sources/PoutouPush/FCM/FCM.swift (in target 'PoutouPush' from project 'PoutouPush')
    cd /Users/admin/builder/spi-builder-workspace/.swiftpm/xcode
    builtin-SwiftPerFileCompile FCM.swift
SwiftCompile normal arm64_32 Compiling\ APNSPayload.swift /Users/admin/builder/spi-builder-workspace/Sources/PoutouPush/APNS/APNSPayload.swift (in target 'PoutouPush' from project 'PoutouPush')
<module-includes>:1:9: note: in file included from <module-includes>:1:
1 | #import "shim.h"
  |         `- note: in file included from <module-includes>:1:
2 |
/Users/admin/builder/spi-builder-workspace/.dependencies/checkouts/CCurl/shim.h:20:9: error: 'curl/curl.h' file not found
18 | #define CurlHelpers_h
19 |
20 | #import <curl/curl.h>
   |         `- error: 'curl/curl.h' file not found
21 |
22 | #define CURL_TRUE  1
SwiftCompile normal arm64_32 /Users/admin/builder/spi-builder-workspace/Sources/PoutouPush/APNS/APNSPayload.swift (in target 'PoutouPush' from project 'PoutouPush')
    cd /Users/admin/builder/spi-builder-workspace/.swiftpm/xcode
    builtin-SwiftPerFileCompile APNSPayload.swift
SwiftCompile normal arm64_32 Compiling\ FCMPayload.swift /Users/admin/builder/spi-builder-workspace/Sources/PoutouPush/FCM/FCMPayload.swift (in target 'PoutouPush' from project 'PoutouPush')
<module-includes>:1:9: note: in file included from <module-includes>:1:
1 | #import "shim.h"
  |         `- note: in file included from <module-includes>:1:
2 |
/Users/admin/builder/spi-builder-workspace/.dependencies/checkouts/CCurl/shim.h:20:9: error: 'curl/curl.h' file not found
18 | #define CurlHelpers_h
19 |
20 | #import <curl/curl.h>
   |         `- error: 'curl/curl.h' file not found
21 |
22 | #define CURL_TRUE  1
SwiftCompile normal arm64_32 /Users/admin/builder/spi-builder-workspace/Sources/PoutouPush/FCM/FCMPayload.swift (in target 'PoutouPush' from project 'PoutouPush')
    cd /Users/admin/builder/spi-builder-workspace/.swiftpm/xcode
    builtin-SwiftPerFileCompile FCMPayload.swift
SwiftEmitModule normal arm64_32 Emitting\ module\ for\ PoutouPush (in target 'PoutouPush' from project 'PoutouPush')
<module-includes>:1:9: note: in file included from <module-includes>:1:
1 | #import "shim.h"
  |         `- note: in file included from <module-includes>:1:
2 |
/Users/admin/builder/spi-builder-workspace/.dependencies/checkouts/CCurl/shim.h:20:9: error: 'curl/curl.h' file not found
18 | #define CurlHelpers_h
19 |
20 | #import <curl/curl.h>
   |         `- error: 'curl/curl.h' file not found
21 |
22 | #define CURL_TRUE  1
/Users/admin/builder/spi-builder-workspace/Sources/PoutouPush/APNS/APNS.swift:1:8: error: could not build Objective-C module 'CCurl'
  1 | import CCurl
    |        `- error: could not build Objective-C module 'CCurl'
  2 | import Foundation
  3 |
Failed frontend command:
/Applications/Xcode-27.0.0-Release.Candidate.app/Contents/Developer/Toolchains/XcodeDefault.xctoolchain/usr/bin/swift-frontend -frontend -emit-module -experimental-skip-non-inlinable-function-bodies-without-types /Users/admin/builder/spi-builder-workspace/Sources/PoutouPush/APNS/APNS.swift /Users/admin/builder/spi-builder-workspace/Sources/PoutouPush/APNS/APNSPayload.swift /Users/admin/builder/spi-builder-workspace/Sources/PoutouPush/FCM/FCM.swift /Users/admin/builder/spi-builder-workspace/Sources/PoutouPush/FCM/FCMPayload.swift /Users/admin/builder/spi-builder-workspace/Sources/PoutouPush/GCM/GCM.swift /Users/admin/builder/spi-builder-workspace/Sources/PoutouPush/GCM/GCMPayload.swift -target arm64_32-apple-watchos9.0 -enable-objc-interop -sdk /Applications/Xcode-27.0.0-Release.Candidate.app/Contents/Developer/Platforms/WatchOS.platform/Developer/SDKs/WatchOS27.0.sdk -I /Users/admin/builder/spi-builder-workspace/.derivedData/Build/Products/Debug-watchos -Isystem /Applications/Xcode-27.0.0-Release.Candidate.app/Contents/Developer/Platforms/WatchOS.platform/Developer/usr/lib -F /Users/admin/builder/spi-builder-workspace/.derivedData/Build/Products/Debug-watchos -F /Applications/Xcode-27.0.0-Release.Candidate.app/Contents/Developer/Platforms/WatchOS.platform/Developer/Library/Frameworks -F /Applications/Xcode-27.0.0-Release.Candidate.app/Contents/Developer/Platforms/WatchOS.platform/Developer/SDKs/WatchOS27.0.sdk/Developer/Library/Frameworks -module-cache-path /Users/admin/builder/spi-builder-workspace/.derivedData/ModuleCache.noindex -no-color-diagnostics -Xcc -fno-color-diagnostics -enable-testing -g -debug-info-format\=dwarf -dwarf-version\=4 -swift-version 4 -Onone -D SWIFT_PACKAGE -D DEBUG -D SWIFT_MODULE_RESOURCE_BUNDLE_UNAVAILABLE -D Xcode -serialize-debugging-options -enable-experimental-feature DebugDescriptionMacro -empty-abi-descriptor -plugin-path /Applications/Xcode-27.0.0-Release.Candidate.app/Contents/Developer/Toolchains/XcodeDefault.xctoolchain/usr/lib/swift/host/plugins/testing -validate-clang-modules-once -clang-build-session-file /Users/admin/builder/spi-builder-workspace/.derivedData/ModuleCache.noindex/Session.modulevalidation -Xcc -working-directory -Xcc /Users/admin/builder/spi-builder-workspace/.swiftpm/xcode -enable-anonymous-context-mangled-names -file-compilation-dir /Users/admin/builder/spi-builder-workspace/.swiftpm/xcode -Xcc -fmodule-map-file\=/Users/admin/builder/spi-builder-workspace/.dependencies/checkouts/CCurl/module.modulemap -Xcc -D_LIBCPP_HARDENING_MODE\=_LIBCPP_HARDENING_MODE_DEBUG -Xcc -ivfsstatcache -Xcc /Users/admin/builder/spi-builder-workspace/.derivedData/SDKStatCaches.noindex/watchos27.0-24R360-e829b21a6f8c9b70876ba0858053c04477534ef55a1706bf4c1112bbb242f0a2.sdkstatcache -Xcc -fmodules-prune-interval\=86400 -Xcc -fmodules-prune-after\=345600 -Xcc -I/Users/admin/builder/spi-builder-workspace/.derivedData/Build/Products/Debug-watchos/include -Xcc -I/Users/admin/builder/spi-builder-workspace/.derivedData/Build/Intermediates.noindex/PoutouPush.build/Debug-watchos/PoutouPush-t.build/DerivedSources-normal/arm64_32 -Xcc -I/Users/admin/builder/spi-builder-workspace/.derivedData/Build/Intermediates.noindex/PoutouPush.build/Debug-watchos/PoutouPush-t.build/DerivedSources/arm64_32 -Xcc -I/Users/admin/builder/spi-builder-workspace/.derivedData/Build/Intermediates.noindex/PoutouPush.build/Debug-watchos/PoutouPush-t.build/DerivedSources -Xcc -DSWIFT_PACKAGE -Xcc -DDEBUG\=1 -no-auto-bridging-header-chaining -module-name PoutouPush -const-gather-protocols-file /Users/admin/builder/spi-builder-workspace/.derivedData/Build/Intermediates.noindex/PoutouPush.build/Debug-watchos/PoutouPush-t.build/Objects-normal/arm64_32/PoutouPush_const_extract_protocols.json -disable-clang-spi -target-sdk-version 27.0 -target-sdk-name watchos27.0 -external-plugin-path /Applications/Xcode-27.0.0-Release.Candidate.app/Contents/Developer/Platforms/WatchOS.platform/Developer/usr/lib/swift/host/plugins\#/Applications/Xcode-27.0.0-Release.Candidate.app/Contents/Developer/Platforms/WatchOS.platform/Developer/usr/bin/swift-plugin-server -external-plugin-path /Applications/Xcode-27.0.0-Release.Candidate.app/Contents/Developer/Platforms/WatchOS.platform/Developer/usr/local/lib/swift/host/plugins\#/Applications/Xcode-27.0.0-Release.Candidate.app/Contents/Developer/Platforms/WatchOS.platform/Developer/usr/bin/swift-plugin-server -in-process-plugin-server-path /Applications/Xcode-27.0.0-Release.Candidate.app/Contents/Developer/Toolchains/XcodeDefault.xctoolchain/usr/lib/swift/host/libSwiftInProcPluginServer.dylib -plugin-path /Applications/Xcode-27.0.0-Release.Candidate.app/Contents/Developer/Toolchains/XcodeDefault.xctoolchain/usr/lib/swift/host/plugins -plugin-path /Applications/Xcode-27.0.0-Release.Candidate.app/Contents/Developer/Toolchains/XcodeDefault.xctoolchain/usr/local/lib/swift/host/plugins -emit-module-doc-path /Users/admin/builder/spi-builder-workspace/.derivedData/Build/Intermediates.noindex/PoutouPush.build/Debug-watchos/PoutouPush-t.build/Objects-normal/arm64_32/PoutouPush.swiftdoc -emit-module-source-info-path /Users/admin/builder/spi-builder-workspace/.derivedData/Build/Intermediates.noindex/PoutouPush.build/Debug-watchos/PoutouPush-t.build/Objects-normal/arm64_32/PoutouPush.swiftsourceinfo -emit-objc-header-path /Users/admin/builder/spi-builder-workspace/.derivedData/Build/Intermediates.noindex/PoutouPush.build/Debug-watchos/PoutouPush-t.build/Objects-normal/arm64_32/PoutouPush-Swift.h -serialize-diagnostics-path /Users/admin/builder/spi-builder-workspace/.derivedData/Build/Intermediates.noindex/PoutouPush.build/Debug-watchos/PoutouPush-t.build/Objects-normal/arm64_32/PoutouPush-primary-emit-module.dia -emit-dependencies-path /Users/admin/builder/spi-builder-workspace/.derivedData/Build/Intermediates.noindex/PoutouPush.build/Debug-watchos/PoutouPush-t.build/Objects-normal/arm64_32/PoutouPush-primary-emit-module.d -parse-as-library -o /Users/admin/builder/spi-builder-workspace/.derivedData/Build/Intermediates.noindex/PoutouPush.build/Debug-watchos/PoutouPush-t.build/Objects-normal/arm64_32/PoutouPush.swiftmodule -emit-abi-descriptor-path /Users/admin/builder/spi-builder-workspace/.derivedData/Build/Intermediates.noindex/PoutouPush.build/Debug-watchos/PoutouPush-t.build/Objects-normal/arm64_32/PoutouPush.abi.json
SwiftCompile normal arm64_32 (in target 'PoutouPush' from project 'PoutouPush')
    cd /Users/admin/builder/spi-builder-workspace/.swiftpm/xcode

SwiftCompile normal arm64_32 Compiling\ APNS.swift /Users/admin/builder/spi-builder-workspace/Sources/PoutouPush/APNS/APNS.swift (in target 'PoutouPush' from project 'PoutouPush')
SwiftCompile normal arm64_32 /Users/admin/builder/spi-builder-workspace/Sources/PoutouPush/APNS/APNS.swift (in target 'PoutouPush' from project 'PoutouPush')
    cd /Users/admin/builder/spi-builder-workspace/.swiftpm/xcode
    builtin-SwiftPerFileCompile APNS.swift
PruneExplicitPrecompiledModules /Users/admin/builder/spi-builder-workspace/.derivedData/Build/Intermediates.noindex/SwiftExplicitPrecompiledModules
PruneExplicitPrecompiledModules /Users/admin/builder/spi-builder-workspace/.derivedData/SDKExplicitPrecompiledModules
PruneExplicitPrecompiledModules /Users/admin/builder/spi-builder-workspace/.derivedData/Build/Intermediates.noindex/ExplicitPrecompiledModules
2026-09-16 08:36:27.636 xcodebuild[727:4683] [MT] IDERunDestination: Supported platforms for the buildables in the current scheme is empty.
** BUILD FAILED **
The following build commands failed:
	SwiftEmitModule normal arm64_32 Emitting\ module\ for\ PoutouPush (in target 'PoutouPush' from project 'PoutouPush')
	SwiftCompile normal arm64_32 (in target 'PoutouPush' from project 'PoutouPush')
	Building workspace PoutouPush with scheme PoutouPush
(3 failures)
BUILD FAILURE 6.4 watchOS