Build Information
Failed to build libdatachannel, reference main (1847fa), with Swift 6.3 for tvOS using Xcode 26.4 on 3 Oct 2026 23:15:48 UTC.
Build Command
No build command. This typically means the build failed at an early stage where we determine the build command.Build Log
========================================
RunAll
========================================
Builder version: 5.1.1
Interrupt handler set up.
========================================
Checkout
========================================
Clone URL: https://github.com/HaishinKit/libdatachannel-xcframework.git
Reference: main
Initialized empty Git repository in /Users/admin/builder/spi-builder-workspace/.git/
From https://github.com/HaishinKit/libdatachannel-xcframework
* branch main -> FETCH_HEAD
* [new branch] main -> origin/main
HEAD is now at 1847fa7 Include debug information in optimized release builds
Cloned https://github.com/HaishinKit/libdatachannel-xcframework.git
Revision (git rev-parse @):
1847fa7f1311e0c1c2ac34ea9aa952bf3103c9d4
SUCCESS checkout https://github.com/HaishinKit/libdatachannel-xcframework.git at main
========================================
Build
========================================
Selected platform: tvOS
Swift version: 6.3
Building package at path: $PWD
https://github.com/HaishinKit/libdatachannel-xcframework.git
Command line invocation:
/Applications/Xcode-26.5.0.app/Contents/Developer/usr/bin/xcodebuild -IDEClonedSourcePackagesDirPathOverride=/Users/admin/builder/spi-builder-workspace/.dependencies -resolvePackageDependencies
Resolve Package Graph
Fetching from https://github.com/krzyzanowskim/OpenSSL-Package.git
Creating working copy of package ‘OpenSSL-Package’
Checking out 3.6.5000 of package ‘OpenSSL-Package’
local binary target 'libdatachannel' at '/Users/admin/builder/spi-builder-workspace/libdatachannel.xcframework' does not contain a binary artifact.fatalErrorResolve Package Graph
local binary target 'libdatachannel' at '/Users/admin/builder/spi-builder-workspace/libdatachannel.xcframework' does not contain a binary artifact.fatalError
Resolved source packages:
spi-builder-workspace: (null)
2026-10-03 19:15:46.698 xcodebuild[575:3142] Writing error result bundle to /var/folders/xq/y_g06wb113726d38xsyx71_h0000gn/T/ResultBundle_2026-03-10_19-15-0046.xcresult
xcodebuild: error: Could not resolve package dependencies:
local binary target 'libdatachannel' at '/Users/admin/builder/spi-builder-workspace/libdatachannel.xcframework' does not contain a binary artifact.
fatalError
Command line invocation:
/Applications/Xcode-26.5.0.app/Contents/Developer/usr/bin/xcodebuild -IDEClonedSourcePackagesDirPathOverride=/Users/admin/builder/spi-builder-workspace/.dependencies -resolvePackageDependencies
Resolve Package Graph
local binary target 'libdatachannel' at '/Users/admin/builder/spi-builder-workspace/libdatachannel.xcframework' does not contain a binary artifact.fatalError
Resolved source packages:
spi-builder-workspace: (null)
2026-10-03 19:15:48.409 xcodebuild[687:3988] Writing error result bundle to /var/folders/xq/y_g06wb113726d38xsyx71_h0000gn/T/ResultBundle_2026-03-10_19-15-0048.xcresult
xcodebuild: error: Could not resolve package dependencies:
local binary target 'libdatachannel' at '/Users/admin/builder/spi-builder-workspace/libdatachannel.xcframework' does not contain a binary artifact.
fatalError
BUILD FAILURE 6.3 tvOS