Build Information
Failed to build fish, reference main (4dd939), with Swift 6.4 for visionOS using Xcode 27.0 on 21 Sep 2026 04:28:45 UTC.
Build Command
env DEVELOPER_DIR=/Applications/Xcode-27.0.0-Release.Candidate.app xcrun xcodebuild -IDEClonedSourcePackagesDirPathOverride=$PWD/.dependencies -skipMacroValidation -skipPackagePluginValidation -derivedDataPath $PWD/.derivedData build -scheme fish -destination generic/platform=xrOSBuild Log
========================================
RunAll
========================================
Builder version: 5.1.0
Interrupt handler set up.
========================================
Checkout
========================================
Clone URL: https://github.com/swiftyfinch/Fish.git
Reference: main
Initialized empty Git repository in /Users/admin/builder/spi-builder-workspace/.git/
From https://github.com/swiftyfinch/Fish
* branch main -> FETCH_HEAD
* [new branch] main -> origin/main
HEAD is now at 4dd939e Use Xcode 14.3.1
Cloned https://github.com/swiftyfinch/Fish.git
Revision (git rev-parse @):
4dd939e717b7040da9ff21bf7d5ff20ee51acec4
SPI manifest file found: $PWD/.spi.yml
SUCCESS checkout https://github.com/swiftyfinch/Fish.git at main
========================================
Build
========================================
Selected platform: visionOS
Swift version: 6.4
Building package at path: $PWD
https://github.com/swiftyfinch/Fish.git
Command line invocation:
/Applications/Xcode-27.0.0-Release.Candidate.app/Contents/Developer/usr/bin/xcodebuild -IDEClonedSourcePackagesDirPathOverride=/Users/admin/builder/spi-builder-workspace/.dependencies -resolvePackageDependencies
Resolve Package Graph
Resolve Package Graph
Resolved source packages:
fish: /Users/admin/builder/spi-builder-workspace
resolved source packages: fish
2026-09-21 00:27:51.816 xcodebuild[529:3025] [MT] IDERunDestination: Supported platforms for the buildables in the current scheme is empty.
{
"dependencies" : [
],
"manifest_display_name" : "fish",
"name" : "fish",
"path" : "/Users/admin/builder/spi-builder-workspace",
"platforms" : [
{
"name" : "macos",
"version" : "12.0"
}
],
"products" : [
{
"name" : "Fish",
"targets" : [
"Fish"
],
"type" : {
"library" : [
"automatic"
]
}
}
],
"targets" : [
{
"c99name" : "FishTests",
"module_type" : "SwiftTarget",
"name" : "FishTests",
"path" : "Tests",
"sources" : [
"FileTests.swift",
"FolderTests.swift",
"IFileTests.swift",
"IFolderTests.swift",
"StringTests.swift",
"Utils/String+Fake.swift"
],
"target_dependencies" : [
"Fish"
],
"type" : "test"
},
{
"c99name" : "Fish",
"module_type" : "SwiftTarget",
"name" : "Fish",
"path" : "Sources",
"product_memberships" : [
"Fish"
],
"sources" : [
"Fish.swift",
"Implementation/Extensions/URL+Extensions.swift",
"Implementation/Manager/FilesManager+IFileManager.swift",
"Implementation/Manager/FilesManager+IFolderManager.swift",
"Implementation/Manager/FilesManager+IItemManager.swift",
"Implementation/Manager/FilesManager.swift",
"Implementation/Models/FileStorage.swift",
"Implementation/Models/FolderStorage.swift",
"Public/Extensions/String+RelativePath.swift",
"Public/FishError.swift",
"Public/General/File.swift",
"Public/General/Folder.swift",
"Public/Interfaces/IFile.swift",
"Public/Interfaces/IFilesManager.swift",
"Public/Interfaces/IFolder.swift",
"Public/Interfaces/IItem.swift"
],
"type" : "library"
}
],
"tools_version" : "5.7"
}
{
"workspace" : {
"name" : "fish",
"schemes" : [
"fish"
]
}
}
2026-09-21 00:28:32.542 xcodebuild[647:4120] [MT] IDERunDestination: Supported platforms for the buildables in the current scheme is empty.
Running build ...
env DEVELOPER_DIR=/Applications/Xcode-27.0.0-Release.Candidate.app xcrun xcodebuild -IDEClonedSourcePackagesDirPathOverride=$PWD/.dependencies -skipMacroValidation -skipPackagePluginValidation -derivedDataPath $PWD/.derivedData build -scheme fish -destination generic/platform=xrOS
Command line invocation:
/Applications/Xcode-27.0.0-Release.Candidate.app/Contents/Developer/usr/bin/xcodebuild -IDEClonedSourcePackagesDirPathOverride=/Users/admin/builder/spi-builder-workspace/.dependencies -skipMacroValidation -skipPackagePluginValidation -derivedDataPath /Users/admin/builder/spi-builder-workspace/.derivedData build -scheme fish -destination generic/platform=xrOS
Resolve Package Graph
Resolved source packages:
fish: /Users/admin/builder/spi-builder-workspace
ComputePackagePrebuildTargetDependencyGraph
Prepare packages
CreateBuildRequest
SendProjectDescription
CreateBuildOperation
ComputeTargetDependencyGraph
note: Building targets in dependency order
note: Target dependency graph (2 targets)
Target 'Fish-product' in project 'fish'
➜ Explicit dependency on target 'Fish' in project 'fish'
Target 'Fish' in project 'fish' (no dependencies)
GatherProvisioningInputs
CreateBuildDescription
ExecuteExternalTool /Applications/Xcode-27.0.0-Release.Candidate.app/Contents/Developer/Toolchains/XcodeDefault.xctoolchain/usr/bin/clang -v -E -dM -isysroot /Applications/Xcode-27.0.0-Release.Candidate.app/Contents/Developer/Platforms/XROS.platform/Developer/SDKs/XROS27.0.sdk -x c -c /dev/null
ExecuteExternalTool /Applications/Xcode-27.0.0-Release.Candidate.app/Contents/Developer/Toolchains/XcodeDefault.xctoolchain/usr/bin/swiftc --version
ExecuteExternalTool /Applications/Xcode-27.0.0-Release.Candidate.app/Contents/Developer/Toolchains/XcodeDefault.xctoolchain/usr/bin/ld -version_details
Build description signature: a5cdce984271ca3bb37215a43c471b49
Build description path: /Users/admin/builder/spi-builder-workspace/.derivedData/Build/Intermediates.noindex/XCBuildData/a5cdce984271ca3bb37215a43c471b49.xcbuilddata
CreateBuildDirectory /Users/admin/builder/spi-builder-workspace/.derivedData/SDKExplicitPrecompiledModules
cd /Users/admin/builder/spi-builder-workspace/.swiftpm/xcode
builtin-create-build-directory /Users/admin/builder/spi-builder-workspace/.derivedData/SDKExplicitPrecompiledModules
CreateBuildDirectory /Users/admin/builder/spi-builder-workspace/.derivedData/ModuleCache.noindex
cd /Users/admin/builder/spi-builder-workspace/.swiftpm/xcode
builtin-create-build-directory /Users/admin/builder/spi-builder-workspace/.derivedData/ModuleCache.noindex
CreateBuildDirectory /Users/admin/builder/spi-builder-workspace/.derivedData/CompilationCache.noindex
cd /Users/admin/builder/spi-builder-workspace/.swiftpm/xcode
builtin-create-build-directory /Users/admin/builder/spi-builder-workspace/.derivedData/CompilationCache.noindex
ClangStatCache /Applications/Xcode-27.0.0-Release.Candidate.app/Contents/Developer/Toolchains/XcodeDefault.xctoolchain/usr/bin/clang-stat-cache /Applications/Xcode-27.0.0-Release.Candidate.app/Contents/Developer/Platforms/XROS.platform/Developer/SDKs/XROS27.0.sdk /Users/admin/builder/spi-builder-workspace/.derivedData/SDKStatCaches.noindex/xros27.0-24M361-e829b21a6f8c9b70876ba0858053c044735bd543db762f57723cac368afd1ce4.sdkstatcache
cd /Users/admin/builder/spi-builder-workspace/.swiftpm/xcode
/Applications/Xcode-27.0.0-Release.Candidate.app/Contents/Developer/Toolchains/XcodeDefault.xctoolchain/usr/bin/clang-stat-cache /Applications/Xcode-27.0.0-Release.Candidate.app/Contents/Developer/Platforms/XROS.platform/Developer/SDKs/XROS27.0.sdk -o /Users/admin/builder/spi-builder-workspace/.derivedData/SDKStatCaches.noindex/xros27.0-24M361-e829b21a6f8c9b70876ba0858053c044735bd543db762f57723cac368afd1ce4.sdkstatcache
CreateBuildDirectory /Users/admin/builder/spi-builder-workspace/.derivedData/Build/Intermediates.noindex
cd /Users/admin/builder/spi-builder-workspace/.swiftpm/xcode
builtin-create-build-directory /Users/admin/builder/spi-builder-workspace/.derivedData/Build/Intermediates.noindex
CreateBuildDirectory /Users/admin/builder/spi-builder-workspace/.derivedData/Build/Products
cd /Users/admin/builder/spi-builder-workspace/.swiftpm/xcode
builtin-create-build-directory /Users/admin/builder/spi-builder-workspace/.derivedData/Build/Products
CreateBuildDirectory /Users/admin/builder/spi-builder-workspace/.derivedData/Build/Intermediates.noindex/SwiftExplicitPrecompiledModules
cd /Users/admin/builder/spi-builder-workspace/.swiftpm/xcode
builtin-create-build-directory /Users/admin/builder/spi-builder-workspace/.derivedData/Build/Intermediates.noindex/SwiftExplicitPrecompiledModules
CreateBuildDirectory /Users/admin/builder/spi-builder-workspace/.derivedData/Build/Intermediates.noindex/ExplicitPrecompiledModules
cd /Users/admin/builder/spi-builder-workspace/.swiftpm/xcode
builtin-create-build-directory /Users/admin/builder/spi-builder-workspace/.derivedData/Build/Intermediates.noindex/ExplicitPrecompiledModules
CreateBuildDirectory /Users/admin/builder/spi-builder-workspace/.derivedData/Build/Intermediates.noindex/PrecompiledHeaders
cd /Users/admin/builder/spi-builder-workspace/.swiftpm/xcode
builtin-create-build-directory /Users/admin/builder/spi-builder-workspace/.derivedData/Build/Intermediates.noindex/PrecompiledHeaders
CreateBuildDirectory /Users/admin/builder/spi-builder-workspace/.derivedData/Build/Intermediates.noindex/EagerLinkingTBDs/Debug-xros
cd /Users/admin/builder/spi-builder-workspace/.swiftpm/xcode
builtin-create-build-directory /Users/admin/builder/spi-builder-workspace/.derivedData/Build/Intermediates.noindex/EagerLinkingTBDs/Debug-xros
CreateBuildDirectory /Users/admin/builder/spi-builder-workspace/.derivedData/Build/Products/Debug-xros
cd /Users/admin/builder/spi-builder-workspace/.swiftpm/xcode
builtin-create-build-directory /Users/admin/builder/spi-builder-workspace/.derivedData/Build/Products/Debug-xros
CreateBuildDirectory /Users/admin/builder/spi-builder-workspace/.derivedData/Build/Products/Debug-xros/PackageFrameworks
cd /Users/admin/builder/spi-builder-workspace/.swiftpm/xcode
builtin-create-build-directory /Users/admin/builder/spi-builder-workspace/.derivedData/Build/Products/Debug-xros/PackageFrameworks
WriteAuxiliaryFile /Users/admin/builder/spi-builder-workspace/.derivedData/Build/Intermediates.noindex/fish.build/Debug-xros/Fish-t.build/Fish.modulemap (in target 'Fish' from project 'fish')
cd /Users/admin/builder/spi-builder-workspace
write-file /Users/admin/builder/spi-builder-workspace/.derivedData/Build/Intermediates.noindex/fish.build/Debug-xros/Fish-t.build/Fish.modulemap
WriteAuxiliaryFile /Users/admin/builder/spi-builder-workspace/.derivedData/Build/Intermediates.noindex/fish.build/Debug-xros/Fish-t.build/Fish.DependencyMetadataFileList (in target 'Fish' from project 'fish')
cd /Users/admin/builder/spi-builder-workspace
write-file /Users/admin/builder/spi-builder-workspace/.derivedData/Build/Intermediates.noindex/fish.build/Debug-xros/Fish-t.build/Fish.DependencyMetadataFileList
WriteAuxiliaryFile /Users/admin/builder/spi-builder-workspace/.derivedData/Build/Intermediates.noindex/fish.build/Debug-xros/Fish-t.build/Fish.DependencyStaticMetadataFileList (in target 'Fish' from project 'fish')
cd /Users/admin/builder/spi-builder-workspace
write-file /Users/admin/builder/spi-builder-workspace/.derivedData/Build/Intermediates.noindex/fish.build/Debug-xros/Fish-t.build/Fish.DependencyStaticMetadataFileList
WriteAuxiliaryFile /Users/admin/builder/spi-builder-workspace/.derivedData/Build/Intermediates.noindex/fish.build/Debug-xros/Fish-t.build/Objects-normal/arm64/Fish_const_extract_protocols.json (in target 'Fish' from project 'fish')
cd /Users/admin/builder/spi-builder-workspace
write-file /Users/admin/builder/spi-builder-workspace/.derivedData/Build/Intermediates.noindex/fish.build/Debug-xros/Fish-t.build/Objects-normal/arm64/Fish_const_extract_protocols.json
WriteAuxiliaryFile /Users/admin/builder/spi-builder-workspace/.derivedData/Build/Intermediates.noindex/fish.build/Debug-xros/Fish-t.build/Objects-normal/arm64/Fish.SwiftFileList (in target 'Fish' from project 'fish')
cd /Users/admin/builder/spi-builder-workspace
write-file /Users/admin/builder/spi-builder-workspace/.derivedData/Build/Intermediates.noindex/fish.build/Debug-xros/Fish-t.build/Objects-normal/arm64/Fish.SwiftFileList
WriteAuxiliaryFile /Users/admin/builder/spi-builder-workspace/.derivedData/Build/Intermediates.noindex/fish.build/Debug-xros/Fish-t.build/Objects-normal/arm64/Fish-OutputFileMap.json (in target 'Fish' from project 'fish')
cd /Users/admin/builder/spi-builder-workspace
write-file /Users/admin/builder/spi-builder-workspace/.derivedData/Build/Intermediates.noindex/fish.build/Debug-xros/Fish-t.build/Objects-normal/arm64/Fish-OutputFileMap.json
WriteAuxiliaryFile /Users/admin/builder/spi-builder-workspace/.derivedData/Build/Intermediates.noindex/fish.build/Debug-xros/Fish-t.build/Objects-normal/arm64/Fish.LinkFileList (in target 'Fish' from project 'fish')
cd /Users/admin/builder/spi-builder-workspace
write-file /Users/admin/builder/spi-builder-workspace/.derivedData/Build/Intermediates.noindex/fish.build/Debug-xros/Fish-t.build/Objects-normal/arm64/Fish.LinkFileList
WriteAuxiliaryFile /Users/admin/builder/spi-builder-workspace/.derivedData/Build/Intermediates.noindex/fish.build/Debug-xros/Fish-t.build/Objects-normal/arm64/Fish.SwiftConstValuesFileList (in target 'Fish' from project 'fish')
cd /Users/admin/builder/spi-builder-workspace
write-file /Users/admin/builder/spi-builder-workspace/.derivedData/Build/Intermediates.noindex/fish.build/Debug-xros/Fish-t.build/Objects-normal/arm64/Fish.SwiftConstValuesFileList
Copy /Users/admin/builder/spi-builder-workspace/.derivedData/Build/Intermediates.noindex/GeneratedModuleMaps-xros/Fish.modulemap /Users/admin/builder/spi-builder-workspace/.derivedData/Build/Intermediates.noindex/fish.build/Debug-xros/Fish-t.build/Fish.modulemap (in target 'Fish' from project 'fish')
cd /Users/admin/builder/spi-builder-workspace
builtin-copy -exclude .DS_Store -exclude CVS -exclude .svn -exclude .git -exclude .hg -resolve-src-symlinks /Users/admin/builder/spi-builder-workspace/.derivedData/Build/Intermediates.noindex/fish.build/Debug-xros/Fish-t.build/Fish.modulemap /Users/admin/builder/spi-builder-workspace/.derivedData/Build/Intermediates.noindex/GeneratedModuleMaps-xros
SwiftDriver Fish normal arm64 com.apple.xcode.tools.swift.compiler (in target 'Fish' from project 'fish')
cd /Users/admin/builder/spi-builder-workspace/.swiftpm/xcode
builtin-SwiftDriver -- /Applications/Xcode-27.0.0-Release.Candidate.app/Contents/Developer/Toolchains/XcodeDefault.xctoolchain/usr/bin/swiftc -parse-as-library -module-name Fish -Onone @/Users/admin/builder/spi-builder-workspace/.derivedData/Build/Intermediates.noindex/fish.build/Debug-xros/Fish-t.build/Objects-normal/arm64/Fish.SwiftFileList -DSWIFT_PACKAGE -DDEBUG -DSWIFT_MODULE_RESOURCE_BUNDLE_UNAVAILABLE -DXcode -plugin-path /Applications/Xcode-27.0.0-Release.Candidate.app/Contents/Developer/Toolchains/XcodeDefault.xctoolchain/usr/lib/swift/host/plugins/testing -enable-experimental-feature DebugDescriptionMacro -sdk /Applications/Xcode-27.0.0-Release.Candidate.app/Contents/Developer/Platforms/XROS.platform/Developer/SDKs/XROS27.0.sdk -target arm64-apple-xros1.0 -g -module-cache-path /Users/admin/builder/spi-builder-workspace/.derivedData/ModuleCache.noindex -Xfrontend -serialize-debugging-options -profile-coverage-mapping -profile-generate -enable-testing -index-store-path /Users/admin/builder/spi-builder-workspace/.derivedData/Index.noindex/DataStore -Xcc -D_LIBCPP_HARDENING_MODE\=_LIBCPP_HARDENING_MODE_DEBUG -swift-version 5 -I /Users/admin/builder/spi-builder-workspace/.derivedData/Build/Products/Debug-xros -Isystem /Applications/Xcode-27.0.0-Release.Candidate.app/Contents/Developer/Platforms/XROS.platform/Developer/usr/lib -F /Users/admin/builder/spi-builder-workspace/.derivedData/Build/Products/Debug-xros -F /Applications/Xcode-27.0.0-Release.Candidate.app/Contents/Developer/Platforms/XROS.platform/Developer/Library/Frameworks -F /Applications/Xcode-27.0.0-Release.Candidate.app/Contents/Developer/Platforms/XROS.platform/Developer/SDKs/XROS27.0.sdk/Developer/Library/Frameworks -c -j10 -enable-batch-mode -incremental -Xcc -ivfsstatcache -Xcc /Users/admin/builder/spi-builder-workspace/.derivedData/SDKStatCaches.noindex/xros27.0-24M361-e829b21a6f8c9b70876ba0858053c044735bd543db762f57723cac368afd1ce4.sdkstatcache -output-file-map /Users/admin/builder/spi-builder-workspace/.derivedData/Build/Intermediates.noindex/fish.build/Debug-xros/Fish-t.build/Objects-normal/arm64/Fish-OutputFileMap.json -save-temps -no-color-diagnostics -explicit-module-build -module-cache-path /Users/admin/builder/spi-builder-workspace/.derivedData/Build/Intermediates.noindex/SwiftExplicitPrecompiledModules -clang-scanner-module-cache-path /Users/admin/builder/spi-builder-workspace/.derivedData/ModuleCache.noindex -sdk-module-cache-path /Users/admin/builder/spi-builder-workspace/.derivedData/SDKExplicitPrecompiledModules -emit-dependencies -emit-module -emit-module-path /Users/admin/builder/spi-builder-workspace/.derivedData/Build/Intermediates.noindex/fish.build/Debug-xros/Fish-t.build/Objects-normal/arm64/Fish.swiftmodule -serialize-diagnostics -dependency-scan-serialize-diagnostics-path /Users/admin/builder/spi-builder-workspace/.derivedData/Build/Intermediates.noindex/fish.build/Debug-xros/Fish-t.build/Objects-normal/arm64/Fish-dependency-scan.dia -validate-clang-modules-once -clang-build-session-file /Users/admin/builder/spi-builder-workspace/.derivedData/ModuleCache.noindex/Session.modulevalidation -Xcc -fmodules-prune-interval\=86400 -Xcc -fmodules-prune-after\=345600 -emit-const-values -const-gather-protocols-list /Users/admin/builder/spi-builder-workspace/.derivedData/Build/Intermediates.noindex/fish.build/Debug-xros/Fish-t.build/Objects-normal/arm64/Fish_const_extract_protocols.json -Xcc -I/Users/admin/builder/spi-builder-workspace/.derivedData/Build/Products/Debug-xros/include -Xcc -I/Users/admin/builder/spi-builder-workspace/.derivedData/Build/Intermediates.noindex/fish.build/Debug-xros/Fish-t.build/DerivedSources-normal/arm64 -Xcc -I/Users/admin/builder/spi-builder-workspace/.derivedData/Build/Intermediates.noindex/fish.build/Debug-xros/Fish-t.build/DerivedSources/arm64 -Xcc -I/Users/admin/builder/spi-builder-workspace/.derivedData/Build/Intermediates.noindex/fish.build/Debug-xros/Fish-t.build/DerivedSources -Xcc -DSWIFT_PACKAGE -Xcc -DDEBUG\=1 -emit-objc-header -emit-objc-header-path /Users/admin/builder/spi-builder-workspace/.derivedData/Build/Intermediates.noindex/fish.build/Debug-xros/Fish-t.build/Objects-normal/arm64/Fish-Swift.h -working-directory /Users/admin/builder/spi-builder-workspace/.swiftpm/xcode -experimental-emit-module-separately -disable-cmo
SwiftExplicitDependencyGeneratePcm arm64 /Users/admin/builder/spi-builder-workspace/.derivedData/SDKExplicitPrecompiledModules/_Builtin_stdarg-CDA349K2K4US766844K8E0PVA.pcm
SwiftExplicitDependencyGeneratePcm arm64 /Users/admin/builder/spi-builder-workspace/.derivedData/SDKExplicitPrecompiledModules/_AvailabilityInternal-1Q8IQP6M38UWSGZ95UCEY2M44.pcm
SwiftExplicitDependencyGeneratePcm arm64 /Users/admin/builder/spi-builder-workspace/.derivedData/SDKExplicitPrecompiledModules/ptrauth-1WBA714DZSVUL5JQDJ08CLKZ.pcm
SwiftExplicitDependencyGeneratePcm arm64 /Users/admin/builder/spi-builder-workspace/.derivedData/SDKExplicitPrecompiledModules/_SwiftConcurrencyShims-C8XHKSHX96D5YYALNM4W70Z0O.pcm
SwiftExplicitDependencyGeneratePcm arm64 /Users/admin/builder/spi-builder-workspace/.derivedData/SDKExplicitPrecompiledModules/SwiftShims-CI4H5RO9IYFFWQ2COB512Q2S9.pcm
SwiftExplicitDependencyGeneratePcm arm64 /Users/admin/builder/spi-builder-workspace/.derivedData/SDKExplicitPrecompiledModules/_Builtin_stddef-5NQ9Z1GV07GBSRQGAQCGXGVRI.pcm
SwiftExplicitDependencyGeneratePcm arm64 /Users/admin/builder/spi-builder-workspace/.derivedData/SDKExplicitPrecompiledModules/_Builtin_float-6WKHNW5S40U2QGHXXGETUDIRA.pcm
SwiftExplicitDependencyGeneratePcm arm64 /Users/admin/builder/spi-builder-workspace/.derivedData/SDKExplicitPrecompiledModules/_Builtin_stdbool-5BU2ADS7JXQMYENKQHW9X8XOU.pcm
SwiftExplicitDependencyGeneratePcm arm64 /Users/admin/builder/spi-builder-workspace/.derivedData/SDKExplicitPrecompiledModules/ptrcheck-BXA97MNLI4BB0HF5I8MJE403D.pcm
SwiftExplicitDependencyGeneratePcm arm64 /Users/admin/builder/spi-builder-workspace/.derivedData/SDKExplicitPrecompiledModules/_DarwinFoundation1-5RGRVV2TZ6WC4WZW5IXF8NQ04.pcm
SwiftExplicitDependencyGeneratePcm arm64 /Users/admin/builder/spi-builder-workspace/.derivedData/SDKExplicitPrecompiledModules/_DarwinFoundation2-ENTECK156YEWITZRRBTOCE4KR.pcm
SwiftExplicitDependencyGeneratePcm arm64 /Users/admin/builder/spi-builder-workspace/.derivedData/SDKExplicitPrecompiledModules/_Builtin_limits-425JDMN5HPM3D0UEI8LEHP6NM.pcm
SwiftExplicitDependencyGeneratePcm arm64 /Users/admin/builder/spi-builder-workspace/.derivedData/SDKExplicitPrecompiledModules/_Builtin_stdint-8OR6T47OOYJA90ZBO3N1USDE.pcm
SwiftExplicitDependencyGeneratePcm arm64 /Users/admin/builder/spi-builder-workspace/.derivedData/SDKExplicitPrecompiledModules/sys_types-AYM0BHR77VKMWZCO2T0XGV2HF.pcm
SwiftExplicitDependencyGeneratePcm arm64 /Users/admin/builder/spi-builder-workspace/.derivedData/SDKExplicitPrecompiledModules/string_h-2GT67HHHHK5CF1V1S31LH0PU2.pcm
SwiftExplicitDependencyGeneratePcm arm64 /Users/admin/builder/spi-builder-workspace/.derivedData/SDKExplicitPrecompiledModules/_DarwinFoundation3-9ZHN6JKBS40BBA81RQMV8H0IC.pcm
SwiftExplicitDependencyGeneratePcm arm64 /Users/admin/builder/spi-builder-workspace/.derivedData/SDKExplicitPrecompiledModules/_Builtin_inttypes-11B64KJD36B3YOHBR1BBXBJY8.pcm
SwiftExplicitDependencyGeneratePcm arm64 /Users/admin/builder/spi-builder-workspace/.derivedData/SDKExplicitPrecompiledModules/Darwin-60P5LVNQO3ESRRM5DCJ05PFNK.pcm
SwiftExplicitDependencyGeneratePcm arm64 /Users/admin/builder/spi-builder-workspace/.derivedData/SDKExplicitPrecompiledModules/ObjectiveC-26TIBFYCEJZVP216ZZAU1X8KN.pcm
SwiftExplicitDependencyGeneratePcm arm64 /Users/admin/builder/spi-builder-workspace/.derivedData/SDKExplicitPrecompiledModules/os_object-692CJ8BG6RE5H04487EJJOVXW.pcm
SwiftExplicitDependencyGeneratePcm arm64 /Users/admin/builder/spi-builder-workspace/.derivedData/SDKExplicitPrecompiledModules/os_workgroup-4U1VXMWIZD80E7PRUQF2G7P9X.pcm
SwiftExplicitDependencyGeneratePcm arm64 /Users/admin/builder/spi-builder-workspace/.derivedData/SDKExplicitPrecompiledModules/Dispatch-CLT3466HKC22GCKAWSCNG0H7T.pcm
SwiftExplicitDependencyGeneratePcm arm64 /Users/admin/builder/spi-builder-workspace/.derivedData/SDKExplicitPrecompiledModules/CoreFoundation-AVLTZVCXBU2TO75JCN4AGU8XJ.pcm
SwiftExplicitDependencyGeneratePcm arm64 /Users/admin/builder/spi-builder-workspace/.derivedData/SDKExplicitPrecompiledModules/XPC-EP5EU7FNGP4VOA3EDM18P1KHO.pcm
SwiftExplicitDependencyGeneratePcm arm64 /Users/admin/builder/spi-builder-workspace/.derivedData/SDKExplicitPrecompiledModules/Security-8TH2M8WJIQMET4SADWX0N8372.pcm
SwiftExplicitDependencyGeneratePcm arm64 /Users/admin/builder/spi-builder-workspace/.derivedData/SDKExplicitPrecompiledModules/CFNetwork-5MI70N1VLDQSWTX4COWLMSIRO.pcm
SwiftExplicitDependencyGeneratePcm arm64 /Users/admin/builder/spi-builder-workspace/.derivedData/SDKExplicitPrecompiledModules/Foundation-8GON1KVEKRN3NOQI8RETBRWJP.pcm
SwiftEmitModule normal arm64 Emitting\ module\ for\ Fish (in target 'Fish' from project 'fish')
SwiftCompile normal arm64 (in target 'Fish' from project 'fish')
cd /Users/admin/builder/spi-builder-workspace/.swiftpm/xcode
SwiftCompile normal arm64 Compiling\ IFolder.swift /Users/admin/builder/spi-builder-workspace/Sources/Public/Interfaces/IFolder.swift (in target 'Fish' from project 'fish')
SwiftCompile normal arm64 /Users/admin/builder/spi-builder-workspace/Sources/Public/Interfaces/IFolder.swift (in target 'Fish' from project 'fish')
cd /Users/admin/builder/spi-builder-workspace/.swiftpm/xcode
builtin-SwiftPerFileCompile IFolder.swift
SwiftCompile normal arm64 Compiling\ IFilesManager.swift /Users/admin/builder/spi-builder-workspace/Sources/Public/Interfaces/IFilesManager.swift (in target 'Fish' from project 'fish')
SwiftCompile normal arm64 /Users/admin/builder/spi-builder-workspace/Sources/Public/Interfaces/IFilesManager.swift (in target 'Fish' from project 'fish')
cd /Users/admin/builder/spi-builder-workspace/.swiftpm/xcode
builtin-SwiftPerFileCompile IFilesManager.swift
SwiftCompile normal arm64 Compiling\ IItem.swift /Users/admin/builder/spi-builder-workspace/Sources/Public/Interfaces/IItem.swift (in target 'Fish' from project 'fish')
SwiftCompile normal arm64 /Users/admin/builder/spi-builder-workspace/Sources/Public/Interfaces/IItem.swift (in target 'Fish' from project 'fish')
cd /Users/admin/builder/spi-builder-workspace/.swiftpm/xcode
builtin-SwiftPerFileCompile IItem.swift
SwiftCompile normal arm64 Compiling\ FilesManager+IItemManager.swift,\ FilesManager.swift /Users/admin/builder/spi-builder-workspace/Sources/Implementation/Manager/FilesManager+IItemManager.swift /Users/admin/builder/spi-builder-workspace/Sources/Implementation/Manager/FilesManager.swift (in target 'Fish' from project 'fish')
SwiftCompile normal arm64 /Users/admin/builder/spi-builder-workspace/Sources/Implementation/Manager/FilesManager+IItemManager.swift (in target 'Fish' from project 'fish')
cd /Users/admin/builder/spi-builder-workspace/.swiftpm/xcode
builtin-SwiftPerFileCompile FilesManager+IItemManager.swift
SwiftCompile normal arm64 /Users/admin/builder/spi-builder-workspace/Sources/Implementation/Manager/FilesManager.swift (in target 'Fish' from project 'fish')
cd /Users/admin/builder/spi-builder-workspace/.swiftpm/xcode
builtin-SwiftPerFileCompile FilesManager.swift
SwiftCompile normal arm64 Compiling\ IFile.swift /Users/admin/builder/spi-builder-workspace/Sources/Public/Interfaces/IFile.swift (in target 'Fish' from project 'fish')
SwiftCompile normal arm64 /Users/admin/builder/spi-builder-workspace/Sources/Public/Interfaces/IFile.swift (in target 'Fish' from project 'fish')
cd /Users/admin/builder/spi-builder-workspace/.swiftpm/xcode
builtin-SwiftPerFileCompile IFile.swift
SwiftCompile normal arm64 Compiling\ String+RelativePath.swift,\ FishError.swift /Users/admin/builder/spi-builder-workspace/Sources/Public/Extensions/String+RelativePath.swift /Users/admin/builder/spi-builder-workspace/Sources/Public/FishError.swift (in target 'Fish' from project 'fish')
SwiftCompile normal arm64 /Users/admin/builder/spi-builder-workspace/Sources/Public/Extensions/String+RelativePath.swift (in target 'Fish' from project 'fish')
cd /Users/admin/builder/spi-builder-workspace/.swiftpm/xcode
builtin-SwiftPerFileCompile String+RelativePath.swift
SwiftCompile normal arm64 /Users/admin/builder/spi-builder-workspace/Sources/Public/FishError.swift (in target 'Fish' from project 'fish')
cd /Users/admin/builder/spi-builder-workspace/.swiftpm/xcode
builtin-SwiftPerFileCompile FishError.swift
SwiftCompile normal arm64 Compiling\ FileStorage.swift,\ FolderStorage.swift /Users/admin/builder/spi-builder-workspace/Sources/Implementation/Models/FileStorage.swift /Users/admin/builder/spi-builder-workspace/Sources/Implementation/Models/FolderStorage.swift (in target 'Fish' from project 'fish')
SwiftCompile normal arm64 /Users/admin/builder/spi-builder-workspace/Sources/Implementation/Models/FileStorage.swift (in target 'Fish' from project 'fish')
cd /Users/admin/builder/spi-builder-workspace/.swiftpm/xcode
builtin-SwiftPerFileCompile FileStorage.swift
SwiftCompile normal arm64 /Users/admin/builder/spi-builder-workspace/Sources/Implementation/Models/FolderStorage.swift (in target 'Fish' from project 'fish')
cd /Users/admin/builder/spi-builder-workspace/.swiftpm/xcode
builtin-SwiftPerFileCompile FolderStorage.swift
SwiftCompile normal arm64 Compiling\ File.swift,\ Folder.swift /Users/admin/builder/spi-builder-workspace/Sources/Public/General/File.swift /Users/admin/builder/spi-builder-workspace/Sources/Public/General/Folder.swift (in target 'Fish' from project 'fish')
SwiftCompile normal arm64 /Users/admin/builder/spi-builder-workspace/Sources/Public/General/File.swift (in target 'Fish' from project 'fish')
cd /Users/admin/builder/spi-builder-workspace/.swiftpm/xcode
builtin-SwiftPerFileCompile File.swift
SwiftCompile normal arm64 /Users/admin/builder/spi-builder-workspace/Sources/Public/General/Folder.swift (in target 'Fish' from project 'fish')
cd /Users/admin/builder/spi-builder-workspace/.swiftpm/xcode
builtin-SwiftPerFileCompile Folder.swift
SwiftCompile normal arm64 Compiling\ Fish.swift,\ URL+Extensions.swift /Users/admin/builder/spi-builder-workspace/Sources/Fish.swift /Users/admin/builder/spi-builder-workspace/Sources/Implementation/Extensions/URL+Extensions.swift (in target 'Fish' from project 'fish')
SwiftCompile normal arm64 /Users/admin/builder/spi-builder-workspace/Sources/Fish.swift (in target 'Fish' from project 'fish')
cd /Users/admin/builder/spi-builder-workspace/.swiftpm/xcode
builtin-SwiftPerFileCompile Fish.swift
SwiftCompile normal arm64 /Users/admin/builder/spi-builder-workspace/Sources/Implementation/Extensions/URL+Extensions.swift (in target 'Fish' from project 'fish')
cd /Users/admin/builder/spi-builder-workspace/.swiftpm/xcode
builtin-SwiftPerFileCompile URL+Extensions.swift
SwiftCompile normal arm64 Compiling\ FilesManager+IFileManager.swift,\ FilesManager+IFolderManager.swift /Users/admin/builder/spi-builder-workspace/Sources/Implementation/Manager/FilesManager+IFileManager.swift /Users/admin/builder/spi-builder-workspace/Sources/Implementation/Manager/FilesManager+IFolderManager.swift (in target 'Fish' from project 'fish')
SwiftCompile normal arm64 /Users/admin/builder/spi-builder-workspace/Sources/Implementation/Manager/FilesManager+IFileManager.swift (in target 'Fish' from project 'fish')
cd /Users/admin/builder/spi-builder-workspace/.swiftpm/xcode
builtin-SwiftPerFileCompile FilesManager+IFileManager.swift
SwiftCompile normal arm64 /Users/admin/builder/spi-builder-workspace/Sources/Implementation/Manager/FilesManager+IFolderManager.swift (in target 'Fish' from project 'fish')
cd /Users/admin/builder/spi-builder-workspace/.swiftpm/xcode
builtin-SwiftPerFileCompile FilesManager+IFolderManager.swift
/Users/admin/builder/spi-builder-workspace/Sources/Implementation/Manager/FilesManager+IFolderManager.swift:17:32: error: 'homeDirectoryForCurrentUser' is unavailable in visionOS
15 |
16 | func homeFolder() throws -> IFolder {
17 | folder(at: fileManager.homeDirectoryForCurrentUser)
| `- error: 'homeDirectoryForCurrentUser' is unavailable in visionOS
18 | }
19 |
/Applications/Xcode-27.0.0-Release.Candidate.app/Contents/Developer/Platforms/XROS.platform/Developer/SDKs/XROS27.0.sdk/System/Library/Frameworks/Foundation.framework/Headers/NSFileManager.h:1004:35: note: 'homeDirectoryForCurrentUser' has been explicitly marked unavailable here
1002 |
1003 | /// The home directory for the current user.
1004 | @property (readonly, copy) NSURL *homeDirectoryForCurrentUser API_AVAILABLE(macosx(10.12)) API_UNAVAILABLE(ios, watchos, tvos);
| `- note: 'homeDirectoryForCurrentUser' has been explicitly marked unavailable here
1005 | /// The temporary directory for the current user.
1006 | @property (readonly, copy) NSURL *temporaryDirectory API_AVAILABLE(macosx(10.12), ios(10.0), watchos(3.0), tvos(10.0));
Failed frontend command:
/Applications/Xcode-27.0.0-Release.Candidate.app/Contents/Developer/Toolchains/XcodeDefault.xctoolchain/usr/bin/swift-frontend -frontend -c /Users/admin/builder/spi-builder-workspace/Sources/Fish.swift /Users/admin/builder/spi-builder-workspace/Sources/Implementation/Extensions/URL+Extensions.swift -primary-file /Users/admin/builder/spi-builder-workspace/Sources/Implementation/Manager/FilesManager+IFileManager.swift -primary-file /Users/admin/builder/spi-builder-workspace/Sources/Implementation/Manager/FilesManager+IFolderManager.swift /Users/admin/builder/spi-builder-workspace/Sources/Implementation/Manager/FilesManager+IItemManager.swift /Users/admin/builder/spi-builder-workspace/Sources/Implementation/Manager/FilesManager.swift /Users/admin/builder/spi-builder-workspace/Sources/Implementation/Models/FileStorage.swift /Users/admin/builder/spi-builder-workspace/Sources/Implementation/Models/FolderStorage.swift /Users/admin/builder/spi-builder-workspace/Sources/Public/Extensions/String+RelativePath.swift /Users/admin/builder/spi-builder-workspace/Sources/Public/FishError.swift /Users/admin/builder/spi-builder-workspace/Sources/Public/General/File.swift /Users/admin/builder/spi-builder-workspace/Sources/Public/General/Folder.swift /Users/admin/builder/spi-builder-workspace/Sources/Public/Interfaces/IFile.swift /Users/admin/builder/spi-builder-workspace/Sources/Public/Interfaces/IFilesManager.swift /Users/admin/builder/spi-builder-workspace/Sources/Public/Interfaces/IFolder.swift /Users/admin/builder/spi-builder-workspace/Sources/Public/Interfaces/IItem.swift -emit-dependencies-path /Users/admin/builder/spi-builder-workspace/.derivedData/Build/Intermediates.noindex/fish.build/Debug-xros/Fish-t.build/Objects-normal/arm64/FilesManager+IFileManager.d -emit-const-values-path /Users/admin/builder/spi-builder-workspace/.derivedData/Build/Intermediates.noindex/fish.build/Debug-xros/Fish-t.build/Objects-normal/arm64/FilesManager+IFileManager.swiftconstvalues -emit-reference-dependencies-path /Users/admin/builder/spi-builder-workspace/.derivedData/Build/Intermediates.noindex/fish.build/Debug-xros/Fish-t.build/Objects-normal/arm64/FilesManager+IFileManager.swiftdeps -serialize-diagnostics-path /Users/admin/builder/spi-builder-workspace/.derivedData/Build/Intermediates.noindex/fish.build/Debug-xros/Fish-t.build/Objects-normal/arm64/FilesManager+IFileManager.dia -emit-dependencies-path /Users/admin/builder/spi-builder-workspace/.derivedData/Build/Intermediates.noindex/fish.build/Debug-xros/Fish-t.build/Objects-normal/arm64/FilesManager+IFolderManager.d -emit-const-values-path /Users/admin/builder/spi-builder-workspace/.derivedData/Build/Intermediates.noindex/fish.build/Debug-xros/Fish-t.build/Objects-normal/arm64/FilesManager+IFolderManager.swiftconstvalues -emit-reference-dependencies-path /Users/admin/builder/spi-builder-workspace/.derivedData/Build/Intermediates.noindex/fish.build/Debug-xros/Fish-t.build/Objects-normal/arm64/FilesManager+IFolderManager.swiftdeps -serialize-diagnostics-path /Users/admin/builder/spi-builder-workspace/.derivedData/Build/Intermediates.noindex/fish.build/Debug-xros/Fish-t.build/Objects-normal/arm64/FilesManager+IFolderManager.dia -target arm64-apple-xros1.0 -disable-cross-import-overlay-search -load-resolved-plugin /Applications/Xcode-27.0.0-Release.Candidate.app/Contents/Developer/Platforms/XROS.platform/Developer/usr/lib/swift/host/plugins/libFoundationMacros.dylib\#/Applications/Xcode-27.0.0-Release.Candidate.app/Contents/Developer/Platforms/XROS.platform/Developer/usr/bin/swift-plugin-server\#FoundationMacros -load-resolved-plugin /Applications/Xcode-27.0.0-Release.Candidate.app/Contents/Developer/Platforms/XROS.platform/Developer/usr/lib/swift/host/plugins/libObservationMacros.dylib\#/Applications/Xcode-27.0.0-Release.Candidate.app/Contents/Developer/Platforms/XROS.platform/Developer/usr/bin/swift-plugin-server\#ObservationMacros -load-resolved-plugin /Applications/Xcode-27.0.0-Release.Candidate.app/Contents/Developer/Platforms/XROS.platform/Developer/usr/lib/swift/host/plugins/libSwiftMacros.dylib\#/Applications/Xcode-27.0.0-Release.Candidate.app/Contents/Developer/Platforms/XROS.platform/Developer/usr/bin/swift-plugin-server\#SwiftMacros -disable-implicit-swift-modules -Xcc -fno-implicit-modules -Xcc -fno-implicit-module-maps -explicit-swift-module-map-file /Users/admin/builder/spi-builder-workspace/.derivedData/Build/Intermediates.noindex/fish.build/Debug-xros/Fish-t.build/Objects-normal/arm64/Fish-dependencies-1.json -Xllvm -aarch64-use-tbi -enable-objc-interop -stack-check -sdk /Applications/Xcode-27.0.0-Release.Candidate.app/Contents/Developer/Platforms/XROS.platform/Developer/SDKs/XROS27.0.sdk -I /Users/admin/builder/spi-builder-workspace/.derivedData/Build/Products/Debug-xros -Isystem /Applications/Xcode-27.0.0-Release.Candidate.app/Contents/Developer/Platforms/XROS.platform/Developer/usr/lib -F /Users/admin/builder/spi-builder-workspace/.derivedData/Build/Products/Debug-xros -F /Applications/Xcode-27.0.0-Release.Candidate.app/Contents/Developer/Platforms/XROS.platform/Developer/Library/Frameworks -F /Applications/Xcode-27.0.0-Release.Candidate.app/Contents/Developer/Platforms/XROS.platform/Developer/SDKs/XROS27.0.sdk/Developer/Library/Frameworks -module-cache-path /Users/admin/builder/spi-builder-workspace/.derivedData/Build/Intermediates.noindex/SwiftExplicitPrecompiledModules -no-color-diagnostics -Xcc -fno-color-diagnostics -enable-testing -g -debug-info-format\=dwarf -dwarf-version\=4 -profile-generate -profile-coverage-mapping -swift-version 5 -Onone -D SWIFT_PACKAGE -D DEBUG -D SWIFT_MODULE_RESOURCE_BUNDLE_UNAVAILABLE -D Xcode -serialize-debugging-options -enable-experimental-feature DebugDescriptionMacro -empty-abi-descriptor -validate-clang-modules-once -clang-build-session-file /Users/admin/builder/spi-builder-workspace/.derivedData/ModuleCache.noindex/Session.modulevalidation -Xcc -working-directory -Xcc /Users/admin/builder/spi-builder-workspace/.swiftpm/xcode -enable-anonymous-context-mangled-names -file-compilation-dir /Users/admin/builder/spi-builder-workspace/.swiftpm/xcode -Xcc -D_LIBCPP_HARDENING_MODE\=_LIBCPP_HARDENING_MODE_DEBUG -Xcc -ivfsstatcache -Xcc /Users/admin/builder/spi-builder-workspace/.derivedData/SDKStatCaches.noindex/xros27.0-24M361-e829b21a6f8c9b70876ba0858053c044735bd543db762f57723cac368afd1ce4.sdkstatcache -Xcc -fmodules-prune-interval\=86400 -Xcc -fmodules-prune-after\=345600 -Xcc -I/Users/admin/builder/spi-builder-workspace/.derivedData/Build/Products/Debug-xros/include -Xcc -I/Users/admin/builder/spi-builder-workspace/.derivedData/Build/Intermediates.noindex/fish.build/Debug-xros/Fish-t.build/DerivedSources-normal/arm64 -Xcc -I/Users/admin/builder/spi-builder-workspace/.derivedData/Build/Intermediates.noindex/fish.build/Debug-xros/Fish-t.build/DerivedSources/arm64 -Xcc -I/Users/admin/builder/spi-builder-workspace/.derivedData/Build/Intermediates.noindex/fish.build/Debug-xros/Fish-t.build/DerivedSources -Xcc -DSWIFT_PACKAGE -Xcc -DDEBUG\=1 -no-auto-bridging-header-chaining -module-name Fish -const-gather-protocols-file /Users/admin/builder/spi-builder-workspace/.derivedData/Build/Intermediates.noindex/fish.build/Debug-xros/Fish-t.build/Objects-normal/arm64/Fish_const_extract_protocols.json -disable-clang-spi -clang-target arm64-apple-xros27.0 -target-sdk-version 27.0 -target-sdk-name xros27.0 -in-process-plugin-server-path /Applications/Xcode-27.0.0-Release.Candidate.app/Contents/Developer/Toolchains/XcodeDefault.xctoolchain/usr/lib/swift/host/libSwiftInProcPluginServer.dylib -parse-as-library -o /Users/admin/builder/spi-builder-workspace/.derivedData/Build/Intermediates.noindex/fish.build/Debug-xros/Fish-t.build/Objects-normal/arm64/FilesManager+IFileManager.o -o /Users/admin/builder/spi-builder-workspace/.derivedData/Build/Intermediates.noindex/fish.build/Debug-xros/Fish-t.build/Objects-normal/arm64/FilesManager+IFolderManager.o -debug-module-path /Users/admin/builder/spi-builder-workspace/.derivedData/Build/Intermediates.noindex/fish.build/Debug-xros/Fish-t.build/Objects-normal/arm64/Fish.swiftmodule -index-unit-output-path /fish.build/Debug-xros/Fish-t.build/Objects-normal/arm64/FilesManager+IFileManager.o -index-unit-output-path /fish.build/Debug-xros/Fish-t.build/Objects-normal/arm64/FilesManager+IFolderManager.o -index-store-path /Users/admin/builder/spi-builder-workspace/.derivedData/Index.noindex/DataStore -index-system-modules
SwiftDriverJobDiscovery normal arm64 Emitting module for Fish (in target 'Fish' from project 'fish')
SwiftDriver\ Compilation\ Requirements Fish normal arm64 com.apple.xcode.tools.swift.compiler (in target 'Fish' from project 'fish')
cd /Users/admin/builder/spi-builder-workspace/.swiftpm/xcode
builtin-Swift-Compilation-Requirements -- /Applications/Xcode-27.0.0-Release.Candidate.app/Contents/Developer/Toolchains/XcodeDefault.xctoolchain/usr/bin/swiftc -parse-as-library -module-name Fish -Onone @/Users/admin/builder/spi-builder-workspace/.derivedData/Build/Intermediates.noindex/fish.build/Debug-xros/Fish-t.build/Objects-normal/arm64/Fish.SwiftFileList -DSWIFT_PACKAGE -DDEBUG -DSWIFT_MODULE_RESOURCE_BUNDLE_UNAVAILABLE -DXcode -plugin-path /Applications/Xcode-27.0.0-Release.Candidate.app/Contents/Developer/Toolchains/XcodeDefault.xctoolchain/usr/lib/swift/host/plugins/testing -enable-experimental-feature DebugDescriptionMacro -sdk /Applications/Xcode-27.0.0-Release.Candidate.app/Contents/Developer/Platforms/XROS.platform/Developer/SDKs/XROS27.0.sdk -target arm64-apple-xros1.0 -g -module-cache-path /Users/admin/builder/spi-builder-workspace/.derivedData/ModuleCache.noindex -Xfrontend -serialize-debugging-options -profile-coverage-mapping -profile-generate -enable-testing -index-store-path /Users/admin/builder/spi-builder-workspace/.derivedData/Index.noindex/DataStore -Xcc -D_LIBCPP_HARDENING_MODE\=_LIBCPP_HARDENING_MODE_DEBUG -swift-version 5 -I /Users/admin/builder/spi-builder-workspace/.derivedData/Build/Products/Debug-xros -Isystem /Applications/Xcode-27.0.0-Release.Candidate.app/Contents/Developer/Platforms/XROS.platform/Developer/usr/lib -F /Users/admin/builder/spi-builder-workspace/.derivedData/Build/Products/Debug-xros -F /Applications/Xcode-27.0.0-Release.Candidate.app/Contents/Developer/Platforms/XROS.platform/Developer/Library/Frameworks -F /Applications/Xcode-27.0.0-Release.Candidate.app/Contents/Developer/Platforms/XROS.platform/Developer/SDKs/XROS27.0.sdk/Developer/Library/Frameworks -c -j10 -enable-batch-mode -incremental -Xcc -ivfsstatcache -Xcc /Users/admin/builder/spi-builder-workspace/.derivedData/SDKStatCaches.noindex/xros27.0-24M361-e829b21a6f8c9b70876ba0858053c044735bd543db762f57723cac368afd1ce4.sdkstatcache -output-file-map /Users/admin/builder/spi-builder-workspace/.derivedData/Build/Intermediates.noindex/fish.build/Debug-xros/Fish-t.build/Objects-normal/arm64/Fish-OutputFileMap.json -save-temps -no-color-diagnostics -explicit-module-build -module-cache-path /Users/admin/builder/spi-builder-workspace/.derivedData/Build/Intermediates.noindex/SwiftExplicitPrecompiledModules -clang-scanner-module-cache-path /Users/admin/builder/spi-builder-workspace/.derivedData/ModuleCache.noindex -sdk-module-cache-path /Users/admin/builder/spi-builder-workspace/.derivedData/SDKExplicitPrecompiledModules -emit-dependencies -emit-module -emit-module-path /Users/admin/builder/spi-builder-workspace/.derivedData/Build/Intermediates.noindex/fish.build/Debug-xros/Fish-t.build/Objects-normal/arm64/Fish.swiftmodule -serialize-diagnostics -dependency-scan-serialize-diagnostics-path /Users/admin/builder/spi-builder-workspace/.derivedData/Build/Intermediates.noindex/fish.build/Debug-xros/Fish-t.build/Objects-normal/arm64/Fish-dependency-scan.dia -validate-clang-modules-once -clang-build-session-file /Users/admin/builder/spi-builder-workspace/.derivedData/ModuleCache.noindex/Session.modulevalidation -Xcc -fmodules-prune-interval\=86400 -Xcc -fmodules-prune-after\=345600 -emit-const-values -const-gather-protocols-list /Users/admin/builder/spi-builder-workspace/.derivedData/Build/Intermediates.noindex/fish.build/Debug-xros/Fish-t.build/Objects-normal/arm64/Fish_const_extract_protocols.json -Xcc -I/Users/admin/builder/spi-builder-workspace/.derivedData/Build/Products/Debug-xros/include -Xcc -I/Users/admin/builder/spi-builder-workspace/.derivedData/Build/Intermediates.noindex/fish.build/Debug-xros/Fish-t.build/DerivedSources-normal/arm64 -Xcc -I/Users/admin/builder/spi-builder-workspace/.derivedData/Build/Intermediates.noindex/fish.build/Debug-xros/Fish-t.build/DerivedSources/arm64 -Xcc -I/Users/admin/builder/spi-builder-workspace/.derivedData/Build/Intermediates.noindex/fish.build/Debug-xros/Fish-t.build/DerivedSources -Xcc -DSWIFT_PACKAGE -Xcc -DDEBUG\=1 -emit-objc-header -emit-objc-header-path /Users/admin/builder/spi-builder-workspace/.derivedData/Build/Intermediates.noindex/fish.build/Debug-xros/Fish-t.build/Objects-normal/arm64/Fish-Swift.h -working-directory /Users/admin/builder/spi-builder-workspace/.swiftpm/xcode -experimental-emit-module-separately -disable-cmo
SwiftDriverJobDiscovery normal arm64 Compiling Fish.swift, URL+Extensions.swift (in target 'Fish' from project 'fish')
SwiftDriverJobDiscovery normal arm64 Compiling IFile.swift (in target 'Fish' from project 'fish')
SwiftDriverJobDiscovery normal arm64 Compiling IItem.swift (in target 'Fish' from project 'fish')
SwiftDriverJobDiscovery normal arm64 Compiling File.swift, Folder.swift (in target 'Fish' from project 'fish')
SwiftDriverJobDiscovery normal arm64 Compiling IFolder.swift (in target 'Fish' from project 'fish')
SwiftDriverJobDiscovery normal arm64 Compiling IFilesManager.swift (in target 'Fish' from project 'fish')
PruneExplicitPrecompiledModules /Users/admin/builder/spi-builder-workspace/.derivedData/Build/Intermediates.noindex/ExplicitPrecompiledModules
PruneExplicitPrecompiledModules /Users/admin/builder/spi-builder-workspace/.derivedData/Build/Intermediates.noindex/SwiftExplicitPrecompiledModules
PruneExplicitPrecompiledModules /Users/admin/builder/spi-builder-workspace/.derivedData/SDKExplicitPrecompiledModules
2026-09-21 00:28:34.138 xcodebuild[648:4167] [MT] IDERunDestination: Supported platforms for the buildables in the current scheme is empty.
** BUILD FAILED **
The following build commands failed:
SwiftCompile normal arm64 /Users/admin/builder/spi-builder-workspace/Sources/Implementation/Manager/FilesManager+IFolderManager.swift (in target 'Fish' from project 'fish')
SwiftCompile normal arm64 Compiling\ FilesManager+IFileManager.swift,\ FilesManager+IFolderManager.swift /Users/admin/builder/spi-builder-workspace/Sources/Implementation/Manager/FilesManager+IFileManager.swift /Users/admin/builder/spi-builder-workspace/Sources/Implementation/Manager/FilesManager+IFolderManager.swift (in target 'Fish' from project 'fish')
Building workspace fish with scheme fish
(3 failures)
Command line invocation:
/Applications/Xcode-27.0.0-Release.Candidate.app/Contents/Developer/usr/bin/xcodebuild -IDEClonedSourcePackagesDirPathOverride=/Users/admin/builder/spi-builder-workspace/.dependencies -resolvePackageDependencies
Resolve Package Graph
Resolved source packages:
fish: /Users/admin/builder/spi-builder-workspace
resolved source packages: fish
2026-09-21 00:28:41.917 xcodebuild[710:4450] [MT] IDERunDestination: Supported platforms for the buildables in the current scheme is empty.
{
"dependencies" : [
],
"manifest_display_name" : "fish",
"name" : "fish",
"path" : "/Users/admin/builder/spi-builder-workspace",
"platforms" : [
{
"name" : "macos",
"version" : "12.0"
}
],
"products" : [
{
"name" : "Fish",
"targets" : [
"Fish"
],
"type" : {
"library" : [
"automatic"
]
}
}
],
"targets" : [
{
"c99name" : "FishTests",
"module_type" : "SwiftTarget",
"name" : "FishTests",
"path" : "Tests",
"sources" : [
"FileTests.swift",
"FolderTests.swift",
"IFileTests.swift",
"IFolderTests.swift",
"StringTests.swift",
"Utils/String+Fake.swift"
],
"target_dependencies" : [
"Fish"
],
"type" : "test"
},
{
"c99name" : "Fish",
"module_type" : "SwiftTarget",
"name" : "Fish",
"path" : "Sources",
"product_memberships" : [
"Fish"
],
"sources" : [
"Fish.swift",
"Implementation/Extensions/URL+Extensions.swift",
"Implementation/Manager/FilesManager+IFileManager.swift",
"Implementation/Manager/FilesManager+IFolderManager.swift",
"Implementation/Manager/FilesManager+IItemManager.swift",
"Implementation/Manager/FilesManager.swift",
"Implementation/Models/FileStorage.swift",
"Implementation/Models/FolderStorage.swift",
"Public/Extensions/String+RelativePath.swift",
"Public/FishError.swift",
"Public/General/File.swift",
"Public/General/Folder.swift",
"Public/Interfaces/IFile.swift",
"Public/Interfaces/IFilesManager.swift",
"Public/Interfaces/IFolder.swift",
"Public/Interfaces/IItem.swift"
],
"type" : "library"
}
],
"tools_version" : "5.7"
}
{
"workspace" : {
"name" : "fish",
"schemes" : [
"fish"
]
}
}
2026-09-21 00:28:43.107 xcodebuild[718:4519] [MT] IDERunDestination: Supported platforms for the buildables in the current scheme is empty.
Running build ...
env DEVELOPER_DIR=/Applications/Xcode-27.0.0-Release.Candidate.app xcrun xcodebuild -IDEClonedSourcePackagesDirPathOverride=$PWD/.dependencies -skipMacroValidation -skipPackagePluginValidation -derivedDataPath $PWD/.derivedData build -scheme fish -destination generic/platform=xrOS
Command line invocation:
/Applications/Xcode-27.0.0-Release.Candidate.app/Contents/Developer/usr/bin/xcodebuild -IDEClonedSourcePackagesDirPathOverride=/Users/admin/builder/spi-builder-workspace/.dependencies -skipMacroValidation -skipPackagePluginValidation -derivedDataPath /Users/admin/builder/spi-builder-workspace/.derivedData build -scheme fish -destination generic/platform=xrOS
Resolve Package Graph
Resolved source packages:
fish: /Users/admin/builder/spi-builder-workspace
ComputePackagePrebuildTargetDependencyGraph
Prepare packages
CreateBuildRequest
SendProjectDescription
CreateBuildOperation
ComputeTargetDependencyGraph
note: Building targets in dependency order
note: Target dependency graph (2 targets)
Target 'Fish-product' in project 'fish'
➜ Explicit dependency on target 'Fish' in project 'fish'
Target 'Fish' in project 'fish' (no dependencies)
GatherProvisioningInputs
CreateBuildDescription
ClangStatCache /Applications/Xcode-27.0.0-Release.Candidate.app/Contents/Developer/Toolchains/XcodeDefault.xctoolchain/usr/bin/clang-stat-cache /Applications/Xcode-27.0.0-Release.Candidate.app/Contents/Developer/Platforms/XROS.platform/Developer/SDKs/XROS27.0.sdk /Users/admin/builder/spi-builder-workspace/.derivedData/SDKStatCaches.noindex/xros27.0-24M361-e829b21a6f8c9b70876ba0858053c044735bd543db762f57723cac368afd1ce4.sdkstatcache
cd /Users/admin/builder/spi-builder-workspace/.swiftpm/xcode
/Applications/Xcode-27.0.0-Release.Candidate.app/Contents/Developer/Toolchains/XcodeDefault.xctoolchain/usr/bin/clang-stat-cache /Applications/Xcode-27.0.0-Release.Candidate.app/Contents/Developer/Platforms/XROS.platform/Developer/SDKs/XROS27.0.sdk -o /Users/admin/builder/spi-builder-workspace/.derivedData/SDKStatCaches.noindex/xros27.0-24M361-e829b21a6f8c9b70876ba0858053c044735bd543db762f57723cac368afd1ce4.sdkstatcache
SwiftMergeGeneratedHeaders /Users/admin/builder/spi-builder-workspace/.derivedData/Build/Intermediates.noindex/GeneratedModuleMaps-xros/Fish-Swift.h /Users/admin/builder/spi-builder-workspace/.derivedData/Build/Intermediates.noindex/fish.build/Debug-xros/Fish-t.build/Objects-normal/arm64/Fish-Swift.h (in target 'Fish' from project 'fish')
cd /Users/admin/builder/spi-builder-workspace
builtin-swiftHeaderTool -arch arm64 /Users/admin/builder/spi-builder-workspace/.derivedData/Build/Intermediates.noindex/fish.build/Debug-xros/Fish-t.build/Objects-normal/arm64/Fish-Swift.h -o /Users/admin/builder/spi-builder-workspace/.derivedData/Build/Intermediates.noindex/GeneratedModuleMaps-xros/Fish-Swift.h
SwiftDriver Fish normal arm64 com.apple.xcode.tools.swift.compiler (in target 'Fish' from project 'fish')
cd /Users/admin/builder/spi-builder-workspace/.swiftpm/xcode
builtin-SwiftDriver -- /Applications/Xcode-27.0.0-Release.Candidate.app/Contents/Developer/Toolchains/XcodeDefault.xctoolchain/usr/bin/swiftc -parse-as-library -module-name Fish -Onone @/Users/admin/builder/spi-builder-workspace/.derivedData/Build/Intermediates.noindex/fish.build/Debug-xros/Fish-t.build/Objects-normal/arm64/Fish.SwiftFileList -DSWIFT_PACKAGE -DDEBUG -DSWIFT_MODULE_RESOURCE_BUNDLE_UNAVAILABLE -DXcode -plugin-path /Applications/Xcode-27.0.0-Release.Candidate.app/Contents/Developer/Toolchains/XcodeDefault.xctoolchain/usr/lib/swift/host/plugins/testing -enable-experimental-feature DebugDescriptionMacro -sdk /Applications/Xcode-27.0.0-Release.Candidate.app/Contents/Developer/Platforms/XROS.platform/Developer/SDKs/XROS27.0.sdk -target arm64-apple-xros1.0 -g -module-cache-path /Users/admin/builder/spi-builder-workspace/.derivedData/ModuleCache.noindex -Xfrontend -serialize-debugging-options -profile-coverage-mapping -profile-generate -enable-testing -index-store-path /Users/admin/builder/spi-builder-workspace/.derivedData/Index.noindex/DataStore -Xcc -D_LIBCPP_HARDENING_MODE\=_LIBCPP_HARDENING_MODE_DEBUG -swift-version 5 -I /Users/admin/builder/spi-builder-workspace/.derivedData/Build/Products/Debug-xros -Isystem /Applications/Xcode-27.0.0-Release.Candidate.app/Contents/Developer/Platforms/XROS.platform/Developer/usr/lib -F /Users/admin/builder/spi-builder-workspace/.derivedData/Build/Products/Debug-xros -F /Applications/Xcode-27.0.0-Release.Candidate.app/Contents/Developer/Platforms/XROS.platform/Developer/Library/Frameworks -F /Applications/Xcode-27.0.0-Release.Candidate.app/Contents/Developer/Platforms/XROS.platform/Developer/SDKs/XROS27.0.sdk/Developer/Library/Frameworks -c -j10 -enable-batch-mode -incremental -Xcc -ivfsstatcache -Xcc /Users/admin/builder/spi-builder-workspace/.derivedData/SDKStatCaches.noindex/xros27.0-24M361-e829b21a6f8c9b70876ba0858053c044735bd543db762f57723cac368afd1ce4.sdkstatcache -output-file-map /Users/admin/builder/spi-builder-workspace/.derivedData/Build/Intermediates.noindex/fish.build/Debug-xros/Fish-t.build/Objects-normal/arm64/Fish-OutputFileMap.json -save-temps -no-color-diagnostics -explicit-module-build -module-cache-path /Users/admin/builder/spi-builder-workspace/.derivedData/Build/Intermediates.noindex/SwiftExplicitPrecompiledModules -clang-scanner-module-cache-path /Users/admin/builder/spi-builder-workspace/.derivedData/ModuleCache.noindex -sdk-module-cache-path /Users/admin/builder/spi-builder-workspace/.derivedData/SDKExplicitPrecompiledModules -emit-dependencies -emit-module -emit-module-path /Users/admin/builder/spi-builder-workspace/.derivedData/Build/Intermediates.noindex/fish.build/Debug-xros/Fish-t.build/Objects-normal/arm64/Fish.swiftmodule -serialize-diagnostics -dependency-scan-serialize-diagnostics-path /Users/admin/builder/spi-builder-workspace/.derivedData/Build/Intermediates.noindex/fish.build/Debug-xros/Fish-t.build/Objects-normal/arm64/Fish-dependency-scan.dia -validate-clang-modules-once -clang-build-session-file /Users/admin/builder/spi-builder-workspace/.derivedData/ModuleCache.noindex/Session.modulevalidation -Xcc -fmodules-prune-interval\=86400 -Xcc -fmodules-prune-after\=345600 -emit-const-values -const-gather-protocols-list /Users/admin/builder/spi-builder-workspace/.derivedData/Build/Intermediates.noindex/fish.build/Debug-xros/Fish-t.build/Objects-normal/arm64/Fish_const_extract_protocols.json -Xcc -I/Users/admin/builder/spi-builder-workspace/.derivedData/Build/Products/Debug-xros/include -Xcc -I/Users/admin/builder/spi-builder-workspace/.derivedData/Build/Intermediates.noindex/fish.build/Debug-xros/Fish-t.build/DerivedSources-normal/arm64 -Xcc -I/Users/admin/builder/spi-builder-workspace/.derivedData/Build/Intermediates.noindex/fish.build/Debug-xros/Fish-t.build/DerivedSources/arm64 -Xcc -I/Users/admin/builder/spi-builder-workspace/.derivedData/Build/Intermediates.noindex/fish.build/Debug-xros/Fish-t.build/DerivedSources -Xcc -DSWIFT_PACKAGE -Xcc -DDEBUG\=1 -emit-objc-header -emit-objc-header-path /Users/admin/builder/spi-builder-workspace/.derivedData/Build/Intermediates.noindex/fish.build/Debug-xros/Fish-t.build/Objects-normal/arm64/Fish-Swift.h -working-directory /Users/admin/builder/spi-builder-workspace/.swiftpm/xcode -experimental-emit-module-separately -disable-cmo
Copy /Users/admin/builder/spi-builder-workspace/.derivedData/Build/Products/Debug-xros/Fish.swiftmodule/arm64-apple-xros.swiftmodule /Users/admin/builder/spi-builder-workspace/.derivedData/Build/Intermediates.noindex/fish.build/Debug-xros/Fish-t.build/Objects-normal/arm64/Fish.swiftmodule (in target 'Fish' from project 'fish')
cd /Users/admin/builder/spi-builder-workspace
builtin-copy -exclude .DS_Store -exclude CVS -exclude .svn -exclude .git -exclude .hg -resolve-src-symlinks -rename /Users/admin/builder/spi-builder-workspace/.derivedData/Build/Intermediates.noindex/fish.build/Debug-xros/Fish-t.build/Objects-normal/arm64/Fish.swiftmodule /Users/admin/builder/spi-builder-workspace/.derivedData/Build/Products/Debug-xros/Fish.swiftmodule/arm64-apple-xros.swiftmodule
Copy /Users/admin/builder/spi-builder-workspace/.derivedData/Build/Products/Debug-xros/Fish.swiftmodule/arm64-apple-xros.abi.json /Users/admin/builder/spi-builder-workspace/.derivedData/Build/Intermediates.noindex/fish.build/Debug-xros/Fish-t.build/Objects-normal/arm64/Fish.abi.json (in target 'Fish' from project 'fish')
cd /Users/admin/builder/spi-builder-workspace
builtin-copy -exclude .DS_Store -exclude CVS -exclude .svn -exclude .git -exclude .hg -resolve-src-symlinks -rename /Users/admin/builder/spi-builder-workspace/.derivedData/Build/Intermediates.noindex/fish.build/Debug-xros/Fish-t.build/Objects-normal/arm64/Fish.abi.json /Users/admin/builder/spi-builder-workspace/.derivedData/Build/Products/Debug-xros/Fish.swiftmodule/arm64-apple-xros.abi.json
Copy /Users/admin/builder/spi-builder-workspace/.derivedData/Build/Products/Debug-xros/Fish.swiftmodule/arm64-apple-xros.swiftdoc /Users/admin/builder/spi-builder-workspace/.derivedData/Build/Intermediates.noindex/fish.build/Debug-xros/Fish-t.build/Objects-normal/arm64/Fish.swiftdoc (in target 'Fish' from project 'fish')
cd /Users/admin/builder/spi-builder-workspace
builtin-copy -exclude .DS_Store -exclude CVS -exclude .svn -exclude .git -exclude .hg -resolve-src-symlinks -rename /Users/admin/builder/spi-builder-workspace/.derivedData/Build/Intermediates.noindex/fish.build/Debug-xros/Fish-t.build/Objects-normal/arm64/Fish.swiftdoc /Users/admin/builder/spi-builder-workspace/.derivedData/Build/Products/Debug-xros/Fish.swiftmodule/arm64-apple-xros.swiftdoc
Copy /Users/admin/builder/spi-builder-workspace/.derivedData/Build/Products/Debug-xros/Fish.swiftmodule/Project/arm64-apple-xros.swiftsourceinfo /Users/admin/builder/spi-builder-workspace/.derivedData/Build/Intermediates.noindex/fish.build/Debug-xros/Fish-t.build/Objects-normal/arm64/Fish.swiftsourceinfo (in target 'Fish' from project 'fish')
cd /Users/admin/builder/spi-builder-workspace
builtin-copy -exclude .DS_Store -exclude CVS -exclude .svn -exclude .git -exclude .hg -resolve-src-symlinks -rename /Users/admin/builder/spi-builder-workspace/.derivedData/Build/Intermediates.noindex/fish.build/Debug-xros/Fish-t.build/Objects-normal/arm64/Fish.swiftsourceinfo /Users/admin/builder/spi-builder-workspace/.derivedData/Build/Products/Debug-xros/Fish.swiftmodule/Project/arm64-apple-xros.swiftsourceinfo
SwiftCompile normal arm64 Compiling\ FilesManager+IItemManager.swift /Users/admin/builder/spi-builder-workspace/Sources/Implementation/Manager/FilesManager+IItemManager.swift (in target 'Fish' from project 'fish')
SwiftCompile normal arm64 /Users/admin/builder/spi-builder-workspace/Sources/Implementation/Manager/FilesManager+IItemManager.swift (in target 'Fish' from project 'fish')
cd /Users/admin/builder/spi-builder-workspace/.swiftpm/xcode
builtin-SwiftPerFileCompile FilesManager+IItemManager.swift
SwiftCompile normal arm64 Compiling\ FilesManager+IFolderManager.swift /Users/admin/builder/spi-builder-workspace/Sources/Implementation/Manager/FilesManager+IFolderManager.swift (in target 'Fish' from project 'fish')
SwiftCompile normal arm64 /Users/admin/builder/spi-builder-workspace/Sources/Implementation/Manager/FilesManager+IFolderManager.swift (in target 'Fish' from project 'fish')
cd /Users/admin/builder/spi-builder-workspace/.swiftpm/xcode
builtin-SwiftPerFileCompile FilesManager+IFolderManager.swift
/Users/admin/builder/spi-builder-workspace/Sources/Implementation/Manager/FilesManager+IFolderManager.swift:17:32: error: 'homeDirectoryForCurrentUser' is unavailable in visionOS
15 |
16 | func homeFolder() throws -> IFolder {
17 | folder(at: fileManager.homeDirectoryForCurrentUser)
| `- error: 'homeDirectoryForCurrentUser' is unavailable in visionOS
18 | }
19 |
/Applications/Xcode-27.0.0-Release.Candidate.app/Contents/Developer/Platforms/XROS.platform/Developer/SDKs/XROS27.0.sdk/System/Library/Frameworks/Foundation.framework/Headers/NSFileManager.h:1004:35: note: 'homeDirectoryForCurrentUser' has been explicitly marked unavailable here
1002 |
1003 | /// The home directory for the current user.
1004 | @property (readonly, copy) NSURL *homeDirectoryForCurrentUser API_AVAILABLE(macosx(10.12)) API_UNAVAILABLE(ios, watchos, tvos);
| `- note: 'homeDirectoryForCurrentUser' has been explicitly marked unavailable here
1005 | /// The temporary directory for the current user.
1006 | @property (readonly, copy) NSURL *temporaryDirectory API_AVAILABLE(macosx(10.12), ios(10.0), watchos(3.0), tvos(10.0));
Failed frontend command:
/Applications/Xcode-27.0.0-Release.Candidate.app/Contents/Developer/Toolchains/XcodeDefault.xctoolchain/usr/bin/swift-frontend -frontend -c /Users/admin/builder/spi-builder-workspace/Sources/Fish.swift /Users/admin/builder/spi-builder-workspace/Sources/Implementation/Extensions/URL+Extensions.swift /Users/admin/builder/spi-builder-workspace/Sources/Implementation/Manager/FilesManager+IFileManager.swift -primary-file /Users/admin/builder/spi-builder-workspace/Sources/Implementation/Manager/FilesManager+IFolderManager.swift /Users/admin/builder/spi-builder-workspace/Sources/Implementation/Manager/FilesManager+IItemManager.swift /Users/admin/builder/spi-builder-workspace/Sources/Implementation/Manager/FilesManager.swift /Users/admin/builder/spi-builder-workspace/Sources/Implementation/Models/FileStorage.swift /Users/admin/builder/spi-builder-workspace/Sources/Implementation/Models/FolderStorage.swift /Users/admin/builder/spi-builder-workspace/Sources/Public/Extensions/String+RelativePath.swift /Users/admin/builder/spi-builder-workspace/Sources/Public/FishError.swift /Users/admin/builder/spi-builder-workspace/Sources/Public/General/File.swift /Users/admin/builder/spi-builder-workspace/Sources/Public/General/Folder.swift /Users/admin/builder/spi-builder-workspace/Sources/Public/Interfaces/IFile.swift /Users/admin/builder/spi-builder-workspace/Sources/Public/Interfaces/IFilesManager.swift /Users/admin/builder/spi-builder-workspace/Sources/Public/Interfaces/IFolder.swift /Users/admin/builder/spi-builder-workspace/Sources/Public/Interfaces/IItem.swift -emit-dependencies-path /Users/admin/builder/spi-builder-workspace/.derivedData/Build/Intermediates.noindex/fish.build/Debug-xros/Fish-t.build/Objects-normal/arm64/FilesManager+IFolderManager.d -emit-const-values-path /Users/admin/builder/spi-builder-workspace/.derivedData/Build/Intermediates.noindex/fish.build/Debug-xros/Fish-t.build/Objects-normal/arm64/FilesManager+IFolderManager.swiftconstvalues -emit-reference-dependencies-path /Users/admin/builder/spi-builder-workspace/.derivedData/Build/Intermediates.noindex/fish.build/Debug-xros/Fish-t.build/Objects-normal/arm64/FilesManager+IFolderManager.swiftdeps -serialize-diagnostics-path /Users/admin/builder/spi-builder-workspace/.derivedData/Build/Intermediates.noindex/fish.build/Debug-xros/Fish-t.build/Objects-normal/arm64/FilesManager+IFolderManager.dia -target arm64-apple-xros1.0 -disable-cross-import-overlay-search -load-resolved-plugin /Applications/Xcode-27.0.0-Release.Candidate.app/Contents/Developer/Platforms/XROS.platform/Developer/usr/lib/swift/host/plugins/libFoundationMacros.dylib\#/Applications/Xcode-27.0.0-Release.Candidate.app/Contents/Developer/Platforms/XROS.platform/Developer/usr/bin/swift-plugin-server\#FoundationMacros -load-resolved-plugin /Applications/Xcode-27.0.0-Release.Candidate.app/Contents/Developer/Platforms/XROS.platform/Developer/usr/lib/swift/host/plugins/libObservationMacros.dylib\#/Applications/Xcode-27.0.0-Release.Candidate.app/Contents/Developer/Platforms/XROS.platform/Developer/usr/bin/swift-plugin-server\#ObservationMacros -load-resolved-plugin /Applications/Xcode-27.0.0-Release.Candidate.app/Contents/Developer/Platforms/XROS.platform/Developer/usr/lib/swift/host/plugins/libSwiftMacros.dylib\#/Applications/Xcode-27.0.0-Release.Candidate.app/Contents/Developer/Platforms/XROS.platform/Developer/usr/bin/swift-plugin-server\#SwiftMacros -disable-implicit-swift-modules -Xcc -fno-implicit-modules -Xcc -fno-implicit-module-maps -explicit-swift-module-map-file /Users/admin/builder/spi-builder-workspace/.derivedData/Build/Intermediates.noindex/fish.build/Debug-xros/Fish-t.build/Objects-normal/arm64/Fish-dependencies-1.json -Xllvm -aarch64-use-tbi -enable-objc-interop -stack-check -sdk /Applications/Xcode-27.0.0-Release.Candidate.app/Contents/Developer/Platforms/XROS.platform/Developer/SDKs/XROS27.0.sdk -I /Users/admin/builder/spi-builder-workspace/.derivedData/Build/Products/Debug-xros -Isystem /Applications/Xcode-27.0.0-Release.Candidate.app/Contents/Developer/Platforms/XROS.platform/Developer/usr/lib -F /Users/admin/builder/spi-builder-workspace/.derivedData/Build/Products/Debug-xros -F /Applications/Xcode-27.0.0-Release.Candidate.app/Contents/Developer/Platforms/XROS.platform/Developer/Library/Frameworks -F /Applications/Xcode-27.0.0-Release.Candidate.app/Contents/Developer/Platforms/XROS.platform/Developer/SDKs/XROS27.0.sdk/Developer/Library/Frameworks -module-cache-path /Users/admin/builder/spi-builder-workspace/.derivedData/Build/Intermediates.noindex/SwiftExplicitPrecompiledModules -no-color-diagnostics -Xcc -fno-color-diagnostics -enable-testing -g -debug-info-format\=dwarf -dwarf-version\=4 -profile-generate -profile-coverage-mapping -swift-version 5 -Onone -D SWIFT_PACKAGE -D DEBUG -D SWIFT_MODULE_RESOURCE_BUNDLE_UNAVAILABLE -D Xcode -serialize-debugging-options -enable-experimental-feature DebugDescriptionMacro -empty-abi-descriptor -validate-clang-modules-once -clang-build-session-file /Users/admin/builder/spi-builder-workspace/.derivedData/ModuleCache.noindex/Session.modulevalidation -Xcc -working-directory -Xcc /Users/admin/builder/spi-builder-workspace/.swiftpm/xcode -enable-anonymous-context-mangled-names -file-compilation-dir /Users/admin/builder/spi-builder-workspace/.swiftpm/xcode -Xcc -D_LIBCPP_HARDENING_MODE\=_LIBCPP_HARDENING_MODE_DEBUG -Xcc -ivfsstatcache -Xcc /Users/admin/builder/spi-builder-workspace/.derivedData/SDKStatCaches.noindex/xros27.0-24M361-e829b21a6f8c9b70876ba0858053c044735bd543db762f57723cac368afd1ce4.sdkstatcache -Xcc -fmodules-prune-interval\=86400 -Xcc -fmodules-prune-after\=345600 -Xcc -I/Users/admin/builder/spi-builder-workspace/.derivedData/Build/Products/Debug-xros/include -Xcc -I/Users/admin/builder/spi-builder-workspace/.derivedData/Build/Intermediates.noindex/fish.build/Debug-xros/Fish-t.build/DerivedSources-normal/arm64 -Xcc -I/Users/admin/builder/spi-builder-workspace/.derivedData/Build/Intermediates.noindex/fish.build/Debug-xros/Fish-t.build/DerivedSources/arm64 -Xcc -I/Users/admin/builder/spi-builder-workspace/.derivedData/Build/Intermediates.noindex/fish.build/Debug-xros/Fish-t.build/DerivedSources -Xcc -DSWIFT_PACKAGE -Xcc -DDEBUG\=1 -no-auto-bridging-header-chaining -module-name Fish -const-gather-protocols-file /Users/admin/builder/spi-builder-workspace/.derivedData/Build/Intermediates.noindex/fish.build/Debug-xros/Fish-t.build/Objects-normal/arm64/Fish_const_extract_protocols.json -disable-clang-spi -clang-target arm64-apple-xros27.0 -target-sdk-version 27.0 -target-sdk-name xros27.0 -in-process-plugin-server-path /Applications/Xcode-27.0.0-Release.Candidate.app/Contents/Developer/Toolchains/XcodeDefault.xctoolchain/usr/lib/swift/host/libSwiftInProcPluginServer.dylib -parse-as-library -o /Users/admin/builder/spi-builder-workspace/.derivedData/Build/Intermediates.noindex/fish.build/Debug-xros/Fish-t.build/Objects-normal/arm64/FilesManager+IFolderManager.o -debug-module-path /Users/admin/builder/spi-builder-workspace/.derivedData/Build/Intermediates.noindex/fish.build/Debug-xros/Fish-t.build/Objects-normal/arm64/Fish.swiftmodule -index-unit-output-path /fish.build/Debug-xros/Fish-t.build/Objects-normal/arm64/FilesManager+IFolderManager.o -index-store-path /Users/admin/builder/spi-builder-workspace/.derivedData/Index.noindex/DataStore -index-system-modules
SwiftCompile normal arm64 Compiling\ FilesManager+IFileManager.swift /Users/admin/builder/spi-builder-workspace/Sources/Implementation/Manager/FilesManager+IFileManager.swift (in target 'Fish' from project 'fish')
SwiftCompile normal arm64 /Users/admin/builder/spi-builder-workspace/Sources/Implementation/Manager/FilesManager+IFileManager.swift (in target 'Fish' from project 'fish')
cd /Users/admin/builder/spi-builder-workspace/.swiftpm/xcode
builtin-SwiftPerFileCompile FilesManager+IFileManager.swift
SwiftCompile normal arm64 Compiling\ FolderStorage.swift /Users/admin/builder/spi-builder-workspace/Sources/Implementation/Models/FolderStorage.swift (in target 'Fish' from project 'fish')
SwiftCompile normal arm64 /Users/admin/builder/spi-builder-workspace/Sources/Implementation/Models/FolderStorage.swift (in target 'Fish' from project 'fish')
cd /Users/admin/builder/spi-builder-workspace/.swiftpm/xcode
builtin-SwiftPerFileCompile FolderStorage.swift
SwiftCompile normal arm64 Compiling\ FileStorage.swift /Users/admin/builder/spi-builder-workspace/Sources/Implementation/Models/FileStorage.swift (in target 'Fish' from project 'fish')
SwiftCompile normal arm64 /Users/admin/builder/spi-builder-workspace/Sources/Implementation/Models/FileStorage.swift (in target 'Fish' from project 'fish')
cd /Users/admin/builder/spi-builder-workspace/.swiftpm/xcode
builtin-SwiftPerFileCompile FileStorage.swift
SwiftCompile normal arm64 Compiling\ String+RelativePath.swift /Users/admin/builder/spi-builder-workspace/Sources/Public/Extensions/String+RelativePath.swift (in target 'Fish' from project 'fish')
SwiftCompile normal arm64 /Users/admin/builder/spi-builder-workspace/Sources/Public/Extensions/String+RelativePath.swift (in target 'Fish' from project 'fish')
cd /Users/admin/builder/spi-builder-workspace/.swiftpm/xcode
builtin-SwiftPerFileCompile String+RelativePath.swift
SwiftCompile normal arm64 Compiling\ FilesManager.swift /Users/admin/builder/spi-builder-workspace/Sources/Implementation/Manager/FilesManager.swift (in target 'Fish' from project 'fish')
SwiftCompile normal arm64 /Users/admin/builder/spi-builder-workspace/Sources/Implementation/Manager/FilesManager.swift (in target 'Fish' from project 'fish')
cd /Users/admin/builder/spi-builder-workspace/.swiftpm/xcode
builtin-SwiftPerFileCompile FilesManager.swift
SwiftEmitModule normal arm64 Emitting\ module\ for\ Fish (in target 'Fish' from project 'fish')
SwiftCompile normal arm64 (in target 'Fish' from project 'fish')
cd /Users/admin/builder/spi-builder-workspace/.swiftpm/xcode
SwiftCompile normal arm64 Compiling\ FishError.swift /Users/admin/builder/spi-builder-workspace/Sources/Public/FishError.swift (in target 'Fish' from project 'fish')
SwiftCompile normal arm64 /Users/admin/builder/spi-builder-workspace/Sources/Public/FishError.swift (in target 'Fish' from project 'fish')
cd /Users/admin/builder/spi-builder-workspace/.swiftpm/xcode
builtin-SwiftPerFileCompile FishError.swift
SwiftDriverJobDiscovery normal arm64 Compiling FilesManager+IItemManager.swift (in target 'Fish' from project 'fish')
SwiftCompile normal arm64 Compiling\ Fish.swift /Users/admin/builder/spi-builder-workspace/Sources/Fish.swift (in target 'Fish' from project 'fish')
SwiftCompile normal arm64 /Users/admin/builder/spi-builder-workspace/Sources/Fish.swift (in target 'Fish' from project 'fish')
cd /Users/admin/builder/spi-builder-workspace/.swiftpm/xcode
builtin-SwiftPerFileCompile Fish.swift
SwiftDriverJobDiscovery normal arm64 Compiling String+RelativePath.swift (in target 'Fish' from project 'fish')
SwiftDriverJobDiscovery normal arm64 Compiling FileStorage.swift (in target 'Fish' from project 'fish')
SwiftCompile normal arm64 Compiling\ File.swift /Users/admin/builder/spi-builder-workspace/Sources/Public/General/File.swift (in target 'Fish' from project 'fish')
SwiftCompile normal arm64 /Users/admin/builder/spi-builder-workspace/Sources/Public/General/File.swift (in target 'Fish' from project 'fish')
cd /Users/admin/builder/spi-builder-workspace/.swiftpm/xcode
builtin-SwiftPerFileCompile File.swift
SwiftCompile normal arm64 Compiling\ URL+Extensions.swift /Users/admin/builder/spi-builder-workspace/Sources/Implementation/Extensions/URL+Extensions.swift (in target 'Fish' from project 'fish')
SwiftCompile normal arm64 /Users/admin/builder/spi-builder-workspace/Sources/Implementation/Extensions/URL+Extensions.swift (in target 'Fish' from project 'fish')
cd /Users/admin/builder/spi-builder-workspace/.swiftpm/xcode
builtin-SwiftPerFileCompile URL+Extensions.swift
SwiftCompile normal arm64 Compiling\ Folder.swift /Users/admin/builder/spi-builder-workspace/Sources/Public/General/Folder.swift (in target 'Fish' from project 'fish')
SwiftCompile normal arm64 /Users/admin/builder/spi-builder-workspace/Sources/Public/General/Folder.swift (in target 'Fish' from project 'fish')
cd /Users/admin/builder/spi-builder-workspace/.swiftpm/xcode
builtin-SwiftPerFileCompile Folder.swift
SwiftCompile normal arm64 Compiling\ IFolder.swift /Users/admin/builder/spi-builder-workspace/Sources/Public/Interfaces/IFolder.swift (in target 'Fish' from project 'fish')
SwiftCompile normal arm64 /Users/admin/builder/spi-builder-workspace/Sources/Public/Interfaces/IFolder.swift (in target 'Fish' from project 'fish')
cd /Users/admin/builder/spi-builder-workspace/.swiftpm/xcode
builtin-SwiftPerFileCompile IFolder.swift
SwiftDriverJobDiscovery normal arm64 Compiling FishError.swift (in target 'Fish' from project 'fish')
SwiftDriverJobDiscovery normal arm64 Compiling FolderStorage.swift (in target 'Fish' from project 'fish')
SwiftDriverJobDiscovery normal arm64 Compiling FilesManager+IFileManager.swift (in target 'Fish' from project 'fish')
PruneExplicitPrecompiledModules /Users/admin/builder/spi-builder-workspace/.derivedData/SDKExplicitPrecompiledModules
PruneExplicitPrecompiledModules /Users/admin/builder/spi-builder-workspace/.derivedData/Build/Intermediates.noindex/ExplicitPrecompiledModules
PruneExplicitPrecompiledModules /Users/admin/builder/spi-builder-workspace/.derivedData/Build/Intermediates.noindex/SwiftExplicitPrecompiledModules
2026-09-21 00:28:44.035 xcodebuild[719:4545] [MT] IDERunDestination: Supported platforms for the buildables in the current scheme is empty.
** BUILD FAILED **
The following build commands failed:
SwiftCompile normal arm64 /Users/admin/builder/spi-builder-workspace/Sources/Implementation/Manager/FilesManager+IFolderManager.swift (in target 'Fish' from project 'fish')
SwiftCompile normal arm64 Compiling\ FilesManager+IFolderManager.swift /Users/admin/builder/spi-builder-workspace/Sources/Implementation/Manager/FilesManager+IFolderManager.swift (in target 'Fish' from project 'fish')
Building workspace fish with scheme fish
(3 failures)
BUILD FAILURE 6.4 visionOS