Build Information
Failed to build MobilePaymentSDK, reference 4.4.2 (2bc9d3), with Swift 6.4 for watchOS using Xcode 27.0 on 16 Oct 2026 05:07:14 UTC.
Build Command
env DEVELOPER_DIR=/Applications/Xcode-27.0.0.app xcrun xcodebuild -IDEClonedSourcePackagesDirPathOverride=$PWD/.dependencies -skipMacroValidation -skipPackagePluginValidation -derivedDataPath $PWD/.derivedData build -scheme MobilePaymentSDK -destination generic/platform=watchOSBuild Log
========================================
RunAll
========================================
Builder version: 5.1.3
Interrupt handler set up.
========================================
Checkout
========================================
Clone URL: https://github.com/Telr-PG/telr-sdk-ios.git
Reference: 4.4.2
Initialized empty Git repository in /Users/admin/builder/spi-builder-workspace/.git/
From https://github.com/Telr-PG/telr-sdk-ios
* tag 4.4.2 -> FETCH_HEAD
HEAD is now at 2bc9d3d chore(release): ios-v4.4.2
Updating files: 57% (543/940)
Updating files: 58% (546/940)
Updating files: 59% (555/940)
Updating files: 60% (564/940)
Updating files: 61% (574/940)
Updating files: 62% (583/940)
Updating files: 63% (593/940)
Updating files: 64% (602/940)
Updating files: 65% (611/940)
Updating files: 66% (621/940)
Updating files: 67% (630/940)
Updating files: 68% (640/940)
Updating files: 69% (649/940)
Updating files: 70% (658/940)
Updating files: 71% (668/940)
Updating files: 72% (677/940)
Updating files: 73% (687/940)
Updating files: 74% (696/940)
Updating files: 75% (705/940)
Updating files: 76% (715/940)
Updating files: 77% (724/940)
Updating files: 78% (734/940)
Updating files: 79% (743/940)
Updating files: 80% (752/940)
Updating files: 81% (762/940)
Updating files: 82% (771/940)
Updating files: 83% (781/940)
Updating files: 84% (790/940)
Updating files: 85% (799/940)
Updating files: 86% (809/940)
Updating files: 87% (818/940)
Updating files: 88% (828/940)
Updating files: 89% (837/940)
Updating files: 89% (839/940)
Updating files: 90% (846/940)
Updating files: 91% (856/940)
Updating files: 92% (865/940)
Updating files: 93% (875/940)
Updating files: 94% (884/940)
Updating files: 95% (893/940)
Updating files: 96% (903/940)
Updating files: 97% (912/940)
Updating files: 98% (922/940)
Updating files: 99% (931/940)
Updating files: 100% (940/940)
Updating files: 100% (940/940), done.
Cloned https://github.com/Telr-PG/telr-sdk-ios.git
Revision (git rev-parse @):
2bc9d3d8c41cb666c10ac5ab4f4ac3f5cafc3f6e
SUCCESS checkout https://github.com/Telr-PG/telr-sdk-ios.git at 4.4.2
========================================
Build
========================================
Selected platform: watchOS
Swift version: 6.4
Building package at path: $PWD
https://github.com/Telr-PG/telr-sdk-ios.git
Command line invocation:
/Applications/Xcode-27.0.0.app/Contents/Developer/usr/bin/xcodebuild -IDEClonedSourcePackagesDirPathOverride=/Users/admin/builder/spi-builder-workspace/.dependencies -resolvePackageDependencies
Resolve Package Graph
Resolve Package Graph
Resolved source packages:
MobilePaymentSDK: /Users/admin/builder/spi-builder-workspace
resolved source packages: MobilePaymentSDK
2026-10-16 01:06:36.985 xcodebuild[642:4168] [MT] IDERunDestination: Supported platforms for the buildables in the current scheme is empty.
{
"dependencies" : [
],
"manifest_display_name" : "MobilePaymentSDK",
"name" : "MobilePaymentSDK",
"path" : "/Users/admin/builder/spi-builder-workspace",
"platforms" : [
{
"name" : "ios",
"version" : "15.0"
}
],
"products" : [
{
"name" : "MobilePaymentSDK",
"targets" : [
"MobilePaymentSDK"
],
"type" : {
"library" : [
"automatic"
]
}
}
],
"targets" : [
{
"c99name" : "MobilePaymentSDK",
"module_type" : "BinaryTarget",
"name" : "MobilePaymentSDK",
"path" : "remote/archive/MobilePaymentSDK.xcframework.zip",
"product_memberships" : [
"MobilePaymentSDK"
],
"sources" : [
],
"type" : "binary"
}
],
"tools_version" : "6.0"
}
{
"workspace" : {
"name" : "MobilePaymentSDK",
"schemes" : [
"MobilePaymentSDK"
]
}
}
2026-10-16 01:07:08.960 xcodebuild[750:4998] [MT] IDERunDestination: Supported platforms for the buildables in the current scheme is empty.
Running build ...
env DEVELOPER_DIR=/Applications/Xcode-27.0.0.app xcrun xcodebuild -IDEClonedSourcePackagesDirPathOverride=$PWD/.dependencies -skipMacroValidation -skipPackagePluginValidation -derivedDataPath $PWD/.derivedData build -scheme MobilePaymentSDK -destination generic/platform=watchOS
Command line invocation:
/Applications/Xcode-27.0.0.app/Contents/Developer/usr/bin/xcodebuild -IDEClonedSourcePackagesDirPathOverride=/Users/admin/builder/spi-builder-workspace/.dependencies -skipMacroValidation -skipPackagePluginValidation -derivedDataPath /Users/admin/builder/spi-builder-workspace/.derivedData build -scheme MobilePaymentSDK -destination generic/platform=watchOS
Resolve Package Graph
Resolved source packages:
MobilePaymentSDK: /Users/admin/builder/spi-builder-workspace
ComputePackagePrebuildTargetDependencyGraph
Prepare packages
CreateBuildRequest
SendProjectDescription
CreateBuildOperation
ComputeTargetDependencyGraph
note: Building targets in dependency order
note: Target dependency graph (1 target)
Target 'MobilePaymentSDK-product' in project 'MobilePaymentSDK' (no dependencies)
GatherProvisioningInputs
CreateBuildDescription
ExecuteExternalTool /Applications/Xcode-27.0.0.app/Contents/Developer/Toolchains/XcodeDefault.xctoolchain/usr/bin/clang -v -E -dM -isysroot /Applications/Xcode-27.0.0.app/Contents/Developer/Platforms/WatchOS.platform/Developer/SDKs/WatchOS27.0.sdk -x c -c /dev/null
Build description signature: 4a51892764b6529ba42c6f2f516a218a
Build description path: /Users/admin/builder/spi-builder-workspace/.derivedData/Build/Intermediates.noindex/XCBuildData/4a51892764b6529ba42c6f2f516a218a.xcbuilddata
/Users/admin/builder/spi-builder-workspace/.dependencies/artifacts/spi-builder-workspace/MobilePaymentSDK/MobilePaymentSDK.xcframework:1:1: error: While building for watchOS, no library for this platform was found in '/Users/admin/builder/spi-builder-workspace/.dependencies/artifacts/spi-builder-workspace/MobilePaymentSDK/MobilePaymentSDK.xcframework'. (in target 'MobilePaymentSDK-product' from project 'MobilePaymentSDK')
2026-10-16 01:07:10.502 xcodebuild[751:5058] [MT] IDERunDestination: Supported platforms for the buildables in the current scheme is empty.
** BUILD FAILED **
The following build commands failed:
Building workspace MobilePaymentSDK with scheme MobilePaymentSDK
(1 failure)
Command line invocation:
/Applications/Xcode-27.0.0.app/Contents/Developer/usr/bin/xcodebuild -IDEClonedSourcePackagesDirPathOverride=/Users/admin/builder/spi-builder-workspace/.dependencies -resolvePackageDependencies
Resolve Package Graph
Resolved source packages:
MobilePaymentSDK: /Users/admin/builder/spi-builder-workspace
resolved source packages: MobilePaymentSDK
2026-10-16 01:07:12.125 xcodebuild[772:5244] [MT] IDERunDestination: Supported platforms for the buildables in the current scheme is empty.
{
"dependencies" : [
],
"manifest_display_name" : "MobilePaymentSDK",
"name" : "MobilePaymentSDK",
"path" : "/Users/admin/builder/spi-builder-workspace",
"platforms" : [
{
"name" : "ios",
"version" : "15.0"
}
],
"products" : [
{
"name" : "MobilePaymentSDK",
"targets" : [
"MobilePaymentSDK"
],
"type" : {
"library" : [
"automatic"
]
}
}
],
"targets" : [
{
"c99name" : "MobilePaymentSDK",
"module_type" : "BinaryTarget",
"name" : "MobilePaymentSDK",
"path" : "remote/archive/MobilePaymentSDK.xcframework.zip",
"product_memberships" : [
"MobilePaymentSDK"
],
"sources" : [
],
"type" : "binary"
}
],
"tools_version" : "6.0"
}
{
"workspace" : {
"name" : "MobilePaymentSDK",
"schemes" : [
"MobilePaymentSDK"
]
}
}
2026-10-16 01:07:13.299 xcodebuild[780:5301] [MT] IDERunDestination: Supported platforms for the buildables in the current scheme is empty.
Running build ...
env DEVELOPER_DIR=/Applications/Xcode-27.0.0.app xcrun xcodebuild -IDEClonedSourcePackagesDirPathOverride=$PWD/.dependencies -skipMacroValidation -skipPackagePluginValidation -derivedDataPath $PWD/.derivedData build -scheme MobilePaymentSDK -destination generic/platform=watchOS
Command line invocation:
/Applications/Xcode-27.0.0.app/Contents/Developer/usr/bin/xcodebuild -IDEClonedSourcePackagesDirPathOverride=/Users/admin/builder/spi-builder-workspace/.dependencies -skipMacroValidation -skipPackagePluginValidation -derivedDataPath /Users/admin/builder/spi-builder-workspace/.derivedData build -scheme MobilePaymentSDK -destination generic/platform=watchOS
Resolve Package Graph
Resolved source packages:
MobilePaymentSDK: /Users/admin/builder/spi-builder-workspace
ComputePackagePrebuildTargetDependencyGraph
Prepare packages
CreateBuildRequest
SendProjectDescription
CreateBuildOperation
ComputeTargetDependencyGraph
note: Building targets in dependency order
note: Target dependency graph (1 target)
Target 'MobilePaymentSDK-product' in project 'MobilePaymentSDK' (no dependencies)
GatherProvisioningInputs
CreateBuildDescription
/Users/admin/builder/spi-builder-workspace/.dependencies/artifacts/spi-builder-workspace/MobilePaymentSDK/MobilePaymentSDK.xcframework:1:1: error: While building for watchOS, no library for this platform was found in '/Users/admin/builder/spi-builder-workspace/.dependencies/artifacts/spi-builder-workspace/MobilePaymentSDK/MobilePaymentSDK.xcframework'. (in target 'MobilePaymentSDK-product' from project 'MobilePaymentSDK')
2026-10-16 01:07:14.208 xcodebuild[781:5327] [MT] IDERunDestination: Supported platforms for the buildables in the current scheme is empty.
** BUILD FAILED **
The following build commands failed:
Building workspace MobilePaymentSDK with scheme MobilePaymentSDK
(1 failure)
BUILD FAILURE 6.4 watchOS