The Swift Package Index logo.Swift Package Index

Build Information

Failed to build NearbyConnections, reference main (1d9e86), with Swift 6.4 for watchOS using Xcode 27.0 on 22 Sep 2026 00:24:13 UTC.

Build Command

env DEVELOPER_DIR=/Applications/Xcode-27.0.0-Release.Candidate.app xcrun xcodebuild -IDEClonedSourcePackagesDirPathOverride=$PWD/.dependencies -skipMacroValidation -skipPackagePluginValidation -derivedDataPath $PWD/.derivedData build -scheme NearbyConnections-Package -destination generic/platform=watchOS

Build Log

In file included from /Users/admin/builder/spi-builder-workspace/connections/implementation/mediums/advertisements/data_element.cc:15:
In file included from /Users/admin/builder/spi-builder-workspace/connections/implementation/mediums/advertisements/data_element.h:22:
In file included from /Users/admin/builder/spi-builder-workspace/internal/platform/stream_reader.h:22:
In file included from /Users/admin/builder/spi-builder-workspace/internal/platform/byte_array.h:24:
In file included from /Users/admin/builder/spi-builder-workspace/.dependencies/checkouts/abseil-cpp-SwiftPM/absl/strings/string_view.h:40:
In file included from /Users/admin/builder/spi-builder-workspace/.dependencies/checkouts/abseil-cpp-SwiftPM/absl/base/nullability.h:153:
In file included from /Users/admin/builder/spi-builder-workspace/.dependencies/checkouts/abseil-cpp-SwiftPM/absl/base/internal/nullability_impl.h:22:
/Users/admin/builder/spi-builder-workspace/.dependencies/checkouts/abseil-cpp-SwiftPM/absl/meta/type_traits.h:511:36: warning: builtin __is_trivially_relocatable is deprecated; use __builtin_is_cpp_trivially_relocatable instead [-Wdeprecated-builtins]
  511 |     : std::integral_constant<bool, __is_trivially_relocatable(T)> {};
      |                                    ^
1 warning generated.
CompileC /Users/admin/builder/spi-builder-workspace/.derivedData/Build/Intermediates.noindex/NearbyConnections.build/Debug-watchos/NearbyCoreAdapter-t.build/Objects-normal/arm64_32/crypto-ebe24519815d8511317ae392d10a1429.o /Users/admin/builder/spi-builder-workspace/internal/platform/implementation/shared/crypto.cc normal arm64_32 c++ com.apple.compilers.llvm.clang.1_0.compiler (in target 'NearbyCoreAdapter' from project 'NearbyConnections')
    cd /Users/admin/builder/spi-builder-workspace/.swiftpm/xcode

    Using response file: /Users/admin/builder/spi-builder-workspace/.derivedData/Build/Intermediates.noindex/NearbyConnections.build/Debug-watchos/NearbyCoreAdapter-t.build/Objects-normal/arm64_32/82b82416624d2658e5098eb0a28c15c5-common-args.resp

    /Applications/Xcode-27.0.0-Release.Candidate.app/Contents/Developer/Toolchains/XcodeDefault.xctoolchain/usr/bin/clang -x c++ -ivfsstatcache /Users/admin/builder/spi-builder-workspace/.derivedData/SDKStatCaches.noindex/watchos27.0-24R360-e829b21a6f8c9b70876ba0858053c04477534ef55a1706bf4c1112bbb242f0a2.sdkstatcache -target arm64_32-apple-watchos9.0 -fmessage-length\=0 -fdiagnostics-show-note-include-stack -fmacro-backtrace-limit\=0 -fno-color-diagnostics -fmodules-prune-interval\=86400 -fmodules-prune-after\=345600 -fbuild-session-file\=/Users/admin/builder/spi-builder-workspace/.derivedData/ModuleCache.noindex/Session.modulevalidation -fmodules-validate-once-per-build-session -Wnon-modular-include-in-framework-module -Werror\=non-modular-include-in-framework-module -Wno-trigraphs -Wno-missing-field-initializers -Wno-missing-prototypes -Wno-return-type -Wno-non-virtual-dtor -Wno-overloaded-virtual -Wno-exit-time-destructors -Wno-missing-braces -Wparentheses -Wswitch -Wno-unused-function -Wno-unused-label -Wno-unused-parameter -Wno-unused-variable -Wunused-value -Wno-empty-body -Wno-uninitialized -Wno-unknown-pragmas -Wno-shadow -Wno-four-char-constants -Wno-conversion -Wno-constant-conversion -Wno-int-conversion -Wno-bool-conversion -Wno-enum-conversion -Wno-float-conversion -Wno-non-literal-null-conversion -Wno-objc-literal-conversion -Wno-shorten-64-to-32 -Wno-newline-eof -Wno-c++11-extensions -Wno-implicit-fallthrough -isysroot /Applications/Xcode-27.0.0-Release.Candidate.app/Contents/Developer/Platforms/WatchOS.platform/Developer/SDKs/WatchOS27.0.sdk -fstrict-aliasing -Wdeprecated-declarations -Winvalid-offsetof -Wno-sign-conversion -Wno-infinite-recursion -Wno-move -Wno-comma -Wno-block-capture-autoreleasing -Wno-strict-prototypes -Wno-range-loop-analysis -Wno-semicolon-before-method-body -index-store-path /Users/admin/builder/spi-builder-workspace/.derivedData/Index.noindex/DataStore @/Users/admin/builder/spi-builder-workspace/.derivedData/Build/Intermediates.noindex/NearbyConnections.build/Debug-watchos/NearbyCoreAdapter-t.build/Objects-normal/arm64_32/82b82416624d2658e5098eb0a28c15c5-common-args.resp -MMD -MT dependencies -MF /Users/admin/builder/spi-builder-workspace/.derivedData/Build/Intermediates.noindex/NearbyConnections.build/Debug-watchos/NearbyCoreAdapter-t.build/Objects-normal/arm64_32/crypto-ebe24519815d8511317ae392d10a1429.d --serialize-diagnostics /Users/admin/builder/spi-builder-workspace/.derivedData/Build/Intermediates.noindex/NearbyConnections.build/Debug-watchos/NearbyCoreAdapter-t.build/Objects-normal/arm64_32/crypto-ebe24519815d8511317ae392d10a1429.dia -c /Users/admin/builder/spi-builder-workspace/internal/platform/implementation/shared/crypto.cc -o /Users/admin/builder/spi-builder-workspace/.derivedData/Build/Intermediates.noindex/NearbyConnections.build/Debug-watchos/NearbyCoreAdapter-t.build/Objects-normal/arm64_32/crypto-ebe24519815d8511317ae392d10a1429.o -index-unit-output-path /NearbyConnections.build/Debug-watchos/NearbyCoreAdapter-t.build/Objects-normal/arm64_32/crypto-ebe24519815d8511317ae392d10a1429.o
In file included from /Users/admin/builder/spi-builder-workspace/internal/platform/implementation/shared/crypto.cc:18:
In file included from /Users/admin/builder/spi-builder-workspace/.dependencies/checkouts/abseil-cpp-SwiftPM/absl/types/span.h:66:
In file included from /Users/admin/builder/spi-builder-workspace/.dependencies/checkouts/abseil-cpp-SwiftPM/absl/base/nullability.h:153:
In file included from /Users/admin/builder/spi-builder-workspace/.dependencies/checkouts/abseil-cpp-SwiftPM/absl/base/internal/nullability_impl.h:22:
/Users/admin/builder/spi-builder-workspace/.dependencies/checkouts/abseil-cpp-SwiftPM/absl/meta/type_traits.h:511:36: warning: builtin __is_trivially_relocatable is deprecated; use __builtin_is_cpp_trivially_relocatable instead [-Wdeprecated-builtins]
  511 |     : std::integral_constant<bool, __is_trivially_relocatable(T)> {};
      |                                    ^
1 warning generated.
CompileC /Users/admin/builder/spi-builder-workspace/.derivedData/Build/Intermediates.noindex/NearbyConnections.build/Debug-watchos/NearbyCoreAdapter-t.build/Objects-normal/arm64_32/crypto-8222146fba9287ce2dc6a8615f6ba44f.o /Users/admin/builder/spi-builder-workspace/internal/platform/implementation/apple/crypto.mm normal arm64_32 objective-c++ com.apple.compilers.llvm.clang.1_0.compiler (in target 'NearbyCoreAdapter' from project 'NearbyConnections')
    cd /Users/admin/builder/spi-builder-workspace/.swiftpm/xcode

    Using response file: /Users/admin/builder/spi-builder-workspace/.derivedData/Build/Intermediates.noindex/NearbyConnections.build/Debug-watchos/NearbyCoreAdapter-t.build/Objects-normal/arm64_32/af3fcb34312c57c0f52879cdce924b91-common-args.resp

    /Applications/Xcode-27.0.0-Release.Candidate.app/Contents/Developer/Toolchains/XcodeDefault.xctoolchain/usr/bin/clang -x objective-c++ -ivfsstatcache /Users/admin/builder/spi-builder-workspace/.derivedData/SDKStatCaches.noindex/watchos27.0-24R360-e829b21a6f8c9b70876ba0858053c04477534ef55a1706bf4c1112bbb242f0a2.sdkstatcache -target arm64_32-apple-watchos9.0 -fmessage-length\=0 -fdiagnostics-show-note-include-stack -fmacro-backtrace-limit\=0 -fno-color-diagnostics -fmodules-prune-interval\=86400 -fmodules-prune-after\=345600 -fbuild-session-file\=/Users/admin/builder/spi-builder-workspace/.derivedData/ModuleCache.noindex/Session.modulevalidation -fmodules-validate-once-per-build-session -Wnon-modular-include-in-framework-module -Werror\=non-modular-include-in-framework-module -Wno-trigraphs -Wno-missing-field-initializers -Wno-missing-prototypes -Wno-return-type -Wno-implicit-atomic-properties -Wno-objc-interface-ivars -Wno-arc-repeated-use-of-weak -Wno-non-virtual-dtor -Wno-overloaded-virtual -Wno-exit-time-destructors -Wno-missing-braces -Wparentheses -Wswitch -Wno-unused-function -Wno-unused-label -Wno-unused-parameter -Wno-unused-variable -Wunused-value -Wno-empty-body -Wno-uninitialized -Wno-unknown-pragmas -Wno-shadow -Wno-four-char-constants -Wno-conversion -Wno-constant-conversion -Wno-int-conversion -Wno-bool-conversion -Wno-enum-conversion -Wno-float-conversion -Wno-non-literal-null-conversion -Wno-objc-literal-conversion -Wno-shorten-64-to-32 -Wno-newline-eof -Wno-selector -Wno-strict-selector-match -Wno-undeclared-selector -Wno-deprecated-implementations -Wno-c++11-extensions -Wno-implicit-fallthrough -isysroot /Applications/Xcode-27.0.0-Release.Candidate.app/Contents/Developer/Platforms/WatchOS.platform/Developer/SDKs/WatchOS27.0.sdk -fstrict-aliasing -Wprotocol -Wdeprecated-declarations -Winvalid-offsetof -Wno-sign-conversion -Wno-infinite-recursion -Wno-move -Wno-comma -Wno-block-capture-autoreleasing -Wno-strict-prototypes -Wno-range-loop-analysis -Wno-semicolon-before-method-body -index-store-path /Users/admin/builder/spi-builder-workspace/.derivedData/Index.noindex/DataStore @/Users/admin/builder/spi-builder-workspace/.derivedData/Build/Intermediates.noindex/NearbyConnections.build/Debug-watchos/NearbyCoreAdapter-t.build/Objects-normal/arm64_32/af3fcb34312c57c0f52879cdce924b91-common-args.resp -MMD -MT dependencies -MF /Users/admin/builder/spi-builder-workspace/.derivedData/Build/Intermediates.noindex/NearbyConnections.build/Debug-watchos/NearbyCoreAdapter-t.build/Objects-normal/arm64_32/crypto-8222146fba9287ce2dc6a8615f6ba44f.d --serialize-diagnostics /Users/admin/builder/spi-builder-workspace/.derivedData/Build/Intermediates.noindex/NearbyConnections.build/Debug-watchos/NearbyCoreAdapter-t.build/Objects-normal/arm64_32/crypto-8222146fba9287ce2dc6a8615f6ba44f.dia -c /Users/admin/builder/spi-builder-workspace/internal/platform/implementation/apple/crypto.mm -o /Users/admin/builder/spi-builder-workspace/.derivedData/Build/Intermediates.noindex/NearbyConnections.build/Debug-watchos/NearbyCoreAdapter-t.build/Objects-normal/arm64_32/crypto-8222146fba9287ce2dc6a8615f6ba44f.o -index-unit-output-path /NearbyConnections.build/Debug-watchos/NearbyCoreAdapter-t.build/Objects-normal/arm64_32/crypto-8222146fba9287ce2dc6a8615f6ba44f.o
In file included from /Users/admin/builder/spi-builder-workspace/internal/platform/implementation/apple/crypto.mm:15:
In file included from /Users/admin/builder/spi-builder-workspace/internal/platform/implementation/crypto.h:21:
In file included from /Users/admin/builder/spi-builder-workspace/.dependencies/checkouts/abseil-cpp-SwiftPM/absl/strings/string_view.h:40:
In file included from /Users/admin/builder/spi-builder-workspace/.dependencies/checkouts/abseil-cpp-SwiftPM/absl/base/nullability.h:153:
In file included from /Users/admin/builder/spi-builder-workspace/.dependencies/checkouts/abseil-cpp-SwiftPM/absl/base/internal/nullability_impl.h:22:
/Users/admin/builder/spi-builder-workspace/.dependencies/checkouts/abseil-cpp-SwiftPM/absl/meta/type_traits.h:511:36: warning: builtin __is_trivially_relocatable is deprecated; use __builtin_is_cpp_trivially_relocatable instead [-Wdeprecated-builtins]
  511 |     : std::integral_constant<bool, __is_trivially_relocatable(T)> {};
      |                                    ^
CompileC /Users/admin/builder/spi-builder-workspace/.derivedData/Build/Intermediates.noindex/NearbyConnections.build/Debug-watchos/NearbyCoreAdapter-t.build/Objects-normal/arm64_32/credential_storage_impl.o /Users/admin/builder/spi-builder-workspace/internal/platform/credential_storage_impl.cc normal arm64_32 c++ com.apple.compilers.llvm.clang.1_0.compiler (in target 'NearbyCoreAdapter' from project 'NearbyConnections')
    cd /Users/admin/builder/spi-builder-workspace/.swiftpm/xcode

    Using response file: /Users/admin/builder/spi-builder-workspace/.derivedData/Build/Intermediates.noindex/NearbyConnections.build/Debug-watchos/NearbyCoreAdapter-t.build/Objects-normal/arm64_32/82b82416624d2658e5098eb0a28c15c5-common-args.resp

    /Applications/Xcode-27.0.0-Release.Candidate.app/Contents/Developer/Toolchains/XcodeDefault.xctoolchain/usr/bin/clang -x c++ -ivfsstatcache /Users/admin/builder/spi-builder-workspace/.derivedData/SDKStatCaches.noindex/watchos27.0-24R360-e829b21a6f8c9b70876ba0858053c04477534ef55a1706bf4c1112bbb242f0a2.sdkstatcache -target arm64_32-apple-watchos9.0 -fmessage-length\=0 -fdiagnostics-show-note-include-stack -fmacro-backtrace-limit\=0 -fno-color-diagnostics -fmodules-prune-interval\=86400 -fmodules-prune-after\=345600 -fbuild-session-file\=/Users/admin/builder/spi-builder-workspace/.derivedData/ModuleCache.noindex/Session.modulevalidation -fmodules-validate-once-per-build-session -Wnon-modular-include-in-framework-module -Werror\=non-modular-include-in-framework-module -Wno-trigraphs -Wno-missing-field-initializers -Wno-missing-prototypes -Wno-return-type -Wno-non-virtual-dtor -Wno-overloaded-virtual -Wno-exit-time-destructors -Wno-missing-braces -Wparentheses -Wswitch -Wno-unused-function -Wno-unused-label -Wno-unused-parameter -Wno-unused-variable -Wunused-value -Wno-empty-body -Wno-uninitialized -Wno-unknown-pragmas -Wno-shadow -Wno-four-char-constants -Wno-conversion -Wno-constant-conversion -Wno-int-conversion -Wno-bool-conversion -Wno-enum-conversion -Wno-float-conversion -Wno-non-literal-null-conversion -Wno-objc-literal-conversion -Wno-shorten-64-to-32 -Wno-newline-eof -Wno-c++11-extensions -Wno-implicit-fallthrough -isysroot /Applications/Xcode-27.0.0-Release.Candidate.app/Contents/Developer/Platforms/WatchOS.platform/Developer/SDKs/WatchOS27.0.sdk -fstrict-aliasing -Wdeprecated-declarations -Winvalid-offsetof -Wno-sign-conversion -Wno-infinite-recursion -Wno-move -Wno-comma -Wno-block-capture-autoreleasing -Wno-strict-prototypes -Wno-range-loop-analysis -Wno-semicolon-before-method-body -index-store-path /Users/admin/builder/spi-builder-workspace/.derivedData/Index.noindex/DataStore @/Users/admin/builder/spi-builder-workspace/.derivedData/Build/Intermediates.noindex/NearbyConnections.build/Debug-watchos/NearbyCoreAdapter-t.build/Objects-normal/arm64_32/82b82416624d2658e5098eb0a28c15c5-common-args.resp -MMD -MT dependencies -MF /Users/admin/builder/spi-builder-workspace/.derivedData/Build/Intermediates.noindex/NearbyConnections.build/Debug-watchos/NearbyCoreAdapter-t.build/Objects-normal/arm64_32/credential_storage_impl.d --serialize-diagnostics /Users/admin/builder/spi-builder-workspace/.derivedData/Build/Intermediates.noindex/NearbyConnections.build/Debug-watchos/NearbyCoreAdapter-t.build/Objects-normal/arm64_32/credential_storage_impl.dia -c /Users/admin/builder/spi-builder-workspace/internal/platform/credential_storage_impl.cc -o /Users/admin/builder/spi-builder-workspace/.derivedData/Build/Intermediates.noindex/NearbyConnections.build/Debug-watchos/NearbyCoreAdapter-t.build/Objects-normal/arm64_32/credential_storage_impl.o -index-unit-output-path /NearbyConnections.build/Debug-watchos/NearbyCoreAdapter-t.build/Objects-normal/arm64_32/credential_storage_impl.o
In file included from /Users/admin/builder/spi-builder-workspace/internal/platform/credential_storage_impl.cc:14:
In file included from /Users/admin/builder/spi-builder-workspace/internal/platform/credential_storage_impl.h:22:
In file included from /Users/admin/builder/spi-builder-workspace/.dependencies/checkouts/abseil-cpp-SwiftPM/absl/strings/string_view.h:40:
In file included from /Users/admin/builder/spi-builder-workspace/.dependencies/checkouts/abseil-cpp-SwiftPM/absl/base/nullability.h:153:
In file included from /Users/admin/builder/spi-builder-workspace/.dependencies/checkouts/abseil-cpp-SwiftPM/absl/base/internal/nullability_impl.h:22:
/Users/admin/builder/spi-builder-workspace/.dependencies/checkouts/abseil-cpp-SwiftPM/absl/meta/type_traits.h:511:36: warning: builtin __is_trivially_relocatable is deprecated; use __builtin_is_cpp_trivially_relocatable instead [-Wdeprecated-builtins]
  511 |     : std::integral_constant<bool, __is_trivially_relocatable(T)> {};
      |                                    ^
CompileC /Users/admin/builder/spi-builder-workspace/.derivedData/Build/Intermediates.noindex/NearbyConnections.build/Debug-watchos/NearbyCoreAdapter-t.build/Objects-normal/arm64_32/credential.pb.o /Users/admin/builder/spi-builder-workspace/compiled_proto/internal/proto/credential.pb.cc normal arm64_32 c++ com.apple.compilers.llvm.clang.1_0.compiler (in target 'NearbyCoreAdapter' from project 'NearbyConnections')
    cd /Users/admin/builder/spi-builder-workspace/.swiftpm/xcode

    Using response file: /Users/admin/builder/spi-builder-workspace/.derivedData/Build/Intermediates.noindex/NearbyConnections.build/Debug-watchos/NearbyCoreAdapter-t.build/Objects-normal/arm64_32/82b82416624d2658e5098eb0a28c15c5-common-args.resp

    /Applications/Xcode-27.0.0-Release.Candidate.app/Contents/Developer/Toolchains/XcodeDefault.xctoolchain/usr/bin/clang -x c++ -ivfsstatcache /Users/admin/builder/spi-builder-workspace/.derivedData/SDKStatCaches.noindex/watchos27.0-24R360-e829b21a6f8c9b70876ba0858053c04477534ef55a1706bf4c1112bbb242f0a2.sdkstatcache -target arm64_32-apple-watchos9.0 -fmessage-length\=0 -fdiagnostics-show-note-include-stack -fmacro-backtrace-limit\=0 -fno-color-diagnostics -fmodules-prune-interval\=86400 -fmodules-prune-after\=345600 -fbuild-session-file\=/Users/admin/builder/spi-builder-workspace/.derivedData/ModuleCache.noindex/Session.modulevalidation -fmodules-validate-once-per-build-session -Wnon-modular-include-in-framework-module -Werror\=non-modular-include-in-framework-module -Wno-trigraphs -Wno-missing-field-initializers -Wno-missing-prototypes -Wno-return-type -Wno-non-virtual-dtor -Wno-overloaded-virtual -Wno-exit-time-destructors -Wno-missing-braces -Wparentheses -Wswitch -Wno-unused-function -Wno-unused-label -Wno-unused-parameter -Wno-unused-variable -Wunused-value -Wno-empty-body -Wno-uninitialized -Wno-unknown-pragmas -Wno-shadow -Wno-four-char-constants -Wno-conversion -Wno-constant-conversion -Wno-int-conversion -Wno-bool-conversion -Wno-enum-conversion -Wno-float-conversion -Wno-non-literal-null-conversion -Wno-objc-literal-conversion -Wno-shorten-64-to-32 -Wno-newline-eof -Wno-c++11-extensions -Wno-implicit-fallthrough -isysroot /Applications/Xcode-27.0.0-Release.Candidate.app/Contents/Developer/Platforms/WatchOS.platform/Developer/SDKs/WatchOS27.0.sdk -fstrict-aliasing -Wdeprecated-declarations -Winvalid-offsetof -Wno-sign-conversion -Wno-infinite-recursion -Wno-move -Wno-comma -Wno-block-capture-autoreleasing -Wno-strict-prototypes -Wno-range-loop-analysis -Wno-semicolon-before-method-body -index-store-path /Users/admin/builder/spi-builder-workspace/.derivedData/Index.noindex/DataStore @/Users/admin/builder/spi-builder-workspace/.derivedData/Build/Intermediates.noindex/NearbyConnections.build/Debug-watchos/NearbyCoreAdapter-t.build/Objects-normal/arm64_32/82b82416624d2658e5098eb0a28c15c5-common-args.resp -MMD -MT dependencies -MF /Users/admin/builder/spi-builder-workspace/.derivedData/Build/Intermediates.noindex/NearbyConnections.build/Debug-watchos/NearbyCoreAdapter-t.build/Objects-normal/arm64_32/credential.pb.d --serialize-diagnostics /Users/admin/builder/spi-builder-workspace/.derivedData/Build/Intermediates.noindex/NearbyConnections.build/Debug-watchos/NearbyCoreAdapter-t.build/Objects-normal/arm64_32/credential.pb.dia -c /Users/admin/builder/spi-builder-workspace/compiled_proto/internal/proto/credential.pb.cc -o /Users/admin/builder/spi-builder-workspace/.derivedData/Build/Intermediates.noindex/NearbyConnections.build/Debug-watchos/NearbyCoreAdapter-t.build/Objects-normal/arm64_32/credential.pb.o -index-unit-output-path /NearbyConnections.build/Debug-watchos/NearbyCoreAdapter-t.build/Objects-normal/arm64_32/credential.pb.o
CompileC /Users/admin/builder/spi-builder-workspace/.derivedData/Build/Intermediates.noindex/NearbyConnections.build/Debug-watchos/NearbyCoreAdapter-t.build/Objects-normal/arm64_32/count_down_latch-a43dac1370b5babaa5087fc66d520532.o /Users/admin/builder/spi-builder-workspace/internal/platform/implementation/shared/count_down_latch.cc normal arm64_32 c++ com.apple.compilers.llvm.clang.1_0.compiler (in target 'NearbyCoreAdapter' from project 'NearbyConnections')
    cd /Users/admin/builder/spi-builder-workspace/.swiftpm/xcode

    Using response file: /Users/admin/builder/spi-builder-workspace/.derivedData/Build/Intermediates.noindex/NearbyConnections.build/Debug-watchos/NearbyCoreAdapter-t.build/Objects-normal/arm64_32/82b82416624d2658e5098eb0a28c15c5-common-args.resp

    /Applications/Xcode-27.0.0-Release.Candidate.app/Contents/Developer/Toolchains/XcodeDefault.xctoolchain/usr/bin/clang -x c++ -ivfsstatcache /Users/admin/builder/spi-builder-workspace/.derivedData/SDKStatCaches.noindex/watchos27.0-24R360-e829b21a6f8c9b70876ba0858053c04477534ef55a1706bf4c1112bbb242f0a2.sdkstatcache -target arm64_32-apple-watchos9.0 -fmessage-length\=0 -fdiagnostics-show-note-include-stack -fmacro-backtrace-limit\=0 -fno-color-diagnostics -fmodules-prune-interval\=86400 -fmodules-prune-after\=345600 -fbuild-session-file\=/Users/admin/builder/spi-builder-workspace/.derivedData/ModuleCache.noindex/Session.modulevalidation -fmodules-validate-once-per-build-session -Wnon-modular-include-in-framework-module -Werror\=non-modular-include-in-framework-module -Wno-trigraphs -Wno-missing-field-initializers -Wno-missing-prototypes -Wno-return-type -Wno-non-virtual-dtor -Wno-overloaded-virtual -Wno-exit-time-destructors -Wno-missing-braces -Wparentheses -Wswitch -Wno-unused-function -Wno-unused-label -Wno-unused-parameter -Wno-unused-variable -Wunused-value -Wno-empty-body -Wno-uninitialized -Wno-unknown-pragmas -Wno-shadow -Wno-four-char-constants -Wno-conversion -Wno-constant-conversion -Wno-int-conversion -Wno-bool-conversion -Wno-enum-conversion -Wno-float-conversion -Wno-non-literal-null-conversion -Wno-objc-literal-conversion -Wno-shorten-64-to-32 -Wno-newline-eof -Wno-c++11-extensions -Wno-implicit-fallthrough -isysroot /Applications/Xcode-27.0.0-Release.Candidate.app/Contents/Developer/Platforms/WatchOS.platform/Developer/SDKs/WatchOS27.0.sdk -fstrict-aliasing -Wdeprecated-declarations -Winvalid-offsetof -Wno-sign-conversion -Wno-infinite-recursion -Wno-move -Wno-comma -Wno-block-capture-autoreleasing -Wno-strict-prototypes -Wno-range-loop-analysis -Wno-semicolon-before-method-body -index-store-path /Users/admin/builder/spi-builder-workspace/.derivedData/Index.noindex/DataStore @/Users/admin/builder/spi-builder-workspace/.derivedData/Build/Intermediates.noindex/NearbyConnections.build/Debug-watchos/NearbyCoreAdapter-t.build/Objects-normal/arm64_32/82b82416624d2658e5098eb0a28c15c5-common-args.resp -MMD -MT dependencies -MF /Users/admin/builder/spi-builder-workspace/.derivedData/Build/Intermediates.noindex/NearbyConnections.build/Debug-watchos/NearbyCoreAdapter-t.build/Objects-normal/arm64_32/count_down_latch-a43dac1370b5babaa5087fc66d520532.d --serialize-diagnostics /Users/admin/builder/spi-builder-workspace/.derivedData/Build/Intermediates.noindex/NearbyConnections.build/Debug-watchos/NearbyCoreAdapter-t.build/Objects-normal/arm64_32/count_down_latch-a43dac1370b5babaa5087fc66d520532.dia -c /Users/admin/builder/spi-builder-workspace/internal/platform/implementation/shared/count_down_latch.cc -o /Users/admin/builder/spi-builder-workspace/.derivedData/Build/Intermediates.noindex/NearbyConnections.build/Debug-watchos/NearbyCoreAdapter-t.build/Objects-normal/arm64_32/count_down_latch-a43dac1370b5babaa5087fc66d520532.o -index-unit-output-path /NearbyConnections.build/Debug-watchos/NearbyCoreAdapter-t.build/Objects-normal/arm64_32/count_down_latch-a43dac1370b5babaa5087fc66d520532.o
In file included from /Users/admin/builder/spi-builder-workspace/internal/platform/implementation/shared/count_down_latch.cc:15:
In file included from /Users/admin/builder/spi-builder-workspace/internal/platform/implementation/shared/count_down_latch.h:19:
In file included from /Users/admin/builder/spi-builder-workspace/.dependencies/checkouts/abseil-cpp-SwiftPM/absl/synchronization/mutex.h:75:
In file included from /Users/admin/builder/spi-builder-workspace/.dependencies/checkouts/abseil-cpp-SwiftPM/absl/synchronization/internal/kernel_timeout.h:30:
In file included from /Users/admin/builder/spi-builder-workspace/.dependencies/checkouts/abseil-cpp-SwiftPM/absl/time/clock.h:29:
In file included from /Users/admin/builder/spi-builder-workspace/.dependencies/checkouts/abseil-cpp-SwiftPM/absl/time/time.h:89:
In file included from /Users/admin/builder/spi-builder-workspace/.dependencies/checkouts/abseil-cpp-SwiftPM/absl/strings/string_view.h:40:
In file included from /Users/admin/builder/spi-builder-workspace/.dependencies/checkouts/abseil-cpp-SwiftPM/absl/base/nullability.h:153:
In file included from /Users/admin/builder/spi-builder-workspace/.dependencies/checkouts/abseil-cpp-SwiftPM/absl/base/internal/nullability_impl.h:22:
/Users/admin/builder/spi-builder-workspace/.dependencies/checkouts/abseil-cpp-SwiftPM/absl/meta/type_traits.h:511:36: warning: builtin __is_trivially_relocatable is deprecated; use __builtin_is_cpp_trivially_relocatable instead [-Wdeprecated-builtins]
  511 |     : std::integral_constant<bool, __is_trivially_relocatable(T)> {};
      |                                    ^
1 warning generated.
CompileC /Users/admin/builder/spi-builder-workspace/.derivedData/Build/Intermediates.noindex/NearbyConnections.build/Debug-watchos/NearbyCoreAdapter-t.build/Objects-normal/arm64_32/count_down_latch-46e1b224e6f6189d899670659b035d37.o /Users/admin/builder/spi-builder-workspace/internal/platform/implementation/apple/count_down_latch.cc normal arm64_32 c++ com.apple.compilers.llvm.clang.1_0.compiler (in target 'NearbyCoreAdapter' from project 'NearbyConnections')
    cd /Users/admin/builder/spi-builder-workspace/.swiftpm/xcode

    Using response file: /Users/admin/builder/spi-builder-workspace/.derivedData/Build/Intermediates.noindex/NearbyConnections.build/Debug-watchos/NearbyCoreAdapter-t.build/Objects-normal/arm64_32/82b82416624d2658e5098eb0a28c15c5-common-args.resp

    /Applications/Xcode-27.0.0-Release.Candidate.app/Contents/Developer/Toolchains/XcodeDefault.xctoolchain/usr/bin/clang -x c++ -ivfsstatcache /Users/admin/builder/spi-builder-workspace/.derivedData/SDKStatCaches.noindex/watchos27.0-24R360-e829b21a6f8c9b70876ba0858053c04477534ef55a1706bf4c1112bbb242f0a2.sdkstatcache -target arm64_32-apple-watchos9.0 -fmessage-length\=0 -fdiagnostics-show-note-include-stack -fmacro-backtrace-limit\=0 -fno-color-diagnostics -fmodules-prune-interval\=86400 -fmodules-prune-after\=345600 -fbuild-session-file\=/Users/admin/builder/spi-builder-workspace/.derivedData/ModuleCache.noindex/Session.modulevalidation -fmodules-validate-once-per-build-session -Wnon-modular-include-in-framework-module -Werror\=non-modular-include-in-framework-module -Wno-trigraphs -Wno-missing-field-initializers -Wno-missing-prototypes -Wno-return-type -Wno-non-virtual-dtor -Wno-overloaded-virtual -Wno-exit-time-destructors -Wno-missing-braces -Wparentheses -Wswitch -Wno-unused-function -Wno-unused-label -Wno-unused-parameter -Wno-unused-variable -Wunused-value -Wno-empty-body -Wno-uninitialized -Wno-unknown-pragmas -Wno-shadow -Wno-four-char-constants -Wno-conversion -Wno-constant-conversion -Wno-int-conversion -Wno-bool-conversion -Wno-enum-conversion -Wno-float-conversion -Wno-non-literal-null-conversion -Wno-objc-literal-conversion -Wno-shorten-64-to-32 -Wno-newline-eof -Wno-c++11-extensions -Wno-implicit-fallthrough -isysroot /Applications/Xcode-27.0.0-Release.Candidate.app/Contents/Developer/Platforms/WatchOS.platform/Developer/SDKs/WatchOS27.0.sdk -fstrict-aliasing -Wdeprecated-declarations -Winvalid-offsetof -Wno-sign-conversion -Wno-infinite-recursion -Wno-move -Wno-comma -Wno-block-capture-autoreleasing -Wno-strict-prototypes -Wno-range-loop-analysis -Wno-semicolon-before-method-body -index-store-path /Users/admin/builder/spi-builder-workspace/.derivedData/Index.noindex/DataStore @/Users/admin/builder/spi-builder-workspace/.derivedData/Build/Intermediates.noindex/NearbyConnections.build/Debug-watchos/NearbyCoreAdapter-t.build/Objects-normal/arm64_32/82b82416624d2658e5098eb0a28c15c5-common-args.resp -MMD -MT dependencies -MF /Users/admin/builder/spi-builder-workspace/.derivedData/Build/Intermediates.noindex/NearbyConnections.build/Debug-watchos/NearbyCoreAdapter-t.build/Objects-normal/arm64_32/count_down_latch-46e1b224e6f6189d899670659b035d37.d --serialize-diagnostics /Users/admin/builder/spi-builder-workspace/.derivedData/Build/Intermediates.noindex/NearbyConnections.build/Debug-watchos/NearbyCoreAdapter-t.build/Objects-normal/arm64_32/count_down_latch-46e1b224e6f6189d899670659b035d37.dia -c /Users/admin/builder/spi-builder-workspace/internal/platform/implementation/apple/count_down_latch.cc -o /Users/admin/builder/spi-builder-workspace/.derivedData/Build/Intermediates.noindex/NearbyConnections.build/Debug-watchos/NearbyCoreAdapter-t.build/Objects-normal/arm64_32/count_down_latch-46e1b224e6f6189d899670659b035d37.o -index-unit-output-path /NearbyConnections.build/Debug-watchos/NearbyCoreAdapter-t.build/Objects-normal/arm64_32/count_down_latch-46e1b224e6f6189d899670659b035d37.o
CompileC /Users/admin/builder/spi-builder-workspace/.derivedData/Build/Intermediates.noindex/NearbyConnections.build/Debug-watchos/NearbyCoreAdapter-t.build/Objects-normal/arm64_32/core.o /Users/admin/builder/spi-builder-workspace/connections/core.cc normal arm64_32 c++ com.apple.compilers.llvm.clang.1_0.compiler (in target 'NearbyCoreAdapter' from project 'NearbyConnections')
    cd /Users/admin/builder/spi-builder-workspace/.swiftpm/xcode

    Using response file: /Users/admin/builder/spi-builder-workspace/.derivedData/Build/Intermediates.noindex/NearbyConnections.build/Debug-watchos/NearbyCoreAdapter-t.build/Objects-normal/arm64_32/82b82416624d2658e5098eb0a28c15c5-common-args.resp

    /Applications/Xcode-27.0.0-Release.Candidate.app/Contents/Developer/Toolchains/XcodeDefault.xctoolchain/usr/bin/clang -x c++ -ivfsstatcache /Users/admin/builder/spi-builder-workspace/.derivedData/SDKStatCaches.noindex/watchos27.0-24R360-e829b21a6f8c9b70876ba0858053c04477534ef55a1706bf4c1112bbb242f0a2.sdkstatcache -target arm64_32-apple-watchos9.0 -fmessage-length\=0 -fdiagnostics-show-note-include-stack -fmacro-backtrace-limit\=0 -fno-color-diagnostics -fmodules-prune-interval\=86400 -fmodules-prune-after\=345600 -fbuild-session-file\=/Users/admin/builder/spi-builder-workspace/.derivedData/ModuleCache.noindex/Session.modulevalidation -fmodules-validate-once-per-build-session -Wnon-modular-include-in-framework-module -Werror\=non-modular-include-in-framework-module -Wno-trigraphs -Wno-missing-field-initializers -Wno-missing-prototypes -Wno-return-type -Wno-non-virtual-dtor -Wno-overloaded-virtual -Wno-exit-time-destructors -Wno-missing-braces -Wparentheses -Wswitch -Wno-unused-function -Wno-unused-label -Wno-unused-parameter -Wno-unused-variable -Wunused-value -Wno-empty-body -Wno-uninitialized -Wno-unknown-pragmas -Wno-shadow -Wno-four-char-constants -Wno-conversion -Wno-constant-conversion -Wno-int-conversion -Wno-bool-conversion -Wno-enum-conversion -Wno-float-conversion -Wno-non-literal-null-conversion -Wno-objc-literal-conversion -Wno-shorten-64-to-32 -Wno-newline-eof -Wno-c++11-extensions -Wno-implicit-fallthrough -isysroot /Applications/Xcode-27.0.0-Release.Candidate.app/Contents/Developer/Platforms/WatchOS.platform/Developer/SDKs/WatchOS27.0.sdk -fstrict-aliasing -Wdeprecated-declarations -Winvalid-offsetof -Wno-sign-conversion -Wno-infinite-recursion -Wno-move -Wno-comma -Wno-block-capture-autoreleasing -Wno-strict-prototypes -Wno-range-loop-analysis -Wno-semicolon-before-method-body -index-store-path /Users/admin/builder/spi-builder-workspace/.derivedData/Index.noindex/DataStore @/Users/admin/builder/spi-builder-workspace/.derivedData/Build/Intermediates.noindex/NearbyConnections.build/Debug-watchos/NearbyCoreAdapter-t.build/Objects-normal/arm64_32/82b82416624d2658e5098eb0a28c15c5-common-args.resp -MMD -MT dependencies -MF /Users/admin/builder/spi-builder-workspace/.derivedData/Build/Intermediates.noindex/NearbyConnections.build/Debug-watchos/NearbyCoreAdapter-t.build/Objects-normal/arm64_32/core.d --serialize-diagnostics /Users/admin/builder/spi-builder-workspace/.derivedData/Build/Intermediates.noindex/NearbyConnections.build/Debug-watchos/NearbyCoreAdapter-t.build/Objects-normal/arm64_32/core.dia -c /Users/admin/builder/spi-builder-workspace/connections/core.cc -o /Users/admin/builder/spi-builder-workspace/.derivedData/Build/Intermediates.noindex/NearbyConnections.build/Debug-watchos/NearbyCoreAdapter-t.build/Objects-normal/arm64_32/core.o -index-unit-output-path /NearbyConnections.build/Debug-watchos/NearbyCoreAdapter-t.build/Objects-normal/arm64_32/core.o
CompileC /Users/admin/builder/spi-builder-workspace/.derivedData/Build/Intermediates.noindex/NearbyConnections.build/Debug-watchos/NearbyCoreAdapter-t.build/Objects-normal/arm64_32/connections_log.pb.o /Users/admin/builder/spi-builder-workspace/compiled_proto/internal/proto/analytics/connections_log.pb.cc normal arm64_32 c++ com.apple.compilers.llvm.clang.1_0.compiler (in target 'NearbyCoreAdapter' from project 'NearbyConnections')
    cd /Users/admin/builder/spi-builder-workspace/.swiftpm/xcode

    Using response file: /Users/admin/builder/spi-builder-workspace/.derivedData/Build/Intermediates.noindex/NearbyConnections.build/Debug-watchos/NearbyCoreAdapter-t.build/Objects-normal/arm64_32/82b82416624d2658e5098eb0a28c15c5-common-args.resp

    /Applications/Xcode-27.0.0-Release.Candidate.app/Contents/Developer/Toolchains/XcodeDefault.xctoolchain/usr/bin/clang -x c++ -ivfsstatcache /Users/admin/builder/spi-builder-workspace/.derivedData/SDKStatCaches.noindex/watchos27.0-24R360-e829b21a6f8c9b70876ba0858053c04477534ef55a1706bf4c1112bbb242f0a2.sdkstatcache -target arm64_32-apple-watchos9.0 -fmessage-length\=0 -fdiagnostics-show-note-include-stack -fmacro-backtrace-limit\=0 -fno-color-diagnostics -fmodules-prune-interval\=86400 -fmodules-prune-after\=345600 -fbuild-session-file\=/Users/admin/builder/spi-builder-workspace/.derivedData/ModuleCache.noindex/Session.modulevalidation -fmodules-validate-once-per-build-session -Wnon-modular-include-in-framework-module -Werror\=non-modular-include-in-framework-module -Wno-trigraphs -Wno-missing-field-initializers -Wno-missing-prototypes -Wno-return-type -Wno-non-virtual-dtor -Wno-overloaded-virtual -Wno-exit-time-destructors -Wno-missing-braces -Wparentheses -Wswitch -Wno-unused-function -Wno-unused-label -Wno-unused-parameter -Wno-unused-variable -Wunused-value -Wno-empty-body -Wno-uninitialized -Wno-unknown-pragmas -Wno-shadow -Wno-four-char-constants -Wno-conversion -Wno-constant-conversion -Wno-int-conversion -Wno-bool-conversion -Wno-enum-conversion -Wno-float-conversion -Wno-non-literal-null-conversion -Wno-objc-literal-conversion -Wno-shorten-64-to-32 -Wno-newline-eof -Wno-c++11-extensions -Wno-implicit-fallthrough -isysroot /Applications/Xcode-27.0.0-Release.Candidate.app/Contents/Developer/Platforms/WatchOS.platform/Developer/SDKs/WatchOS27.0.sdk -fstrict-aliasing -Wdeprecated-declarations -Winvalid-offsetof -Wno-sign-conversion -Wno-infinite-recursion -Wno-move -Wno-comma -Wno-block-capture-autoreleasing -Wno-strict-prototypes -Wno-range-loop-analysis -Wno-semicolon-before-method-body -index-store-path /Users/admin/builder/spi-builder-workspace/.derivedData/Index.noindex/DataStore @/Users/admin/builder/spi-builder-workspace/.derivedData/Build/Intermediates.noindex/NearbyConnections.build/Debug-watchos/NearbyCoreAdapter-t.build/Objects-normal/arm64_32/82b82416624d2658e5098eb0a28c15c5-common-args.resp -MMD -MT dependencies -MF /Users/admin/builder/spi-builder-workspace/.derivedData/Build/Intermediates.noindex/NearbyConnections.build/Debug-watchos/NearbyCoreAdapter-t.build/Objects-normal/arm64_32/connections_log.pb.d --serialize-diagnostics /Users/admin/builder/spi-builder-workspace/.derivedData/Build/Intermediates.noindex/NearbyConnections.build/Debug-watchos/NearbyCoreAdapter-t.build/Objects-normal/arm64_32/connections_log.pb.dia -c /Users/admin/builder/spi-builder-workspace/compiled_proto/internal/proto/analytics/connections_log.pb.cc -o /Users/admin/builder/spi-builder-workspace/.derivedData/Build/Intermediates.noindex/NearbyConnections.build/Debug-watchos/NearbyCoreAdapter-t.build/Objects-normal/arm64_32/connections_log.pb.o -index-unit-output-path /NearbyConnections.build/Debug-watchos/NearbyCoreAdapter-t.build/Objects-normal/arm64_32/connections_log.pb.o
PruneExplicitPrecompiledModules /Users/admin/builder/spi-builder-workspace/.derivedData/SDKExplicitPrecompiledModules
PruneExplicitPrecompiledModules /Users/admin/builder/spi-builder-workspace/.derivedData/Build/Intermediates.noindex/SwiftExplicitPrecompiledModules
PruneExplicitPrecompiledModules /Users/admin/builder/spi-builder-workspace/.derivedData/Build/Intermediates.noindex/ExplicitPrecompiledModules
2026-09-21 20:23:13.044 xcodebuild[1164:6988] [MT] IDERunDestination: Supported platforms for the buildables in the current scheme is empty.
** BUILD FAILED **
The following build commands failed:
	CompileC /Users/admin/builder/spi-builder-workspace/.derivedData/Build/Intermediates.noindex/NearbyConnections.build/Debug-watchos/NearbyCoreAdapter-t.build/Objects-normal/arm64_32/device_info.o /Users/admin/builder/spi-builder-workspace/internal/platform/implementation/apple/device_info.mm normal arm64_32 objective-c++ com.apple.compilers.llvm.clang.1_0.compiler (in target 'NearbyCoreAdapter' from project 'NearbyConnections')
	Building workspace NearbyConnections with scheme NearbyConnections-Package
(2 failures)
Command line invocation:
    /Applications/Xcode-27.0.0-Release.Candidate.app/Contents/Developer/usr/bin/xcodebuild -IDEClonedSourcePackagesDirPathOverride=/Users/admin/builder/spi-builder-workspace/.dependencies -resolvePackageDependencies
Resolve Package Graph
Invalid Exclude '/Users/admin/builder/spi-builder-workspace/third_party/google-toolbox-for-mac/google-toolbox-for-mac/Foundation/GTMSystemVersionTest.m': File not found.Invalid Exclude '/Users/admin/builder/spi-builder-workspace/third_party/google-toolbox-for-mac/google-toolbox-for-mac/Foundation/GTMServiceManagementTest.m': File not found.Invalid Exclude '/Users/admin/builder/spi-builder-workspace/third_party/google-toolbox-for-mac/google-toolbox-for-mac/Foundation/GTMURLBuilderTest.m': File not found.Invalid Exclude '/Users/admin/builder/spi-builder-workspace/third_party/google-toolbox-for-mac/google-toolbox-for-mac/Foundation/GTMFileSystemKQueue.m': File not found.Invalid Exclude '/Users/admin/builder/spi-builder-workspace/third_party/google-toolbox-for-mac/google-toolbox-for-mac/Foundation/GTMNSScanner+JSONTest.m': File not found.Invalid Exclude '/Users/admin/builder/spi-builder-workspace/third_party/google-toolbox-for-mac/google-toolbox-for-mac/BuildingAndUsing.txt': File not found.Invalid Exclude '/Users/admin/builder/spi-builder-workspace/third_party/google-toolbox-for-mac/google-toolbox-for-mac/Foundation/GTMURLBuilder.m': File not found.Invalid Exclude '/Users/admin/builder/spi-builder-workspace/third_party/google-toolbox-for-mac/google-toolbox-for-mac/Foundation/GTMSignalHandlerTest.m': File not found.Invalid Exclude '/Users/admin/builder/spi-builder-workspace/third_party/google-toolbox-for-mac/google-toolbox-for-mac/Foundation/GTMSignalHandler.m': File not found.Invalid Exclude '/Users/admin/builder/spi-builder-workspace/third_party/google-toolbox-for-mac/google-toolbox-for-mac/Foundation/GTMObjC2Runtime.m': File not found.Invalid Exclude '/Users/admin/builder/spi-builder-workspace/third_party/google-toolbox-for-mac/google-toolbox-for-mac/Foundation/GTMNSNumber+64BitTest.m': File not found.Invalid Exclude '/Users/admin/builder/spi-builder-workspace/third_party/google-toolbox-for-mac/google-toolbox-for-mac/Foundation/GTMNSNumber+64Bit.m': File not found.Invalid Exclude '/Users/admin/builder/spi-builder-workspace/third_party/google-toolbox-for-mac/google-toolbox-for-mac/Foundation/GTMServiceManagement.c': File not found.Invalid Exclude '/Users/admin/builder/spi-builder-workspace/third_party/google-toolbox-for-mac/google-toolbox-for-mac/Foundation/GTMNSDictionary+URLArgumentsTest.m': File not found.Invalid Exclude '/Users/admin/builder/spi-builder-workspace/third_party/google-toolbox-for-mac/google-toolbox-for-mac/Foundation/GTMNSString+URLArguments.m': File not found.Invalid Exclude '/Users/admin/builder/spi-builder-workspace/third_party/google-toolbox-for-mac/google-toolbox-for-mac/Foundation/GTMFileSystemKQueueTest.m': File not found.Invalid Exclude '/Users/admin/builder/spi-builder-workspace/third_party/google-toolbox-for-mac/google-toolbox-for-mac/Foundation/GTMNSString+FindFolderTest.m': File not found.Invalid Exclude '/Users/admin/builder/spi-builder-workspace/third_party/google-toolbox-for-mac/google-toolbox-for-mac/Foundation/GTMRegex.m': File not found.Invalid Exclude '/Users/admin/builder/spi-builder-workspace/third_party/google-toolbox-for-mac/google-toolbox-for-mac/Foundation/GTMNSString+URLArgumentsTest.m': File not found.Invalid Exclude '/Users/admin/builder/spi-builder-workspace/third_party/google-toolbox-for-mac/google-toolbox-for-mac/Foundation/GTMNSDictionary+URLArguments.m': File not found.Invalid Exclude '/Users/admin/builder/spi-builder-workspace/third_party/google-toolbox-for-mac/google-toolbox-for-mac/Foundation/GTMServiceManagementTestingHarness.c': File not found.Invalid Exclude '/Users/admin/builder/spi-builder-workspace/third_party/google-toolbox-for-mac/google-toolbox-for-mac/Foundation/GTMSystemVersion.m': File not found.Invalid Exclude '/Users/admin/builder/spi-builder-workspace/third_party/google-toolbox-for-mac/google-toolbox-for-mac/Foundation/GTMRegexTest.m': File not found.Invalid Exclude '/Users/admin/builder/spi-builder-workspace/third_party/google-toolbox-for-mac/google-toolbox-for-mac/Foundation/GTMNSString+FindFolder.m': File not found.Invalid Exclude '/Users/admin/builder/spi-builder-workspace/third_party/google-toolbox-for-mac/google-toolbox-for-mac/Foundation/GTMNSScanner+JSON.m': File not found.Invalid Exclude '/Users/admin/builder/spi-builder-workspace/third_party/ukey2/ukey2/third_party': File not found.Invalid Exclude '/Users/admin/builder/spi-builder-workspace/internal/test/google3_only/fake_authentication_manager_test.cc': File not found.Invalid Exclude '/Users/admin/builder/spi-builder-workspace/internal/platform/implementation/android': File not found.Invalid Exclude '/Users/admin/builder/spi-builder-workspace/internal/data/memory_data_set_test.cc': File not found.Invalid Exclude '/Users/admin/builder/spi-builder-workspace/internal/crypto/BUILD.gn': File not found.Invalid Exclude '/Users/admin/builder/spi-builder-workspace/internal/test/fake_data_set_test.cc': File not found.Invalid Exclude '/Users/admin/builder/spi-builder-workspace/connections/java': File not found.Invalid Exclude '/Users/admin/builder/spi-builder-workspace/connections/clients/ios': File not found.Invalid Exclude '/Users/admin/builder/spi-builder-workspace/docs': File not found.Invalid Exclude '/Users/admin/builder/spi-builder-workspace/connections/java': File not found.Invalid Exclude '/Users/admin/builder/spi-builder-workspace/connections/clients/ios': File not found.
Resolved source packages:
  AbseilCXX17: https://github.com/monzo/abseil-cpp-SwiftPM.git @ 0.20240902.0
  NearbySSL: https://github.com/monzo/boringssl-SwiftPM.git @ 0.7.3
  NearbyConnections: /Users/admin/builder/spi-builder-workspace
resolved source packages: AbseilCXX17, NearbySSL, NearbyConnections
2026-09-21 20:24:02.667 xcodebuild[2020:8422] [MT] IDERunDestination: Supported platforms for the buildables in the current scheme is empty.
{
  "c_language_standard" : "c99",
  "cxx_language_standard" : "c++17",
  "dependencies" : [
    {
      "identity" : "abseil-cpp-swiftpm",
      "requirement" : {
        "exact" : [
          "0.20240902.0"
        ]
      },
      "type" : "sourceControl",
      "url" : "https://github.com/monzo/abseil-cpp-SwiftPM.git"
    },
    {
      "identity" : "boringssl-swiftpm",
      "requirement" : {
        "exact" : [
          "0.7.3"
        ]
      },
      "type" : "sourceControl",
      "url" : "https://github.com/monzo/boringssl-SwiftPM.git"
    }
  ],
  "manifest_display_name" : "NearbyConnections",
  "name" : "NearbyConnections",
  "path" : "/Users/admin/builder/spi-builder-workspace",
  "platforms" : [
    {
      "name" : "ios",
      "version" : "13.0"
    },
    {
      "name" : "macos",
      "version" : "10.15"
    },
    {
      "name" : "tvos",
      "version" : "11.0"
    },
    {
      "name" : "watchos",
      "version" : "4.0"
    }
  ],
  "products" : [
    {
      "name" : "NearbyConnections",
      "targets" : [
        "NearbyConnections"
      ],
      "type" : {
        "library" : [
          "automatic"
        ]
      }
    },
    {
      "name" : "NearbyConnectionsDynamic",
      "targets" : [
        "NearbyConnections"
      ],
      "type" : {
        "library" : [
          "dynamic"
        ]
      }
    }
  ],
  "targets" : [
    {
      "c99name" : "ukey2",
      "module_type" : "ClangTarget",
      "name" : "ukey2",
      "path" : "third_party/ukey2",
      "product_dependencies" : [
        "AbseilCXX17",
        "NearbySSL"
      ],
      "product_memberships" : [
        "NearbyConnections",
        "NearbyConnectionsDynamic"
      ],
      "sources" : [
        "compiled_proto/src/main/proto/device_to_device_messages.pb.cc",
        "compiled_proto/src/main/proto/passwordless_auth_payloads.pb.cc",
        "compiled_proto/src/main/proto/proximity_payloads.pb.cc",
        "compiled_proto/src/main/proto/securegcm.pb.cc",
        "compiled_proto/src/main/proto/securemessage.pb.cc",
        "compiled_proto/src/main/proto/ukey.pb.cc",
        "ukey2/src/main/cpp/src/securegcm/d2d_connection_context_v1.cc",
        "ukey2/src/main/cpp/src/securegcm/d2d_crypto_ops.cc",
        "ukey2/src/main/cpp/src/securegcm/java_util.cc",
        "ukey2/src/main/cpp/src/securegcm/ukey2_handshake.cc",
        "ukey2/src/securemessage/src/securemessage/byte_buffer.cc",
        "ukey2/src/securemessage/src/securemessage/crypto_ops.cc",
        "ukey2/src/securemessage/src/securemessage/crypto_ops_openssl.cc",
        "ukey2/src/securemessage/src/securemessage/public_key_proto_util.cc",
        "ukey2/src/securemessage/src/securemessage/raw_secure_message_parser.cc",
        "ukey2/src/securemessage/src/securemessage/secure_message_builder.cc",
        "ukey2/src/securemessage/src/securemessage/secure_message_parser.cc",
        "ukey2/src/securemessage/src/securemessage/secure_message_wrapper.cc",
        "ukey2/src/securemessage/src/securemessage/util.cc"
      ],
      "target_dependencies" : [
        "protobuf"
      ],
      "type" : "library"
    },
    {
      "c99name" : "smhasher",
      "module_type" : "ClangTarget",
      "name" : "smhasher",
      "path" : "third_party/smhasher",
      "product_memberships" : [
        "NearbyConnections",
        "NearbyConnectionsDynamic"
      ],
      "sources" : [
        "smhasher/src/MurmurHash3.cpp"
      ],
      "type" : "library"
    },
    {
      "c99name" : "protobuf",
      "module_type" : "ClangTarget",
      "name" : "protobuf",
      "path" : "third_party/protobuf/src",
      "product_memberships" : [
        "NearbyConnections",
        "NearbyConnectionsDynamic"
      ],
      "sources" : [
        "google/protobuf/any.cc",
        "google/protobuf/any.pb.cc",
        "google/protobuf/any_lite.cc",
        "google/protobuf/api.pb.cc",
        "google/protobuf/arena.cc",
        "google/protobuf/arenastring.cc",
        "google/protobuf/descriptor.cc",
        "google/protobuf/descriptor.pb.cc",
        "google/protobuf/descriptor_database.cc",
        "google/protobuf/duration.pb.cc",
        "google/protobuf/dynamic_message.cc",
        "google/protobuf/empty.pb.cc",
        "google/protobuf/extension_set.cc",
        "google/protobuf/extension_set_heavy.cc",
        "google/protobuf/field_mask.pb.cc",
        "google/protobuf/generated_enum_util.cc",
        "google/protobuf/generated_message_bases.cc",
        "google/protobuf/generated_message_reflection.cc",
        "google/protobuf/generated_message_table_driven.cc",
        "google/protobuf/generated_message_table_driven_lite.cc",
        "google/protobuf/generated_message_tctable_full.cc",
        "google/protobuf/generated_message_tctable_lite.cc",
        "google/protobuf/generated_message_util.cc",
        "google/protobuf/implicit_weak_message.cc",
        "google/protobuf/inlined_string_field.cc",
        "google/protobuf/io/coded_stream.cc",
        "google/protobuf/io/gzip_stream.cc",
        "google/protobuf/io/io_win32.cc",
        "google/protobuf/io/printer.cc",
        "google/protobuf/io/strtod.cc",
        "google/protobuf/io/tokenizer.cc",
        "google/protobuf/io/zero_copy_stream.cc",
        "google/protobuf/io/zero_copy_stream_impl.cc",
        "google/protobuf/io/zero_copy_stream_impl_lite.cc",
        "google/protobuf/map.cc",
        "google/protobuf/map_field.cc",
        "google/protobuf/message.cc",
        "google/protobuf/message_lite.cc",
        "google/protobuf/parse_context.cc",
        "google/protobuf/reflection_ops.cc",
        "google/protobuf/repeated_field.cc",
        "google/protobuf/repeated_ptr_field.cc",
        "google/protobuf/service.cc",
        "google/protobuf/source_context.pb.cc",
        "google/protobuf/struct.pb.cc",
        "google/protobuf/stubs/bytestream.cc",
        "google/protobuf/stubs/common.cc",
        "google/protobuf/stubs/int128.cc",
        "google/protobuf/stubs/status.cc",
        "google/protobuf/stubs/statusor.cc",
        "google/protobuf/stubs/stringpiece.cc",
        "google/protobuf/stubs/stringprintf.cc",
        "google/protobuf/stubs/structurally_valid.cc",
        "google/protobuf/stubs/strutil.cc",
        "google/protobuf/stubs/substitute.cc",
        "google/protobuf/stubs/time.cc",
        "google/protobuf/text_format.cc",
        "google/protobuf/timestamp.pb.cc",
        "google/protobuf/type.pb.cc",
        "google/protobuf/unknown_field_set.cc",
        "google/protobuf/wire_format.cc",
        "google/protobuf/wire_format_lite.cc",
        "google/protobuf/wrappers.pb.cc"
      ],
      "type" : "library"
    },
    {
      "c99name" : "json",
      "module_type" : "ClangTarget",
      "name" : "json",
      "path" : "third_party/json",
      "product_memberships" : [
        "NearbyConnections",
        "NearbyConnectionsDynamic"
      ],
      "sources" : [
        "EmptySwiftPackageManagerFile.cpp"
      ],
      "type" : "library"
    },
    {
      "c99name" : "google_toolbox_for_mac",
      "module_type" : "ClangTarget",
      "name" : "google-toolbox-for-mac",
      "path" : "third_party/google-toolbox-for-mac",
      "product_memberships" : [
        "NearbyConnections",
        "NearbyConnectionsDynamic"
      ],
      "sources" : [
        "google-toolbox-for-mac/Foundation/GTMLogger.m"
      ],
      "type" : "library"
    },
    {
      "c99name" : "NearbyCoreAdapterTests",
      "module_type" : "SwiftTarget",
      "name" : "NearbyCoreAdapterTests",
      "path" : "connections/swift/NearbyCoreAdapter/Tests",
      "sources" : [
        "BuildTests.swift"
      ],
      "target_dependencies" : [
        "NearbyCoreAdapter"
      ],
      "type" : "test"
    },
    {
      "c99name" : "NearbyCoreAdapter",
      "module_type" : "ClangTarget",
      "name" : "NearbyCoreAdapter",
      "path" : ".",
      "product_dependencies" : [
        "AbseilCXX17"
      ],
      "product_memberships" : [
        "NearbyConnections",
        "NearbyConnectionsDynamic"
      ],
      "sources" : [
        "compiled_proto/connections/implementation/proto/offline_wire_formats.pb.cc",
        "compiled_proto/internal/proto/analytics/connections_log.pb.cc",
        "compiled_proto/internal/proto/analytics/experiments_log.pb.cc",
        "compiled_proto/internal/proto/analytics/fast_pair_log.pb.cc",
        "compiled_proto/internal/proto/credential.pb.cc",
        "compiled_proto/internal/proto/local_credential.pb.cc",
        "compiled_proto/internal/proto/metadata.pb.cc",
        "compiled_proto/presence/proto/presence_frame.pb.cc",
        "compiled_proto/proto/connections_enums.pb.cc",
        "compiled_proto/proto/errorcode/error_code_enums.pb.cc",
        "compiled_proto/proto/fast_pair_enums.pb.cc",
        "compiled_proto/proto/mediums/ble_frames.pb.cc",
        "compiled_proto/proto/mediums/multiplex_frames.pb.cc",
        "compiled_proto/proto/mediums/nfc_frames.pb.cc",
        "compiled_proto/proto/mediums/web_rtc_signaling_frames.pb.cc",
        "compiled_proto/proto/sharing_enums.pb.cc",
        "compiled_proto/sharing/proto/analytics/nearby_sharing_log.pb.cc",
        "connections/advertising_options.cc",
        "connections/connection_options.cc",
        "connections/core.cc",
        "connections/discovery_options.cc",
        "connections/implementation/analytics/analytics_recorder.cc",
        "connections/implementation/analytics/throughput_recorder.cc",
        "connections/implementation/base_bwu_handler.cc",
        "connections/implementation/base_endpoint_channel.cc",
        "connections/implementation/base_pcp_handler.cc",
        "connections/implementation/ble_advertisement.cc",
        "connections/implementation/ble_endpoint_channel.cc",
        "connections/implementation/ble_v2_endpoint_channel.cc",
        "connections/implementation/bluetooth_bwu_handler.cc",
        "connections/implementation/bluetooth_device_name.cc",
        "connections/implementation/bluetooth_endpoint_channel.cc",
        "connections/implementation/bwu_manager.cc",
        "connections/implementation/client_proxy.cc",
        "connections/implementation/connections_authentication_transport.cc",
        "connections/implementation/encryption_runner.cc",
        "connections/implementation/endpoint_channel_manager.cc",
        "connections/implementation/endpoint_manager.cc",
        "connections/implementation/injected_bluetooth_device_store.cc",
        "connections/implementation/internal_payload.cc",
        "connections/implementation/internal_payload_factory.cc",
        "connections/implementation/mediums/advertisements/data_element.cc",
        "connections/implementation/mediums/ble.cc",
        "connections/implementation/mediums/ble_v2.cc",
        "connections/implementation/mediums/ble_v2/advertisement_read_result.cc",
        "connections/implementation/mediums/ble_v2/ble_advertisement.cc",
        "connections/implementation/mediums/ble_v2/ble_advertisement_header.cc",
        "connections/implementation/mediums/ble_v2/ble_packet.cc",
        "connections/implementation/mediums/ble_v2/ble_utils.cc",
        "connections/implementation/mediums/ble_v2/bloom_filter.cc",
        "connections/implementation/mediums/ble_v2/discovered_peripheral_tracker.cc",
        "connections/implementation/mediums/ble_v2/instant_on_lost_advertisement.cc",
        "connections/implementation/mediums/ble_v2/instant_on_lost_manager.cc",
        "connections/implementation/mediums/bluetooth_classic.cc",
        "connections/implementation/mediums/bluetooth_radio.cc",
        "connections/implementation/mediums/mediums.cc",
        "connections/implementation/mediums/multiplex/multiplex_frames.cc",
        "connections/implementation/mediums/multiplex/multiplex_output_stream.cc",
        "connections/implementation/mediums/multiplex/multiplex_socket.cc",
        "connections/implementation/mediums/utils.cc",
        "connections/implementation/mediums/webrtc_peer_id_stub.cc",
        "connections/implementation/mediums/webrtc_stub.cc",
        "connections/implementation/mediums/wifi_direct.cc",
        "connections/implementation/mediums/wifi_hotspot.cc",
        "connections/implementation/mediums/wifi_lan.cc",
        "connections/implementation/offline_frames.cc",
        "connections/implementation/offline_frames_validator.cc",
        "connections/implementation/offline_service_controller.cc",
        "connections/implementation/p2p_cluster_pcp_handler.cc",
        "connections/implementation/p2p_point_to_point_pcp_handler.cc",
        "connections/implementation/p2p_star_pcp_handler.cc",
        "connections/implementation/payload_manager.cc",
        "connections/implementation/pcp_manager.cc",
        "connections/implementation/reconnect_manager.cc",
        "connections/implementation/service_controller_router.cc",
        "connections/implementation/webrtc_bwu_handler_stub.cc",
        "connections/implementation/wifi_direct_bwu_handler.cc",
        "connections/implementation/wifi_direct_endpoint_channel.cc",
        "connections/implementation/wifi_hotspot_bwu_handler.cc",
        "connections/implementation/wifi_hotspot_endpoint_channel.cc",
        "connections/implementation/wifi_lan_bwu_handler.cc",
        "connections/implementation/wifi_lan_endpoint_channel.cc",
        "connections/implementation/wifi_lan_service_info.cc",
        "connections/payload.cc",
        "connections/status.cc",
        "connections/strategy.cc",
        "connections/swift/NearbyCoreAdapter/Sources/CPPInputStream.mm",
        "connections/swift/NearbyCoreAdapter/Sources/GNCAdvertisingOptions+CppConversions.mm",
        "connections/swift/NearbyCoreAdapter/Sources/GNCAdvertisingOptions.mm",
        "connections/swift/NearbyCoreAdapter/Sources/GNCConnectionOptions+CppConversions.mm",
        "connections/swift/NearbyCoreAdapter/Sources/GNCConnectionOptions.mm",
        "connections/swift/NearbyCoreAdapter/Sources/GNCCoreAdapter.mm",
        "connections/swift/NearbyCoreAdapter/Sources/GNCDiscoveryOptions+CppConversions.mm",
        "connections/swift/NearbyCoreAdapter/Sources/GNCDiscoveryOptions.mm",
        "connections/swift/NearbyCoreAdapter/Sources/GNCError.mm",
        "connections/swift/NearbyCoreAdapter/Sources/GNCException.mm",
        "connections/swift/NearbyCoreAdapter/Sources/GNCFlags.mm",
        "connections/swift/NearbyCoreAdapter/Sources/GNCInputStream.mm",
        "connections/swift/NearbyCoreAdapter/Sources/GNCPayload+CppConversions.mm",
        "connections/swift/NearbyCoreAdapter/Sources/GNCPayload.mm",
        "connections/swift/NearbyCoreAdapter/Sources/GNCStrategy.mm",
        "connections/swift/NearbyCoreAdapter/Sources/GNCSupportedMediums+CppConversions.mm",
        "connections/swift/NearbyCoreAdapter/Sources/GNCSupportedMediums.mm",
        "connections/v3/connections_device.cc",
        "internal/base/bluetooth_address.cc",
        "internal/base/files.cc",
        "internal/crypto/ed25519.cc",
        "internal/crypto_cros/aead.cc",
        "internal/crypto_cros/ec_private_key.cc",
        "internal/crypto_cros/ec_signature_creator.cc",
        "internal/crypto_cros/ec_signature_creator_impl.cc",
        "internal/crypto_cros/encryptor.cc",
        "internal/crypto_cros/hkdf.cc",
        "internal/crypto_cros/hmac.cc",
        "internal/crypto_cros/nearby_base.cc",
        "internal/crypto_cros/openssl_util.cc",
        "internal/crypto_cros/rsa_private_key.cc",
        "internal/crypto_cros/secure_hash.cc",
        "internal/crypto_cros/secure_util.cc",
        "internal/crypto_cros/sha2.cc",
        "internal/crypto_cros/signature_verifier.cc",
        "internal/crypto_cros/symmetric_key.cc",
        "internal/encoding/base85.cc",
        "internal/flags/nearby_flags.cc",
        "internal/interop/fake_device_provider.cc",
        "internal/network/http_client_impl.cc",
        "internal/network/http_request.cc",
        "internal/network/http_response.cc",
        "internal/network/http_status_code.cc",
        "internal/network/url.cc",
        "internal/network/utils.cc",
        "internal/platform/base64_utils.cc",
        "internal/platform/ble.cc",
        "internal/platform/ble_connection_info.cc",
        "internal/platform/ble_v2.cc",
        "internal/platform/blocking_queue_stream.cc",
        "internal/platform/bluetooth_classic.cc",
        "internal/platform/bluetooth_connection_info.cc",
        "internal/platform/bluetooth_utils.cc",
        "internal/platform/byte_utils.cc",
        "internal/platform/cancellation_flag.cc",
        "internal/platform/clock_impl.cc",
        "internal/platform/connection_info.cc",
        "internal/platform/credential_storage_impl.cc",
        "internal/platform/device_info_impl.cc",
        "internal/platform/error_code_recorder.cc",
        "internal/platform/file.cc",
        "internal/platform/implementation/apple/GNCUtils.m",
        "internal/platform/implementation/apple/Mediums/BLEv2/GNCBLEError.m",
        "internal/platform/implementation/apple/Mediums/BLEv2/GNCBLEGATTCharacteristic.m",
        "internal/platform/implementation/apple/Mediums/BLEv2/GNCBLEGATTClient.m",
        "internal/platform/implementation/apple/Mediums/BLEv2/GNCBLEGATTServer.m",
        "internal/platform/implementation/apple/Mediums/BLEv2/GNCBLEMedium.m",
        "internal/platform/implementation/apple/Mediums/BLEv2/GNCCentralManager.m",
        "internal/platform/implementation/apple/Mediums/BLEv2/GNCPeripheral.m",
        "internal/platform/implementation/apple/Mediums/BLEv2/GNCPeripheralManager.m",
        "internal/platform/implementation/apple/Mediums/BLEv2/NSData+GNCWebSafeBase64.m",
        "internal/platform/implementation/apple/Mediums/Ble/GNCMBleConnection.m",
        "internal/platform/implementation/apple/Mediums/Ble/GNCMBleUtils.mm",
        "internal/platform/implementation/apple/Mediums/Ble/Sockets/Source/Central/GNSCentralManager.m",
        "internal/platform/implementation/apple/Mediums/Ble/Sockets/Source/Central/GNSCentralPeerManager.m",
        "internal/platform/implementation/apple/Mediums/Ble/Sockets/Source/Peripheral/GNSPeripheralManager.m",
        "internal/platform/implementation/apple/Mediums/Ble/Sockets/Source/Peripheral/GNSPeripheralServiceManager.m",
        "internal/platform/implementation/apple/Mediums/Ble/Sockets/Source/Shared/GNSSocket.m",
        "internal/platform/implementation/apple/Mediums/Ble/Sockets/Source/Shared/GNSUtils.m",
        "internal/platform/implementation/apple/Mediums/Ble/Sockets/Source/Shared/GNSWeavePacket.m",
        "internal/platform/implementation/apple/Mediums/GNCLeaks.m",
        "internal/platform/implementation/apple/Mediums/GNCMConnection.m",
        "internal/platform/implementation/apple/Mediums/WiFiCommon/GNCIPv4Address.m",
        "internal/platform/implementation/apple/Mediums/WiFiCommon/GNCNWFramework.m",
        "internal/platform/implementation/apple/Mediums/WiFiCommon/GNCNWFrameworkError.m",
        "internal/platform/implementation/apple/Mediums/WiFiCommon/GNCNWFrameworkServerSocket.m",
        "internal/platform/implementation/apple/Mediums/WiFiCommon/GNCNWFrameworkSocket.m",
        "internal/platform/implementation/apple/ble_gatt_client.mm",
        "internal/platform/implementation/apple/ble_gatt_server.mm",
        "internal/platform/implementation/apple/ble_medium.mm",
        "internal/platform/implementation/apple/ble_peripheral.mm",
        "internal/platform/implementation/apple/ble_server_socket.mm",
        "internal/platform/implementation/apple/ble_socket.mm",
        "internal/platform/implementation/apple/ble_utils.mm",
        "internal/platform/implementation/apple/bluetooth_adapter_v2.mm",
        "internal/platform/implementation/apple/condition_variable.cc",
        "internal/platform/implementation/apple/count_down_latch.cc",
        "internal/platform/implementation/apple/crypto.mm",
        "internal/platform/implementation/apple/device_info.mm",
        "internal/platform/implementation/apple/multi_thread_executor.mm",
        "internal/platform/implementation/apple/platform.mm",
        "internal/platform/implementation/apple/preferences_manager.mm",
        "internal/platform/implementation/apple/scheduled_executor.mm",
        "internal/platform/implementation/apple/system_clock.cc",
        "internal/platform/implementation/apple/timer.mm",
        "internal/platform/implementation/apple/utils.mm",
        "internal/platform/implementation/apple/wifi_lan.mm",
        "internal/platform/implementation/shared/count_down_latch.cc",
        "internal/platform/implementation/shared/crypto.cc",
        "internal/platform/implementation/shared/file.cc",
        "internal/platform/implementation/shared/posix_condition_variable.cc",
        "internal/platform/implementation/shared/posix_mutex.cc",
        "internal/platform/implementation/wifi_utils.cc",
        "internal/platform/input_stream.cc",
        "internal/platform/monitored_runnable.cc",
        "internal/platform/pending_job_registry.cc",
        "internal/platform/pipe.cc",
        "internal/platform/prng.cc",
        "internal/platform/stream_reader.cc",
        "internal/platform/stream_writer.cc",
        "internal/platform/task_runner_impl.cc",
        "internal/platform/thread_check_nocompile.cc",
        "internal/platform/timer_impl.cc",
        "internal/platform/uuid.cc",
        "internal/platform/wifi_direct.cc",
        "internal/platform/wifi_hotspot.cc",
        "internal/platform/wifi_lan.cc",
        "internal/platform/wifi_lan_connection_info.cc",
        "internal/test/fake_account_manager.cc",
        "internal/test/fake_clock.cc",
        "internal/test/fake_single_thread_executor.cc",
        "internal/test/fake_task_runner.cc",
        "internal/test/fake_timer.cc",
        "internal/weave/base_socket.cc",
        "internal/weave/message_write_request.cc",
        "internal/weave/packet.cc",
        "internal/weave/packet_sequence_number_generator.cc",
        "internal/weave/packetizer.cc",
        "internal/weave/sockets/client_socket.cc",
        "internal/weave/sockets/server_socket.cc"
      ],
      "target_dependencies" : [
        "google-toolbox-for-mac",
        "json",
        "smhasher",
        "ukey2",
        "protobuf"
      ],
      "type" : "library"
    },
    {
      "c99name" : "NearbyConnectionsTests",
      "module_type" : "SwiftTarget",
      "name" : "NearbyConnectionsTests",
      "path" : "connections/swift/NearbyConnections/Tests",
      "sources" : [
        "BuildTests.swift",
        "EntryPointTest.swift"
      ],
      "target_dependencies" : [
        "NearbyConnections"
      ],
      "type" : "test"
    },
    {
      "c99name" : "NearbyConnections",
      "module_type" : "SwiftTarget",
      "name" : "NearbyConnections",
      "path" : ".",
      "product_memberships" : [
        "NearbyConnections",
        "NearbyConnectionsDynamic"
      ],
      "sources" : [
        "connections/swift/NearbyConnections/Sources/Advertiser.swift",
        "connections/swift/NearbyConnections/Sources/CancellationToken.swift",
        "connections/swift/NearbyConnections/Sources/ConnectionManager.swift",
        "connections/swift/NearbyConnections/Sources/ConnectionState.swift",
        "connections/swift/NearbyConnections/Sources/Discoverer.swift",
        "connections/swift/NearbyConnections/Sources/EndpointID.swift",
        "connections/swift/NearbyConnections/Sources/Internal/Connection.swift",
        "connections/swift/NearbyConnections/Sources/Internal/Discovery.swift",
        "connections/swift/NearbyConnections/Sources/Internal/Payload.swift",
        "connections/swift/NearbyConnections/Sources/PayloadID.swift",
        "connections/swift/NearbyConnections/Sources/Strategy.swift",
        "connections/swift/NearbyConnections/Sources/TransferUpdate.swift"
      ],
      "target_dependencies" : [
        "NearbyCoreAdapter"
      ],
      "type" : "library"
    }
  ],
  "tools_version" : "5.7"
}
warning: 'spi-builder-workspace': Invalid Exclude '/Users/admin/builder/spi-builder-workspace/third_party/google-toolbox-for-mac/google-toolbox-for-mac/Foundation/GTMNSNumber+64BitTest.m': File not found.
warning: 'spi-builder-workspace': Invalid Exclude '/Users/admin/builder/spi-builder-workspace/third_party/google-toolbox-for-mac/google-toolbox-for-mac/BuildingAndUsing.txt': File not found.
warning: 'spi-builder-workspace': Invalid Exclude '/Users/admin/builder/spi-builder-workspace/third_party/google-toolbox-for-mac/google-toolbox-for-mac/Foundation/GTMNSDictionary+URLArguments.m': File not found.
warning: 'spi-builder-workspace': Invalid Exclude '/Users/admin/builder/spi-builder-workspace/third_party/google-toolbox-for-mac/google-toolbox-for-mac/Foundation/GTMRegexTest.m': File not found.
warning: 'spi-builder-workspace': Invalid Exclude '/Users/admin/builder/spi-builder-workspace/third_party/google-toolbox-for-mac/google-toolbox-for-mac/Foundation/GTMNSDictionary+URLArgumentsTest.m': File not found.
warning: 'spi-builder-workspace': Invalid Exclude '/Users/admin/builder/spi-builder-workspace/third_party/google-toolbox-for-mac/google-toolbox-for-mac/Foundation/GTMNSScanner+JSONTest.m': File not found.
warning: 'spi-builder-workspace': Invalid Exclude '/Users/admin/builder/spi-builder-workspace/third_party/google-toolbox-for-mac/google-toolbox-for-mac/Foundation/GTMNSString+FindFolderTest.m': File not found.
warning: 'spi-builder-workspace': Invalid Exclude '/Users/admin/builder/spi-builder-workspace/third_party/google-toolbox-for-mac/google-toolbox-for-mac/Foundation/GTMRegex.m': File not found.
warning: 'spi-builder-workspace': Invalid Exclude '/Users/admin/builder/spi-builder-workspace/third_party/google-toolbox-for-mac/google-toolbox-for-mac/Foundation/GTMFileSystemKQueue.m': File not found.
warning: 'spi-builder-workspace': Invalid Exclude '/Users/admin/builder/spi-builder-workspace/third_party/google-toolbox-for-mac/google-toolbox-for-mac/Foundation/GTMURLBuilderTest.m': File not found.
warning: 'spi-builder-workspace': Invalid Exclude '/Users/admin/builder/spi-builder-workspace/third_party/google-toolbox-for-mac/google-toolbox-for-mac/Foundation/GTMNSString+URLArgumentsTest.m': File not found.
warning: 'spi-builder-workspace': Invalid Exclude '/Users/admin/builder/spi-builder-workspace/third_party/google-toolbox-for-mac/google-toolbox-for-mac/Foundation/GTMSignalHandler.m': File not found.
warning: 'spi-builder-workspace': Invalid Exclude '/Users/admin/builder/spi-builder-workspace/third_party/google-toolbox-for-mac/google-toolbox-for-mac/Foundation/GTMNSScanner+JSON.m': File not found.
warning: 'spi-builder-workspace': Invalid Exclude '/Users/admin/builder/spi-builder-workspace/third_party/google-toolbox-for-mac/google-toolbox-for-mac/Foundation/GTMNSString+FindFolder.m': File not found.
warning: 'spi-builder-workspace': Invalid Exclude '/Users/admin/builder/spi-builder-workspace/third_party/google-toolbox-for-mac/google-toolbox-for-mac/Foundation/GTMNSString+URLArguments.m': File not found.
warning: 'spi-builder-workspace': Invalid Exclude '/Users/admin/builder/spi-builder-workspace/third_party/google-toolbox-for-mac/google-toolbox-for-mac/Foundation/GTMURLBuilder.m': File not found.
warning: 'spi-builder-workspace': Invalid Exclude '/Users/admin/builder/spi-builder-workspace/third_party/google-toolbox-for-mac/google-toolbox-for-mac/Foundation/GTMSignalHandlerTest.m': File not found.
warning: 'spi-builder-workspace': Invalid Exclude '/Users/admin/builder/spi-builder-workspace/third_party/google-toolbox-for-mac/google-toolbox-for-mac/Foundation/GTMNSNumber+64Bit.m': File not found.
warning: 'spi-builder-workspace': Invalid Exclude '/Users/admin/builder/spi-builder-workspace/third_party/google-toolbox-for-mac/google-toolbox-for-mac/Foundation/GTMSystemVersionTest.m': File not found.
warning: 'spi-builder-workspace': Invalid Exclude '/Users/admin/builder/spi-builder-workspace/third_party/google-toolbox-for-mac/google-toolbox-for-mac/Foundation/GTMServiceManagementTestingHarness.c': File not found.
warning: 'spi-builder-workspace': Invalid Exclude '/Users/admin/builder/spi-builder-workspace/third_party/google-toolbox-for-mac/google-toolbox-for-mac/Foundation/GTMServiceManagementTest.m': File not found.
warning: 'spi-builder-workspace': Invalid Exclude '/Users/admin/builder/spi-builder-workspace/third_party/google-toolbox-for-mac/google-toolbox-for-mac/Foundation/GTMServiceManagement.c': File not found.
warning: 'spi-builder-workspace': Invalid Exclude '/Users/admin/builder/spi-builder-workspace/third_party/google-toolbox-for-mac/google-toolbox-for-mac/Foundation/GTMObjC2Runtime.m': File not found.
warning: 'spi-builder-workspace': Invalid Exclude '/Users/admin/builder/spi-builder-workspace/third_party/google-toolbox-for-mac/google-toolbox-for-mac/Foundation/GTMSystemVersion.m': File not found.
warning: 'spi-builder-workspace': Invalid Exclude '/Users/admin/builder/spi-builder-workspace/third_party/google-toolbox-for-mac/google-toolbox-for-mac/Foundation/GTMFileSystemKQueueTest.m': File not found.
warning: 'spi-builder-workspace': Invalid Exclude '/Users/admin/builder/spi-builder-workspace/third_party/ukey2/ukey2/third_party': File not found.
warning: 'spi-builder-workspace': Invalid Exclude '/Users/admin/builder/spi-builder-workspace/internal/data/memory_data_set_test.cc': File not found.
warning: 'spi-builder-workspace': Invalid Exclude '/Users/admin/builder/spi-builder-workspace/internal/test/google3_only/fake_authentication_manager_test.cc': File not found.
warning: 'spi-builder-workspace': Invalid Exclude '/Users/admin/builder/spi-builder-workspace/connections/clients/ios': File not found.
warning: 'spi-builder-workspace': Invalid Exclude '/Users/admin/builder/spi-builder-workspace/internal/test/fake_data_set_test.cc': File not found.
warning: 'spi-builder-workspace': Invalid Exclude '/Users/admin/builder/spi-builder-workspace/connections/java': File not found.
warning: 'spi-builder-workspace': Invalid Exclude '/Users/admin/builder/spi-builder-workspace/internal/crypto/BUILD.gn': File not found.
warning: 'spi-builder-workspace': Invalid Exclude '/Users/admin/builder/spi-builder-workspace/internal/platform/implementation/android': File not found.
warning: 'spi-builder-workspace': Invalid Exclude '/Users/admin/builder/spi-builder-workspace/connections/java': File not found.
warning: 'spi-builder-workspace': Invalid Exclude '/Users/admin/builder/spi-builder-workspace/docs': File not found.
warning: 'spi-builder-workspace': Invalid Exclude '/Users/admin/builder/spi-builder-workspace/connections/clients/ios': File not found.
{
  "workspace" : {
    "name" : "NearbyConnections",
    "schemes" : [
      "NearbyConnections",
      "NearbyConnections-Package",
      "NearbyConnectionsDynamic"
    ]
  }
}
2026-09-21 20:24:06.700 xcodebuild[2028:8492] [MT] IDERunDestination: Supported platforms for the buildables in the current scheme is empty.
Running build ...
env DEVELOPER_DIR=/Applications/Xcode-27.0.0-Release.Candidate.app xcrun xcodebuild -IDEClonedSourcePackagesDirPathOverride=$PWD/.dependencies -skipMacroValidation -skipPackagePluginValidation -derivedDataPath $PWD/.derivedData build -scheme NearbyConnections-Package -destination generic/platform=watchOS
Command line invocation:
    /Applications/Xcode-27.0.0-Release.Candidate.app/Contents/Developer/usr/bin/xcodebuild -IDEClonedSourcePackagesDirPathOverride=/Users/admin/builder/spi-builder-workspace/.dependencies -skipMacroValidation -skipPackagePluginValidation -derivedDataPath /Users/admin/builder/spi-builder-workspace/.derivedData build -scheme NearbyConnections-Package -destination generic/platform=watchOS
Resolve Package Graph
Invalid Exclude '/Users/admin/builder/spi-builder-workspace/third_party/google-toolbox-for-mac/google-toolbox-for-mac/Foundation/GTMFileSystemKQueue.m': File not found.Invalid Exclude '/Users/admin/builder/spi-builder-workspace/third_party/google-toolbox-for-mac/google-toolbox-for-mac/Foundation/GTMNSString+URLArguments.m': File not found.Invalid Exclude '/Users/admin/builder/spi-builder-workspace/third_party/google-toolbox-for-mac/google-toolbox-for-mac/Foundation/GTMURLBuilder.m': File not found.Invalid Exclude '/Users/admin/builder/spi-builder-workspace/third_party/google-toolbox-for-mac/google-toolbox-for-mac/Foundation/GTMSystemVersion.m': File not found.Invalid Exclude '/Users/admin/builder/spi-builder-workspace/third_party/google-toolbox-for-mac/google-toolbox-for-mac/Foundation/GTMNSDictionary+URLArgumentsTest.m': File not found.Invalid Exclude '/Users/admin/builder/spi-builder-workspace/third_party/google-toolbox-for-mac/google-toolbox-for-mac/Foundation/GTMNSString+FindFolder.m': File not found.Invalid Exclude '/Users/admin/builder/spi-builder-workspace/third_party/google-toolbox-for-mac/google-toolbox-for-mac/Foundation/GTMRegexTest.m': File not found.Invalid Exclude '/Users/admin/builder/spi-builder-workspace/third_party/google-toolbox-for-mac/google-toolbox-for-mac/Foundation/GTMRegex.m': File not found.Invalid Exclude '/Users/admin/builder/spi-builder-workspace/third_party/google-toolbox-for-mac/google-toolbox-for-mac/Foundation/GTMNSScanner+JSONTest.m': File not found.Invalid Exclude '/Users/admin/builder/spi-builder-workspace/third_party/google-toolbox-for-mac/google-toolbox-for-mac/Foundation/GTMServiceManagementTestingHarness.c': File not found.Invalid Exclude '/Users/admin/builder/spi-builder-workspace/third_party/google-toolbox-for-mac/google-toolbox-for-mac/Foundation/GTMSignalHandlerTest.m': File not found.Invalid Exclude '/Users/admin/builder/spi-builder-workspace/third_party/google-toolbox-for-mac/google-toolbox-for-mac/Foundation/GTMServiceManagement.c': File not found.Invalid Exclude '/Users/admin/builder/spi-builder-workspace/third_party/google-toolbox-for-mac/google-toolbox-for-mac/Foundation/GTMNSString+FindFolderTest.m': File not found.Invalid Exclude '/Users/admin/builder/spi-builder-workspace/third_party/google-toolbox-for-mac/google-toolbox-for-mac/Foundation/GTMFileSystemKQueueTest.m': File not found.Invalid Exclude '/Users/admin/builder/spi-builder-workspace/third_party/google-toolbox-for-mac/google-toolbox-for-mac/Foundation/GTMSignalHandler.m': File not found.Invalid Exclude '/Users/admin/builder/spi-builder-workspace/third_party/google-toolbox-for-mac/google-toolbox-for-mac/BuildingAndUsing.txt': File not found.Invalid Exclude '/Users/admin/builder/spi-builder-workspace/third_party/google-toolbox-for-mac/google-toolbox-for-mac/Foundation/GTMSystemVersionTest.m': File not found.Invalid Exclude '/Users/admin/builder/spi-builder-workspace/third_party/google-toolbox-for-mac/google-toolbox-for-mac/Foundation/GTMNSNumber+64BitTest.m': File not found.Invalid Exclude '/Users/admin/builder/spi-builder-workspace/third_party/google-toolbox-for-mac/google-toolbox-for-mac/Foundation/GTMNSString+URLArgumentsTest.m': File not found.Invalid Exclude '/Users/admin/builder/spi-builder-workspace/third_party/google-toolbox-for-mac/google-toolbox-for-mac/Foundation/GTMURLBuilderTest.m': File not found.Invalid Exclude '/Users/admin/builder/spi-builder-workspace/third_party/google-toolbox-for-mac/google-toolbox-for-mac/Foundation/GTMNSDictionary+URLArguments.m': File not found.Invalid Exclude '/Users/admin/builder/spi-builder-workspace/third_party/google-toolbox-for-mac/google-toolbox-for-mac/Foundation/GTMServiceManagementTest.m': File not found.Invalid Exclude '/Users/admin/builder/spi-builder-workspace/third_party/google-toolbox-for-mac/google-toolbox-for-mac/Foundation/GTMNSScanner+JSON.m': File not found.Invalid Exclude '/Users/admin/builder/spi-builder-workspace/third_party/google-toolbox-for-mac/google-toolbox-for-mac/Foundation/GTMObjC2Runtime.m': File not found.Invalid Exclude '/Users/admin/builder/spi-builder-workspace/third_party/google-toolbox-for-mac/google-toolbox-for-mac/Foundation/GTMNSNumber+64Bit.m': File not found.Invalid Exclude '/Users/admin/builder/spi-builder-workspace/third_party/ukey2/ukey2/third_party': File not found.Invalid Exclude '/Users/admin/builder/spi-builder-workspace/internal/test/fake_data_set_test.cc': File not found.Invalid Exclude '/Users/admin/builder/spi-builder-workspace/connections/clients/ios': File not found.Invalid Exclude '/Users/admin/builder/spi-builder-workspace/internal/test/google3_only/fake_authentication_manager_test.cc': File not found.Invalid Exclude '/Users/admin/builder/spi-builder-workspace/internal/data/memory_data_set_test.cc': File not found.Invalid Exclude '/Users/admin/builder/spi-builder-workspace/internal/crypto/BUILD.gn': File not found.Invalid Exclude '/Users/admin/builder/spi-builder-workspace/connections/java': File not found.Invalid Exclude '/Users/admin/builder/spi-builder-workspace/internal/platform/implementation/android': File not found.Invalid Exclude '/Users/admin/builder/spi-builder-workspace/connections/java': File not found.Invalid Exclude '/Users/admin/builder/spi-builder-workspace/docs': File not found.Invalid Exclude '/Users/admin/builder/spi-builder-workspace/connections/clients/ios': File not found.
Resolved source packages:
  AbseilCXX17: https://github.com/monzo/abseil-cpp-SwiftPM.git @ 0.20240902.0
  NearbyConnections: /Users/admin/builder/spi-builder-workspace
  NearbySSL: https://github.com/monzo/boringssl-SwiftPM.git @ 0.7.3
ComputePackagePrebuildTargetDependencyGraph
Prepare packages
CreateBuildRequest
SendProjectDescription
CreateBuildOperation
ComputeTargetDependencyGraph
note: Building targets in dependency order
note: Target dependency graph (14 targets)
    Target 'NearbyConnectionsDynamic-product' in project 'NearbyConnections'
        ➜ Explicit dependency on target 'NearbyConnections' in project 'NearbyConnections'
        ➜ Explicit dependency on target 'NearbyConnections_NearbyConnections' in project 'NearbyConnections'
        ➜ Explicit dependency on target 'google-toolbox-for-mac' in project 'NearbyConnections'
        ➜ Explicit dependency on target 'json' in project 'NearbyConnections'
        ➜ Explicit dependency on target 'smhasher' in project 'NearbyConnections'
        ➜ Explicit dependency on target 'protobuf' in project 'NearbyConnections'
        ➜ Explicit dependency on target 'ukey2' in project 'NearbyConnections'
        ➜ Explicit dependency on target 'NearbyCoreAdapter' in project 'NearbyConnections'
        ➜ Explicit dependency on target 'AbseilCXX17-product' in project 'AbseilCXX17'
        ➜ Explicit dependency on target 'NearbySSL-product' in project 'NearbySSL'
    Target 'NearbyConnections-product' in project 'NearbyConnections'
        ➜ Explicit dependency on target 'NearbyConnections' in project 'NearbyConnections'
        ➜ Explicit dependency on target 'NearbyConnections_NearbyConnections' in project 'NearbyConnections'
        ➜ Explicit dependency on target 'google-toolbox-for-mac' in project 'NearbyConnections'
        ➜ Explicit dependency on target 'json' in project 'NearbyConnections'
        ➜ Explicit dependency on target 'smhasher' in project 'NearbyConnections'
        ➜ Explicit dependency on target 'protobuf' in project 'NearbyConnections'
        ➜ Explicit dependency on target 'ukey2' in project 'NearbyConnections'
        ➜ Explicit dependency on target 'NearbyCoreAdapter' in project 'NearbyConnections'
        ➜ Explicit dependency on target 'AbseilCXX17-product' in project 'AbseilCXX17'
        ➜ Explicit dependency on target 'NearbySSL-product' in project 'NearbySSL'
    Target 'NearbyConnections' in project 'NearbyConnections'
        ➜ Explicit dependency on target 'NearbyConnections_NearbyConnections' in project 'NearbyConnections'
        ➜ Explicit dependency on target 'google-toolbox-for-mac' in project 'NearbyConnections'
        ➜ Explicit dependency on target 'json' in project 'NearbyConnections'
        ➜ Explicit dependency on target 'smhasher' in project 'NearbyConnections'
        ➜ Explicit dependency on target 'protobuf' in project 'NearbyConnections'
        ➜ Explicit dependency on target 'ukey2' in project 'NearbyConnections'
        ➜ Explicit dependency on target 'NearbyCoreAdapter' in project 'NearbyConnections'
        ➜ Explicit dependency on target 'AbseilCXX17-product' in project 'AbseilCXX17'
        ➜ Explicit dependency on target 'NearbySSL-product' in project 'NearbySSL'
    Target 'NearbyCoreAdapter' in project 'NearbyConnections'
        ➜ Explicit dependency on target 'google-toolbox-for-mac' in project 'NearbyConnections'
        ➜ Explicit dependency on target 'json' in project 'NearbyConnections'
        ➜ Explicit dependency on target 'smhasher' in project 'NearbyConnections'
        ➜ Explicit dependency on target 'protobuf' in project 'NearbyConnections'
        ➜ Explicit dependency on target 'ukey2' in project 'NearbyConnections'
        ➜ Explicit dependency on target 'AbseilCXX17-product' in project 'AbseilCXX17'
        ➜ Explicit dependency on target 'NearbySSL-product' in project 'NearbySSL'
    Target 'ukey2' in project 'NearbyConnections'
        ➜ Explicit dependency on target 'protobuf' in project 'NearbyConnections'
        ➜ Explicit dependency on target 'AbseilCXX17-product' in project 'AbseilCXX17'
        ➜ Explicit dependency on target 'NearbySSL-product' in project 'NearbySSL'
    Target 'NearbySSL-product' in project 'NearbySSL'
        ➜ Explicit dependency on target 'NearbySSL' in project 'NearbySSL'
    Target 'NearbySSL' in project 'NearbySSL' (no dependencies)
    Target 'AbseilCXX17-product' in project 'AbseilCXX17'
        ➜ Explicit dependency on target 'AbseilCXX17' in project 'AbseilCXX17'
    Target 'AbseilCXX17' in project 'AbseilCXX17' (no dependencies)
    Target 'protobuf' in project 'NearbyConnections' (no dependencies)
    Target 'smhasher' in project 'NearbyConnections' (no dependencies)
    Target 'json' in project 'NearbyConnections' (no dependencies)
    Target 'google-toolbox-for-mac' in project 'NearbyConnections' (no dependencies)
    Target 'NearbyConnections_NearbyConnections' in project 'NearbyConnections' (no dependencies)
GatherProvisioningInputs
CreateBuildDescription
ClangStatCache /Applications/Xcode-27.0.0-Release.Candidate.app/Contents/Developer/Toolchains/XcodeDefault.xctoolchain/usr/bin/clang-stat-cache /Applications/Xcode-27.0.0-Release.Candidate.app/Contents/Developer/Platforms/WatchOS.platform/Developer/SDKs/WatchOS27.0.sdk /Users/admin/builder/spi-builder-workspace/.derivedData/SDKStatCaches.noindex/watchos27.0-24R360-e829b21a6f8c9b70876ba0858053c04477534ef55a1706bf4c1112bbb242f0a2.sdkstatcache
    cd /Users/admin/builder/spi-builder-workspace/.swiftpm/xcode
    /Applications/Xcode-27.0.0-Release.Candidate.app/Contents/Developer/Toolchains/XcodeDefault.xctoolchain/usr/bin/clang-stat-cache /Applications/Xcode-27.0.0-Release.Candidate.app/Contents/Developer/Platforms/WatchOS.platform/Developer/SDKs/WatchOS27.0.sdk -o /Users/admin/builder/spi-builder-workspace/.derivedData/SDKStatCaches.noindex/watchos27.0-24R360-e829b21a6f8c9b70876ba0858053c04477534ef55a1706bf4c1112bbb242f0a2.sdkstatcache
ScanDependencies /Users/admin/builder/spi-builder-workspace/.derivedData/Build/Intermediates.noindex/NearbySSL.build/Debug-watchos/NearbySSL-t.build/Objects-normal/arm64_32/x_info.o /Users/admin/builder/spi-builder-workspace/.dependencies/checkouts/boringssl-SwiftPM/src/crypto/x509/x_info.c normal arm64_32 c com.apple.compilers.llvm.clang.1_0.compiler (in target 'NearbySSL' from project 'NearbySSL')
    cd /Users/admin/builder/spi-builder-workspace/.swiftpm/xcode

    Using response file: /Users/admin/builder/spi-builder-workspace/.derivedData/Build/Intermediates.noindex/NearbySSL.build/Debug-watchos/NearbySSL-t.build/Objects-normal/arm64_32/7187679823f38a2a940e0043cdf9d637-common-args.resp

    builtin-ScanDependencies -o /Users/admin/builder/spi-builder-workspace/.derivedData/Build/Intermediates.noindex/NearbySSL.build/Debug-watchos/NearbySSL-t.build/Objects-normal/arm64_32/x_info.o.scan -- /Applications/Xcode-27.0.0-Release.Candidate.app/Contents/Developer/Toolchains/XcodeDefault.xctoolchain/usr/bin/clang -x c -ivfsstatcache /Users/admin/builder/spi-builder-workspace/.derivedData/SDKStatCaches.noindex/watchos27.0-24R360-e829b21a6f8c9b70876ba0858053c04477534ef55a1706bf4c1112bbb242f0a2.sdkstatcache -target arm64_32-apple-watchos9.0 -fmessage-length\=0 -fdiagnostics-show-note-include-stack -fmacro-backtrace-limit\=0 -fno-color-diagnostics -fmodules-prune-interval\=86400 -fmodules-prune-after\=345600 -fbuild-session-file\=/Users/admin/builder/spi-builder-workspace/.derivedData/ModuleCache.noindex/Session.modulevalidation -fmodules-validate-once-per-build-session -Wnon-modular-include-in-framework-module -Werror\=non-modular-include-in-framework-module -Wno-trigraphs -Wno-missing-field-initializers -Wno-missing-prototypes -Wno-return-type -Wno-missing-braces -Wparentheses -Wswitch -Wno-unused-function -Wno-unused-label -Wno-unused-parameter -Wno-unused-variable -Wunused-value -Wno-empty-body -Wno-uninitialized -Wno-unknown-pragmas -w -Wno-shadow -Wno-four-char-constants -Wno-conversion -Wno-constant-conversion -Wno-int-conversion -Wno-bool-conversion -Wno-enum-conversion -Wno-float-conversion -Wno-non-literal-null-conversion -Wno-objc-literal-conversion -Wno-shorten-64-to-32 -Wpointer-sign -Wno-newline-eof -Wno-implicit-fallthrough -isysroot /Applications/Xcode-27.0.0-Release.Candidate.app/Contents/Developer/Platforms/WatchOS.platform/Developer/SDKs/WatchOS27.0.sdk -fstrict-aliasing -Wdeprecated-declarations -Wno-sign-conversion -Wno-infinite-recursion -Wno-comma -Wno-block-capture-autoreleasing -Wno-strict-prototypes -Wno-semicolon-before-method-body -index-store-path /Users/admin/builder/spi-builder-workspace/.derivedData/Index.noindex/DataStore @/Users/admin/builder/spi-builder-workspace/.derivedData/Build/Intermediates.noindex/NearbySSL.build/Debug-watchos/NearbySSL-t.build/Objects-normal/arm64_32/7187679823f38a2a940e0043cdf9d637-common-args.resp -MMD -MT dependencies -MF /Users/admin/builder/spi-builder-workspace/.derivedData/Build/Intermediates.noindex/NearbySSL.build/Debug-watchos/NearbySSL-t.build/Objects-normal/arm64_32/x_info.d --serialize-diagnostics /Users/admin/builder/spi-builder-workspace/.derivedData/Build/Intermediates.noindex/NearbySSL.build/Debug-watchos/NearbySSL-t.build/Objects-normal/arm64_32/x_info.dia -c /Users/admin/builder/spi-builder-workspace/.dependencies/checkouts/boringssl-SwiftPM/src/crypto/x509/x_info.c -o /Users/admin/builder/spi-builder-workspace/.derivedData/Build/Intermediates.noindex/NearbySSL.build/Debug-watchos/NearbySSL-t.build/Objects-normal/arm64_32/x_info.o -index-unit-output-path /NearbySSL.build/Debug-watchos/NearbySSL-t.build/Objects-normal/arm64_32/x_info.o
ScanDependencies /Users/admin/builder/spi-builder-workspace/.derivedData/Build/Intermediates.noindex/NearbySSL.build/Debug-watchos/NearbySSL-t.build/Objects-normal/arm64_32/x_exten.o /Users/admin/builder/spi-builder-workspace/.dependencies/checkouts/boringssl-SwiftPM/src/crypto/x509/x_exten.c normal arm64_32 c com.apple.compilers.llvm.clang.1_0.compiler (in target 'NearbySSL' from project 'NearbySSL')
    cd /Users/admin/builder/spi-builder-workspace/.swiftpm/xcode

    Using response file: /Users/admin/builder/spi-builder-workspace/.derivedData/Build/Intermediates.noindex/NearbySSL.build/Debug-watchos/NearbySSL-t.build/Objects-normal/arm64_32/7187679823f38a2a940e0043cdf9d637-common-args.resp

    builtin-ScanDependencies -o /Users/admin/builder/spi-builder-workspace/.derivedData/Build/Intermediates.noindex/NearbySSL.build/Debug-watchos/NearbySSL-t.build/Objects-normal/arm64_32/x_exten.o.scan -- /Applications/Xcode-27.0.0-Release.Candidate.app/Contents/Developer/Toolchains/XcodeDefault.xctoolchain/usr/bin/clang -x c -ivfsstatcache /Users/admin/builder/spi-builder-workspace/.derivedData/SDKStatCaches.noindex/watchos27.0-24R360-e829b21a6f8c9b70876ba0858053c04477534ef55a1706bf4c1112bbb242f0a2.sdkstatcache -target arm64_32-apple-watchos9.0 -fmessage-length\=0 -fdiagnostics-show-note-include-stack -fmacro-backtrace-limit\=0 -fno-color-diagnostics -fmodules-prune-interval\=86400 -fmodules-prune-after\=345600 -fbuild-session-file\=/Users/admin/builder/spi-builder-workspace/.derivedData/ModuleCache.noindex/Session.modulevalidation -fmodules-validate-once-per-build-session -Wnon-modular-include-in-framework-module -Werror\=non-modular-include-in-framework-module -Wno-trigraphs -Wno-missing-field-initializers -Wno-missing-prototypes -Wno-return-type -Wno-missing-braces -Wparentheses -Wswitch -Wno-unused-function -Wno-unused-label -Wno-unused-parameter -Wno-unused-variable -Wunused-value -Wno-empty-body -Wno-uninitialized -Wno-unknown-pragmas -w -Wno-shadow -Wno-four-char-constants -Wno-conversion -Wno-constant-conversion -Wno-int-conversion -Wno-bool-conversion -Wno-enum-conversion -Wno-float-conversion -Wno-non-literal-null-conversion -Wno-objc-literal-conversion -Wno-shorten-64-to-32 -Wpointer-sign -Wno-newline-eof -Wno-implicit-fallthrough -isysroot /Applications/Xcode-27.0.0-Release.Candidate.app/Contents/Developer/Platforms/WatchOS.platform/Developer/SDKs/WatchOS27.0.sdk -fstrict-aliasing -Wdeprecated-declarations -Wno-sign-conversion -Wno-infinite-recursion -Wno-comma -Wno-block-capture-autoreleasing -Wno-strict-prototypes -Wno-semicolon-before-method-body -index-store-path /Users/admin/builder/spi-builder-workspace/.derivedData/Index.noindex/DataStore @/Users/admin/builder/spi-builder-workspace/.derivedData/Build/Intermediates.noindex/NearbySSL.build/Debug-watchos/NearbySSL-t.build/Objects-normal/arm64_32/7187679823f38a2a940e0043cdf9d637-common-args.resp -MMD -MT dependencies -MF /Users/admin/builder/spi-builder-workspace/.derivedData/Build/Intermediates.noindex/NearbySSL.build/Debug-watchos/NearbySSL-t.build/Objects-normal/arm64_32/x_exten.d --serialize-diagnostics /Users/admin/builder/spi-builder-workspace/.derivedData/Build/Intermediates.noindex/NearbySSL.build/Debug-watchos/NearbySSL-t.build/Objects-normal/arm64_32/x_exten.dia -c /Users/admin/builder/spi-builder-workspace/.dependencies/checkouts/boringssl-SwiftPM/src/crypto/x509/x_exten.c -o /Users/admin/builder/spi-builder-workspace/.derivedData/Build/Intermediates.noindex/NearbySSL.build/Debug-watchos/NearbySSL-t.build/Objects-normal/arm64_32/x_exten.o -index-unit-output-path /NearbySSL.build/Debug-watchos/NearbySSL-t.build/Objects-normal/arm64_32/x_exten.o
ScanDependencies /Users/admin/builder/spi-builder-workspace/.derivedData/Build/Intermediates.noindex/NearbySSL.build/Debug-watchos/NearbySSL-t.build/Objects-normal/arm64_32/x_crl.o /Users/admin/builder/spi-builder-workspace/.dependencies/checkouts/boringssl-SwiftPM/src/crypto/x509/x_crl.c normal arm64_32 c com.apple.compilers.llvm.clang.1_0.compiler (in target 'NearbySSL' from project 'NearbySSL')
    cd /Users/admin/builder/spi-builder-workspace/.swiftpm/xcode

    Using response file: /Users/admin/builder/spi-builder-workspace/.derivedData/Build/Intermediates.noindex/NearbySSL.build/Debug-watchos/NearbySSL-t.build/Objects-normal/arm64_32/7187679823f38a2a940e0043cdf9d637-common-args.resp

    builtin-ScanDependencies -o /Users/admin/builder/spi-builder-workspace/.derivedData/Build/Intermediates.noindex/NearbySSL.build/Debug-watchos/NearbySSL-t.build/Objects-normal/arm64_32/x_crl.o.scan -- /Applications/Xcode-27.0.0-Release.Candidate.app/Contents/Developer/Toolchains/XcodeDefault.xctoolchain/usr/bin/clang -x c -ivfsstatcache /Users/admin/builder/spi-builder-workspace/.derivedData/SDKStatCaches.noindex/watchos27.0-24R360-e829b21a6f8c9b70876ba0858053c04477534ef55a1706bf4c1112bbb242f0a2.sdkstatcache -target arm64_32-apple-watchos9.0 -fmessage-length\=0 -fdiagnostics-show-note-include-stack -fmacro-backtrace-limit\=0 -fno-color-diagnostics -fmodules-prune-interval\=86400 -fmodules-prune-after\=345600 -fbuild-session-file\=/Users/admin/builder/spi-builder-workspace/.derivedData/ModuleCache.noindex/Session.modulevalidation -fmodules-validate-once-per-build-session -Wnon-modular-include-in-framework-module -Werror\=non-modular-include-in-framework-module -Wno-trigraphs -Wno-missing-field-initializers -Wno-missing-prototypes -Wno-return-type -Wno-missing-braces -Wparentheses -Wswitch -Wno-unused-function -Wno-unused-label -Wno-unused-parameter -Wno-unused-variable -Wunused-value -Wno-empty-body -Wno-uninitialized -Wno-unknown-pragmas -w -Wno-shadow -Wno-four-char-constants -Wno-conversion -Wno-constant-conversion -Wno-int-conversion -Wno-bool-conversion -Wno-enum-conversion -Wno-float-conversion -Wno-non-literal-null-conversion -Wno-objc-literal-conversion -Wno-shorten-64-to-32 -Wpointer-sign -Wno-newline-eof -Wno-implicit-fallthrough -isysroot /Applications/Xcode-27.0.0-Release.Candidate.app/Contents/Developer/Platforms/WatchOS.platform/Developer/SDKs/WatchOS27.0.sdk -fstrict-aliasing -Wdeprecated-declarations -Wno-sign-conversion -Wno-infinite-recursion -Wno-comma -Wno-block-capture-autoreleasing -Wno-strict-prototypes -Wno-semicolon-before-method-body -index-store-path /Users/admin/builder/spi-builder-workspace/.derivedData/Index.noindex/DataStore @/Users/admin/builder/spi-builder-workspace/.derivedData/Build/Intermediates.noindex/NearbySSL.build/Debug-watchos/NearbySSL-t.build/Objects-normal/arm64_32/7187679823f38a2a940e0043cdf9d637-common-args.resp -MMD -MT dependencies -MF /Users/admin/builder/spi-builder-workspace/.derivedData/Build/Intermediates.noindex/NearbySSL.build/Debug-watchos/NearbySSL-t.build/Objects-normal/arm64_32/x_crl.d --serialize-diagnostics /Users/admin/builder/spi-builder-workspace/.derivedData/Build/Intermediates.noindex/NearbySSL.build/Debug-watchos/NearbySSL-t.build/Objects-normal/arm64_32/x_crl.dia -c /Users/admin/builder/spi-builder-workspace/.dependencies/checkouts/boringssl-SwiftPM/src/crypto/x509/x_crl.c -o /Users/admin/builder/spi-builder-workspace/.derivedData/Build/Intermediates.noindex/NearbySSL.build/Debug-watchos/NearbySSL-t.build/Objects-normal/arm64_32/x_crl.o -index-unit-output-path /NearbySSL.build/Debug-watchos/NearbySSL-t.build/Objects-normal/arm64_32/x_crl.o
ScanDependencies /Users/admin/builder/spi-builder-workspace/.derivedData/Build/Intermediates.noindex/NearbySSL.build/Debug-watchos/NearbySSL-t.build/Objects-normal/arm64_32/x_algor.o /Users/admin/builder/spi-builder-workspace/.dependencies/checkouts/boringssl-SwiftPM/src/crypto/x509/x_algor.c normal arm64_32 c com.apple.compilers.llvm.clang.1_0.compiler (in target 'NearbySSL' from project 'NearbySSL')
    cd /Users/admin/builder/spi-builder-workspace/.swiftpm/xcode

    Using response file: /Users/admin/builder/spi-builder-workspace/.derivedData/Build/Intermediates.noindex/NearbySSL.build/Debug-watchos/NearbySSL-t.build/Objects-normal/arm64_32/7187679823f38a2a940e0043cdf9d637-common-args.resp

    builtin-ScanDependencies -o /Users/admin/builder/spi-builder-workspace/.derivedData/Build/Intermediates.noindex/NearbySSL.build/Debug-watchos/NearbySSL-t.build/Objects-normal/arm64_32/x_algor.o.scan -- /Applications/Xcode-27.0.0-Release.Candidate.app/Contents/Developer/Toolchains/XcodeDefault.xctoolchain/usr/bin/clang -x c -ivfsstatcache /Users/admin/builder/spi-builder-workspace/.derivedData/SDKStatCaches.noindex/watchos27.0-24R360-e829b21a6f8c9b70876ba0858053c04477534ef55a1706bf4c1112bbb242f0a2.sdkstatcache -target arm64_32-apple-watchos9.0 -fmessage-length\=0 -fdiagnostics-show-note-include-stack -fmacro-backtrace-limit\=0 -fno-color-diagnostics -fmodules-prune-interval\=86400 -fmodules-prune-after\=345600 -fbuild-session-file\=/Users/admin/builder/spi-builder-workspace/.derivedData/ModuleCache.noindex/Session.modulevalidation -fmodules-validate-once-per-build-session -Wnon-modular-include-in-framework-module -Werror\=non-modular-include-in-framework-module -Wno-trigraphs -Wno-missing-field-initializers -Wno-missing-prototypes -Wno-return-type -Wno-missing-braces -Wparentheses -Wswitch -Wno-unused-function -Wno-unused-label -Wno-unused-parameter -Wno-unused-variable -Wunused-value -Wno-empty-body -Wno-uninitialized -Wno-unknown-pragmas -w -Wno-shadow -Wno-four-char-constants -Wno-conversion -Wno-constant-conversion -Wno-int-conversion -Wno-bool-conversion -Wno-enum-conversion -Wno-float-conversion -Wno-non-literal-null-conversion -Wno-objc-literal-conversion -Wno-shorten-64-to-32 -Wpointer-sign -Wno-newline-eof -Wno-implicit-fallthrough -isysroot /Applications/Xcode-27.0.0-Release.Candidate.app/Contents/Developer/Platforms/WatchOS.platform/Developer/SDKs/WatchOS27.0.sdk -fstrict-aliasing -Wdeprecated-declarations -Wno-sign-conversion -Wno-infinite-recursion -Wno-comma -Wno-block-capture-autoreleasing -Wno-strict-prototypes -Wno-semicolon-before-method-body -index-store-path /Users/admin/builder/spi-builder-workspace/.derivedData/Index.noindex/DataStore @/Users/admin/builder/spi-builder-workspace/.derivedData/Build/Intermediates.noindex/NearbySSL.build/Debug-watchos/NearbySSL-t.build/Objects-normal/arm64_32/7187679823f38a2a940e0043cdf9d637-common-args.resp -MMD -MT dependencies -MF /Users/admin/builder/spi-builder-workspace/.derivedData/Build/Intermediates.noindex/NearbySSL.build/Debug-watchos/NearbySSL-t.build/Objects-normal/arm64_32/x_algor.d --serialize-diagnostics /Users/admin/builder/spi-builder-workspace/.derivedData/Build/Intermediates.noindex/NearbySSL.build/Debug-watchos/NearbySSL-t.build/Objects-normal/arm64_32/x_algor.dia -c /Users/admin/builder/spi-builder-workspace/.dependencies/checkouts/boringssl-SwiftPM/src/crypto/x509/x_algor.c -o /Users/admin/builder/spi-builder-workspace/.derivedData/Build/Intermediates.noindex/NearbySSL.build/Debug-watchos/NearbySSL-t.build/Objects-normal/arm64_32/x_algor.o -index-unit-output-path /NearbySSL.build/Debug-watchos/NearbySSL-t.build/Objects-normal/arm64_32/x_algor.o
ScanDependencies /Users/admin/builder/spi-builder-workspace/.derivedData/Build/Intermediates.noindex/NearbySSL.build/Debug-watchos/NearbySSL-t.build/Objects-normal/arm64_32/x86_64-gcc.o /Users/admin/builder/spi-builder-workspace/.dependencies/checkouts/boringssl-SwiftPM/src/crypto/fipsmodule/bn/asm/x86_64-gcc.c normal arm64_32 c com.apple.compilers.llvm.clang.1_0.compiler (in target 'NearbySSL' from project 'NearbySSL')
    cd /Users/admin/builder/spi-builder-workspace/.swiftpm/xcode

    Using response file: /Users/admin/builder/spi-builder-workspace/.derivedData/Build/Intermediates.noindex/NearbySSL.build/Debug-watchos/NearbySSL-t.build/Objects-normal/arm64_32/7187679823f38a2a940e0043cdf9d637-common-args.resp

    builtin-ScanDependencies -o /Users/admin/builder/spi-builder-workspace/.derivedData/Build/Intermediates.noindex/NearbySSL.build/Debug-watchos/NearbySSL-t.build/Objects-normal/arm64_32/x86_64-gcc.o.scan -- /Applications/Xcode-27.0.0-Release.Candidate.app/Contents/Developer/Toolchains/XcodeDefault.xctoolchain/usr/bin/clang -x c -ivfsstatcache /Users/admin/builder/spi-builder-workspace/.derivedData/SDKStatCaches.noindex/watchos27.0-24R360-e829b21a6f8c9b70876ba0858053c04477534ef55a1706bf4c1112bbb242f0a2.sdkstatcache -target arm64_32-apple-watchos9.0 -fmessage-length\=0 -fdiagnostics-show-note-include-stack -fmacro-backtrace-limit\=0 -fno-color-diagnostics -fmodules-prune-interval\=86400 -fmodules-prune-after\=345600 -fbuild-session-file\=/Users/admin/builder/spi-builder-workspace/.derivedData/ModuleCache.noindex/Session.modulevalidation -fmodules-validate-once-per-build-session -Wnon-modular-include-in-framework-module -Werror\=non-modular-include-in-framework-module -Wno-trigraphs -Wno-missing-field-initializers -Wno-missing-prototypes -Wno-return-type -Wno-missing-braces -Wparentheses -Wswitch -Wno-unused-function -Wno-unused-label -Wno-unused-parameter -Wno-unused-variable -Wunused-value -Wno-empty-body -Wno-uninitialized -Wno-unknown-pragmas -w -Wno-shadow -Wno-four-char-constants -Wno-conversion -Wno-constant-conversion -Wno-int-conversion -Wno-bool-conversion -Wno-enum-conversion -Wno-float-conversion -Wno-non-literal-null-conversion -Wno-objc-literal-conversion -Wno-shorten-64-to-32 -Wpointer-sign -Wno-newline-eof -Wno-implicit-fallthrough -isysroot /Applications/Xcode-27.0.0-Release.Candidate.app/Contents/Developer/Platforms/WatchOS.platform/Developer/SDKs/WatchOS27.0.sdk -fstrict-aliasing -Wdeprecated-declarations -Wno-sign-conversion -Wno-infinite-recursion -Wno-comma -Wno-block-capture-autoreleasing -Wno-strict-prototypes -Wno-semicolon-before-method-body -index-store-path /Users/admin/builder/spi-builder-workspace/.derivedData/Index.noindex/DataStore @/Users/admin/builder/spi-builder-workspace/.derivedData/Build/Intermediates.noindex/NearbySSL.build/Debug-watchos/NearbySSL-t.build/Objects-normal/arm64_32/7187679823f38a2a940e0043cdf9d637-common-args.resp -MMD -MT dependencies -MF /Users/admin/builder/spi-builder-workspace/.derivedData/Build/Intermediates.noindex/NearbySSL.build/Debug-watchos/NearbySSL-t.build/Objects-normal/arm64_32/x86_64-gcc.d --serialize-diagnostics /Users/admin/builder/spi-builder-workspace/.derivedData/Build/Intermediates.noindex/NearbySSL.build/Debug-watchos/NearbySSL-t.build/Objects-normal/arm64_32/x86_64-gcc.dia -c /Users/admin/builder/spi-builder-workspace/.dependencies/checkouts/boringssl-SwiftPM/src/crypto/fipsmodule/bn/asm/x86_64-gcc.c -o /Users/admin/builder/spi-builder-workspace/.derivedData/Build/Intermediates.noindex/NearbySSL.build/Debug-watchos/NearbySSL-t.build/Objects-normal/arm64_32/x86_64-gcc.o -index-unit-output-path /NearbySSL.build/Debug-watchos/NearbySSL-t.build/Objects-normal/arm64_32/x86_64-gcc.o
ScanDependencies /Users/admin/builder/spi-builder-workspace/.derivedData/Build/Intermediates.noindex/NearbySSL.build/Debug-watchos/NearbySSL-t.build/Objects-normal/arm64_32/x_attrib.o /Users/admin/builder/spi-builder-workspace/.dependencies/checkouts/boringssl-SwiftPM/src/crypto/x509/x_attrib.c normal arm64_32 c com.apple.compilers.llvm.clang.1_0.compiler (in target 'NearbySSL' from project 'NearbySSL')
    cd /Users/admin/builder/spi-builder-workspace/.swiftpm/xcode

    Using response file: /Users/admin/builder/spi-builder-workspace/.derivedData/Build/Intermediates.noindex/NearbySSL.build/Debug-watchos/NearbySSL-t.build/Objects-normal/arm64_32/7187679823f38a2a940e0043cdf9d637-common-args.resp

    builtin-ScanDependencies -o /Users/admin/builder/spi-builder-workspace/.derivedData/Build/Intermediates.noindex/NearbySSL.build/Debug-watchos/NearbySSL-t.build/Objects-normal/arm64_32/x_attrib.o.scan -- /Applications/Xcode-27.0.0-Release.Candidate.app/Contents/Developer/Toolchains/XcodeDefault.xctoolchain/usr/bin/clang -x c -ivfsstatcache /Users/admin/builder/spi-builder-workspace/.derivedData/SDKStatCaches.noindex/watchos27.0-24R360-e829b21a6f8c9b70876ba0858053c04477534ef55a1706bf4c1112bbb242f0a2.sdkstatcache -target arm64_32-apple-watchos9.0 -fmessage-length\=0 -fdiagnostics-show-note-include-stack -fmacro-backtrace-limit\=0 -fno-color-diagnostics -fmodules-prune-interval\=86400 -fmodules-prune-after\=345600 -fbuild-session-file\=/Users/admin/builder/spi-builder-workspace/.derivedData/ModuleCache.noindex/Session.modulevalidation -fmodules-validate-once-per-build-session -Wnon-modular-include-in-framework-module -Werror\=non-modular-include-in-framework-module -Wno-trigraphs -Wno-missing-field-initializers -Wno-missing-prototypes -Wno-return-type -Wno-missing-braces -Wparentheses -Wswitch -Wno-unused-function -Wno-unused-label -Wno-unused-parameter -Wno-unused-variable -Wunused-value -Wno-empty-body -Wno-uninitialized -Wno-unknown-pragmas -w -Wno-shadow -Wno-four-char-constants -Wno-conversion -Wno-constant-conversion -Wno-int-conversion -Wno-bool-conversion -Wno-enum-conversion -Wno-float-conversion -Wno-non-literal-null-conversion -Wno-objc-literal-conversion -Wno-shorten-64-to-32 -Wpointer-sign -Wno-newline-eof -Wno-implicit-fallthrough -isysroot /Applications/Xcode-27.0.0-Release.Candidate.app/Contents/Developer/Platforms/WatchOS.platform/Developer/SDKs/WatchOS27.0.sdk -fstrict-aliasing -Wdeprecated-declarations -Wno-sign-conversion -Wno-infinite-recursion -Wno-comma -Wno-block-capture-autoreleasing -Wno-strict-prototypes -Wno-semicolon-before-method-body -index-store-path /Users/admin/builder/spi-builder-workspace/.derivedData/Index.noindex/DataStore @/Users/admin/builder/spi-builder-workspace/.derivedData/Build/Intermediates.noindex/NearbySSL.build/Debug-watchos/NearbySSL-t.build/Objects-normal/arm64_32/7187679823f38a2a940e0043cdf9d637-common-args.resp -MMD -MT dependencies -MF /Users/admin/builder/spi-builder-workspace/.derivedData/Build/Intermediates.noindex/NearbySSL.build/Debug-watchos/NearbySSL-t.build/Objects-normal/arm64_32/x_attrib.d --serialize-diagnostics /Users/admin/builder/spi-builder-workspace/.derivedData/Build/Intermediates.noindex/NearbySSL.build/Debug-watchos/NearbySSL-t.build/Objects-normal/arm64_32/x_attrib.dia -c /Users/admin/builder/spi-builder-workspace/.dependencies/checkouts/boringssl-SwiftPM/src/crypto/x509/x_attrib.c -o /Users/admin/builder/spi-builder-workspace/.derivedData/Build/Intermediates.noindex/NearbySSL.build/Debug-watchos/NearbySSL-t.build/Objects-normal/arm64_32/x_attrib.o -index-unit-output-path /NearbySSL.build/Debug-watchos/NearbySSL-t.build/Objects-normal/arm64_32/x_attrib.o
ScanDependencies /Users/admin/builder/spi-builder-workspace/.derivedData/Build/Intermediates.noindex/NearbySSL.build/Debug-watchos/NearbySSL-t.build/Objects-normal/arm64_32/x_all.o /Users/admin/builder/spi-builder-workspace/.dependencies/checkouts/boringssl-SwiftPM/src/crypto/x509/x_all.c normal arm64_32 c com.apple.compilers.llvm.clang.1_0.compiler (in target 'NearbySSL' from project 'NearbySSL')
    cd /Users/admin/builder/spi-builder-workspace/.swiftpm/xcode

    Using response file: /Users/admin/builder/spi-builder-workspace/.derivedData/Build/Intermediates.noindex/NearbySSL.build/Debug-watchos/NearbySSL-t.build/Objects-normal/arm64_32/7187679823f38a2a940e0043cdf9d637-common-args.resp

    builtin-ScanDependencies -o /Users/admin/builder/spi-builder-workspace/.derivedData/Build/Intermediates.noindex/NearbySSL.build/Debug-watchos/NearbySSL-t.build/Objects-normal/arm64_32/x_all.o.scan -- /Applications/Xcode-27.0.0-Release.Candidate.app/Contents/Developer/Toolchains/XcodeDefault.xctoolchain/usr/bin/clang -x c -ivfsstatcache /Users/admin/builder/spi-builder-workspace/.derivedData/SDKStatCaches.noindex/watchos27.0-24R360-e829b21a6f8c9b70876ba0858053c04477534ef55a1706bf4c1112bbb242f0a2.sdkstatcache -target arm64_32-apple-watchos9.0 -fmessage-length\=0 -fdiagnostics-show-note-include-stack -fmacro-backtrace-limit\=0 -fno-color-diagnostics -fmodules-prune-interval\=86400 -fmodules-prune-after\=345600 -fbuild-session-file\=/Users/admin/builder/spi-builder-workspace/.derivedData/ModuleCache.noindex/Session.modulevalidation -fmodules-validate-once-per-build-session -Wnon-modular-include-in-framework-module -Werror\=non-modular-include-in-framework-module -Wno-trigraphs -Wno-missing-field-initializers -Wno-missing-prototypes -Wno-return-type -Wno-missing-braces -Wparentheses -Wswitch -Wno-unused-function -Wno-unused-label -Wno-unused-parameter -Wno-unused-variable -Wunused-value -Wno-empty-body -Wno-uninitialized -Wno-unknown-pragmas -w -Wno-shadow -Wno-four-char-constants -Wno-conversion -Wno-constant-conversion -Wno-int-conversion -Wno-bool-conversion -Wno-enum-conversion -Wno-float-conversion -Wno-non-literal-null-conversion -Wno-objc-literal-conversion -Wno-shorten-64-to-32 -Wpointer-sign -Wno-newline-eof -Wno-implicit-fallthrough -isysroot /Applications/Xcode-27.0.0-Release.Candidate.app/Contents/Developer/Platforms/WatchOS.platform/Developer/SDKs/WatchOS27.0.sdk -fstrict-aliasing -Wdeprecated-declarations -Wno-sign-conversion -Wno-infinite-recursion -Wno-comma -Wno-block-capture-autoreleasing -Wno-strict-prototypes -Wno-semicolon-before-method-body -index-store-path /Users/admin/builder/spi-builder-workspace/.derivedData/Index.noindex/DataStore @/Users/admin/builder/spi-builder-workspace/.derivedData/Build/Intermediates.noindex/NearbySSL.build/Debug-watchos/NearbySSL-t.build/Objects-normal/arm64_32/7187679823f38a2a940e0043cdf9d637-common-args.resp -MMD -MT dependencies -MF /Users/admin/builder/spi-builder-workspace/.derivedData/Build/Intermediates.noindex/NearbySSL.build/Debug-watchos/NearbySSL-t.build/Objects-normal/arm64_32/x_all.d --serialize-diagnostics /Users/admin/builder/spi-builder-workspace/.derivedData/Build/Intermediates.noindex/NearbySSL.build/Debug-watchos/NearbySSL-t.build/Objects-normal/arm64_32/x_all.dia -c /Users/admin/builder/spi-builder-workspace/.dependencies/checkouts/boringssl-SwiftPM/src/crypto/x509/x_all.c -o /Users/admin/builder/spi-builder-workspace/.derivedData/Build/Intermediates.noindex/NearbySSL.build/Debug-watchos/NearbySSL-t.build/Objects-normal/arm64_32/x_all.o -index-unit-output-path /NearbySSL.build/Debug-watchos/NearbySSL-t.build/Objects-normal/arm64_32/x_all.o
ScanDependencies /Users/admin/builder/spi-builder-workspace/.derivedData/Build/Intermediates.noindex/NearbySSL.build/Debug-watchos/NearbySSL-t.build/Objects-normal/arm64_32/x509spki.o /Users/admin/builder/spi-builder-workspace/.dependencies/checkouts/boringssl-SwiftPM/src/crypto/x509/x509spki.c normal arm64_32 c com.apple.compilers.llvm.clang.1_0.compiler (in target 'NearbySSL' from project 'NearbySSL')
    cd /Users/admin/builder/spi-builder-workspace/.swiftpm/xcode

    Using response file: /Users/admin/builder/spi-builder-workspace/.derivedData/Build/Intermediates.noindex/NearbySSL.build/Debug-watchos/NearbySSL-t.build/Objects-normal/arm64_32/7187679823f38a2a940e0043cdf9d637-common-args.resp

    builtin-ScanDependencies -o /Users/admin/builder/spi-builder-workspace/.derivedData/Build/Intermediates.noindex/NearbySSL.build/Debug-watchos/NearbySSL-t.build/Objects-normal/arm64_32/x509spki.o.scan -- /Applications/Xcode-27.0.0-Release.Candidate.app/Contents/Developer/Toolchains/XcodeDefault.xctoolchain/usr/bin/clang -x c -ivfsstatcache /Users/admin/builder/spi-builder-workspace/.derivedData/SDKStatCaches.noindex/watchos27.0-24R360-e829b21a6f8c9b70876ba0858053c04477534ef55a1706bf4c1112bbb242f0a2.sdkstatcache -target arm64_32-apple-watchos9.0 -fmessage-length\=0 -fdiagnostics-show-note-include-stack -fmacro-backtrace-limit\=0 -fno-color-diagnostics -fmodules-prune-interval\=86400 -fmodules-prune-after\=345600 -fbuild-session-file\=/Users/admin/builder/spi-builder-workspace/.derivedData/ModuleCache.noindex/Session.modulevalidation -fmodules-validate-once-per-build-session -Wnon-modular-include-in-framework-module -Werror\=non-modular-include-in-framework-module -Wno-trigraphs -Wno-missing-field-initializers -Wno-missing-prototypes -Wno-return-type -Wno-missing-braces -Wparentheses -Wswitch -Wno-unused-function -Wno-unused-label -Wno-unused-parameter -Wno-unused-variable -Wunused-value -Wno-empty-body -Wno-uninitialized -Wno-unknown-pragmas -w -Wno-shadow -Wno-four-char-constants -Wno-conversion -Wno-constant-conversion -Wno-int-conversion -Wno-bool-conversion -Wno-enum-conversion -Wno-float-conversion -Wno-non-literal-null-conversion -Wno-objc-literal-conversion -Wno-shorten-64-to-32 -Wpointer-sign -Wno-newline-eof -Wno-implicit-fallthrough -isysroot /Applications/Xcode-27.0.0-Release.Candidate.app/Contents/Developer/Platforms/WatchOS.platform/Developer/SDKs/WatchOS27.0.sdk -fstrict-aliasing -Wdeprecated-declarations -Wno-sign-conversion -Wno-infinite-recursion -Wno-comma -Wno-block-capture-autoreleasing -Wno-strict-prototypes -Wno-semicolon-before-method-body -index-store-path /Users/admin/builder/spi-builder-workspace/.derivedData/Index.noindex/DataStore @/Users/admin/builder/spi-builder-workspace/.derivedData/Build/Intermediates.noindex/NearbySSL.build/Debug-watchos/NearbySSL-t.build/Objects-normal/arm64_32/7187679823f38a2a940e0043cdf9d637-common-args.resp -MMD -MT dependencies -MF /Users/admin/builder/spi-builder-workspace/.derivedData/Build/Intermediates.noindex/NearbySSL.build/Debug-watchos/NearbySSL-t.build/Objects-normal/arm64_32/x509spki.d --serialize-diagnostics /Users/admin/builder/spi-builder-workspace/.derivedData/Build/Intermediates.noindex/NearbySSL.build/Debug-watchos/NearbySSL-t.build/Objects-normal/arm64_32/x509spki.dia -c /Users/admin/builder/spi-builder-workspace/.dependencies/checkouts/boringssl-SwiftPM/src/crypto/x509/x509spki.c -o /Users/admin/builder/spi-builder-workspace/.derivedData/Build/Intermediates.noindex/NearbySSL.build/Debug-watchos/NearbySSL-t.build/Objects-normal/arm64_32/x509spki.o -index-unit-output-path /NearbySSL.build/Debug-watchos/NearbySSL-t.build/Objects-normal/arm64_32/x509spki.o
ScanDependencies /Users/admin/builder/spi-builder-workspace/.derivedData/Build/Intermediates.noindex/NearbySSL.build/Debug-watchos/NearbySSL-t.build/Objects-normal/arm64_32/x509name.o /Users/admin/builder/spi-builder-workspace/.dependencies/checkouts/boringssl-SwiftPM/src/crypto/x509/x509name.c normal arm64_32 c com.apple.compilers.llvm.clang.1_0.compiler (in target 'NearbySSL' from project 'NearbySSL')
    cd /Users/admin/builder/spi-builder-workspace/.swiftpm/xcode

    Using response file: /Users/admin/builder/spi-builder-workspace/.derivedData/Build/Intermediates.noindex/NearbySSL.build/Debug-watchos/NearbySSL-t.build/Objects-normal/arm64_32/7187679823f38a2a940e0043cdf9d637-common-args.resp

    builtin-ScanDependencies -o /Users/admin/builder/spi-builder-workspace/.derivedData/Build/Intermediates.noindex/NearbySSL.build/Debug-watchos/NearbySSL-t.build/Objects-normal/arm64_32/x509name.o.scan -- /Applications/Xcode-27.0.0-Release.Candidate.app/Contents/Developer/Toolchains/XcodeDefault.xctoolchain/usr/bin/clang -x c -ivfsstatcache /Users/admin/builder/spi-builder-workspace/.derivedData/SDKStatCaches.noindex/watchos27.0-24R360-e829b21a6f8c9b70876ba0858053c04477534ef55a1706bf4c1112bbb242f0a2.sdkstatcache -target arm64_32-apple-watchos9.0 -fmessage-length\=0 -fdiagnostics-show-note-include-stack -fmacro-backtrace-limit\=0 -fno-color-diagnostics -fmodules-prune-interval\=86400 -fmodules-prune-after\=345600 -fbuild-session-file\=/Users/admin/builder/spi-builder-workspace/.derivedData/ModuleCache.noindex/Session.modulevalidation -fmodules-validate-once-per-build-session -Wnon-modular-include-in-framework-module -Werror\=non-modular-include-in-framework-module -Wno-trigraphs -Wno-missing-field-initializers -Wno-missing-prototypes -Wno-return-type -Wno-missing-braces -Wparentheses -Wswitch -Wno-unused-function -Wno-unused-label -Wno-unused-parameter -Wno-unused-variable -Wunused-value -Wno-empty-body -Wno-uninitialized -Wno-unknown-pragmas -w -Wno-shadow -Wno-four-char-constants -Wno-conversion -Wno-constant-conversion -Wno-int-conversion -Wno-bool-conversion -Wno-enum-conversion -Wno-float-conversion -Wno-non-literal-null-conversion -Wno-objc-literal-conversion -Wno-shorten-64-to-32 -Wpointer-sign -Wno-newline-eof -Wno-implicit-fallthrough -isysroot /Applications/Xcode-27.0.0-Release.Candidate.app/Contents/Developer/Platforms/WatchOS.platform/Developer/SDKs/WatchOS27.0.sdk -fstrict-aliasing -Wdeprecated-declarations -Wno-sign-conversion -Wno-infinite-recursion -Wno-comma -Wno-block-capture-autoreleasing -Wno-strict-prototypes -Wno-semicolon-before-method-body -index-store-path /Users/admin/builder/spi-builder-workspace/.derivedData/Index.noindex/DataStore @/Users/admin/builder/spi-builder-workspace/.derivedData/Build/Intermediates.noindex/NearbySSL.build/Debug-watchos/NearbySSL-t.build/Objects-normal/arm64_32/7187679823f38a2a940e0043cdf9d637-common-args.resp -MMD -MT dependencies -MF /Users/admin/builder/spi-builder-workspace/.derivedData/Build/Intermediates.noindex/NearbySSL.build/Debug-watchos/NearbySSL-t.build/Objects-normal/arm64_32/x509name.d --serialize-diagnostics /Users/admin/builder/spi-builder-workspace/.derivedData/Build/Intermediates.noindex/NearbySSL.build/Debug-watchos/NearbySSL-t.build/Objects-normal/arm64_32/x509name.dia -c /Users/admin/builder/spi-builder-workspace/.dependencies/checkouts/boringssl-SwiftPM/src/crypto/x509/x509name.c -o /Users/admin/builder/spi-builder-workspace/.derivedData/Build/Intermediates.noindex/NearbySSL.build/Debug-watchos/NearbySSL-t.build/Objects-normal/arm64_32/x509name.o -index-unit-output-path /NearbySSL.build/Debug-watchos/NearbySSL-t.build/Objects-normal/arm64_32/x509name.o
ScanDependencies /Users/admin/builder/spi-builder-workspace/.derivedData/Build/Intermediates.noindex/NearbySSL.build/Debug-watchos/NearbySSL-t.build/Objects-normal/arm64_32/x509rset.o /Users/admin/builder/spi-builder-workspace/.dependencies/checkouts/boringssl-SwiftPM/src/crypto/x509/x509rset.c normal arm64_32 c com.apple.compilers.llvm.clang.1_0.compiler (in target 'NearbySSL' from project 'NearbySSL')
    cd /Users/admin/builder/spi-builder-workspace/.swiftpm/xcode

    Using response file: /Users/admin/builder/spi-builder-workspace/.derivedData/Build/Intermediates.noindex/NearbySSL.build/Debug-watchos/NearbySSL-t.build/Objects-normal/arm64_32/7187679823f38a2a940e0043cdf9d637-common-args.resp

    builtin-ScanDependencies -o /Users/admin/builder/spi-builder-workspace/.derivedData/Build/Intermediates.noindex/NearbySSL.build/Debug-watchos/NearbySSL-t.build/Objects-normal/arm64_32/x509rset.o.scan -- /Applications/Xcode-27.0.0-Release.Candidate.app/Contents/Developer/Toolchains/XcodeDefault.xctoolchain/usr/bin/clang -x c -ivfsstatcache /Users/admin/builder/spi-builder-workspace/.derivedData/SDKStatCaches.noindex/watchos27.0-24R360-e829b21a6f8c9b70876ba0858053c04477534ef55a1706bf4c1112bbb242f0a2.sdkstatcache -target arm64_32-apple-watchos9.0 -fmessage-length\=0 -fdiagnostics-show-note-include-stack -fmacro-backtrace-limit\=0 -fno-color-diagnostics -fmodules-prune-interval\=86400 -fmodules-prune-after\=345600 -fbuild-session-file\=/Users/admin/builder/spi-builder-workspace/.derivedData/ModuleCache.noindex/Session.modulevalidation -fmodules-validate-once-per-build-session -Wnon-modular-include-in-framework-module -Werror\=non-modular-include-in-framework-module -Wno-trigraphs -Wno-missing-field-initializers -Wno-missing-prototypes -Wno-return-type -Wno-missing-braces -Wparentheses -Wswitch -Wno-unused-function -Wno-unused-label -Wno-unused-parameter -Wno-unused-variable -Wunused-value -Wno-empty-body -Wno-uninitialized -Wno-unknown-pragmas -w -Wno-shadow -Wno-four-char-constants -Wno-conversion -Wno-constant-conversion -Wno-int-conversion -Wno-bool-conversion -Wno-enum-conversion -Wno-float-conversion -Wno-non-literal-null-conversion -Wno-objc-literal-conversion -Wno-shorten-64-to-32 -Wpointer-sign -Wno-newline-eof -Wno-implicit-fallthrough -isysroot /Applications/Xcode-27.0.0-Release.Candidate.app/Contents/Developer/Platforms/WatchOS.platform/Developer/SDKs/WatchOS27.0.sdk -fstrict-aliasing -Wdeprecated-declarations -Wno-sign-conversion -Wno-infinite-recursion -Wno-comma -Wno-block-capture-autoreleasing -Wno-strict-prototypes -Wno-semicolon-before-method-body -index-store-path /Users/admin/builder/spi-builder-workspace/.derivedData/Index.noindex/DataStore @/Users/admin/builder/spi-builder-workspace/.derivedData/Build/Intermediates.noindex/NearbySSL.build/Debug-watchos/NearbySSL-t.build/Objects-normal/arm64_32/7187679823f38a2a940e0043cdf9d637-common-args.resp -MMD -MT dependencies -MF /Users/admin/builder/spi-builder-workspace/.derivedData/Build/Intermediates.noindex/NearbySSL.build/Debug-watchos/NearbySSL-t.build/Objects-normal/arm64_32/x509rset.d --serialize-diagnostics /Users/admin/builder/spi-builder-workspace/.derivedData/Build/Intermediates.noindex/NearbySSL.build/Debug-watchos/NearbySSL-t.build/Objects-normal/arm64_32/x509rset.dia -c /Users/admin/builder/spi-builder-workspace/.dependencies/checkouts/boringssl-SwiftPM/src/crypto/x509/x509rset.c -o /Users/admin/builder/spi-builder-workspace/.derivedData/Build/Intermediates.noindex/NearbySSL.build/Debug-watchos/NearbySSL-t.build/Objects-normal/arm64_32/x509rset.o -index-unit-output-path /NearbySSL.build/Debug-watchos/NearbySSL-t.build/Objects-normal/arm64_32/x509rset.o
SwiftDriver NearbyConnections normal arm64_32 com.apple.xcode.tools.swift.compiler (in target 'NearbyConnections' from project 'NearbyConnections')
    cd /Users/admin/builder/spi-builder-workspace/.swiftpm/xcode
    builtin-SwiftDriver -- /Applications/Xcode-27.0.0-Release.Candidate.app/Contents/Developer/Toolchains/XcodeDefault.xctoolchain/usr/bin/swiftc -parse-as-library -module-name NearbyConnections -Onone @/Users/admin/builder/spi-builder-workspace/.derivedData/Build/Intermediates.noindex/NearbyConnections.build/Debug-watchos/NearbyConnections-t.build/Objects-normal/arm64_32/NearbyConnections.SwiftFileList -DSWIFT_PACKAGE -DDEBUG -DSWIFT_MODULE_RESOURCE_BUNDLE_AVAILABLE -Xcc -fmodule-map-file\=/Users/admin/builder/spi-builder-workspace/.derivedData/Build/Intermediates.noindex/GeneratedModuleMaps-watchos/AbseilCXX17.modulemap -Xcc -fmodule-map-file\=/Users/admin/builder/spi-builder-workspace/.derivedData/Build/Intermediates.noindex/GeneratedModuleMaps-watchos/NearbySSL.modulemap -Xcc -fmodule-map-file\=/Users/admin/builder/spi-builder-workspace/.derivedData/Build/Intermediates.noindex/GeneratedModuleMaps-watchos/NearbyCoreAdapter.modulemap -Xcc -fmodule-map-file\=/Users/admin/builder/spi-builder-workspace/.derivedData/Build/Intermediates.noindex/GeneratedModuleMaps-watchos/ukey2.modulemap -Xcc -fmodule-map-file\=/Users/admin/builder/spi-builder-workspace/.derivedData/Build/Intermediates.noindex/GeneratedModuleMaps-watchos/protobuf.modulemap -Xcc -fmodule-map-file\=/Users/admin/builder/spi-builder-workspace/.derivedData/Build/Intermediates.noindex/GeneratedModuleMaps-watchos/smhasher.modulemap -Xcc -fmodule-map-file\=/Users/admin/builder/spi-builder-workspace/.derivedData/Build/Intermediates.noindex/GeneratedModuleMaps-watchos/json.modulemap -Xcc -fmodule-map-file\=/Users/admin/builder/spi-builder-workspace/.derivedData/Build/Intermediates.noindex/GeneratedModuleMaps-watchos/google-toolbox-for-mac.modulemap -DXcode -plugin-path /Applications/Xcode-27.0.0-Release.Candidate.app/Contents/Developer/Toolchains/XcodeDefault.xctoolchain/usr/lib/swift/host/plugins/testing -enable-experimental-feature DebugDescriptionMacro -sdk /Applications/Xcode-27.0.0-Release.Candidate.app/Contents/Developer/Platforms/WatchOS.platform/Developer/SDKs/WatchOS27.0.sdk -target arm64_32-apple-watchos9.0 -g -module-cache-path /Users/admin/builder/spi-builder-workspace/.derivedData/ModuleCache.noindex -Xfrontend -serialize-debugging-options -profile-coverage-mapping -profile-generate -enable-testing -index-store-path /Users/admin/builder/spi-builder-workspace/.derivedData/Index.noindex/DataStore -Xcc -D_LIBCPP_HARDENING_MODE\=_LIBCPP_HARDENING_MODE_DEBUG -swift-version 5 -I /Users/admin/builder/spi-builder-workspace/.derivedData/Build/Products/Debug-watchos -Isystem /Applications/Xcode-27.0.0-Release.Candidate.app/Contents/Developer/Platforms/WatchOS.platform/Developer/usr/lib -F /Users/admin/builder/spi-builder-workspace/.derivedData/Build/Products/Debug-watchos/PackageFrameworks -F /Users/admin/builder/spi-builder-workspace/.derivedData/Build/Products/Debug-watchos -F /Applications/Xcode-27.0.0-Release.Candidate.app/Contents/Developer/Platforms/WatchOS.platform/Developer/Library/Frameworks -F /Applications/Xcode-27.0.0-Release.Candidate.app/Contents/Developer/Platforms/WatchOS.platform/Developer/SDKs/WatchOS27.0.sdk/Developer/Library/Frameworks -c -j10 -enable-batch-mode -incremental -Xcc -ivfsstatcache -Xcc /Users/admin/builder/spi-builder-workspace/.derivedData/SDKStatCaches.noindex/watchos27.0-24R360-e829b21a6f8c9b70876ba0858053c04477534ef55a1706bf4c1112bbb242f0a2.sdkstatcache -output-file-map /Users/admin/builder/spi-builder-workspace/.derivedData/Build/Intermediates.noindex/NearbyConnections.build/Debug-watchos/NearbyConnections-t.build/Objects-normal/arm64_32/NearbyConnections-OutputFileMap.json -save-temps -no-color-diagnostics -explicit-module-build -module-cache-path /Users/admin/builder/spi-builder-workspace/.derivedData/Build/Intermediates.noindex/SwiftExplicitPrecompiledModules -clang-scanner-module-cache-path /Users/admin/builder/spi-builder-workspace/.derivedData/ModuleCache.noindex -sdk-module-cache-path /Users/admin/builder/spi-builder-workspace/.derivedData/SDKExplicitPrecompiledModules -emit-dependencies -emit-module -emit-module-path /Users/admin/builder/spi-builder-workspace/.derivedData/Build/Intermediates.noindex/NearbyConnections.build/Debug-watchos/NearbyConnections-t.build/Objects-normal/arm64_32/NearbyConnections.swiftmodule -serialize-diagnostics -dependency-scan-serialize-diagnostics-path /Users/admin/builder/spi-builder-workspace/.derivedData/Build/Intermediates.noindex/NearbyConnections.build/Debug-watchos/NearbyConnections-t.build/Objects-normal/arm64_32/NearbyConnections-dependency-scan.dia -validate-clang-modules-once -clang-build-session-file /Users/admin/builder/spi-builder-workspace/.derivedData/ModuleCache.noindex/Session.modulevalidation -Xcc -fmodules-prune-interval\=86400 -Xcc -fmodules-prune-after\=345600 -emit-const-values -const-gather-protocols-list /Users/admin/builder/spi-builder-workspace/.derivedData/Build/Intermediates.noindex/NearbyConnections.build/Debug-watchos/NearbyConnections-t.build/Objects-normal/arm64_32/NearbyConnections_const_extract_protocols.json -Xcc -I/Users/admin/builder/spi-builder-workspace/.dependencies/checkouts/abseil-cpp-SwiftPM -Xcc -I/Users/admin/builder/spi-builder-workspace/.dependencies/checkouts/boringssl-SwiftPM/src/include -Xcc -I/Users/admin/builder/spi-builder-workspace/connections/swift/NearbyCoreAdapter/Sources/Public -Xcc -I/Users/admin/builder/spi-builder-workspace/third_party/ukey2/include -Xcc -I/Users/admin/builder/spi-builder-workspace/third_party/protobuf/src -Xcc -I/Users/admin/builder/spi-builder-workspace/third_party/smhasher/include -Xcc -I/Users/admin/builder/spi-builder-workspace/third_party/json/json/include -Xcc -I/Users/admin/builder/spi-builder-workspace/third_party/google-toolbox-for-mac/include -Xcc -I/Users/admin/builder/spi-builder-workspace/.derivedData/Build/Products/Debug-watchos/include -Xcc -I/Users/admin/builder/spi-builder-workspace/.derivedData/Build/Intermediates.noindex/NearbyConnections.build/Debug-watchos/NearbyConnections-t.build/DerivedSources-normal/arm64_32 -Xcc -I/Users/admin/builder/spi-builder-workspace/.derivedData/Build/Intermediates.noindex/NearbyConnections.build/Debug-watchos/NearbyConnections-t.build/DerivedSources/arm64_32 -Xcc -I/Users/admin/builder/spi-builder-workspace/.derivedData/Build/Intermediates.noindex/NearbyConnections.build/Debug-watchos/NearbyConnections-t.build/DerivedSources -Xcc -DSWIFT_PACKAGE -Xcc -DDEBUG\=1 -emit-objc-header -emit-objc-header-path /Users/admin/builder/spi-builder-workspace/.derivedData/Build/Intermediates.noindex/NearbyConnections.build/Debug-watchos/NearbyConnections-t.build/Objects-normal/arm64_32/NearbyConnections-Swift.h -working-directory /Users/admin/builder/spi-builder-workspace/.swiftpm/xcode -experimental-emit-module-separately -disable-cmo
SwiftDriver NearbyConnections normal arm64 com.apple.xcode.tools.swift.compiler (in target 'NearbyConnections' from project 'NearbyConnections')
    cd /Users/admin/builder/spi-builder-workspace/.swiftpm/xcode
    builtin-SwiftDriver -- /Applications/Xcode-27.0.0-Release.Candidate.app/Contents/Developer/Toolchains/XcodeDefault.xctoolchain/usr/bin/swiftc -parse-as-library -module-name NearbyConnections -Onone @/Users/admin/builder/spi-builder-workspace/.derivedData/Build/Intermediates.noindex/NearbyConnections.build/Debug-watchos/NearbyConnections-t.build/Objects-normal/arm64/NearbyConnections.SwiftFileList -DSWIFT_PACKAGE -DDEBUG -DSWIFT_MODULE_RESOURCE_BUNDLE_AVAILABLE -Xcc -fmodule-map-file\=/Users/admin/builder/spi-builder-workspace/.derivedData/Build/Intermediates.noindex/GeneratedModuleMaps-watchos/AbseilCXX17.modulemap -Xcc -fmodule-map-file\=/Users/admin/builder/spi-builder-workspace/.derivedData/Build/Intermediates.noindex/GeneratedModuleMaps-watchos/NearbySSL.modulemap -Xcc -fmodule-map-file\=/Users/admin/builder/spi-builder-workspace/.derivedData/Build/Intermediates.noindex/GeneratedModuleMaps-watchos/NearbyCoreAdapter.modulemap -Xcc -fmodule-map-file\=/Users/admin/builder/spi-builder-workspace/.derivedData/Build/Intermediates.noindex/GeneratedModuleMaps-watchos/ukey2.modulemap -Xcc -fmodule-map-file\=/Users/admin/builder/spi-builder-workspace/.derivedData/Build/Intermediates.noindex/GeneratedModuleMaps-watchos/protobuf.modulemap -Xcc -fmodule-map-file\=/Users/admin/builder/spi-builder-workspace/.derivedData/Build/Intermediates.noindex/GeneratedModuleMaps-watchos/smhasher.modulemap -Xcc -fmodule-map-file\=/Users/admin/builder/spi-builder-workspace/.derivedData/Build/Intermediates.noindex/GeneratedModuleMaps-watchos/json.modulemap -Xcc -fmodule-map-file\=/Users/admin/builder/spi-builder-workspace/.derivedData/Build/Intermediates.noindex/GeneratedModuleMaps-watchos/google-toolbox-for-mac.modulemap -DXcode -plugin-path /Applications/Xcode-27.0.0-Release.Candidate.app/Contents/Developer/Toolchains/XcodeDefault.xctoolchain/usr/lib/swift/host/plugins/testing -enable-experimental-feature DebugDescriptionMacro -sdk /Applications/Xcode-27.0.0-Release.Candidate.app/Contents/Developer/Platforms/WatchOS.platform/Developer/SDKs/WatchOS27.0.sdk -target arm64-apple-watchos9.0 -g -module-cache-path /Users/admin/builder/spi-builder-workspace/.derivedData/ModuleCache.noindex -Xfrontend -serialize-debugging-options -profile-coverage-mapping -profile-generate -enable-testing -index-store-path /Users/admin/builder/spi-builder-workspace/.derivedData/Index.noindex/DataStore -Xcc -D_LIBCPP_HARDENING_MODE\=_LIBCPP_HARDENING_MODE_DEBUG -swift-version 5 -I /Users/admin/builder/spi-builder-workspace/.derivedData/Build/Products/Debug-watchos -Isystem /Applications/Xcode-27.0.0-Release.Candidate.app/Contents/Developer/Platforms/WatchOS.platform/Developer/usr/lib -F /Users/admin/builder/spi-builder-workspace/.derivedData/Build/Products/Debug-watchos/PackageFrameworks -F /Users/admin/builder/spi-builder-workspace/.derivedData/Build/Products/Debug-watchos -F /Applications/Xcode-27.0.0-Release.Candidate.app/Contents/Developer/Platforms/WatchOS.platform/Developer/Library/Frameworks -F /Applications/Xcode-27.0.0-Release.Candidate.app/Contents/Developer/Platforms/WatchOS.platform/Developer/SDKs/WatchOS27.0.sdk/Developer/Library/Frameworks -c -j10 -enable-batch-mode -incremental -Xcc -ivfsstatcache -Xcc /Users/admin/builder/spi-builder-workspace/.derivedData/SDKStatCaches.noindex/watchos27.0-24R360-e829b21a6f8c9b70876ba0858053c04477534ef55a1706bf4c1112bbb242f0a2.sdkstatcache -output-file-map /Users/admin/builder/spi-builder-workspace/.derivedData/Build/Intermediates.noindex/NearbyConnections.build/Debug-watchos/NearbyConnections-t.build/Objects-normal/arm64/NearbyConnections-OutputFileMap.json -save-temps -no-color-diagnostics -explicit-module-build -module-cache-path /Users/admin/builder/spi-builder-workspace/.derivedData/Build/Intermediates.noindex/SwiftExplicitPrecompiledModules -clang-scanner-module-cache-path /Users/admin/builder/spi-builder-workspace/.derivedData/ModuleCache.noindex -sdk-module-cache-path /Users/admin/builder/spi-builder-workspace/.derivedData/SDKExplicitPrecompiledModules -emit-dependencies -emit-module -emit-module-path /Users/admin/builder/spi-builder-workspace/.derivedData/Build/Intermediates.noindex/NearbyConnections.build/Debug-watchos/NearbyConnections-t.build/Objects-normal/arm64/NearbyConnections.swiftmodule -serialize-diagnostics -dependency-scan-serialize-diagnostics-path /Users/admin/builder/spi-builder-workspace/.derivedData/Build/Intermediates.noindex/NearbyConnections.build/Debug-watchos/NearbyConnections-t.build/Objects-normal/arm64/NearbyConnections-dependency-scan.dia -validate-clang-modules-once -clang-build-session-file /Users/admin/builder/spi-builder-workspace/.derivedData/ModuleCache.noindex/Session.modulevalidation -Xcc -fmodules-prune-interval\=86400 -Xcc -fmodules-prune-after\=345600 -emit-const-values -const-gather-protocols-list /Users/admin/builder/spi-builder-workspace/.derivedData/Build/Intermediates.noindex/NearbyConnections.build/Debug-watchos/NearbyConnections-t.build/Objects-normal/arm64/NearbyConnections_const_extract_protocols.json -Xcc -I/Users/admin/builder/spi-builder-workspace/.dependencies/checkouts/abseil-cpp-SwiftPM -Xcc -I/Users/admin/builder/spi-builder-workspace/.dependencies/checkouts/boringssl-SwiftPM/src/include -Xcc -I/Users/admin/builder/spi-builder-workspace/connections/swift/NearbyCoreAdapter/Sources/Public -Xcc -I/Users/admin/builder/spi-builder-workspace/third_party/ukey2/include -Xcc -I/Users/admin/builder/spi-builder-workspace/third_party/protobuf/src -Xcc -I/Users/admin/builder/spi-builder-workspace/third_party/smhasher/include -Xcc -I/Users/admin/builder/spi-builder-workspace/third_party/json/json/include -Xcc -I/Users/admin/builder/spi-builder-workspace/third_party/google-toolbox-for-mac/include -Xcc -I/Users/admin/builder/spi-builder-workspace/.derivedData/Build/Products/Debug-watchos/include -Xcc -I/Users/admin/builder/spi-builder-workspace/.derivedData/Build/Intermediates.noindex/NearbyConnections.build/Debug-watchos/NearbyConnections-t.build/DerivedSources-normal/arm64 -Xcc -I/Users/admin/builder/spi-builder-workspace/.derivedData/Build/Intermediates.noindex/NearbyConnections.build/Debug-watchos/NearbyConnections-t.build/DerivedSources/arm64 -Xcc -I/Users/admin/builder/spi-builder-workspace/.derivedData/Build/Intermediates.noindex/NearbyConnections.build/Debug-watchos/NearbyConnections-t.build/DerivedSources -Xcc -DSWIFT_PACKAGE -Xcc -DDEBUG\=1 -emit-objc-header -emit-objc-header-path /Users/admin/builder/spi-builder-workspace/.derivedData/Build/Intermediates.noindex/NearbyConnections.build/Debug-watchos/NearbyConnections-t.build/Objects-normal/arm64/NearbyConnections-Swift.h -working-directory /Users/admin/builder/spi-builder-workspace/.swiftpm/xcode -experimental-emit-module-separately -disable-cmo
CompileC /Users/admin/builder/spi-builder-workspace/.derivedData/Build/Intermediates.noindex/NearbyConnections.build/Debug-watchos/NearbyCoreAdapter-t.build/Objects-normal/arm64_32/endpoint_manager.o /Users/admin/builder/spi-builder-workspace/connections/implementation/endpoint_manager.cc normal arm64_32 c++ com.apple.compilers.llvm.clang.1_0.compiler (in target 'NearbyCoreAdapter' from project 'NearbyConnections')
    cd /Users/admin/builder/spi-builder-workspace/.swiftpm/xcode

    Using response file: /Users/admin/builder/spi-builder-workspace/.derivedData/Build/Intermediates.noindex/NearbyConnections.build/Debug-watchos/NearbyCoreAdapter-t.build/Objects-normal/arm64_32/82b82416624d2658e5098eb0a28c15c5-common-args.resp

    /Applications/Xcode-27.0.0-Release.Candidate.app/Contents/Developer/Toolchains/XcodeDefault.xctoolchain/usr/bin/clang -x c++ -ivfsstatcache /Users/admin/builder/spi-builder-workspace/.derivedData/SDKStatCaches.noindex/watchos27.0-24R360-e829b21a6f8c9b70876ba0858053c04477534ef55a1706bf4c1112bbb242f0a2.sdkstatcache -target arm64_32-apple-watchos9.0 -fmessage-length\=0 -fdiagnostics-show-note-include-stack -fmacro-backtrace-limit\=0 -fno-color-diagnostics -fmodules-prune-interval\=86400 -fmodules-prune-after\=345600 -fbuild-session-file\=/Users/admin/builder/spi-builder-workspace/.derivedData/ModuleCache.noindex/Session.modulevalidation -fmodules-validate-once-per-build-session -Wnon-modular-include-in-framework-module -Werror\=non-modular-include-in-framework-module -Wno-trigraphs -Wno-missing-field-initializers -Wno-missing-prototypes -Wno-return-type -Wno-non-virtual-dtor -Wno-overloaded-virtual -Wno-exit-time-destructors -Wno-missing-braces -Wparentheses -Wswitch -Wno-unused-function -Wno-unused-label -Wno-unused-parameter -Wno-unused-variable -Wunused-value -Wno-empty-body -Wno-uninitialized -Wno-unknown-pragmas -Wno-shadow -Wno-four-char-constants -Wno-conversion -Wno-constant-conversion -Wno-int-conversion -Wno-bool-conversion -Wno-enum-conversion -Wno-float-conversion -Wno-non-literal-null-conversion -Wno-objc-literal-conversion -Wno-shorten-64-to-32 -Wno-newline-eof -Wno-c++11-extensions -Wno-implicit-fallthrough -isysroot /Applications/Xcode-27.0.0-Release.Candidate.app/Contents/Developer/Platforms/WatchOS.platform/Developer/SDKs/WatchOS27.0.sdk -fstrict-aliasing -Wdeprecated-declarations -Winvalid-offsetof -Wno-sign-conversion -Wno-infinite-recursion -Wno-move -Wno-comma -Wno-block-capture-autoreleasing -Wno-strict-prototypes -Wno-range-loop-analysis -Wno-semicolon-before-method-body -index-store-path /Users/admin/builder/spi-builder-workspace/.derivedData/Index.noindex/DataStore @/Users/admin/builder/spi-builder-workspace/.derivedData/Build/Intermediates.noindex/NearbyConnections.build/Debug-watchos/NearbyCoreAdapter-t.build/Objects-normal/arm64_32/82b82416624d2658e5098eb0a28c15c5-common-args.resp -MMD -MT dependencies -MF /Users/admin/builder/spi-builder-workspace/.derivedData/Build/Intermediates.noindex/NearbyConnections.build/Debug-watchos/NearbyCoreAdapter-t.build/Objects-normal/arm64_32/endpoint_manager.d --serialize-diagnostics /Users/admin/builder/spi-builder-workspace/.derivedData/Build/Intermediates.noindex/NearbyConnections.build/Debug-watchos/NearbyCoreAdapter-t.build/Objects-normal/arm64_32/endpoint_manager.dia -c /Users/admin/builder/spi-builder-workspace/connections/implementation/endpoint_manager.cc -o /Users/admin/builder/spi-builder-workspace/.derivedData/Build/Intermediates.noindex/NearbyConnections.build/Debug-watchos/NearbyCoreAdapter-t.build/Objects-normal/arm64_32/endpoint_manager.o -index-unit-output-path /NearbyConnections.build/Debug-watchos/NearbyCoreAdapter-t.build/Objects-normal/arm64_32/endpoint_manager.o
In file included from /Users/admin/builder/spi-builder-workspace/connections/implementation/endpoint_manager.cc:15:
In file included from /Users/admin/builder/spi-builder-workspace/connections/implementation/endpoint_manager.h:26:
In file included from /Users/admin/builder/spi-builder-workspace/.dependencies/checkouts/abseil-cpp-SwiftPM/absl/container/flat_hash_map.h:38:
In file included from /Users/admin/builder/spi-builder-workspace/.dependencies/checkouts/abseil-cpp-SwiftPM/absl/algorithm/container.h:55:
In file included from /Users/admin/builder/spi-builder-workspace/.dependencies/checkouts/abseil-cpp-SwiftPM/absl/base/nullability.h:153:
In file included from /Users/admin/builder/spi-builder-workspace/.dependencies/checkouts/abseil-cpp-SwiftPM/absl/base/internal/nullability_impl.h:22:
/Users/admin/builder/spi-builder-workspace/.dependencies/checkouts/abseil-cpp-SwiftPM/absl/meta/type_traits.h:511:36: warning: builtin __is_trivially_relocatable is deprecated; use __builtin_is_cpp_trivially_relocatable instead [-Wdeprecated-builtins]
  511 |     : std::integral_constant<bool, __is_trivially_relocatable(T)> {};
      |                                    ^
CompileC /Users/admin/builder/spi-builder-workspace/.derivedData/Build/Intermediates.noindex/NearbyConnections.build/Debug-watchos/NearbyCoreAdapter-t.build/Objects-normal/arm64_32/endpoint_channel_manager.o /Users/admin/builder/spi-builder-workspace/connections/implementation/endpoint_channel_manager.cc normal arm64_32 c++ com.apple.compilers.llvm.clang.1_0.compiler (in target 'NearbyCoreAdapter' from project 'NearbyConnections')
    cd /Users/admin/builder/spi-builder-workspace/.swiftpm/xcode

    Using response file: /Users/admin/builder/spi-builder-workspace/.derivedData/Build/Intermediates.noindex/NearbyConnections.build/Debug-watchos/NearbyCoreAdapter-t.build/Objects-normal/arm64_32/82b82416624d2658e5098eb0a28c15c5-common-args.resp

    /Applications/Xcode-27.0.0-Release.Candidate.app/Contents/Developer/Toolchains/XcodeDefault.xctoolchain/usr/bin/clang -x c++ -ivfsstatcache /Users/admin/builder/spi-builder-workspace/.derivedData/SDKStatCaches.noindex/watchos27.0-24R360-e829b21a6f8c9b70876ba0858053c04477534ef55a1706bf4c1112bbb242f0a2.sdkstatcache -target arm64_32-apple-watchos9.0 -fmessage-length\=0 -fdiagnostics-show-note-include-stack -fmacro-backtrace-limit\=0 -fno-color-diagnostics -fmodules-prune-interval\=86400 -fmodules-prune-after\=345600 -fbuild-session-file\=/Users/admin/builder/spi-builder-workspace/.derivedData/ModuleCache.noindex/Session.modulevalidation -fmodules-validate-once-per-build-session -Wnon-modular-include-in-framework-module -Werror\=non-modular-include-in-framework-module -Wno-trigraphs -Wno-missing-field-initializers -Wno-missing-prototypes -Wno-return-type -Wno-non-virtual-dtor -Wno-overloaded-virtual -Wno-exit-time-destructors -Wno-missing-braces -Wparentheses -Wswitch -Wno-unused-function -Wno-unused-label -Wno-unused-parameter -Wno-unused-variable -Wunused-value -Wno-empty-body -Wno-uninitialized -Wno-unknown-pragmas -Wno-shadow -Wno-four-char-constants -Wno-conversion -Wno-constant-conversion -Wno-int-conversion -Wno-bool-conversion -Wno-enum-conversion -Wno-float-conversion -Wno-non-literal-null-conversion -Wno-objc-literal-conversion -Wno-shorten-64-to-32 -Wno-newline-eof -Wno-c++11-extensions -Wno-implicit-fallthrough -isysroot /Applications/Xcode-27.0.0-Release.Candidate.app/Contents/Developer/Platforms/WatchOS.platform/Developer/SDKs/WatchOS27.0.sdk -fstrict-aliasing -Wdeprecated-declarations -Winvalid-offsetof -Wno-sign-conversion -Wno-infinite-recursion -Wno-move -Wno-comma -Wno-block-capture-autoreleasing -Wno-strict-prototypes -Wno-range-loop-analysis -Wno-semicolon-before-method-body -index-store-path /Users/admin/builder/spi-builder-workspace/.derivedData/Index.noindex/DataStore @/Users/admin/builder/spi-builder-workspace/.derivedData/Build/Intermediates.noindex/NearbyConnections.build/Debug-watchos/NearbyCoreAdapter-t.build/Objects-normal/arm64_32/82b82416624d2658e5098eb0a28c15c5-common-args.resp -MMD -MT dependencies -MF /Users/admin/builder/spi-builder-workspace/.derivedData/Build/Intermediates.noindex/NearbyConnections.build/Debug-watchos/NearbyCoreAdapter-t.build/Objects-normal/arm64_32/endpoint_channel_manager.d --serialize-diagnostics /Users/admin/builder/spi-builder-workspace/.derivedData/Build/Intermediates.noindex/NearbyConnections.build/Debug-watchos/NearbyCoreAdapter-t.build/Objects-normal/arm64_32/endpoint_channel_manager.dia -c /Users/admin/builder/spi-builder-workspace/connections/implementation/endpoint_channel_manager.cc -o /Users/admin/builder/spi-builder-workspace/.derivedData/Build/Intermediates.noindex/NearbyConnections.build/Debug-watchos/NearbyCoreAdapter-t.build/Objects-normal/arm64_32/endpoint_channel_manager.o -index-unit-output-path /NearbyConnections.build/Debug-watchos/NearbyCoreAdapter-t.build/Objects-normal/arm64_32/endpoint_channel_manager.o
In file included from /Users/admin/builder/spi-builder-workspace/connections/implementation/endpoint_channel_manager.cc:15:
In file included from /Users/admin/builder/spi-builder-workspace/connections/implementation/endpoint_channel_manager.h:22:
In file included from /Users/admin/builder/spi-builder-workspace/.dependencies/checkouts/abseil-cpp-SwiftPM/absl/container/flat_hash_map.h:38:
In file included from /Users/admin/builder/spi-builder-workspace/.dependencies/checkouts/abseil-cpp-SwiftPM/absl/algorithm/container.h:55:
In file included from /Users/admin/builder/spi-builder-workspace/.dependencies/checkouts/abseil-cpp-SwiftPM/absl/base/nullability.h:153:
In file included from /Users/admin/builder/spi-builder-workspace/.dependencies/checkouts/abseil-cpp-SwiftPM/absl/base/internal/nullability_impl.h:22:
/Users/admin/builder/spi-builder-workspace/.dependencies/checkouts/abseil-cpp-SwiftPM/absl/meta/type_traits.h:511:36: warning: builtin __is_trivially_relocatable is deprecated; use __builtin_is_cpp_trivially_relocatable instead [-Wdeprecated-builtins]
  511 |     : std::integral_constant<bool, __is_trivially_relocatable(T)> {};
      |                                    ^
CompileC /Users/admin/builder/spi-builder-workspace/.derivedData/Build/Intermediates.noindex/NearbyConnections.build/Debug-watchos/NearbyCoreAdapter-t.build/Objects-normal/arm64_32/encryption_runner.o /Users/admin/builder/spi-builder-workspace/connections/implementation/encryption_runner.cc normal arm64_32 c++ com.apple.compilers.llvm.clang.1_0.compiler (in target 'NearbyCoreAdapter' from project 'NearbyConnections')
    cd /Users/admin/builder/spi-builder-workspace/.swiftpm/xcode

    Using response file: /Users/admin/builder/spi-builder-workspace/.derivedData/Build/Intermediates.noindex/NearbyConnections.build/Debug-watchos/NearbyCoreAdapter-t.build/Objects-normal/arm64_32/82b82416624d2658e5098eb0a28c15c5-common-args.resp

    /Applications/Xcode-27.0.0-Release.Candidate.app/Contents/Developer/Toolchains/XcodeDefault.xctoolchain/usr/bin/clang -x c++ -ivfsstatcache /Users/admin/builder/spi-builder-workspace/.derivedData/SDKStatCaches.noindex/watchos27.0-24R360-e829b21a6f8c9b70876ba0858053c04477534ef55a1706bf4c1112bbb242f0a2.sdkstatcache -target arm64_32-apple-watchos9.0 -fmessage-length\=0 -fdiagnostics-show-note-include-stack -fmacro-backtrace-limit\=0 -fno-color-diagnostics -fmodules-prune-interval\=86400 -fmodules-prune-after\=345600 -fbuild-session-file\=/Users/admin/builder/spi-builder-workspace/.derivedData/ModuleCache.noindex/Session.modulevalidation -fmodules-validate-once-per-build-session -Wnon-modular-include-in-framework-module -Werror\=non-modular-include-in-framework-module -Wno-trigraphs -Wno-missing-field-initializers -Wno-missing-prototypes -Wno-return-type -Wno-non-virtual-dtor -Wno-overloaded-virtual -Wno-exit-time-destructors -Wno-missing-braces -Wparentheses -Wswitch -Wno-unused-function -Wno-unused-label -Wno-unused-parameter -Wno-unused-variable -Wunused-value -Wno-empty-body -Wno-uninitialized -Wno-unknown-pragmas -Wno-shadow -Wno-four-char-constants -Wno-conversion -Wno-constant-conversion -Wno-int-conversion -Wno-bool-conversion -Wno-enum-conversion -Wno-float-conversion -Wno-non-literal-null-conversion -Wno-objc-literal-conversion -Wno-shorten-64-to-32 -Wno-newline-eof -Wno-c++11-extensions -Wno-implicit-fallthrough -isysroot /Applications/Xcode-27.0.0-Release.Candidate.app/Contents/Developer/Platforms/WatchOS.platform/Developer/SDKs/WatchOS27.0.sdk -fstrict-aliasing -Wdeprecated-declarations -Winvalid-offsetof -Wno-sign-conversion -Wno-infinite-recursion -Wno-move -Wno-comma -Wno-block-capture-autoreleasing -Wno-strict-prototypes -Wno-range-loop-analysis -Wno-semicolon-before-method-body -index-store-path /Users/admin/builder/spi-builder-workspace/.derivedData/Index.noindex/DataStore @/Users/admin/builder/spi-builder-workspace/.derivedData/Build/Intermediates.noindex/NearbyConnections.build/Debug-watchos/NearbyCoreAdapter-t.build/Objects-normal/arm64_32/82b82416624d2658e5098eb0a28c15c5-common-args.resp -MMD -MT dependencies -MF /Users/admin/builder/spi-builder-workspace/.derivedData/Build/Intermediates.noindex/NearbyConnections.build/Debug-watchos/NearbyCoreAdapter-t.build/Objects-normal/arm64_32/encryption_runner.d --serialize-diagnostics /Users/admin/builder/spi-builder-workspace/.derivedData/Build/Intermediates.noindex/NearbyConnections.build/Debug-watchos/NearbyCoreAdapter-t.build/Objects-normal/arm64_32/encryption_runner.dia -c /Users/admin/builder/spi-builder-workspace/connections/implementation/encryption_runner.cc -o /Users/admin/builder/spi-builder-workspace/.derivedData/Build/Intermediates.noindex/NearbyConnections.build/Debug-watchos/NearbyCoreAdapter-t.build/Objects-normal/arm64_32/encryption_runner.o -index-unit-output-path /NearbyConnections.build/Debug-watchos/NearbyCoreAdapter-t.build/Objects-normal/arm64_32/encryption_runner.o
In file included from /Users/admin/builder/spi-builder-workspace/connections/implementation/encryption_runner.cc:15:
In file included from /Users/admin/builder/spi-builder-workspace/connections/implementation/encryption_runner.h:22:
In file included from /Users/admin/builder/spi-builder-workspace/.dependencies/checkouts/abseil-cpp-SwiftPM/absl/functional/any_invocable.h:42:
In file included from /Users/admin/builder/spi-builder-workspace/.dependencies/checkouts/abseil-cpp-SwiftPM/absl/functional/internal/any_invocable.h:71:
/Users/admin/builder/spi-builder-workspace/.dependencies/checkouts/abseil-cpp-SwiftPM/absl/meta/type_traits.h:511:36: warning: builtin __is_trivially_relocatable is deprecated; use __builtin_is_cpp_trivially_relocatable instead [-Wdeprecated-builtins]
  511 |     : std::integral_constant<bool, __is_trivially_relocatable(T)> {};
      |                                    ^
CompileC /Users/admin/builder/spi-builder-workspace/.derivedData/Build/Intermediates.noindex/NearbyConnections.build/Debug-watchos/NearbyCoreAdapter-t.build/Objects-normal/arm64_32/discovered_peripheral_tracker.o /Users/admin/builder/spi-builder-workspace/connections/implementation/mediums/ble_v2/discovered_peripheral_tracker.cc normal arm64_32 c++ com.apple.compilers.llvm.clang.1_0.compiler (in target 'NearbyCoreAdapter' from project 'NearbyConnections')
    cd /Users/admin/builder/spi-builder-workspace/.swiftpm/xcode

    Using response file: /Users/admin/builder/spi-builder-workspace/.derivedData/Build/Intermediates.noindex/NearbyConnections.build/Debug-watchos/NearbyCoreAdapter-t.build/Objects-normal/arm64_32/82b82416624d2658e5098eb0a28c15c5-common-args.resp

    /Applications/Xcode-27.0.0-Release.Candidate.app/Contents/Developer/Toolchains/XcodeDefault.xctoolchain/usr/bin/clang -x c++ -ivfsstatcache /Users/admin/builder/spi-builder-workspace/.derivedData/SDKStatCaches.noindex/watchos27.0-24R360-e829b21a6f8c9b70876ba0858053c04477534ef55a1706bf4c1112bbb242f0a2.sdkstatcache -target arm64_32-apple-watchos9.0 -fmessage-length\=0 -fdiagnostics-show-note-include-stack -fmacro-backtrace-limit\=0 -fno-color-diagnostics -fmodules-prune-interval\=86400 -fmodules-prune-after\=345600 -fbuild-session-file\=/Users/admin/builder/spi-builder-workspace/.derivedData/ModuleCache.noindex/Session.modulevalidation -fmodules-validate-once-per-build-session -Wnon-modular-include-in-framework-module -Werror\=non-modular-include-in-framework-module -Wno-trigraphs -Wno-missing-field-initializers -Wno-missing-prototypes -Wno-return-type -Wno-non-virtual-dtor -Wno-overloaded-virtual -Wno-exit-time-destructors -Wno-missing-braces -Wparentheses -Wswitch -Wno-unused-function -Wno-unused-label -Wno-unused-parameter -Wno-unused-variable -Wunused-value -Wno-empty-body -Wno-uninitialized -Wno-unknown-pragmas -Wno-shadow -Wno-four-char-constants -Wno-conversion -Wno-constant-conversion -Wno-int-conversion -Wno-bool-conversion -Wno-enum-conversion -Wno-float-conversion -Wno-non-literal-null-conversion -Wno-objc-literal-conversion -Wno-shorten-64-to-32 -Wno-newline-eof -Wno-c++11-extensions -Wno-implicit-fallthrough -isysroot /Applications/Xcode-27.0.0-Release.Candidate.app/Contents/Developer/Platforms/WatchOS.platform/Developer/SDKs/WatchOS27.0.sdk -fstrict-aliasing -Wdeprecated-declarations -Winvalid-offsetof -Wno-sign-conversion -Wno-infinite-recursion -Wno-move -Wno-comma -Wno-block-capture-autoreleasing -Wno-strict-prototypes -Wno-range-loop-analysis -Wno-semicolon-before-method-body -index-store-path /Users/admin/builder/spi-builder-workspace/.derivedData/Index.noindex/DataStore @/Users/admin/builder/spi-builder-workspace/.derivedData/Build/Intermediates.noindex/NearbyConnections.build/Debug-watchos/NearbyCoreAdapter-t.build/Objects-normal/arm64_32/82b82416624d2658e5098eb0a28c15c5-common-args.resp -MMD -MT dependencies -MF /Users/admin/builder/spi-builder-workspace/.derivedData/Build/Intermediates.noindex/NearbyConnections.build/Debug-watchos/NearbyCoreAdapter-t.build/Objects-normal/arm64_32/discovered_peripheral_tracker.d --serialize-diagnostics /Users/admin/builder/spi-builder-workspace/.derivedData/Build/Intermediates.noindex/NearbyConnections.build/Debug-watchos/NearbyCoreAdapter-t.build/Objects-normal/arm64_32/discovered_peripheral_tracker.dia -c /Users/admin/builder/spi-builder-workspace/connections/implementation/mediums/ble_v2/discovered_peripheral_tracker.cc -o /Users/admin/builder/spi-builder-workspace/.derivedData/Build/Intermediates.noindex/NearbyConnections.build/Debug-watchos/NearbyCoreAdapter-t.build/Objects-normal/arm64_32/discovered_peripheral_tracker.o -index-unit-output-path /NearbyConnections.build/Debug-watchos/NearbyCoreAdapter-t.build/Objects-normal/arm64_32/discovered_peripheral_tracker.o
In file included from /Users/admin/builder/spi-builder-workspace/connections/implementation/mediums/ble_v2/discovered_peripheral_tracker.cc:15:
In file included from /Users/admin/builder/spi-builder-workspace/connections/implementation/mediums/ble_v2/discovered_peripheral_tracker.h:24:
In file included from /Users/admin/builder/spi-builder-workspace/.dependencies/checkouts/abseil-cpp-SwiftPM/absl/container/flat_hash_map.h:38:
In file included from /Users/admin/builder/spi-builder-workspace/.dependencies/checkouts/abseil-cpp-SwiftPM/absl/algorithm/container.h:55:
In file included from /Users/admin/builder/spi-builder-workspace/.dependencies/checkouts/abseil-cpp-SwiftPM/absl/base/nullability.h:153:
In file included from /Users/admin/builder/spi-builder-workspace/.dependencies/checkouts/abseil-cpp-SwiftPM/absl/base/internal/nullability_impl.h:22:
/Users/admin/builder/spi-builder-workspace/.dependencies/checkouts/abseil-cpp-SwiftPM/absl/meta/type_traits.h:511:36: warning: builtin __is_trivially_relocatable is deprecated; use __builtin_is_cpp_trivially_relocatable instead [-Wdeprecated-builtins]
  511 |     : std::integral_constant<bool, __is_trivially_relocatable(T)> {};
      |                                    ^
CompileC /Users/admin/builder/spi-builder-workspace/.derivedData/Build/Intermediates.noindex/NearbyConnections.build/Debug-watchos/NearbyCoreAdapter-t.build/Objects-normal/arm64_32/device_info.o /Users/admin/builder/spi-builder-workspace/internal/platform/implementation/apple/device_info.mm normal arm64_32 objective-c++ com.apple.compilers.llvm.clang.1_0.compiler (in target 'NearbyCoreAdapter' from project 'NearbyConnections')
    cd /Users/admin/builder/spi-builder-workspace/.swiftpm/xcode

    Using response file: /Users/admin/builder/spi-builder-workspace/.derivedData/Build/Intermediates.noindex/NearbyConnections.build/Debug-watchos/NearbyCoreAdapter-t.build/Objects-normal/arm64_32/af3fcb34312c57c0f52879cdce924b91-common-args.resp

    /Applications/Xcode-27.0.0-Release.Candidate.app/Contents/Developer/Toolchains/XcodeDefault.xctoolchain/usr/bin/clang -x objective-c++ -ivfsstatcache /Users/admin/builder/spi-builder-workspace/.derivedData/SDKStatCaches.noindex/watchos27.0-24R360-e829b21a6f8c9b70876ba0858053c04477534ef55a1706bf4c1112bbb242f0a2.sdkstatcache -target arm64_32-apple-watchos9.0 -fmessage-length\=0 -fdiagnostics-show-note-include-stack -fmacro-backtrace-limit\=0 -fno-color-diagnostics -fmodules-prune-interval\=86400 -fmodules-prune-after\=345600 -fbuild-session-file\=/Users/admin/builder/spi-builder-workspace/.derivedData/ModuleCache.noindex/Session.modulevalidation -fmodules-validate-once-per-build-session -Wnon-modular-include-in-framework-module -Werror\=non-modular-include-in-framework-module -Wno-trigraphs -Wno-missing-field-initializers -Wno-missing-prototypes -Wno-return-type -Wno-implicit-atomic-properties -Wno-objc-interface-ivars -Wno-arc-repeated-use-of-weak -Wno-non-virtual-dtor -Wno-overloaded-virtual -Wno-exit-time-destructors -Wno-missing-braces -Wparentheses -Wswitch -Wno-unused-function -Wno-unused-label -Wno-unused-parameter -Wno-unused-variable -Wunused-value -Wno-empty-body -Wno-uninitialized -Wno-unknown-pragmas -Wno-shadow -Wno-four-char-constants -Wno-conversion -Wno-constant-conversion -Wno-int-conversion -Wno-bool-conversion -Wno-enum-conversion -Wno-float-conversion -Wno-non-literal-null-conversion -Wno-objc-literal-conversion -Wno-shorten-64-to-32 -Wno-newline-eof -Wno-selector -Wno-strict-selector-match -Wno-undeclared-selector -Wno-deprecated-implementations -Wno-c++11-extensions -Wno-implicit-fallthrough -isysroot /Applications/Xcode-27.0.0-Release.Candidate.app/Contents/Developer/Platforms/WatchOS.platform/Developer/SDKs/WatchOS27.0.sdk -fstrict-aliasing -Wprotocol -Wdeprecated-declarations -Winvalid-offsetof -Wno-sign-conversion -Wno-infinite-recursion -Wno-move -Wno-comma -Wno-block-capture-autoreleasing -Wno-strict-prototypes -Wno-range-loop-analysis -Wno-semicolon-before-method-body -index-store-path /Users/admin/builder/spi-builder-workspace/.derivedData/Index.noindex/DataStore @/Users/admin/builder/spi-builder-workspace/.derivedData/Build/Intermediates.noindex/NearbyConnections.build/Debug-watchos/NearbyCoreAdapter-t.build/Objects-normal/arm64_32/af3fcb34312c57c0f52879cdce924b91-common-args.resp -MMD -MT dependencies -MF /Users/admin/builder/spi-builder-workspace/.derivedData/Build/Intermediates.noindex/NearbyConnections.build/Debug-watchos/NearbyCoreAdapter-t.build/Objects-normal/arm64_32/device_info.d --serialize-diagnostics /Users/admin/builder/spi-builder-workspace/.derivedData/Build/Intermediates.noindex/NearbyConnections.build/Debug-watchos/NearbyCoreAdapter-t.build/Objects-normal/arm64_32/device_info.dia -c /Users/admin/builder/spi-builder-workspace/internal/platform/implementation/apple/device_info.mm -o /Users/admin/builder/spi-builder-workspace/.derivedData/Build/Intermediates.noindex/NearbyConnections.build/Debug-watchos/NearbyCoreAdapter-t.build/Objects-normal/arm64_32/device_info.o -index-unit-output-path /NearbyConnections.build/Debug-watchos/NearbyCoreAdapter-t.build/Objects-normal/arm64_32/device_info.o
In file included from /Users/admin/builder/spi-builder-workspace/internal/platform/implementation/apple/device_info.mm:15:
In file included from /Users/admin/builder/spi-builder-workspace/internal/platform/implementation/apple/device_info.h:23:
In file included from /Users/admin/builder/spi-builder-workspace/.dependencies/checkouts/abseil-cpp-SwiftPM/absl/strings/string_view.h:40:
In file included from /Users/admin/builder/spi-builder-workspace/.dependencies/checkouts/abseil-cpp-SwiftPM/absl/base/nullability.h:153:
In file included from /Users/admin/builder/spi-builder-workspace/.dependencies/checkouts/abseil-cpp-SwiftPM/absl/base/internal/nullability_impl.h:22:
/Users/admin/builder/spi-builder-workspace/.dependencies/checkouts/abseil-cpp-SwiftPM/absl/meta/type_traits.h:511:36: warning: builtin __is_trivially_relocatable is deprecated; use __builtin_is_cpp_trivially_relocatable instead [-Wdeprecated-builtins]
  511 |     : std::integral_constant<bool, __is_trivially_relocatable(T)> {};
      |                                    ^
/Users/admin/builder/spi-builder-workspace/internal/platform/implementation/apple/device_info.mm:38:20: error: 'UIDevice' is unavailable: not available on watchOS
   38 |   NSString *name = UIDevice.currentDevice.name;
      |                    ^
In file included from /Users/admin/builder/spi-builder-workspace/internal/platform/implementation/apple/device_info.mm:19:
In file included from /Applications/Xcode-27.0.0-Release.Candidate.app/Contents/Developer/Platforms/WatchOS.platform/Developer/SDKs/WatchOS27.0.sdk/System/Library/Frameworks/UIKit.framework/Headers/UIKit.h:13:
In file included from /Applications/Xcode-27.0.0-Release.Candidate.app/Contents/Developer/Platforms/WatchOS.platform/Developer/SDKs/WatchOS27.0.sdk/System/Library/Frameworks/UIKit.framework/Headers/UIKitCore.h:29:
In file included from /Applications/Xcode-27.0.0-Release.Candidate.app/Contents/Developer/Platforms/WatchOS.platform/Developer/SDKs/WatchOS27.0.sdk/System/Library/Frameworks/UIKit.framework/Headers/UIAccessibility.h:15:
In file included from /Applications/Xcode-27.0.0-Release.Candidate.app/Contents/Developer/Platforms/WatchOS.platform/Developer/SDKs/WatchOS27.0.sdk/System/Library/Frameworks/UIKit.framework/Headers/UIAccessibilityAdditions.h:11:
In file included from /Applications/Xcode-27.0.0-Release.Candidate.app/Contents/Developer/Platforms/WatchOS.platform/Developer/SDKs/WatchOS27.0.sdk/System/Library/Frameworks/UIKit.framework/Headers/UIPickerView.h:11:
In file included from /Applications/Xcode-27.0.0-Release.Candidate.app/Contents/Developer/Platforms/WatchOS.platform/Developer/SDKs/WatchOS27.0.sdk/System/Library/Frameworks/UIKit.framework/Headers/UIView.h:17:
In file included from /Applications/Xcode-27.0.0-Release.Candidate.app/Contents/Developer/Platforms/WatchOS.platform/Developer/SDKs/WatchOS27.0.sdk/System/Library/Frameworks/UIKit.framework/Headers/UITraitCollection.h:10:
/Applications/Xcode-27.0.0-Release.Candidate.app/Contents/Developer/Platforms/WatchOS.platform/Developer/SDKs/WatchOS27.0.sdk/System/Library/Frameworks/UIKit.framework/Headers/UIDevice.h:35:12: note: 'UIDevice' has been explicitly marked unavailable here
   35 | @interface UIDevice : NSObject
      |            ^
/Users/admin/builder/spi-builder-workspace/internal/platform/implementation/apple/device_info.mm:95:51: warning: 'cString' is deprecated: first deprecated in watchOS 2.0 - Use -cStringUsingEncoding: instead [-Wdeprecated-declarations]
   95 |   return std::filesystem::path([downloadsURL.path cString]);
      |                                                   ^
In file included from /Users/admin/builder/spi-builder-workspace/internal/platform/implementation/apple/device_info.mm:17:
In file included from /Applications/Xcode-27.0.0-Release.Candidate.app/Contents/Developer/Platforms/WatchOS.platform/Developer/SDKs/WatchOS27.0.sdk/System/Library/Frameworks/Foundation.framework/Headers/Foundation.h:13:
In file included from /Applications/Xcode-27.0.0-Release.Candidate.app/Contents/Developer/Platforms/WatchOS.platform/Developer/SDKs/WatchOS27.0.sdk/System/Library/Frameworks/Foundation.framework/Headers/NSBundle.h:6:
/Applications/Xcode-27.0.0-Release.Candidate.app/Contents/Developer/Platforms/WatchOS.platform/Developer/SDKs/WatchOS27.0.sdk/System/Library/Frameworks/Foundation.framework/Headers/NSString.h:1277:1: note: 'cString' has been explicitly marked deprecated here
 1277 | - (nullable const char *)cString NS_RETURNS_INNER_POINTER API_DEPRECATED("Use -cStringUsingEncoding: instead", macos(10.0,10.4), ios(2.0,2.0), watchos(2.0,2.0), tvos(9.0,9.0));
      | ^
/Users/admin/builder/spi-builder-workspace/internal/platform/implementation/apple/device_info.mm:112:60: warning: 'cString' is deprecated: first deprecated in watchOS 2.0 - Use -cStringUsingEncoding: instead [-Wdeprecated-declarations]
  112 |   return std::filesystem::path([applicationSupportURL.path cString]);
      |                                                            ^
In file included from /Users/admin/builder/spi-builder-workspace/internal/platform/implementation/apple/device_info.mm:17:
In file included from /Applications/Xcode-27.0.0-Release.Candidate.app/Contents/Developer/Platforms/WatchOS.platform/Developer/SDKs/WatchOS27.0.sdk/System/Library/Frameworks/Foundation.framework/Headers/Foundation.h:13:
In file included from /Applications/Xcode-27.0.0-Release.Candidate.app/Contents/Developer/Platforms/WatchOS.platform/Developer/SDKs/WatchOS27.0.sdk/System/Library/Frameworks/Foundation.framework/Headers/NSBundle.h:6:
/Applications/Xcode-27.0.0-Release.Candidate.app/Contents/Developer/Platforms/WatchOS.platform/Developer/SDKs/WatchOS27.0.sdk/System/Library/Frameworks/Foundation.framework/Headers/NSString.h:1277:1: note: 'cString' has been explicitly marked deprecated here
 1277 | - (nullable const char *)cString NS_RETURNS_INNER_POINTER API_DEPRECATED("Use -cStringUsingEncoding: instead", macos(10.0,10.4), ios(2.0,2.0), watchos(2.0,2.0), tvos(9.0,9.0));
      | ^
/Users/admin/builder/spi-builder-workspace/internal/platform/implementation/apple/device_info.mm:120:56: warning: 'cString' is deprecated: first deprecated in watchOS 2.0 - Use -cStringUsingEncoding: instead [-Wdeprecated-declarations]
  120 |   return std::filesystem::path([NSTemporaryDirectory() cString]);
      |                                                        ^
In file included from /Users/admin/builder/spi-builder-workspace/internal/platform/implementation/apple/device_info.mm:17:
In file included from /Applications/Xcode-27.0.0-Release.Candidate.app/Contents/Developer/Platforms/WatchOS.platform/Developer/SDKs/WatchOS27.0.sdk/System/Library/Frameworks/Foundation.framework/Headers/Foundation.h:13:
In file included from /Applications/Xcode-27.0.0-Release.Candidate.app/Contents/Developer/Platforms/WatchOS.platform/Developer/SDKs/WatchOS27.0.sdk/System/Library/Frameworks/Foundation.framework/Headers/NSBundle.h:6:
/Applications/Xcode-27.0.0-Release.Candidate.app/Contents/Developer/Platforms/WatchOS.platform/Developer/SDKs/WatchOS27.0.sdk/System/Library/Frameworks/Foundation.framework/Headers/NSString.h:1277:1: note: 'cString' has been explicitly marked deprecated here
 1277 | - (nullable const char *)cString NS_RETURNS_INNER_POINTER API_DEPRECATED("Use -cStringUsingEncoding: instead", macos(10.0,10.4), ios(2.0,2.0), watchos(2.0,2.0), tvos(9.0,9.0));
      | ^
/Users/admin/builder/spi-builder-workspace/internal/platform/implementation/apple/device_info.mm:142:46: warning: 'cString' is deprecated: first deprecated in watchOS 2.0 - Use -cStringUsingEncoding: instead [-Wdeprecated-declarations]
  142 |   return std::filesystem::path([logsURL.path cString]);
      |                                              ^
In file included from /Users/admin/builder/spi-builder-workspace/internal/platform/implementation/apple/device_info.mm:17:
In file included from /Applications/Xcode-27.0.0-Release.Candidate.app/Contents/Developer/Platforms/WatchOS.platform/Developer/SDKs/WatchOS27.0.sdk/System/Library/Frameworks/Foundation.framework/Headers/Foundation.h:13:
In file included from /Applications/Xcode-27.0.0-Release.Candidate.app/Contents/Developer/Platforms/WatchOS.platform/Developer/SDKs/WatchOS27.0.sdk/System/Library/Frameworks/Foundation.framework/Headers/NSBundle.h:6:
/Applications/Xcode-27.0.0-Release.Candidate.app/Contents/Developer/Platforms/WatchOS.platform/Developer/SDKs/WatchOS27.0.sdk/System/Library/Frameworks/Foundation.framework/Headers/NSString.h:1277:1: note: 'cString' has been explicitly marked deprecated here
 1277 | - (nullable const char *)cString NS_RETURNS_INNER_POINTER API_DEPRECATED("Use -cStringUsingEncoding: instead", macos(10.0,10.4), ios(2.0,2.0), watchos(2.0,2.0), tvos(9.0,9.0));
      | ^
/Users/admin/builder/spi-builder-workspace/internal/platform/implementation/apple/device_info.mm:164:52: warning: 'cString' is deprecated: first deprecated in watchOS 2.0 - Use -cStringUsingEncoding: instead [-Wdeprecated-declarations]
  164 |   return std::filesystem::path([crashDumpsURL.path cString]);
      |                                                    ^
In file included from /Users/admin/builder/spi-builder-workspace/internal/platform/implementation/apple/device_info.mm:17:
In file included from /Applications/Xcode-27.0.0-Release.Candidate.app/Contents/Developer/Platforms/WatchOS.platform/Developer/SDKs/WatchOS27.0.sdk/System/Library/Frameworks/Foundation.framework/Headers/Foundation.h:13:
In file included from /Applications/Xcode-27.0.0-Release.Candidate.app/Contents/Developer/Platforms/WatchOS.platform/Developer/SDKs/WatchOS27.0.sdk/System/Library/Frameworks/Foundation.framework/Headers/NSBundle.h:6:
/Applications/Xcode-27.0.0-Release.Candidate.app/Contents/Developer/Platforms/WatchOS.platform/Developer/SDKs/WatchOS27.0.sdk/System/Library/Frameworks/Foundation.framework/Headers/NSString.h:1277:1: note: 'cString' has been explicitly marked deprecated here
 1277 | - (nullable const char *)cString NS_RETURNS_INNER_POINTER API_DEPRECATED("Use -cStringUsingEncoding: instead", macos(10.0,10.4), ios(2.0,2.0), watchos(2.0,2.0), tvos(9.0,9.0));
      | ^
6 warnings and 1 error generated.
CompileC /Users/admin/builder/spi-builder-workspace/.derivedData/Build/Intermediates.noindex/NearbyConnections.build/Debug-watchos/NearbyCoreAdapter-t.build/Objects-normal/arm64_32/crypto-8222146fba9287ce2dc6a8615f6ba44f.o /Users/admin/builder/spi-builder-workspace/internal/platform/implementation/apple/crypto.mm normal arm64_32 objective-c++ com.apple.compilers.llvm.clang.1_0.compiler (in target 'NearbyCoreAdapter' from project 'NearbyConnections')
    cd /Users/admin/builder/spi-builder-workspace/.swiftpm/xcode

    Using response file: /Users/admin/builder/spi-builder-workspace/.derivedData/Build/Intermediates.noindex/NearbyConnections.build/Debug-watchos/NearbyCoreAdapter-t.build/Objects-normal/arm64_32/af3fcb34312c57c0f52879cdce924b91-common-args.resp

    /Applications/Xcode-27.0.0-Release.Candidate.app/Contents/Developer/Toolchains/XcodeDefault.xctoolchain/usr/bin/clang -x objective-c++ -ivfsstatcache /Users/admin/builder/spi-builder-workspace/.derivedData/SDKStatCaches.noindex/watchos27.0-24R360-e829b21a6f8c9b70876ba0858053c04477534ef55a1706bf4c1112bbb242f0a2.sdkstatcache -target arm64_32-apple-watchos9.0 -fmessage-length\=0 -fdiagnostics-show-note-include-stack -fmacro-backtrace-limit\=0 -fno-color-diagnostics -fmodules-prune-interval\=86400 -fmodules-prune-after\=345600 -fbuild-session-file\=/Users/admin/builder/spi-builder-workspace/.derivedData/ModuleCache.noindex/Session.modulevalidation -fmodules-validate-once-per-build-session -Wnon-modular-include-in-framework-module -Werror\=non-modular-include-in-framework-module -Wno-trigraphs -Wno-missing-field-initializers -Wno-missing-prototypes -Wno-return-type -Wno-implicit-atomic-properties -Wno-objc-interface-ivars -Wno-arc-repeated-use-of-weak -Wno-non-virtual-dtor -Wno-overloaded-virtual -Wno-exit-time-destructors -Wno-missing-braces -Wparentheses -Wswitch -Wno-unused-function -Wno-unused-label -Wno-unused-parameter -Wno-unused-variable -Wunused-value -Wno-empty-body -Wno-uninitialized -Wno-unknown-pragmas -Wno-shadow -Wno-four-char-constants -Wno-conversion -Wno-constant-conversion -Wno-int-conversion -Wno-bool-conversion -Wno-enum-conversion -Wno-float-conversion -Wno-non-literal-null-conversion -Wno-objc-literal-conversion -Wno-shorten-64-to-32 -Wno-newline-eof -Wno-selector -Wno-strict-selector-match -Wno-undeclared-selector -Wno-deprecated-implementations -Wno-c++11-extensions -Wno-implicit-fallthrough -isysroot /Applications/Xcode-27.0.0-Release.Candidate.app/Contents/Developer/Platforms/WatchOS.platform/Developer/SDKs/WatchOS27.0.sdk -fstrict-aliasing -Wprotocol -Wdeprecated-declarations -Winvalid-offsetof -Wno-sign-conversion -Wno-infinite-recursion -Wno-move -Wno-comma -Wno-block-capture-autoreleasing -Wno-strict-prototypes -Wno-range-loop-analysis -Wno-semicolon-before-method-body -index-store-path /Users/admin/builder/spi-builder-workspace/.derivedData/Index.noindex/DataStore @/Users/admin/builder/spi-builder-workspace/.derivedData/Build/Intermediates.noindex/NearbyConnections.build/Debug-watchos/NearbyCoreAdapter-t.build/Objects-normal/arm64_32/af3fcb34312c57c0f52879cdce924b91-common-args.resp -MMD -MT dependencies -MF /Users/admin/builder/spi-builder-workspace/.derivedData/Build/Intermediates.noindex/NearbyConnections.build/Debug-watchos/NearbyCoreAdapter-t.build/Objects-normal/arm64_32/crypto-8222146fba9287ce2dc6a8615f6ba44f.d --serialize-diagnostics /Users/admin/builder/spi-builder-workspace/.derivedData/Build/Intermediates.noindex/NearbyConnections.build/Debug-watchos/NearbyCoreAdapter-t.build/Objects-normal/arm64_32/crypto-8222146fba9287ce2dc6a8615f6ba44f.dia -c /Users/admin/builder/spi-builder-workspace/internal/platform/implementation/apple/crypto.mm -o /Users/admin/builder/spi-builder-workspace/.derivedData/Build/Intermediates.noindex/NearbyConnections.build/Debug-watchos/NearbyCoreAdapter-t.build/Objects-normal/arm64_32/crypto-8222146fba9287ce2dc6a8615f6ba44f.o -index-unit-output-path /NearbyConnections.build/Debug-watchos/NearbyCoreAdapter-t.build/Objects-normal/arm64_32/crypto-8222146fba9287ce2dc6a8615f6ba44f.o
In file included from /Users/admin/builder/spi-builder-workspace/internal/platform/implementation/apple/crypto.mm:15:
In file included from /Users/admin/builder/spi-builder-workspace/internal/platform/implementation/crypto.h:21:
In file included from /Users/admin/builder/spi-builder-workspace/.dependencies/checkouts/abseil-cpp-SwiftPM/absl/strings/string_view.h:40:
In file included from /Users/admin/builder/spi-builder-workspace/.dependencies/checkouts/abseil-cpp-SwiftPM/absl/base/nullability.h:153:
In file included from /Users/admin/builder/spi-builder-workspace/.dependencies/checkouts/abseil-cpp-SwiftPM/absl/base/internal/nullability_impl.h:22:
/Users/admin/builder/spi-builder-workspace/.dependencies/checkouts/abseil-cpp-SwiftPM/absl/meta/type_traits.h:511:36: warning: builtin __is_trivially_relocatable is deprecated; use __builtin_is_cpp_trivially_relocatable instead [-Wdeprecated-builtins]
  511 |     : std::integral_constant<bool, __is_trivially_relocatable(T)> {};
      |                                    ^
CompileC /Users/admin/builder/spi-builder-workspace/.derivedData/Build/Intermediates.noindex/NearbyConnections.build/Debug-watchos/NearbyCoreAdapter-t.build/Objects-normal/arm64_32/credential_storage_impl.o /Users/admin/builder/spi-builder-workspace/internal/platform/credential_storage_impl.cc normal arm64_32 c++ com.apple.compilers.llvm.clang.1_0.compiler (in target 'NearbyCoreAdapter' from project 'NearbyConnections')
    cd /Users/admin/builder/spi-builder-workspace/.swiftpm/xcode

    Using response file: /Users/admin/builder/spi-builder-workspace/.derivedData/Build/Intermediates.noindex/NearbyConnections.build/Debug-watchos/NearbyCoreAdapter-t.build/Objects-normal/arm64_32/82b82416624d2658e5098eb0a28c15c5-common-args.resp

    /Applications/Xcode-27.0.0-Release.Candidate.app/Contents/Developer/Toolchains/XcodeDefault.xctoolchain/usr/bin/clang -x c++ -ivfsstatcache /Users/admin/builder/spi-builder-workspace/.derivedData/SDKStatCaches.noindex/watchos27.0-24R360-e829b21a6f8c9b70876ba0858053c04477534ef55a1706bf4c1112bbb242f0a2.sdkstatcache -target arm64_32-apple-watchos9.0 -fmessage-length\=0 -fdiagnostics-show-note-include-stack -fmacro-backtrace-limit\=0 -fno-color-diagnostics -fmodules-prune-interval\=86400 -fmodules-prune-after\=345600 -fbuild-session-file\=/Users/admin/builder/spi-builder-workspace/.derivedData/ModuleCache.noindex/Session.modulevalidation -fmodules-validate-once-per-build-session -Wnon-modular-include-in-framework-module -Werror\=non-modular-include-in-framework-module -Wno-trigraphs -Wno-missing-field-initializers -Wno-missing-prototypes -Wno-return-type -Wno-non-virtual-dtor -Wno-overloaded-virtual -Wno-exit-time-destructors -Wno-missing-braces -Wparentheses -Wswitch -Wno-unused-function -Wno-unused-label -Wno-unused-parameter -Wno-unused-variable -Wunused-value -Wno-empty-body -Wno-uninitialized -Wno-unknown-pragmas -Wno-shadow -Wno-four-char-constants -Wno-conversion -Wno-constant-conversion -Wno-int-conversion -Wno-bool-conversion -Wno-enum-conversion -Wno-float-conversion -Wno-non-literal-null-conversion -Wno-objc-literal-conversion -Wno-shorten-64-to-32 -Wno-newline-eof -Wno-c++11-extensions -Wno-implicit-fallthrough -isysroot /Applications/Xcode-27.0.0-Release.Candidate.app/Contents/Developer/Platforms/WatchOS.platform/Developer/SDKs/WatchOS27.0.sdk -fstrict-aliasing -Wdeprecated-declarations -Winvalid-offsetof -Wno-sign-conversion -Wno-infinite-recursion -Wno-move -Wno-comma -Wno-block-capture-autoreleasing -Wno-strict-prototypes -Wno-range-loop-analysis -Wno-semicolon-before-method-body -index-store-path /Users/admin/builder/spi-builder-workspace/.derivedData/Index.noindex/DataStore @/Users/admin/builder/spi-builder-workspace/.derivedData/Build/Intermediates.noindex/NearbyConnections.build/Debug-watchos/NearbyCoreAdapter-t.build/Objects-normal/arm64_32/82b82416624d2658e5098eb0a28c15c5-common-args.resp -MMD -MT dependencies -MF /Users/admin/builder/spi-builder-workspace/.derivedData/Build/Intermediates.noindex/NearbyConnections.build/Debug-watchos/NearbyCoreAdapter-t.build/Objects-normal/arm64_32/credential_storage_impl.d --serialize-diagnostics /Users/admin/builder/spi-builder-workspace/.derivedData/Build/Intermediates.noindex/NearbyConnections.build/Debug-watchos/NearbyCoreAdapter-t.build/Objects-normal/arm64_32/credential_storage_impl.dia -c /Users/admin/builder/spi-builder-workspace/internal/platform/credential_storage_impl.cc -o /Users/admin/builder/spi-builder-workspace/.derivedData/Build/Intermediates.noindex/NearbyConnections.build/Debug-watchos/NearbyCoreAdapter-t.build/Objects-normal/arm64_32/credential_storage_impl.o -index-unit-output-path /NearbyConnections.build/Debug-watchos/NearbyCoreAdapter-t.build/Objects-normal/arm64_32/credential_storage_impl.o
In file included from /Users/admin/builder/spi-builder-workspace/internal/platform/credential_storage_impl.cc:14:
In file included from /Users/admin/builder/spi-builder-workspace/internal/platform/credential_storage_impl.h:22:
In file included from /Users/admin/builder/spi-builder-workspace/.dependencies/checkouts/abseil-cpp-SwiftPM/absl/strings/string_view.h:40:
In file included from /Users/admin/builder/spi-builder-workspace/.dependencies/checkouts/abseil-cpp-SwiftPM/absl/base/nullability.h:153:
In file included from /Users/admin/builder/spi-builder-workspace/.dependencies/checkouts/abseil-cpp-SwiftPM/absl/base/internal/nullability_impl.h:22:
/Users/admin/builder/spi-builder-workspace/.dependencies/checkouts/abseil-cpp-SwiftPM/absl/meta/type_traits.h:511:36: warning: builtin __is_trivially_relocatable is deprecated; use __builtin_is_cpp_trivially_relocatable instead [-Wdeprecated-builtins]
  511 |     : std::integral_constant<bool, __is_trivially_relocatable(T)> {};
      |                                    ^
CompileC /Users/admin/builder/spi-builder-workspace/.derivedData/Build/Intermediates.noindex/NearbyConnections.build/Debug-watchos/NearbyCoreAdapter-t.build/Objects-normal/arm64_32/credential.pb.o /Users/admin/builder/spi-builder-workspace/compiled_proto/internal/proto/credential.pb.cc normal arm64_32 c++ com.apple.compilers.llvm.clang.1_0.compiler (in target 'NearbyCoreAdapter' from project 'NearbyConnections')
    cd /Users/admin/builder/spi-builder-workspace/.swiftpm/xcode

    Using response file: /Users/admin/builder/spi-builder-workspace/.derivedData/Build/Intermediates.noindex/NearbyConnections.build/Debug-watchos/NearbyCoreAdapter-t.build/Objects-normal/arm64_32/82b82416624d2658e5098eb0a28c15c5-common-args.resp

    /Applications/Xcode-27.0.0-Release.Candidate.app/Contents/Developer/Toolchains/XcodeDefault.xctoolchain/usr/bin/clang -x c++ -ivfsstatcache /Users/admin/builder/spi-builder-workspace/.derivedData/SDKStatCaches.noindex/watchos27.0-24R360-e829b21a6f8c9b70876ba0858053c04477534ef55a1706bf4c1112bbb242f0a2.sdkstatcache -target arm64_32-apple-watchos9.0 -fmessage-length\=0 -fdiagnostics-show-note-include-stack -fmacro-backtrace-limit\=0 -fno-color-diagnostics -fmodules-prune-interval\=86400 -fmodules-prune-after\=345600 -fbuild-session-file\=/Users/admin/builder/spi-builder-workspace/.derivedData/ModuleCache.noindex/Session.modulevalidation -fmodules-validate-once-per-build-session -Wnon-modular-include-in-framework-module -Werror\=non-modular-include-in-framework-module -Wno-trigraphs -Wno-missing-field-initializers -Wno-missing-prototypes -Wno-return-type -Wno-non-virtual-dtor -Wno-overloaded-virtual -Wno-exit-time-destructors -Wno-missing-braces -Wparentheses -Wswitch -Wno-unused-function -Wno-unused-label -Wno-unused-parameter -Wno-unused-variable -Wunused-value -Wno-empty-body -Wno-uninitialized -Wno-unknown-pragmas -Wno-shadow -Wno-four-char-constants -Wno-conversion -Wno-constant-conversion -Wno-int-conversion -Wno-bool-conversion -Wno-enum-conversion -Wno-float-conversion -Wno-non-literal-null-conversion -Wno-objc-literal-conversion -Wno-shorten-64-to-32 -Wno-newline-eof -Wno-c++11-extensions -Wno-implicit-fallthrough -isysroot /Applications/Xcode-27.0.0-Release.Candidate.app/Contents/Developer/Platforms/WatchOS.platform/Developer/SDKs/WatchOS27.0.sdk -fstrict-aliasing -Wdeprecated-declarations -Winvalid-offsetof -Wno-sign-conversion -Wno-infinite-recursion -Wno-move -Wno-comma -Wno-block-capture-autoreleasing -Wno-strict-prototypes -Wno-range-loop-analysis -Wno-semicolon-before-method-body -index-store-path /Users/admin/builder/spi-builder-workspace/.derivedData/Index.noindex/DataStore @/Users/admin/builder/spi-builder-workspace/.derivedData/Build/Intermediates.noindex/NearbyConnections.build/Debug-watchos/NearbyCoreAdapter-t.build/Objects-normal/arm64_32/82b82416624d2658e5098eb0a28c15c5-common-args.resp -MMD -MT dependencies -MF /Users/admin/builder/spi-builder-workspace/.derivedData/Build/Intermediates.noindex/NearbyConnections.build/Debug-watchos/NearbyCoreAdapter-t.build/Objects-normal/arm64_32/credential.pb.d --serialize-diagnostics /Users/admin/builder/spi-builder-workspace/.derivedData/Build/Intermediates.noindex/NearbyConnections.build/Debug-watchos/NearbyCoreAdapter-t.build/Objects-normal/arm64_32/credential.pb.dia -c /Users/admin/builder/spi-builder-workspace/compiled_proto/internal/proto/credential.pb.cc -o /Users/admin/builder/spi-builder-workspace/.derivedData/Build/Intermediates.noindex/NearbyConnections.build/Debug-watchos/NearbyCoreAdapter-t.build/Objects-normal/arm64_32/credential.pb.o -index-unit-output-path /NearbyConnections.build/Debug-watchos/NearbyCoreAdapter-t.build/Objects-normal/arm64_32/credential.pb.o
CompileC /Users/admin/builder/spi-builder-workspace/.derivedData/Build/Intermediates.noindex/NearbyConnections.build/Debug-watchos/NearbyCoreAdapter-t.build/Objects-normal/arm64_32/count_down_latch-46e1b224e6f6189d899670659b035d37.o /Users/admin/builder/spi-builder-workspace/internal/platform/implementation/apple/count_down_latch.cc normal arm64_32 c++ com.apple.compilers.llvm.clang.1_0.compiler (in target 'NearbyCoreAdapter' from project 'NearbyConnections')
    cd /Users/admin/builder/spi-builder-workspace/.swiftpm/xcode

    Using response file: /Users/admin/builder/spi-builder-workspace/.derivedData/Build/Intermediates.noindex/NearbyConnections.build/Debug-watchos/NearbyCoreAdapter-t.build/Objects-normal/arm64_32/82b82416624d2658e5098eb0a28c15c5-common-args.resp

    /Applications/Xcode-27.0.0-Release.Candidate.app/Contents/Developer/Toolchains/XcodeDefault.xctoolchain/usr/bin/clang -x c++ -ivfsstatcache /Users/admin/builder/spi-builder-workspace/.derivedData/SDKStatCaches.noindex/watchos27.0-24R360-e829b21a6f8c9b70876ba0858053c04477534ef55a1706bf4c1112bbb242f0a2.sdkstatcache -target arm64_32-apple-watchos9.0 -fmessage-length\=0 -fdiagnostics-show-note-include-stack -fmacro-backtrace-limit\=0 -fno-color-diagnostics -fmodules-prune-interval\=86400 -fmodules-prune-after\=345600 -fbuild-session-file\=/Users/admin/builder/spi-builder-workspace/.derivedData/ModuleCache.noindex/Session.modulevalidation -fmodules-validate-once-per-build-session -Wnon-modular-include-in-framework-module -Werror\=non-modular-include-in-framework-module -Wno-trigraphs -Wno-missing-field-initializers -Wno-missing-prototypes -Wno-return-type -Wno-non-virtual-dtor -Wno-overloaded-virtual -Wno-exit-time-destructors -Wno-missing-braces -Wparentheses -Wswitch -Wno-unused-function -Wno-unused-label -Wno-unused-parameter -Wno-unused-variable -Wunused-value -Wno-empty-body -Wno-uninitialized -Wno-unknown-pragmas -Wno-shadow -Wno-four-char-constants -Wno-conversion -Wno-constant-conversion -Wno-int-conversion -Wno-bool-conversion -Wno-enum-conversion -Wno-float-conversion -Wno-non-literal-null-conversion -Wno-objc-literal-conversion -Wno-shorten-64-to-32 -Wno-newline-eof -Wno-c++11-extensions -Wno-implicit-fallthrough -isysroot /Applications/Xcode-27.0.0-Release.Candidate.app/Contents/Developer/Platforms/WatchOS.platform/Developer/SDKs/WatchOS27.0.sdk -fstrict-aliasing -Wdeprecated-declarations -Winvalid-offsetof -Wno-sign-conversion -Wno-infinite-recursion -Wno-move -Wno-comma -Wno-block-capture-autoreleasing -Wno-strict-prototypes -Wno-range-loop-analysis -Wno-semicolon-before-method-body -index-store-path /Users/admin/builder/spi-builder-workspace/.derivedData/Index.noindex/DataStore @/Users/admin/builder/spi-builder-workspace/.derivedData/Build/Intermediates.noindex/NearbyConnections.build/Debug-watchos/NearbyCoreAdapter-t.build/Objects-normal/arm64_32/82b82416624d2658e5098eb0a28c15c5-common-args.resp -MMD -MT dependencies -MF /Users/admin/builder/spi-builder-workspace/.derivedData/Build/Intermediates.noindex/NearbyConnections.build/Debug-watchos/NearbyCoreAdapter-t.build/Objects-normal/arm64_32/count_down_latch-46e1b224e6f6189d899670659b035d37.d --serialize-diagnostics /Users/admin/builder/spi-builder-workspace/.derivedData/Build/Intermediates.noindex/NearbyConnections.build/Debug-watchos/NearbyCoreAdapter-t.build/Objects-normal/arm64_32/count_down_latch-46e1b224e6f6189d899670659b035d37.dia -c /Users/admin/builder/spi-builder-workspace/internal/platform/implementation/apple/count_down_latch.cc -o /Users/admin/builder/spi-builder-workspace/.derivedData/Build/Intermediates.noindex/NearbyConnections.build/Debug-watchos/NearbyCoreAdapter-t.build/Objects-normal/arm64_32/count_down_latch-46e1b224e6f6189d899670659b035d37.o -index-unit-output-path /NearbyConnections.build/Debug-watchos/NearbyCoreAdapter-t.build/Objects-normal/arm64_32/count_down_latch-46e1b224e6f6189d899670659b035d37.o
CompileC /Users/admin/builder/spi-builder-workspace/.derivedData/Build/Intermediates.noindex/NearbyConnections.build/Debug-watchos/NearbyCoreAdapter-t.build/Objects-normal/arm64_32/core.o /Users/admin/builder/spi-builder-workspace/connections/core.cc normal arm64_32 c++ com.apple.compilers.llvm.clang.1_0.compiler (in target 'NearbyCoreAdapter' from project 'NearbyConnections')
    cd /Users/admin/builder/spi-builder-workspace/.swiftpm/xcode

    Using response file: /Users/admin/builder/spi-builder-workspace/.derivedData/Build/Intermediates.noindex/NearbyConnections.build/Debug-watchos/NearbyCoreAdapter-t.build/Objects-normal/arm64_32/82b82416624d2658e5098eb0a28c15c5-common-args.resp

    /Applications/Xcode-27.0.0-Release.Candidate.app/Contents/Developer/Toolchains/XcodeDefault.xctoolchain/usr/bin/clang -x c++ -ivfsstatcache /Users/admin/builder/spi-builder-workspace/.derivedData/SDKStatCaches.noindex/watchos27.0-24R360-e829b21a6f8c9b70876ba0858053c04477534ef55a1706bf4c1112bbb242f0a2.sdkstatcache -target arm64_32-apple-watchos9.0 -fmessage-length\=0 -fdiagnostics-show-note-include-stack -fmacro-backtrace-limit\=0 -fno-color-diagnostics -fmodules-prune-interval\=86400 -fmodules-prune-after\=345600 -fbuild-session-file\=/Users/admin/builder/spi-builder-workspace/.derivedData/ModuleCache.noindex/Session.modulevalidation -fmodules-validate-once-per-build-session -Wnon-modular-include-in-framework-module -Werror\=non-modular-include-in-framework-module -Wno-trigraphs -Wno-missing-field-initializers -Wno-missing-prototypes -Wno-return-type -Wno-non-virtual-dtor -Wno-overloaded-virtual -Wno-exit-time-destructors -Wno-missing-braces -Wparentheses -Wswitch -Wno-unused-function -Wno-unused-label -Wno-unused-parameter -Wno-unused-variable -Wunused-value -Wno-empty-body -Wno-uninitialized -Wno-unknown-pragmas -Wno-shadow -Wno-four-char-constants -Wno-conversion -Wno-constant-conversion -Wno-int-conversion -Wno-bool-conversion -Wno-enum-conversion -Wno-float-conversion -Wno-non-literal-null-conversion -Wno-objc-literal-conversion -Wno-shorten-64-to-32 -Wno-newline-eof -Wno-c++11-extensions -Wno-implicit-fallthrough -isysroot /Applications/Xcode-27.0.0-Release.Candidate.app/Contents/Developer/Platforms/WatchOS.platform/Developer/SDKs/WatchOS27.0.sdk -fstrict-aliasing -Wdeprecated-declarations -Winvalid-offsetof -Wno-sign-conversion -Wno-infinite-recursion -Wno-move -Wno-comma -Wno-block-capture-autoreleasing -Wno-strict-prototypes -Wno-range-loop-analysis -Wno-semicolon-before-method-body -index-store-path /Users/admin/builder/spi-builder-workspace/.derivedData/Index.noindex/DataStore @/Users/admin/builder/spi-builder-workspace/.derivedData/Build/Intermediates.noindex/NearbyConnections.build/Debug-watchos/NearbyCoreAdapter-t.build/Objects-normal/arm64_32/82b82416624d2658e5098eb0a28c15c5-common-args.resp -MMD -MT dependencies -MF /Users/admin/builder/spi-builder-workspace/.derivedData/Build/Intermediates.noindex/NearbyConnections.build/Debug-watchos/NearbyCoreAdapter-t.build/Objects-normal/arm64_32/core.d --serialize-diagnostics /Users/admin/builder/spi-builder-workspace/.derivedData/Build/Intermediates.noindex/NearbyConnections.build/Debug-watchos/NearbyCoreAdapter-t.build/Objects-normal/arm64_32/core.dia -c /Users/admin/builder/spi-builder-workspace/connections/core.cc -o /Users/admin/builder/spi-builder-workspace/.derivedData/Build/Intermediates.noindex/NearbyConnections.build/Debug-watchos/NearbyCoreAdapter-t.build/Objects-normal/arm64_32/core.o -index-unit-output-path /NearbyConnections.build/Debug-watchos/NearbyCoreAdapter-t.build/Objects-normal/arm64_32/core.o
CompileC /Users/admin/builder/spi-builder-workspace/.derivedData/Build/Intermediates.noindex/NearbyConnections.build/Debug-watchos/NearbyCoreAdapter-t.build/Objects-normal/arm64_32/connections_log.pb.o /Users/admin/builder/spi-builder-workspace/compiled_proto/internal/proto/analytics/connections_log.pb.cc normal arm64_32 c++ com.apple.compilers.llvm.clang.1_0.compiler (in target 'NearbyCoreAdapter' from project 'NearbyConnections')
    cd /Users/admin/builder/spi-builder-workspace/.swiftpm/xcode

    Using response file: /Users/admin/builder/spi-builder-workspace/.derivedData/Build/Intermediates.noindex/NearbyConnections.build/Debug-watchos/NearbyCoreAdapter-t.build/Objects-normal/arm64_32/82b82416624d2658e5098eb0a28c15c5-common-args.resp

    /Applications/Xcode-27.0.0-Release.Candidate.app/Contents/Developer/Toolchains/XcodeDefault.xctoolchain/usr/bin/clang -x c++ -ivfsstatcache /Users/admin/builder/spi-builder-workspace/.derivedData/SDKStatCaches.noindex/watchos27.0-24R360-e829b21a6f8c9b70876ba0858053c04477534ef55a1706bf4c1112bbb242f0a2.sdkstatcache -target arm64_32-apple-watchos9.0 -fmessage-length\=0 -fdiagnostics-show-note-include-stack -fmacro-backtrace-limit\=0 -fno-color-diagnostics -fmodules-prune-interval\=86400 -fmodules-prune-after\=345600 -fbuild-session-file\=/Users/admin/builder/spi-builder-workspace/.derivedData/ModuleCache.noindex/Session.modulevalidation -fmodules-validate-once-per-build-session -Wnon-modular-include-in-framework-module -Werror\=non-modular-include-in-framework-module -Wno-trigraphs -Wno-missing-field-initializers -Wno-missing-prototypes -Wno-return-type -Wno-non-virtual-dtor -Wno-overloaded-virtual -Wno-exit-time-destructors -Wno-missing-braces -Wparentheses -Wswitch -Wno-unused-function -Wno-unused-label -Wno-unused-parameter -Wno-unused-variable -Wunused-value -Wno-empty-body -Wno-uninitialized -Wno-unknown-pragmas -Wno-shadow -Wno-four-char-constants -Wno-conversion -Wno-constant-conversion -Wno-int-conversion -Wno-bool-conversion -Wno-enum-conversion -Wno-float-conversion -Wno-non-literal-null-conversion -Wno-objc-literal-conversion -Wno-shorten-64-to-32 -Wno-newline-eof -Wno-c++11-extensions -Wno-implicit-fallthrough -isysroot /Applications/Xcode-27.0.0-Release.Candidate.app/Contents/Developer/Platforms/WatchOS.platform/Developer/SDKs/WatchOS27.0.sdk -fstrict-aliasing -Wdeprecated-declarations -Winvalid-offsetof -Wno-sign-conversion -Wno-infinite-recursion -Wno-move -Wno-comma -Wno-block-capture-autoreleasing -Wno-strict-prototypes -Wno-range-loop-analysis -Wno-semicolon-before-method-body -index-store-path /Users/admin/builder/spi-builder-workspace/.derivedData/Index.noindex/DataStore @/Users/admin/builder/spi-builder-workspace/.derivedData/Build/Intermediates.noindex/NearbyConnections.build/Debug-watchos/NearbyCoreAdapter-t.build/Objects-normal/arm64_32/82b82416624d2658e5098eb0a28c15c5-common-args.resp -MMD -MT dependencies -MF /Users/admin/builder/spi-builder-workspace/.derivedData/Build/Intermediates.noindex/NearbyConnections.build/Debug-watchos/NearbyCoreAdapter-t.build/Objects-normal/arm64_32/connections_log.pb.d --serialize-diagnostics /Users/admin/builder/spi-builder-workspace/.derivedData/Build/Intermediates.noindex/NearbyConnections.build/Debug-watchos/NearbyCoreAdapter-t.build/Objects-normal/arm64_32/connections_log.pb.dia -c /Users/admin/builder/spi-builder-workspace/compiled_proto/internal/proto/analytics/connections_log.pb.cc -o /Users/admin/builder/spi-builder-workspace/.derivedData/Build/Intermediates.noindex/NearbyConnections.build/Debug-watchos/NearbyCoreAdapter-t.build/Objects-normal/arm64_32/connections_log.pb.o -index-unit-output-path /NearbyConnections.build/Debug-watchos/NearbyCoreAdapter-t.build/Objects-normal/arm64_32/connections_log.pb.o
PruneExplicitPrecompiledModules /Users/admin/builder/spi-builder-workspace/.derivedData/Build/Intermediates.noindex/SwiftExplicitPrecompiledModules
PruneExplicitPrecompiledModules /Users/admin/builder/spi-builder-workspace/.derivedData/Build/Intermediates.noindex/ExplicitPrecompiledModules
PruneExplicitPrecompiledModules /Users/admin/builder/spi-builder-workspace/.derivedData/SDKExplicitPrecompiledModules
2026-09-21 20:24:10.420 xcodebuild[2030:8520] [MT] IDERunDestination: Supported platforms for the buildables in the current scheme is empty.
** BUILD FAILED **
The following build commands failed:
	CompileC /Users/admin/builder/spi-builder-workspace/.derivedData/Build/Intermediates.noindex/NearbyConnections.build/Debug-watchos/NearbyCoreAdapter-t.build/Objects-normal/arm64_32/device_info.o /Users/admin/builder/spi-builder-workspace/internal/platform/implementation/apple/device_info.mm normal arm64_32 objective-c++ com.apple.compilers.llvm.clang.1_0.compiler (in target 'NearbyCoreAdapter' from project 'NearbyConnections')
	Building workspace NearbyConnections with scheme NearbyConnections-Package
(2 failures)
BUILD FAILURE 6.4 watchOS