The Swift Package Index logo.Swift Package Index

Build Information

Failed to build GoogleCloudVideoStitcherV1, reference 0.5.0 (357698), with Swift 6.2 for Android on 12 Oct 2026 04:36:16 UTC.

Build Command

bash -c docker run --pull=always --rm -v "checkouts-54344843-0":/host -w "$PWD" -e JAVA_HOME="/root/.sdkman/candidates/java/current" -e SPI_BUILD="1" -e SPI_PROCESSING="1" registry.gitlab.com/saguaro1/spi-images:android-6.2-latest swift build --swift-sdk aarch64-unknown-linux-android28 2>&1

Build Log

========================================
RunAll
========================================
Builder version: 5.1.1
Interrupt handler set up.
========================================
Checkout
========================================
Clone URL: https://github.com/googleapis/swift-google-cloud-video-stitcher-v1.git
Reference: 0.5.0
Initialized empty Git repository in /host/spi-builder-workspace/.git/
hint: Using 'master' as the name for the initial branch. This default branch name
hint: is subject to change. To configure the initial branch name to use in all
hint: of your new repositories, which will suppress this warning, call:
hint:
hint: 	git config --global init.defaultBranch <name>
hint:
hint: Names commonly chosen instead of 'master' are 'main', 'trunk' and
hint: 'development'. The just-created branch can be renamed via this command:
hint:
hint: 	git branch -m <name>
From https://github.com/googleapis/swift-google-cloud-video-stitcher-v1
 * tag               0.5.0      -> FETCH_HEAD
HEAD is now at 3576980 chore: release circa 2026-10-07 (#1382)
Cloned https://github.com/googleapis/swift-google-cloud-video-stitcher-v1.git
Revision (git rev-parse @):
3576980cac4fa1615eb1017936e60805552aa251
SPI manifest file found: $PWD/.spi.yml
SUCCESS checkout https://github.com/googleapis/swift-google-cloud-video-stitcher-v1.git at 0.5.0
========================================
Build
========================================
Selected platform:         android
Swift version:             6.2
Building package at path:  $PWD
https://github.com/googleapis/swift-google-cloud-video-stitcher-v1.git
Running build ...
bash -c docker run --pull=always --rm -v "checkouts-54344843-0":/host -w "$PWD" -e JAVA_HOME="/root/.sdkman/candidates/java/current" -e SPI_BUILD="1" -e SPI_PROCESSING="1" registry.gitlab.com/saguaro1/spi-images:android-6.2-latest swift build --swift-sdk aarch64-unknown-linux-android28 2>&1
android-6.2-latest: Pulling from saguaro1/spi-images
Digest: sha256:a839c9ce201f1dacc8eb056626ec7ab0a1c6d53d7b77c83feda395f4507c51be
Status: Image is up to date for registry.gitlab.com/saguaro1/spi-images:android-6.2-latest
Fetching https://github.com/googleapis/swift-google-rpc
Fetching https://github.com/googleapis/swift-google-longrunning
Fetching https://github.com/googleapis/swift-google-auth
Fetching https://github.com/googleapis/swift-google-gax
Fetching https://github.com/googleapis/swift-google-wkt
Fetching https://github.com/apple/swift-log
[1/422] Fetching swift-google-rpc
[52/1445] Fetching swift-google-rpc, swift-google-wkt
[400/3193] Fetching swift-google-rpc, swift-google-wkt, swift-google-gax
[722/3812] Fetching swift-google-rpc, swift-google-wkt, swift-google-gax, swift-google-longrunning
[735/4835] Fetching swift-google-rpc, swift-google-wkt, swift-google-gax, swift-google-longrunning, swift-google-auth
[764/13092] Fetching swift-google-rpc, swift-google-wkt, swift-google-gax, swift-google-longrunning, swift-google-auth, swift-log
Fetched https://github.com/googleapis/swift-google-rpc from cache (0.43s)
[513/12670] Fetching swift-google-wkt, swift-google-gax, swift-google-longrunning, swift-google-auth, swift-log
Fetched https://github.com/googleapis/swift-google-wkt from cache (0.50s)
[6215/11647] Fetching swift-google-gax, swift-google-longrunning, swift-google-auth, swift-log
Fetched https://github.com/apple/swift-log from cache (0.60s)
Fetched https://github.com/googleapis/swift-google-longrunning from cache (0.60s)
Fetched https://github.com/googleapis/swift-google-auth from cache (0.60s)
Fetched https://github.com/googleapis/swift-google-gax from cache (0.60s)
Computing version for https://github.com/googleapis/swift-google-wkt
Computed https://github.com/googleapis/swift-google-wkt at 0.5.0 (0.75s)
Fetching https://github.com/swift-extras/swift-extras-base64
[1/954] Fetching swift-extras-base64
Fetched https://github.com/swift-extras/swift-extras-base64 from cache (0.46s)
Computing version for https://github.com/googleapis/swift-google-rpc
Computed https://github.com/googleapis/swift-google-rpc at 0.5.0 (0.63s)
Computing version for https://github.com/googleapis/swift-google-longrunning
Computed https://github.com/googleapis/swift-google-longrunning at 0.5.0 (0.16s)
Computing version for https://github.com/googleapis/swift-google-gax
Computed https://github.com/googleapis/swift-google-gax at 0.5.0 (0.17s)
Fetching https://github.com/swift-server/async-http-client.git
Fetching https://github.com/apple/swift-nio
[1/16464] Fetching async-http-client
[1977/102838] Fetching async-http-client, swift-nio
Fetched https://github.com/swift-server/async-http-client.git from cache (3.44s)
Fetched https://github.com/apple/swift-nio from cache (3.48s)
Computing version for https://github.com/googleapis/swift-google-auth
Computed https://github.com/googleapis/swift-google-auth at 0.5.0 (3.64s)
Fetching https://github.com/apple/swift-system.git
Fetching https://github.com/vapor/jwt-kit.git
[1/7241] Fetching swift-system
Fetched https://github.com/apple/swift-system.git from cache (0.62s)
[1/10254] Fetching jwt-kit
Fetched https://github.com/vapor/jwt-kit.git from cache (0.98s)
Computing version for https://github.com/swift-extras/swift-extras-base64
Computed https://github.com/swift-extras/swift-extras-base64 at 1.2.0 (1.14s)
Computing version for https://github.com/swift-server/async-http-client.git
Computed https://github.com/swift-server/async-http-client.git at 1.36.2 (0.18s)
Fetching https://github.com/apple/swift-nio-extras.git
Fetching https://github.com/apple/swift-nio-http2.git
Fetching https://github.com/apple/swift-configuration.git
Fetching https://github.com/apple/swift-service-context.git
Fetching https://github.com/apple/swift-atomics.git
Fetching https://github.com/apple/swift-nio-transport-services.git
[1/1501] Fetching swift-service-context
[962/3390] Fetching swift-service-context, swift-atomics
[1146/6257] Fetching swift-service-context, swift-atomics, swift-nio-transport-services
[6258/10185] Fetching swift-service-context, swift-atomics, swift-nio-transport-services, swift-configuration
[7280/16889] Fetching swift-service-context, swift-atomics, swift-nio-transport-services, swift-configuration, swift-nio-extras
[7438/29183] Fetching swift-service-context, swift-atomics, swift-nio-transport-services, swift-configuration, swift-nio-extras, swift-nio-http2
Fetched https://github.com/apple/swift-service-context.git from cache (0.67s)
Fetched https://github.com/apple/swift-atomics.git from cache (0.67s)
Fetched https://github.com/apple/swift-configuration.git from cache (0.68s)
Fetched https://github.com/apple/swift-nio-extras.git from cache (0.68s)
[6187/15161] Fetching swift-nio-transport-services, swift-nio-http2
Fetching https://github.com/apple/swift-nio-ssl.git
Fetching https://github.com/apple/swift-distributed-tracing.git
Fetching https://github.com/apple/swift-algorithms.git
Fetched https://github.com/apple/swift-nio-transport-services.git from cache (1.03s)
Fetched https://github.com/apple/swift-nio-http2.git from cache (1.03s)
[1/16880] Fetching swift-nio-ssl
[2/23431] Fetching swift-nio-ssl, swift-distributed-tracing
[1763/29595] Fetching swift-nio-ssl, swift-distributed-tracing, swift-algorithms
Fetched https://github.com/apple/swift-algorithms.git from cache (0.61s)
[7298/23431] Fetching swift-nio-ssl, swift-distributed-tracing
Fetched https://github.com/apple/swift-distributed-tracing.git from cache (0.75s)
[5064/16880] Fetching swift-nio-ssl
Fetched https://github.com/apple/swift-nio-ssl.git from cache (1.41s)
Computing version for https://github.com/apple/swift-service-context.git
Computed https://github.com/apple/swift-service-context.git at 1.3.0 (2.25s)
Computing version for https://github.com/apple/swift-algorithms.git
Computed https://github.com/apple/swift-algorithms.git at 1.2.1 (0.89s)
Fetching https://github.com/apple/swift-numerics.git
[1/6742] Fetching swift-numerics
Fetched https://github.com/apple/swift-numerics.git from cache (0.55s)
Computing version for https://github.com/apple/swift-log
Computed https://github.com/apple/swift-log at 1.16.1 (0.72s)
Computing version for https://github.com/apple/swift-distributed-tracing.git
Computed https://github.com/apple/swift-distributed-tracing.git at 1.5.0 (0.16s)
Computing version for https://github.com/apple/swift-atomics.git
Computed https://github.com/apple/swift-atomics.git at 1.3.1 (0.15s)
Computing version for https://github.com/apple/swift-numerics.git
Computed https://github.com/apple/swift-numerics.git at 1.1.1 (0.14s)
Computing version for https://github.com/apple/swift-nio
Computed https://github.com/apple/swift-nio at 2.104.0 (0.36s)
Fetching https://github.com/apple/swift-collections.git
[1/28703] Fetching swift-collections
Fetched https://github.com/apple/swift-collections.git from cache (1.23s)
Computing version for https://github.com/apple/swift-configuration.git
Computed https://github.com/apple/swift-configuration.git at 1.2.2 (2.04s)
Fetching https://github.com/swift-server/swift-service-lifecycle
[1/2867] Fetching swift-service-lifecycle
Fetched https://github.com/swift-server/swift-service-lifecycle from cache (0.51s)
Computing version for https://github.com/apple/swift-nio-transport-services.git
Computed https://github.com/apple/swift-nio-transport-services.git at 1.28.0 (0.68s)
Computing version for https://github.com/swift-server/swift-service-lifecycle
Computed https://github.com/swift-server/swift-service-lifecycle at 2.12.1 (0.15s)
Fetching https://github.com/apple/swift-async-algorithms.git
[1/6820] Fetching swift-async-algorithms
Fetched https://github.com/apple/swift-async-algorithms.git from cache (0.56s)
Computing version for https://github.com/apple/swift-async-algorithms.git
Computed https://github.com/apple/swift-async-algorithms.git at 1.1.7 (0.77s)
Computing version for https://github.com/apple/swift-collections.git
Computed https://github.com/apple/swift-collections.git at 1.7.2 (0.24s)
Computing version for https://github.com/apple/swift-nio-http2.git
Computed https://github.com/apple/swift-nio-http2.git at 1.46.0 (0.16s)
Computing version for https://github.com/vapor/jwt-kit.git
Computed https://github.com/vapor/jwt-kit.git at 5.7.1 (0.15s)
Fetching https://github.com/apple/swift-certificates.git
Fetching https://github.com/apple/swift-crypto.git
[1/18629] Fetching swift-crypto
[2/26242] Fetching swift-crypto, swift-certificates
Fetched https://github.com/apple/swift-certificates.git from cache (0.58s)
[2050/18629] Fetching swift-crypto
Fetched https://github.com/apple/swift-crypto.git from cache (1.27s)
Computing version for https://github.com/apple/swift-crypto.git
Computed https://github.com/apple/swift-crypto.git at 4.5.2 (1.88s)
Fetching https://github.com/apple/swift-asn1.git
[1/2009] Fetching swift-asn1
Fetched https://github.com/apple/swift-asn1.git from cache (0.40s)
Computing version for https://github.com/apple/swift-asn1.git
Computed https://github.com/apple/swift-asn1.git at 1.7.3 (0.59s)
Computing version for https://github.com/apple/swift-certificates.git
Computed https://github.com/apple/swift-certificates.git at 1.21.0 (0.21s)
Computing version for https://github.com/apple/swift-nio-ssl.git
Computed https://github.com/apple/swift-nio-ssl.git at 2.37.5 (0.19s)
Computing version for https://github.com/apple/swift-system.git
Computed https://github.com/apple/swift-system.git at 1.8.1 (0.19s)
Computing version for https://github.com/apple/swift-nio-extras.git
Computed https://github.com/apple/swift-nio-extras.git at 1.35.1 (0.27s)
Fetching https://github.com/apple/swift-http-types.git
Fetching https://github.com/apple/swift-http-structured-headers.git
[1/1939] Fetching swift-http-types
Fetched https://github.com/apple/swift-http-types.git from cache (0.37s)
[1/1253] Fetching swift-http-structured-headers
Fetched https://github.com/apple/swift-http-structured-headers.git from cache (0.46s)
Computing version for https://github.com/apple/swift-http-structured-headers.git
Computed https://github.com/apple/swift-http-structured-headers.git at 1.7.0 (0.62s)
Computing version for https://github.com/apple/swift-http-types.git
Computed https://github.com/apple/swift-http-types.git at 1.8.0 (0.17s)
Creating working copy for https://github.com/googleapis/swift-google-gax
Working copy of https://github.com/googleapis/swift-google-gax resolved at 0.5.0
Creating working copy for https://github.com/apple/swift-crypto.git
Working copy of https://github.com/apple/swift-crypto.git resolved at 4.5.2
Creating working copy for https://github.com/apple/swift-nio
Working copy of https://github.com/apple/swift-nio resolved at 2.104.0
Creating working copy for https://github.com/apple/swift-collections.git
Working copy of https://github.com/apple/swift-collections.git resolved at 1.7.2
Creating working copy for https://github.com/apple/swift-algorithms.git
Working copy of https://github.com/apple/swift-algorithms.git resolved at 1.2.1
Creating working copy for https://github.com/apple/swift-atomics.git
Working copy of https://github.com/apple/swift-atomics.git resolved at 1.3.1
Creating working copy for https://github.com/apple/swift-service-context.git
Working copy of https://github.com/apple/swift-service-context.git resolved at 1.3.0
Creating working copy for https://github.com/googleapis/swift-google-wkt
Working copy of https://github.com/googleapis/swift-google-wkt resolved at 0.5.0
Creating working copy for https://github.com/apple/swift-nio-http2.git
Working copy of https://github.com/apple/swift-nio-http2.git resolved at 1.46.0
Creating working copy for https://github.com/swift-server/async-http-client.git
Working copy of https://github.com/swift-server/async-http-client.git resolved at 1.36.2
Creating working copy for https://github.com/apple/swift-certificates.git
Working copy of https://github.com/apple/swift-certificates.git resolved at 1.21.0
Creating working copy for https://github.com/googleapis/swift-google-rpc
Working copy of https://github.com/googleapis/swift-google-rpc resolved at 0.5.0
Creating working copy for https://github.com/apple/swift-distributed-tracing.git
Working copy of https://github.com/apple/swift-distributed-tracing.git resolved at 1.5.0
Creating working copy for https://github.com/swift-server/swift-service-lifecycle
Working copy of https://github.com/swift-server/swift-service-lifecycle resolved at 2.12.1
Creating working copy for https://github.com/vapor/jwt-kit.git
Working copy of https://github.com/vapor/jwt-kit.git resolved at 5.7.1
Creating working copy for https://github.com/googleapis/swift-google-auth
Working copy of https://github.com/googleapis/swift-google-auth resolved at 0.5.0
Creating working copy for https://github.com/googleapis/swift-google-longrunning
Working copy of https://github.com/googleapis/swift-google-longrunning resolved at 0.5.0
Creating working copy for https://github.com/apple/swift-async-algorithms.git
Working copy of https://github.com/apple/swift-async-algorithms.git resolved at 1.1.7
Creating working copy for https://github.com/apple/swift-asn1.git
Working copy of https://github.com/apple/swift-asn1.git resolved at 1.7.3
Creating working copy for https://github.com/apple/swift-http-types.git
Working copy of https://github.com/apple/swift-http-types.git resolved at 1.8.0
Creating working copy for https://github.com/swift-extras/swift-extras-base64
Working copy of https://github.com/swift-extras/swift-extras-base64 resolved at 1.2.0
Creating working copy for https://github.com/apple/swift-log
Working copy of https://github.com/apple/swift-log resolved at 1.16.1
Creating working copy for https://github.com/apple/swift-nio-transport-services.git
Working copy of https://github.com/apple/swift-nio-transport-services.git resolved at 1.28.0
Creating working copy for https://github.com/apple/swift-http-structured-headers.git
Working copy of https://github.com/apple/swift-http-structured-headers.git resolved at 1.7.0
Creating working copy for https://github.com/apple/swift-system.git
Working copy of https://github.com/apple/swift-system.git resolved at 1.8.1
Creating working copy for https://github.com/apple/swift-nio-extras.git
Working copy of https://github.com/apple/swift-nio-extras.git resolved at 1.35.1
Creating working copy for https://github.com/apple/swift-nio-ssl.git
Working copy of https://github.com/apple/swift-nio-ssl.git resolved at 2.37.5
Creating working copy for https://github.com/apple/swift-configuration.git
Working copy of https://github.com/apple/swift-configuration.git resolved at 1.2.2
Creating working copy for https://github.com/apple/swift-numerics.git
Working copy of https://github.com/apple/swift-numerics.git resolved at 1.1.1
Building for debugging...
[0/1024] Write sources
[41/1024] Write swift-version--11D90AFD9DD3AB2.txt
[41/1024] Compiling e_null.cc
[42/1024] Write sources
[42/1024] Compiling e_des.cc
[42/1024] Write sources
[61/1024] Compiling e_chacha20poly1305.cc
[79/1024] Compiling _NumericsShims _NumericsShims.c
[80/1024] Compiling _AtomicsShims.c
[81/1024] Compiling e_rc4.cc
[82/1024] Compiling SimpleFIPS202.c
[83/1024] Compiling CXKCPShims shims.c
[84/1052] Compiling bio_mem.cc
[85/1063] Compiling e_rc2.cc
[87/1074] Emitting module RealModule
[87/1075] Compiling evp_ctx.cc
[89/1103] Emitting module InternalCollectionsUtilities
[90/1106] Compiling RealModule RelaxedArithmetic.swift
[91/1106] Compiling InternalCollectionsUtilities UnsafeRawBufferPointer+Extras.swift
[92/1106] Compiling InternalCollectionsUtilities _SortedCollection.swift
[93/1106] Compiling InternalCollectionsUtilities _UniqueCollection.swift
[94/1106] Compiling InternalCollectionsUtilities Strideable+LimitHelpers.swift
[95/1106] Compiling InternalCollectionsUtilities String+Padding.swift
[96/1106] Compiling InternalCollectionsUtilities TemporaryAllocation.swift
[97/1106] Compiling InternalCollectionsUtilities _UnsafeBitSet+Index.swift
[98/1106] Emitting module ServiceContextModule
[99/1106] Compiling ServiceContextModule ServiceContext.swift
[100/1106] Compiling ServiceContextModule ServiceContextKey.swift
[101/1107] Compiling InternalCollectionsUtilities _UnsafeBitSet+_Word.swift
[102/1107] Compiling InternalCollectionsUtilities _UnsafeBitSet.swift
[103/1107] Compiling InternalCollectionsUtilities UnsafeBufferPointer+Extras.swift
[104/1107] Compiling InternalCollectionsUtilities UnsafeMutableBufferPointer+Extras.swift
[105/1107] Compiling InternalCollectionsUtilities UnsafeMutablePointer+Extras.swift
[106/1107] Compiling InternalCollectionsUtilities UnsafeMutableRawBufferPointer+Extras.swift
[107/1107] Compiling InternalCollectionsUtilities UnsafePointer+Extras.swift
[108/1107] Emitting module _CertificateInternals
[109/1107] Compiling _CertificateInternals _TinyArray.swift
[112/1108] Compiling InternalCollectionsUtilities FixedWidthInteger+roundUpToPowerOfTwo.swift
[113/1108] Compiling InternalCollectionsUtilities Integer rank.swift
[114/1108] Compiling InternalCollectionsUtilities UInt+first and last set bit.swift
[115/1108] Compiling InternalCollectionsUtilities UInt+reversed.swift
[116/1108] Emitting module _NIOBase64
[117/1108] Compiling _NIOBase64 Base64.swift
[122/1109] Compiling InternalCollectionsUtilities BorrowingIteratorProtocol+Equality.swift
[123/1109] Compiling InternalCollectionsUtilities BorrowingIteratorProtocol+Extras.swift
[124/1109] Compiling RealModule Float16+Real.swift
[125/1109] Compiling Logging LoggingSystem.swift
[129/1121] Compiling RealModule RealFunctions.swift
[129/1121] Wrapping AST for _CertificateInternals for debugging
[131/1121] Compiling InternalCollectionsUtilities MutableSpan+Extras.swift
[132/1121] Compiling InternalCollectionsUtilities OutputSpan+Extras.swift
[133/1121] Compiling InternalCollectionsUtilities RandomAccessCollection+Offsets.swift
[134/1121] Compiling InternalCollectionsUtilities Span+Extras.swift
[135/1121] Compiling InternalCollectionsUtilities Iterable+CopyContents.swift
[136/1121] Compiling InternalCollectionsUtilities Iterable+Equality.swift
[137/1121] Compiling InternalCollectionsUtilities LifetimeOverride.swift
[138/1121] Compiling InternalCollectionsUtilities MutableRef.swift
[141/1121] Compiling InternalCollectionsUtilities Debugging.swift
[142/1121] Compiling InternalCollectionsUtilities Descriptions.swift
[142/1121] Wrapping AST for _NIOBase64 for debugging
[143/1121] Compiling Instrumentation NoOpInstrument.swift
[145/1122] Compiling RealModule Float80+Real.swift
[146/1122] Compiling RealModule Real.swift
[146/1122] Wrapping AST for ServiceContextModule for debugging
[148/1123] Emitting module Instrumentation
[148/1123] Compiling KeccakSponge.c
[150/1123] Compiling Instrumentation Instrument.swift
[153/1123] Compiling Instrumentation MultiplexInstrument.swift
[153/1123] Compiling KeccakHash.c
[155/1123] Compiling Logging Logger+Attributes.swift
[155/1123] Wrapping AST for RealModule for debugging
[156/1125] Wrapping AST for InternalCollectionsUtilities for debugging
[158/1126] Compiling _NIODataStructures Heap.swift
[159/1126] Emitting module _NIODataStructures
[160/1127] Compiling SpanPreview OutputSpan+InputSpanHelpers.swift
[160/1127] Compiling CSystem shims.c
[162/1127] Emitting module SpanPreview
[163/1127] Compiling SpanPreview MutableSpan+InputSpanHelpers.swift
[163/1127] Compiling CNIOWindows shim.c
[164/1127] Compiling KeccakP-1600-opt64.c
[166/1127] Compiling _NIODataStructures _TinyArray.swift
[167/1127] Compiling _NIODataStructures PriorityQueue.swift
[167/1127] Compiling CNIOWindows WSAStartup.c
[169/1127] Compiling SpanPreview InputSpan.swift
[169/1129] Compiling CNIOWASI CNIOWASI.c
[171/1135] Compiling CNIOPosix event_loop_id.c
[174/1161] Compiling Logging Logger+With.swift
[174/1164] Compiling CNIOOpenBSD shim.c
[176/1166] Compiling Logging Logger.swift
[176/1166] Compiling CNIOLinux liburing_shims.c
[178/1166] Compiling SystemPackage FilePathParsing.swift
[179/1166] Compiling SystemPackage FilePathString.swift
[179/1166] Wrapping AST for _NIODataStructures for debugging
[181/1166] Compiling SystemPackage FilePathComponentView.swift
[182/1166] Compiling SystemPackage FilePathComponents.swift
[182/1168] Compiling CNIOLinux shim.c
[183/1168] Wrapping AST for SpanPreview for debugging
[185/1168] Compiling SystemPackage FileHelpers.swift
[186/1168] Compiling SystemPackage FileOperations.swift
[187/1168] Compiling SystemPackage FilePath.swift
[187/1175] Compiling CNIOLLHTTP c_nio_http.c
[189/1210] Compiling DequeModule RigidDeque+Initializers.swift
[190/1210] Compiling DequeModule RigidDeque+Insertions.swift
[191/1210] Compiling DequeModule RigidDeque+Iterable.swift
[192/1210] Compiling DequeModule RigidDeque+Prepend.swift
[193/1210] Compiling DequeModule RigidDeque+Removals.swift
[194/1215] Compiling SystemPackage SystemString.swift
[195/1215] Compiling SystemPackage Util+StringArray.swift
[196/1215] Compiling SystemPackage Util.swift
[197/1215] Compiling SystemPackage UtilConsumers.swift
[198/1215] Compiling SystemPackage WinSDK+Overlay.swift
[198/1220] Compiling CNIOLLHTTP c_nio_api.c
[199/1220] Compiling CNIOFreeBSD shim.c
[200/1220] Compiling CNIOLLHTTP c_nio_llhttp.c
[201/1220] Compiling CNIOExtrasZlib zutil.c
[203/1220] Compiling DequeModule RigidDeque+Append.swift
[204/1220] Compiling DequeModule RigidDeque+Consumption.swift
[204/1220] Compiling CNIOExtrasZlib inftrees.c
[205/1220] Compiling CNIOExtrasZlib trees.c
[206/1220] Compiling CNIOExtrasZlib inflate.c
[208/1220] Compiling DequeModule UniqueDeque+Consumption.swift
[209/1220] Compiling DequeModule UniqueDeque+ContainerOperations.swift
[210/1220] Compiling DequeModule UniqueDeque+Deprecations.swift
[211/1220] Compiling DequeModule UniqueDeque+Descriptions.swift
[212/1220] Compiling DequeModule UniqueDeque+Equatable.swift
[213/1220] Compiling DequeModule UniqueDeque+Hashable.swift
[213/1220] Compiling CNIOExtrasZlib inffast.c
[214/1220] Compiling CNIOExtrasZlib deflate.c
[215/1220] Compiling CNIOExtrasZlib adler32.c
[216/1220] Compiling CNIODarwin shim.c
[217/1220] Compiling CNIOExtrasZlib crc32.c
[219/1220] Compiling DequeModule _DequeBuffer.swift
[220/1220] Compiling DequeModule _DequeBufferHeader.swift
[223/1220] Compiling DequeModule RigidDeque+ContainerOperations.swift
[224/1220] Compiling DequeModule RigidDeque+Deprecations.swift
[224/1220] Compiling fiat_p256_adx_sqr.S
[225/1220] Compiling CNIOBoringSSLShims shims.c
[226/1220] Compiling fiat_curve25519_adx_square.S
[227/1220] Compiling fiat_p256_adx_mul.S
[228/1220] Compiling fiat_curve25519_adx_mul.S
[230/1220] Compiling DequeModule RigidDeque+Descriptions.swift
[231/1220] Compiling DequeModule RigidDeque+Equatable.swift
[232/1220] Compiling DequeModule RigidDeque+Hashable.swift
[238/1220] Compiling DequeModule RigidDeque+Replacements.swift
[239/1220] Compiling DequeModule RigidDeque+Testing.swift
[240/1220] Compiling DequeModule RigidDeque.swift
[241/1220] Compiling DequeModule UniqueDeque+Append.swift
[242/1220] Compiling DequeModule Deque+Codable.swift
[243/1220] Compiling DequeModule Deque+Collection.swift
[244/1220] Compiling DequeModule Deque+CustomReflectable.swift
[245/1220] Compiling ExtrasBase64 Base32.swift
[246/1220] Compiling ExtrasBase64 Base32+Span.swift
[249/1220] Emitting module Logging
[250/1220] Compiling Instrumentation Locks.swift
[251/1220] Compiling Instrumentation InstrumentationSystem.swift
[252/1220] Compiling DequeModule Deque.swift
[267/1221] Compiling Logging MetadataProvider.swift
[269/1221] Compiling DequeModule Deque+Descriptions.swift
[279/1222] Compiling DequeModule Deque._UnsafeHandle.swift
[282/1222] Compiling DequeModule Deque+Extras.swift
[283/1222] Compiling DequeModule Deque+Hashable.swift
[284/1222] Compiling DequeModule Deque+Testing.swift
[285/1222] Compiling DequeModule Deque._Storage.swift
[292/1222] Compiling DequeModule Deque+Equatable.swift
[293/1222] Compiling DequeModule Deque+ExpressibleByArrayLiteral.swift
[294/1222] Compiling tls_method.cc
[296/1222] Emitting module SystemPackage
[302/1230] Wrapping AST for Logging for debugging
[308/1230] Wrapping AST for Instrumentation for debugging
[310/1230] Compiling Tracing TracingTime.swift
[311/1231] Emitting module SwiftASN1
[312/1232] Compiling Tracing TracerProtocol.swift
[313/1232] Compiling Tracing WithTracer.swift
[314/1232] Compiling Tracing Tracer.swift
[322/1233] Compiling Tracing TracerProtocol+Legacy.swift
[322/1233] Compiling tls_record.cc
[323/1233] Wrapping AST for SwiftASN1 for debugging
[324/1233] Wrapping AST for SystemPackage for debugging
[326/1233] Emitting module Tracing
[327/1233] Compiling Tracing NoOpTracer.swift
[328/1233] Compiling Tracing InstrumentationSystem+Tracing.swift
[329/1233] Compiling Tracing SpanProtocol.swift
[330/1234] Wrapping AST for Tracing for debugging
[332/1234] Compiling DequeModule UniqueDeque+Replacements.swift
[333/1234] Compiling DequeModule UniqueDeque.swift
[334/1234] Compiling DequeModule _DequeSlot.swift
[335/1234] Compiling DequeModule _UnsafeDequeHandle.swift
[336/1234] Compiling DequeModule _UnsafeDequeSegments.swift
[336/1234] Compiling tls13_server.cc
[337/1234] Compiling tls13_enc.cc
[338/1234] Compiling tls13_both.cc
[339/1234] Compiling tls13_client.cc
[341/1234] Emitting module DequeModule
[341/1235] Compiling t1_enc.cc
[343/1235] Compiling ssl_x509.cc
[344/1235] Compiling ssl_versions.cc
[345/1235] Compiling ssl_stat.cc
[345/1235] Compiling ssl_transcript.cc
[347/1278] Wrapping AST for DequeModule for debugging
[348/1278] Compiling ssl_session.cc
[349/1278] Compiling ssl_privkey.cc
[351/1278] Compiling ExtrasBase64 Base64+Span.swift
[352/1278] Compiling ExtrasBase64 Base64.swift
[352/1278] Compiling ssl_key_share.cc
[353/1278] Compiling ssl_lib.cc
[355/1278] Emitting module ExtrasBase64
[356/1279] Compiling ssl_file.cc
[358/1279] Compiling Configuration EnvironmentKeyEncoder.swift
[359/1279] Compiling Configuration EnvironmentVariablesProvider.swift
[360/1279] Compiling Configuration CommonProviderFileSystem.swift
[361/1279] Compiling Configuration DirectoryFilesProvider.swift
[362/1279] Compiling Configuration FileProvider.swift
[363/1279] Compiling Configuration FileProviderSnapshot.swift
[363/1284] Compiling ssl_buffer.cc
[364/1284] Compiling ssl_credential.cc
[365/1315] Compiling ssl_cipher.cc
[366/1315] Wrapping AST for ExtrasBase64 for debugging
[367/1315] Compiling ssl_cert.cc
[368/1315] Compiling ssl_asn1.cc
[369/1315] Compiling ssl_aead_ctx.cc
[371/1315] Emitting module GoogleWKT
[371/1319] Compiling s3_pkt.cc
[372/1319] Compiling s3_both.cc
[374/1319] Compiling GoogleWKT WKTEmpty.swift
[375/1319] Compiling GoogleWKT WKTFieldMask.swift
[376/1319] Compiling GoogleWKT WKTFloatValue.swift
[377/1319] Compiling GoogleWKT WKTInt32Value.swift
[378/1319] Compiling GoogleWKT WKTInt64Value.swift
[379/1319] Compiling GoogleWKT WKTRecursive.swift
[380/1319] Compiling Configuration CombineLatestManyStorage.swift
[381/1319] Compiling Configuration AsyncSequences.swift
[382/1319] Compiling Configuration FoundationExtensions.swift
[383/1319] Compiling Configuration Span.swift
[384/1319] Compiling Configuration ConfigBytesFromStringDecoder.swift
[385/1319] Compiling GoogleWKT WKTField.swift
[386/1319] Compiling GoogleWKT WKTMethod.swift
[387/1319] Compiling GoogleWKT WKTMixin.swift
[388/1319] Compiling GoogleWKT WKTOption.swift
[389/1319] Compiling GoogleWKT WKTDoubleValue.swift
[390/1319] Compiling GoogleWKT WKTDuration.swift
[393/1319] Compiling GoogleWKT UnknownFields.swift
[394/1319] Compiling GoogleWKT WKTAny.swift
[395/1319] Compiling GoogleWKT WKTAnyError.swift
[396/1319] Compiling GoogleWKT WKTBoolValue.swift
[397/1319] Compiling GoogleWKT WKTBytesValue.swift
[401/1319] Compiling s3_lib.cc
[403/1319] Compiling GoogleWKT WKTValue.swift
[404/1319] Compiling GoogleWKT WKTApi.swift
[405/1319] Compiling GoogleWKT WKTEnum.swift
[406/1319] Compiling GoogleWKT WKTEnumValue.swift
[407/1319] Compiling GoogleWKT WKTStringValue.swift
[408/1319] Compiling GoogleWKT WKTTimestamp.swift
[409/1319] Compiling GoogleWKT WKTUInt32Value.swift
[410/1319] Compiling GoogleWKT WKTUInt64Value.swift
[411/1319] Compiling Configuration JSONSnapshot.swift
[412/1319] Compiling Configuration PropertyListSnapshot.swift
[413/1319] Compiling Configuration ReloadingFileProvider.swift
[414/1319] Compiling Configuration ReloadingFileProviderMetrics.swift
[415/1319] Compiling Configuration YAMLSnapshot.swift
[416/1319] Compiling Configuration InMemoryProvider.swift
[423/1319] Compiling GoogleWKT WKTSourceContext.swift
[424/1319] Compiling GoogleWKT WKTSyntax.swift
[425/1319] Compiling GoogleWKT WKTType.swift
[426/1319] Compiling GoogleWKT PackageVersion.swift
[427/1319] Compiling Configuration AsyncCombineLatestManySequence.swift
[428/1319] Compiling Configuration CombineLatestManyStateMachine.swift
[433/1319] Compiling GoogleWKT AnyPackable.swift
[434/1319] Compiling GoogleWKT DecodeToDefault.swift
[435/1319] Compiling GoogleWKT DiscoveryBase64.swift
[436/1319] Compiling GoogleWKT ProtoJSONDecoder.swift
[437/1319] Compiling GoogleWKT ProtoJSONEncoder.swift
[437/1320] Compiling handshake_server.cc
[439/1320] Compiling handshake_client.cc
[440/1335] Compiling handshake.cc
[441/1335] Wrapping AST for GoogleWKT for debugging
[443/1335] Compiling GoogleRpc RequestInfo.swift
[444/1335] Compiling GoogleRpc ResourceInfo.swift
[445/1337] Compiling GoogleRpc Help.swift
[446/1337] Compiling GoogleRpc HttpHeader.swift
[447/1337] Emitting module Configuration
[448/1337] Compiling GoogleRpc BadRequest.swift
[449/1337] Compiling GoogleRpc Code.swift
[450/1337] Compiling GoogleRpc DebugInfo.swift
[451/1337] Compiling GoogleRpc ErrorInfo.swift
[454/1337] Compiling GoogleRpc LocalizedMessage.swift
[455/1337] Compiling GoogleRpc PackageVersion.swift
[456/1337] Compiling GoogleRpc HttpRequest.swift
[457/1337] Compiling GoogleRpc HttpResponse.swift
[458/1337] Compiling GoogleRpc PreconditionFailure.swift
[459/1337] Compiling GoogleRpc QuotaFailure.swift
[460/1338] Compiling encrypted_client_hello.cc
[464/1338] Compiling GoogleRpc RetryInfo.swift
[465/1338] Compiling GoogleRpc Status.swift
[465/1338] Compiling handoff.cc
[469/1338] Emitting module GoogleRpc
[469/1338] Wrapping AST for Configuration for debugging
[470/1338] Compiling dtls_record.cc
[471/1338] Compiling dtls_method.cc
[472/1338] Compiling md5-x86_64-linux.S
[480/1339] Compiling md5-x86_64-apple.S
[481/1339] Compiling md5-586-linux.S
[482/1339] Compiling md5-586-apple.S
[483/1339] Compiling d1_srtp.cc
[484/1339] Wrapping AST for GoogleRpc for debugging
[485/1339] Compiling chacha20_poly1305_x86_64-linux.S
[486/1339] Compiling chacha20_poly1305_x86_64-apple.S
[487/1339] Compiling chacha20_poly1305_armv8-win.S
[488/1339] Compiling chacha20_poly1305_armv8-apple.S
[489/1339] Compiling chacha20_poly1305_armv8-linux.S
[490/1339] Compiling extensions.cc
[491/1339] Compiling chacha-x86_64-linux.S
[492/1339] Compiling chacha-x86_64-apple.S
[493/1339] Compiling chacha-x86-linux.S
[494/1339] Compiling chacha-x86-apple.S
[495/1339] Compiling chacha-armv8-win.S
[496/1339] Compiling chacha-armv8-linux.S
[496/1339] Compiling d1_lib.cc
[498/1339] Compiling chacha-armv8-apple.S
[499/1339] Compiling chacha-armv4-linux.S
[500/1339] Compiling aes128gcmsiv-x86_64-apple.S
[501/1339] Compiling aes128gcmsiv-x86_64-linux.S
[502/1339] Compiling x86_64-mont5-linux.S
[503/1339] Compiling x86_64-mont5-apple.S
[504/1339] Compiling x86_64-mont-linux.S
[505/1339] Compiling x86_64-mont-apple.S
[506/1339] Compiling x86-mont-linux.S
[507/1339] Compiling bio_ssl.cc
[508/1339] Compiling d1_pkt.cc
[509/1339] Compiling x86-mont-apple.S
[510/1339] Compiling vpaes-x86_64-linux.S
[511/1339] Compiling vpaes-x86_64-apple.S
[512/1339] Compiling err_data.cc
[513/1339] Compiling vpaes-x86-linux.S
[514/1339] Compiling vpaes-x86-apple.S
[515/1339] Compiling vpaes-armv8-apple.S
[516/1339] Compiling vpaes-armv8-win.S
[517/1339] Compiling vpaes-armv8-linux.S
[518/1339] Compiling sha512-x86_64-apple.S
[519/1339] Compiling sha512-x86_64-linux.S
[520/1339] Compiling vpaes-armv7-linux.S
[521/1339] Compiling sha512-armv8-win.S
[522/1339] Compiling sha512-armv8-apple.S
[523/1339] Compiling sha512-armv4-linux.S
[524/1339] Compiling sha256-x86_64-linux.S
[525/1339] Compiling sha256-x86_64-apple.S
[526/1339] Compiling sha512-586-linux.S
[527/1339] Compiling sha512-armv8-linux.S
[528/1339] Compiling sha512-586-apple.S
[529/1339] Compiling sha256-armv8-win.S
[530/1339] Compiling sha256-armv4-linux.S
[531/1339] Compiling sha256-armv8-apple.S
[532/1339] Compiling sha256-586-apple.S
[533/1339] Compiling sha256-armv8-linux.S
[534/1339] Compiling sha1-x86_64-linux.S
[535/1339] Compiling sha1-x86_64-apple.S
[536/1339] Compiling sha256-586-linux.S
[537/1339] Compiling sha1-armv8-win.S
[538/1339] Compiling sha1-armv8-apple.S
[539/1339] Compiling sha1-586-linux.S
[540/1339] Compiling sha1-586-apple.S
[541/1339] Compiling sha1-armv4-large-linux.S
[542/1339] Compiling rsaz-avx2-linux.S
[543/1339] Compiling sha1-armv8-linux.S
[544/1339] Compiling rsaz-avx2-apple.S
[545/1339] Compiling rdrand-x86_64-linux.S
[546/1339] Compiling p256_beeu-x86_64-asm-linux.S
[547/1339] Compiling d1_both.cc
[548/1339] Compiling rdrand-x86_64-apple.S
[549/1339] Compiling p256_beeu-armv8-asm-win.S
[550/1339] Compiling p256_beeu-x86_64-asm-apple.S
[551/1339] Compiling p256_beeu-armv8-asm-linux.S
[552/1339] Compiling p256-x86_64-asm-linux.S
[553/1339] Compiling p256_beeu-armv8-asm-apple.S
[554/1339] Compiling p256-x86_64-asm-apple.S
[555/1339] Compiling p256-armv8-asm-win.S
[556/1339] Compiling ghashv8-armv8-win.S
[557/1339] Compiling ghashv8-armv8-linux.S
[558/1339] Compiling ghashv8-armv8-apple.S
[559/1339] Compiling p256-armv8-asm-apple.S
[560/1339] Compiling ghashv8-armv7-linux.S
[561/1339] Compiling ghash-x86_64-linux.S
[562/1339] Compiling p256-armv8-asm-linux.S
[563/1339] Compiling ghash-x86_64-apple.S
[564/1339] Compiling ghash-x86-apple.S
[564/1339] Compiling ghash-x86-linux.S
[566/1339] Compiling ghash-ssse3-x86_64-linux.S
[567/1339] Compiling ghash-ssse3-x86_64-apple.S
[568/1339] Compiling ghash-ssse3-x86-apple.S
[569/1339] Compiling ghash-ssse3-x86-linux.S
[570/1339] Compiling ghash-armv4-linux.S
[571/1339] Compiling ghash-neon-armv8-linux.S
[572/1339] Compiling ghash-neon-armv8-win.S
[573/1339] Compiling co-586-linux.S
[574/1339] Compiling ghash-neon-armv8-apple.S
[575/1339] Compiling bsaes-armv7-linux.S
[576/1339] Compiling co-586-apple.S
[577/1339] Compiling bn-armv8-win.S
[578/1339] Compiling bn-armv8-apple.S
[579/1339] Compiling bn-586-linux.S
[580/1339] Compiling armv8-mont-win.S
[580/1339] Compiling bn-586-apple.S
[582/1339] Compiling bn-armv8-linux.S
[583/1339] Compiling armv8-mont-linux.S
[584/1339] Compiling armv8-mont-apple.S
[585/1339] Compiling aesv8-gcm-armv8-apple.S
[586/1339] Compiling armv4-mont-linux.S
[587/1339] Compiling aesv8-gcm-armv8-linux.S
[588/1339] Compiling aesv8-armv8-win.S
[589/1339] Compiling aesv8-armv8-linux.S
[590/1339] Compiling aesv8-gcm-armv8-win.S
[591/1339] Compiling aesv8-armv8-apple.S
[592/1339] Compiling aesni-x86_64-linux.S
[593/1339] Compiling aesv8-armv7-linux.S
[594/1339] Compiling aesni-x86-apple.S
[595/1339] Compiling aesni-x86_64-apple.S
[596/1339] Compiling aesni-gcm-x86_64-apple.S
[596/1339] Compiling aesni-x86-linux.S
[598/1339] Compiling aesni-gcm-x86_64-linux.S
[599/1339] Compiling aes-gcm-avx2-x86_64-apple.S
[600/1339] Compiling aes-gcm-avx2-x86_64-linux.S
[601/1339] Compiling aes-gcm-avx10-x86_64-apple.S
[602/1339] Compiling aes-gcm-avx10-x86_64-linux.S
[603/1339] Compiling x_req.cc
[604/1339] Compiling x_pubkey.cc
[605/1339] Compiling x_x509a.cc
[606/1339] Compiling x_sig.cc
[607/1339] Compiling x_spki.cc
[608/1339] Compiling x_val.cc
[609/1339] Compiling x_name.cc
[610/1339] Compiling x_exten.cc
[611/1339] Compiling x_x509.cc
[612/1339] Compiling x_all.cc
[613/1339] Compiling x_attrib.cc
[614/1339] Compiling x_crl.cc
[614/1339] Compiling x509name.cc
[616/1339] Compiling x509spki.cc
[617/1339] Compiling x_algor.cc
[618/1339] Compiling x509_vpm.cc
[619/1339] Compiling x509cset.cc
[620/1339] Compiling x509rset.cc
[621/1339] Compiling x509_v3.cc
[622/1339] Compiling x509_req.cc
[623/1339] Compiling x509_set.cc
[624/1339] Compiling x509_txt.cc
[625/1339] Compiling x509_lu.cc
[626/1339] Compiling x509_ext.cc
[627/1339] Compiling x509_vfy.cc
[628/1339] Compiling x509_obj.cc
[629/1339] Compiling x509_def.cc
[630/1339] Compiling x509_trs.cc
[631/1339] Compiling x509_d2.cc
[632/1339] Compiling x509.cc
[633/1339] Compiling v3_purp.cc
[634/1339] Compiling x509_att.cc
[635/1339] Compiling x509_cmp.cc
[636/1339] Compiling v3_skey.cc
[637/1339] Compiling v3_utl.cc
[638/1339] Compiling v3_pcons.cc
[639/1339] Compiling v3_ocsp.cc
[640/1339] Compiling v3_pmaps.cc
[641/1339] Compiling v3_prn.cc
[642/1339] Compiling v3_ncons.cc
[643/1339] Compiling v3_genn.cc
[644/1339] Compiling v3_int.cc
[645/1339] Compiling v3_info.cc
[646/1339] Compiling v3_lib.cc
[647/1339] Compiling v3_ia5.cc
[648/1339] Compiling v3_crld.cc
[649/1339] Compiling v3_enum.cc
[650/1339] Compiling v3_extku.cc
[651/1339] Compiling v3_cpols.cc
[652/1339] Compiling v3_akeya.cc
[653/1339] Compiling v3_bitst.cc
[654/1339] Compiling t_x509.cc
[655/1339] Compiling v3_alt.cc
[656/1339] Compiling v3_conf.cc
[657/1339] Compiling v3_akey.cc
[658/1339] Compiling v3_bcons.cc
[659/1339] Compiling t_req.cc
[660/1339] Compiling t_x509a.cc
[661/1339] Compiling rsa_pss.cc
[662/1339] Compiling policy.cc
[663/1339] Compiling i2d_pr.cc
[664/1339] Compiling t_crl.cc
[665/1339] Compiling by_file.cc
[666/1339] Compiling by_dir.cc
[667/1339] Compiling algorithm.cc
[668/1339] Compiling name_print.cc
[669/1339] Compiling asn1_gen.cc
[670/1339] Compiling a_sign.cc
[671/1339] Compiling a_verify.cc
[672/1339] Compiling pmbtoken.cc
[673/1339] Compiling voprf.cc
[674/1339] Compiling thread_none.cc
[675/1339] Compiling thread_pthread.cc
[676/1339] Compiling thread_win.cc
[677/1339] Compiling a_digest.cc
[678/1339] Compiling stack.cc
[679/1339] Compiling trust_token.cc
[679/1339] Compiling thread.cc
[680/1339] Compiling slhdsa.cc
[682/1339] Compiling sha512.cc
[683/1339] Compiling sha1.cc
[684/1339] Compiling spake2plus.cc
[685/1339] Compiling siphash.cc
[686/1339] Compiling sha256.cc
[687/1339] Compiling refcount.cc
[688/1339] Compiling rsa_crypt.cc
[689/1339] Compiling rsa_extra.cc
[690/1339] Compiling rsa_print.cc
[691/1339] Compiling urandom.cc
[692/1339] Compiling windows.cc
[693/1339] Compiling rc4.cc
[694/1339] Compiling trusty.cc
[695/1339] Compiling passive.cc
[696/1339] Compiling rsa_asn1.cc
[697/1339] Compiling rand.cc
[698/1339] Compiling deterministic.cc
[699/1339] Compiling poly1305_arm_asm.S
[700/1339] Compiling getentropy.cc
[701/1339] Compiling fork_detect.cc
[702/1339] Compiling ios.cc
[703/1339] Compiling forkunsafe.cc
[704/1339] Compiling pool.cc
[705/1339] Compiling poly1305_arm.cc
[706/1339] Compiling poly1305_vec.cc
[707/1339] Compiling poly1305.cc
[708/1339] Compiling pkcs7.cc
[709/1339] Compiling pem_xaux.cc
[710/1339] Compiling pkcs8_x509.cc
[711/1339] Compiling pkcs8.cc
[712/1339] Compiling pkcs7_x509.cc
[713/1339] Compiling p5_pbev2.cc
[714/1339] Compiling pem_pk8.cc
[715/1339] Compiling pem_pkey.cc
[716/1339] Compiling pem_oth.cc
[717/1339] Compiling pem_x509.cc
[718/1339] Compiling mldsa.cc
[719/1339] Compiling pem_lib.cc
[720/1339] Compiling obj.cc
[721/1339] Compiling mlkem.cc
[722/1339] Compiling md5.cc
[723/1339] Compiling obj_xref.cc
[724/1339] Compiling pem_all.cc
[725/1339] Compiling lhash.cc
[726/1339] Compiling poly_rq_mul.S
[727/1339] Compiling fips_shared_support.cc
[728/1339] Compiling mem.cc
[729/1339] Compiling pem_info.cc
[730/1339] Compiling md4.cc
[731/1339] Compiling ex_data.cc
[732/1339] Compiling hrss.cc
[733/1339] Compiling kyber.cc
[734/1339] Compiling pbkdf.cc
[735/1339] Compiling sign.cc
[736/1339] Compiling scrypt.cc
[737/1339] Compiling print.cc
[738/1339] Compiling p_x25519_asn1.cc
[739/1339] Compiling hpke.cc
[740/1339] Compiling p_x25519.cc
[741/1339] Compiling p_rsa_asn1.cc
[742/1339] Compiling p_ed25519.cc
[743/1339] Compiling p_rsa.cc
[744/1339] Compiling p_hkdf.cc
[745/1339] Compiling p_dh_asn1.cc
[746/1339] Compiling p_dsa_asn1.cc
[747/1339] Compiling p_ec_asn1.cc
[748/1339] Compiling p_ed25519_asn1.cc
[749/1339] Compiling p_ec.cc
[750/1339] Compiling p_dh.cc
[751/1339] Compiling evp.cc
[752/1339] Compiling evp_ctx.cc
[753/1339] Compiling evp_asn1.cc
[754/1339] Compiling engine.cc
[755/1339] Compiling hash_to_curve.cc
[756/1339] Compiling err.cc
[757/1339] Compiling ecdh.cc
[758/1339] Compiling ec_derive.cc
[759/1339] Compiling ecdsa_asn1.cc
[760/1339] Compiling ec_asn1.cc
[761/1339] Compiling dsa.cc
[762/1339] Compiling dsa_asn1.cc
[763/1339] Compiling curve25519_64_adx.cc
[764/1339] Compiling spake25519.cc
[765/1339] Compiling x25519-asm-arm.S
[766/1339] Compiling params.cc
[767/1339] Compiling dh_asn1.cc
[768/1339] Compiling des.cc
[769/1339] Compiling cpu_intel.cc
[770/1339] Compiling crypto.cc
[771/1339] Compiling digest_extra.cc
[772/1339] Compiling curve25519.cc
[772/1339] Compiling cpu_aarch64_openbsd.cc
[774/1339] Compiling cpu_aarch64_win.cc
[775/1339] Compiling cpu_aarch64_sysreg.cc
[776/1339] Compiling cpu_arm_freebsd.cc
[777/1339] Compiling cpu_arm_linux.cc
[778/1339] Compiling bcm.cc
[779/1339] Compiling cpu_aarch64_linux.cc
[780/1339] Compiling cpu_aarch64_apple.cc
[781/1339] Compiling tls_cbc.cc
[782/1339] Compiling cpu_aarch64_fuchsia.cc
[783/1339] Compiling e_null.cc
[784/1339] Compiling get_cipher.cc
[785/1339] Compiling e_des.cc
[786/1339] Compiling conf.cc
[787/1339] Compiling e_rc4.cc
[788/1339] Compiling e_tls.cc
[789/1339] Compiling e_rc2.cc
[790/1339] Compiling e_aesgcmsiv.cc
[791/1339] Compiling derive_key.cc
[792/1339] Compiling e_chacha20poly1305.cc
[793/1339] Compiling e_aesctrhmac.cc
[794/1339] Compiling chacha.cc
[795/1339] Compiling ber.cc
[796/1339] Compiling asn1_compat.cc
[797/1339] Compiling buf.cc
[798/1339] Compiling unicode.cc
[799/1339] Compiling blake2.cc
[800/1339] Compiling cbb.cc
[801/1339] Compiling socket_helper.cc
[802/1339] Compiling cbs.cc
[803/1339] Compiling socket.cc
[804/1339] Compiling hexdump.cc
[805/1339] Compiling convert.cc
[806/1339] Compiling printf.cc
[807/1339] Compiling file.cc
[808/1339] Compiling pair.cc
[808/1339] Compiling bn_asn1.cc
[810/1339] Compiling errno.cc
[811/1339] Compiling fd.cc
[812/1339] Compiling connect.cc
[813/1339] Compiling base64.cc
[814/1339] Compiling tasn_typ.cc
[815/1339] Compiling tasn_fre.cc
[816/1339] Compiling bio.cc
[817/1339] Compiling tasn_enc.cc
[818/1339] Compiling tasn_dec.cc
[819/1339] Compiling asn1_par.cc
[820/1339] Compiling asn_pack.cc
[821/1339] Compiling tasn_utl.cc
[822/1339] Compiling tasn_new.cc
[823/1339] Compiling f_int.cc
[824/1339] Compiling f_string.cc
[825/1339] Compiling posix_time.cc
[826/1339] Compiling asn1_lib.cc
[827/1339] Compiling a_utctm.cc
[828/1339] Compiling a_octet.cc
[829/1339] Compiling a_mbstr.cc
[830/1339] Compiling a_strex.cc
[831/1339] Compiling a_object.cc
[832/1339] Compiling a_time.cc
[833/1339] Compiling a_int.cc
[834/1339] Compiling a_type.cc
[835/1339] Compiling a_strnid.cc
[836/1339] Compiling a_gentm.cc
[837/1339] Compiling CGoogleGaxCRC32C CGoogleGaxCRC32C.c
[838/1339] Compiling a_bitstr.cc
[839/1339] Compiling a_dup.cc
[840/1339] Compiling a_d2i_fp.cc
[841/1339] Compiling a_i2d_fp.cc
[842/1339] Compiling fiat_p256_adx_sqr.S
[843/1339] Compiling fiat_curve25519_adx_mul.S
[844/1339] Compiling fiat_curve25519_adx_square.S
[845/1339] Compiling fiat_p256_adx_mul.S
[846/1339] Compiling md5-x86_64-apple.S
[847/1339] Compiling md5-x86_64-linux.S
[848/1339] Compiling md5-586-linux.S
[849/1339] Compiling CCryptoBoringSSLShims shims.c
[850/1339] Compiling md5-586-apple.S
[851/1339] Compiling chacha20_poly1305_x86_64-linux.S
[852/1339] Compiling chacha20_poly1305_armv8-win.S
[853/1339] Compiling chacha20_poly1305_x86_64-apple.S
[854/1339] Compiling chacha20_poly1305_armv8-apple.S
[855/1339] Compiling chacha-x86_64-linux.S
[856/1339] Compiling chacha-x86-apple.S
[857/1339] Compiling chacha-x86_64-apple.S
[858/1339] Compiling chacha20_poly1305_armv8-linux.S
[859/1339] Compiling chacha-x86-linux.S
[860/1339] Compiling chacha-armv8-win.S
[861/1339] Compiling a_bool.cc
[862/1339] Compiling chacha-armv8-apple.S
[863/1339] Compiling chacha-armv8-linux.S
[864/1339] Compiling aes128gcmsiv-x86_64-linux.S
[865/1339] Compiling aes128gcmsiv-x86_64-apple.S
[866/1339] Compiling x86_64-mont5-linux.S
[867/1339] Compiling chacha-armv4-linux.S
[868/1339] Compiling x86_64-mont-linux.S
[869/1339] Compiling x86_64-mont5-apple.S
[870/1339] Compiling x86_64-mont-apple.S
[871/1339] Compiling x86-mont-linux.S
[872/1339] Compiling x86-mont-apple.S
[873/1339] Compiling vpaes-x86_64-linux.S
[874/1339] Compiling vpaes-x86-linux.S
[875/1339] Compiling vpaes-x86_64-apple.S
[876/1339] Compiling vpaes-x86-apple.S
[877/1339] Compiling vpaes-armv8-win.S
[878/1339] Compiling err_data.cc
[879/1339] Compiling vpaes-armv8-linux.S
[880/1339] Compiling vpaes-armv8-apple.S
[881/1339] Compiling vpaes-armv7-linux.S
[882/1339] Compiling sha512-x86_64-linux.S
[883/1339] Compiling sha512-x86_64-apple.S
[884/1339] Compiling sha512-armv8-win.S
[885/1339] Compiling sha512-armv8-apple.S
[886/1339] Compiling sha512-armv4-linux.S
[887/1339] Compiling sha512-586-linux.S
[888/1339] Compiling sha512-586-apple.S
[889/1339] Compiling sha256-x86_64-linux.S
[890/1339] Compiling sha512-armv8-linux.S
[891/1339] Compiling sha256-armv8-win.S
[892/1339] Compiling sha256-x86_64-apple.S
[893/1339] Compiling sha256-armv8-apple.S
[894/1339] Compiling sha256-586-linux.S
[895/1339] Compiling sha256-armv8-linux.S
[896/1339] Compiling sha256-armv4-linux.S
[897/1339] Compiling sha1-x86_64-linux.S
[898/1339] Compiling sha256-586-apple.S
[899/1339] Compiling sha1-x86_64-apple.S
[900/1339] Compiling sha1-armv8-win.S
[901/1339] Compiling sha1-586-linux.S
[902/1339] Compiling sha1-armv8-apple.S
[903/1339] Compiling sha1-armv4-large-linux.S
[904/1339] Compiling sha1-586-apple.S
[905/1339] Compiling rsaz-avx2-linux.S
[906/1339] Compiling sha1-armv8-linux.S
[907/1339] Compiling rdrand-x86_64-linux.S
[908/1339] Compiling p256_beeu-x86_64-asm-linux.S
[909/1339] Compiling rsaz-avx2-apple.S
[910/1339] Compiling p256_beeu-x86_64-asm-apple.S
[911/1339] Compiling rdrand-x86_64-apple.S
[912/1339] Compiling p256_beeu-armv8-asm-win.S
[913/1339] Compiling p256-x86_64-asm-linux.S
[914/1339] Compiling p256_beeu-armv8-asm-apple.S
[915/1339] Compiling p256-armv8-asm-win.S
[916/1339] Compiling p256_beeu-armv8-asm-linux.S
[917/1339] Compiling p256-x86_64-asm-apple.S
[918/1339] Compiling p256-armv8-asm-apple.S
[919/1339] Compiling p256-armv8-asm-linux.S
[920/1339] Compiling ghashv8-armv8-apple.S
[921/1339] Compiling ghashv8-armv8-win.S
[922/1339] Compiling ghashv8-armv8-linux.S
[923/1339] Compiling ghashv8-armv7-linux.S
[924/1339] Compiling ghash-x86-linux.S
[924/1339] Compiling ghash-x86_64-linux.S
[926/1339] Compiling ghash-x86-apple.S
[927/1339] Compiling ghash-x86_64-apple.S
[928/1339] Compiling ghash-ssse3-x86_64-apple.S
[929/1339] Compiling ghash-ssse3-x86_64-linux.S
[930/1339] Compiling ghash-ssse3-x86-apple.S
[931/1339] Compiling ghash-neon-armv8-linux.S
[932/1339] Compiling ghash-neon-armv8-apple.S
[933/1339] Compiling ghash-neon-armv8-win.S
[934/1339] Compiling ghash-ssse3-x86-linux.S
[935/1339] Compiling ghash-armv4-linux.S
[936/1339] Compiling co-586-linux.S
[937/1339] Compiling bsaes-armv7-linux.S
[938/1339] Compiling bn-armv8-linux.S
[939/1339] Compiling co-586-apple.S
[940/1339] Compiling bn-armv8-win.S
[941/1339] Compiling bn-armv8-apple.S
[942/1339] Compiling bn-586-linux.S
[943/1339] Compiling bn-586-apple.S
[944/1339] Compiling armv8-mont-win.S
[945/1339] Compiling armv8-mont-linux.S
[946/1339] Compiling armv4-mont-linux.S
[947/1339] Compiling aesv8-gcm-armv8-win.S
[948/1339] Compiling armv8-mont-apple.S
[949/1339] Compiling aesv8-armv8-win.S
[950/1339] Compiling aesv8-armv8-apple.S
[951/1339] Compiling aesv8-gcm-armv8-linux.S
[952/1339] Compiling aesv8-armv8-linux.S
[953/1339] Compiling aesv8-gcm-armv8-apple.S
[954/1339] Compiling aesv8-armv7-linux.S
[955/1339] Compiling aesni-x86_64-apple.S
[956/1339] Compiling aesni-x86_64-linux.S
[957/1339] Compiling aesni-x86-apple.S
[958/1339] Compiling aesni-gcm-x86_64-linux.S
[959/1339] Compiling aesni-x86-linux.S
[960/1339] Compiling aes-gcm-avx512-x86_64-linux.S
[961/1339] Compiling aesni-gcm-x86_64-apple.S
[962/1339] Compiling aes-gcm-avx2-x86_64-linux.S
[963/1339] Compiling aes-gcm-avx512-x86_64-apple.S
[964/1339] Compiling aes-gcm-avx2-x86_64-apple.S
[965/1339] Compiling x_spki.cc
[966/1339] Compiling c-nioatomics.c
[967/1339] Compiling x_x509a.cc
[968/1339] Compiling xwing.cc
[969/1339] Compiling x_sig.cc
[970/1339] Compiling x_req.cc
[971/1339] Compiling x_x509.cc
[972/1339] Compiling c-atomics.c
[973/1339] Compiling x_name.cc
[974/1346] Compiling x_pubkey.cc
[975/1346] Compiling x_exten.cc
[976/1346] Compiling x_attrib.cc
[977/1346] Compiling x_all.cc
[979/1346] Compiling NIOConcurrencyHelpers NIOLock.swift
[979/1346] Compiling x_crl.cc
[981/1346] Compiling NIOConcurrencyHelpers NIOAtomic.swift
[982/1346] Emitting module NIOConcurrencyHelpers
[983/1346] Compiling NIOConcurrencyHelpers lock.swift
[984/1346] Compiling NIOConcurrencyHelpers NIOThreadPoolWorkAvailable.swift
[985/1346] Compiling NIOConcurrencyHelpers NIOLockedValueBox.swift
[986/1346] Compiling NIOConcurrencyHelpers atomics.swift
[986/1347] Compiling x_algor.cc
[988/1347] Compiling x509spki.cc
[989/1347] Wrapping AST for NIOConcurrencyHelpers for debugging
[990/1347] Compiling x509cset.cc
[991/1347] Compiling x509name.cc
[992/1347] Compiling x509rset.cc
[993/1347] Compiling x509_trs.cc
[994/1347] Compiling x509_vfy.cc
[995/1347] Compiling x509_set.cc
[996/1347] Compiling x509_txt.cc
[997/1347] Compiling x509_vpm.cc
[998/1347] Compiling x509_v3.cc
[999/1347] Compiling x509_obj.cc
[1000/1347] Compiling x509_req.cc
[1001/1347] Compiling x509_lu.cc
[1002/1347] Compiling x509_def.cc
[1003/1347] Compiling x509_ext.cc
[1004/1347] Compiling x509_d2.cc
[1005/1347] Compiling x509_cmp.cc
[1006/1347] Compiling v3_skey.cc
[1007/1347] Compiling x509_att.cc
[1008/1347] Compiling v3_purp.cc
[1009/1347] Compiling v3_prn.cc
[1010/1347] Compiling v3_ocsp.cc
[1011/1347] Compiling v3_lib.cc
[1012/1347] Compiling x509.cc
[1013/1347] Compiling v3_pmaps.cc
[1014/1347] Compiling v3_ncons.cc
[1015/1347] Compiling v3_utl.cc
[1016/1347] Compiling v3_pcons.cc
[1017/1347] Compiling v3_info.cc
[1018/1347] Compiling v3_ia5.cc
[1019/1347] Compiling v3_genn.cc
[1020/1347] Compiling v3_int.cc
[1021/1347] Compiling v3_cpols.cc
[1022/1347] Compiling v3_conf.cc
[1023/1347] Compiling v3_bitst.cc
[1024/1347] Compiling v3_crld.cc
[1025/1347] Compiling v3_enum.cc
[1026/1347] Compiling v3_extku.cc
[1027/1347] Compiling v3_akey.cc
[1028/1347] Compiling t_x509a.cc
[1029/1347] Compiling v3_alt.cc
[1030/1347] Compiling v3_bcons.cc
[1031/1347] Compiling v3_akeya.cc
[1032/1347] Compiling t_req.cc
[1033/1347] Compiling t_x509.cc
[1034/1347] Compiling t_crl.cc
[1035/1347] Compiling rsa_pss.cc
[1036/1347] Compiling policy.cc
[1037/1347] Compiling i2d_pr.cc
[1038/1347] Compiling name_print.cc
[1039/1347] Compiling a_verify.cc
[1040/1347] Compiling a_sign.cc
[1041/1347] Compiling asn1_gen.cc
[1042/1347] Compiling by_dir.cc
[1043/1347] Compiling algorithm.cc
[1044/1347] Compiling by_file.cc
[1045/1347] Compiling trust_token.cc
[1046/1347] Compiling a_digest.cc
[1047/1347] Compiling pmbtoken.cc
[1048/1347] Compiling thread_pthread.cc
[1049/1347] Compiling thread_win.cc
[1050/1347] Compiling stack.cc
[1051/1347] Compiling thread.cc
[1052/1347] Compiling thread_none.cc
[1053/1347] Compiling voprf.cc
[1054/1347] Compiling slhdsa.cc
[1055/1347] Compiling sha256.cc
[1056/1347] Compiling siphash.cc
[1057/1347] Compiling sha512.cc
[1058/1347] Compiling rsa_extra.cc
[1059/1347] Compiling rsa_crypt.cc
[1060/1347] Compiling spake2plus.cc
[1061/1347] Compiling rsa_print.cc
[1062/1347] Compiling sha1.cc
[1063/1347] Compiling refcount.cc
[1064/1347] Compiling urandom.cc
[1065/1347] Compiling rsa_asn1.cc
[1066/1347] Compiling windows.cc
[1067/1347] Compiling rc4.cc
[1068/1347] Compiling trusty.cc
[1069/1347] Compiling passive.cc
[1070/1347] Compiling getentropy.cc
[1071/1347] Compiling ios.cc
[1072/1347] Compiling rand.cc
[1073/1347] Compiling poly1305_arm_asm.S
[1074/1347] Compiling deterministic.cc
[1075/1347] Compiling forkunsafe.cc
[1076/1347] Compiling fork_detect.cc
[1077/1347] Compiling poly1305_vec.cc
[1078/1347] Compiling pool.cc
[1079/1347] Compiling poly1305.cc
[1080/1347] Compiling poly1305_arm.cc
[1081/1347] Compiling p5_pbev2.cc
[1082/1347] Compiling pem_xaux.cc
[1083/1347] Compiling pkcs7.cc
[1084/1347] Compiling pkcs8_x509.cc
[1085/1347] Compiling pkcs8.cc
[1086/1347] Compiling pem_pk8.cc
[1087/1347] Compiling pem_x509.cc
[1088/1347] Compiling pkcs7_x509.cc
[1089/1347] Compiling pem_pkey.cc
[1090/1347] Compiling pem_oth.cc
[1091/1347] Compiling obj_xref.cc
[1092/1347] Compiling mem.cc
[1093/1347] Compiling pem_lib.cc
[1094/1347] Compiling mlkem.cc
[1095/1347] Compiling mldsa.cc
[1096/1347] Compiling pem_info.cc
[1097/1347] Compiling poly_rq_mul.S
[1098/1347] Compiling pem_all.cc
[1099/1347] Compiling md5.cc
[1100/1347] Compiling fips_shared_support.cc
[1101/1347] Compiling md4.cc
[1102/1347] Compiling obj.cc
[1103/1347] Compiling lhash.cc
[1104/1347] Compiling kyber.cc
[1105/1347] Compiling hpke.cc
[1106/1347] Compiling ex_data.cc
[1107/1347] Compiling fuzzer_mode.cc
[1108/1347] Compiling pbkdf.cc
[1109/1347] Compiling print.cc
[1110/1347] Compiling scrypt.cc
[1111/1347] Compiling p_x25519_asn1.cc
[1112/1347] Compiling hrss.cc
[1113/1347] Compiling sign.cc
[1114/1347] Compiling p_rsa_asn1.cc
[1115/1347] Compiling p_hkdf.cc
[1116/1347] Compiling p_x25519.cc
[1117/1347] Compiling p_rsa.cc
[1118/1347] Compiling p_ed25519.cc
[1119/1347] Compiling p_ec.cc
[1120/1347] Compiling p_ec_asn1.cc
[1121/1347] Compiling p_ed25519_asn1.cc
[1122/1347] Compiling p_dsa_asn1.cc
[1123/1347] Compiling evp.cc
[1124/1347] Compiling engine.cc
[1125/1347] Compiling ecdsa_p1363.cc
[1126/1347] Compiling p_dh.cc
[1127/1347] Compiling p_dh_asn1.cc
[1128/1347] Compiling err.cc
[1129/1347] Compiling ecdsa_asn1.cc
[1130/1347] Compiling hash_to_curve.cc
[1131/1347] Compiling evp_asn1.cc
[1132/1347] Compiling ec_derive.cc
[1133/1347] Compiling ecdh.cc
[1134/1347] Compiling dsa.cc
[1135/1347] Compiling digest_extra.cc
[1136/1347] Compiling ec_asn1.cc
[1137/1347] Compiling dsa_asn1.cc
[1138/1347] Compiling x25519-asm-arm.S
[1139/1347] Compiling dh_asn1.cc
[1140/1347] Compiling params.cc
[1141/1347] Compiling spake25519.cc
[1142/1347] Compiling des.cc
[1143/1347] Compiling curve25519_64_adx.cc
[1144/1347] Compiling crypto.cc
[1145/1347] Compiling cpu_arm_freebsd.cc
[1146/1347] Compiling cpu_aarch64_sysreg.cc
[1147/1347] Compiling curve25519.cc
[1148/1347] Compiling cpu_intel.cc
[1149/1347] Compiling cpu_aarch64_win.cc
[1150/1347] Compiling cpu_arm_linux.cc
[1151/1347] Compiling cpu_aarch64_linux.cc
[1152/1347] Compiling cpu_aarch64_fuchsia.cc
[1153/1347] Compiling cpu_aarch64_openbsd.cc
[1154/1347] Compiling get_cipher.cc
[1155/1347] Compiling e_tls.cc
[1156/1347] Compiling conf.cc
[1157/1347] Compiling cpu_aarch64_apple.cc
[1158/1347] Compiling tls_cbc.cc
[1159/1347] Compiling e_aesgcmsiv.cc
[1160/1347] Compiling e_aesctrhmac.cc
[1161/1347] Compiling e_aeseax.cc
[1162/1347] Compiling cms.cc
[1163/1347] Compiling derive_key.cc
[1164/1347] Compiling chacha.cc
[1165/1347] Compiling buf.cc
[1166/1347] Compiling cbb.cc
[1167/1347] Compiling sqrt.cc
[1168/1347] Compiling ber.cc
[1169/1347] Compiling cbs.cc
[1170/1347] Compiling unicode.cc
[1171/1347] Compiling div.cc
[1172/1347] Compiling exponentiation.cc
[1173/1347] Compiling asn1_compat.cc
[1174/1347] Compiling bn_asn1.cc
[1175/1347] Compiling printf.cc
[1176/1347] Compiling blake2.cc
[1177/1347] Compiling pair.cc
[1178/1347] Compiling convert.cc
[1179/1347] Compiling fd.cc
[1180/1347] Compiling file.cc
[1181/1347] Compiling bio_mem.cc
[1182/1347] Compiling hexdump.cc
[1183/1347] Compiling errno.cc
[1184/1347] Compiling bio.cc
[1185/1347] Compiling base64.cc
[1186/1347] Compiling tasn_new.cc
[1187/1347] Compiling tasn_typ.cc
[1188/1347] Compiling tasn_utl.cc
[1189/1347] Compiling tasn_fre.cc
[1190/1347] Compiling tasn_enc.cc
[1191/1347] Compiling f_string.cc
[1192/1347] Compiling f_int.cc
[1193/1347] Compiling posix_time.cc
[1194/1347] Compiling tasn_dec.cc
[1195/1347] Compiling asn_pack.cc
[1196/1347] Compiling a_utctm.cc
[1197/1347] Compiling asn1_par.cc
[1198/1347] Compiling a_octet.cc
[1199/1347] Compiling asn1_lib.cc
[1200/1347] Compiling a_type.cc
[1200/1347] Compiling a_time.cc
[1202/1347] Compiling a_strnid.cc
[1203/1347] Compiling a_strex.cc
[1204/1347] Compiling a_mbstr.cc
[1205/1347] Compiling a_object.cc
[1206/1347] Compiling bcm.cc
[1207/1347] Compiling a_i2d_fp.cc
[1208/1347] Compiling CAsyncHTTPClient CAsyncHTTPClient.c
[1209/1347] Write sources
[1210/1347] Compiling a_d2i_fp.cc
[1210/1347] Write sources
[1213/1347] Compiling aes.cc
[1214/1347] Compiling a_bool.cc
[1215/1354] Compiling a_gentm.cc
[1216/1354] Compiling a_dup.cc
[1217/1390] Compiling a_int.cc
[1218/1390] Compiling a_bitstr.cc
[1220/1390] Compiling Algorithms Reductions.swift
[1221/1390] Compiling Algorithms Rotate.swift
[1222/1390] Compiling Algorithms MinMax.swift
[1223/1390] Compiling Algorithms RandomSample.swift
[1224/1392] Compiling Algorithms Permutations.swift
[1225/1392] Compiling Algorithms Product.swift
[1226/1392] Compiling Algorithms Joined.swift
[1227/1392] Compiling Algorithms Keyed.swift
[1228/1400] Compiling Algorithms FlattenCollection.swift
[1229/1400] Compiling Algorithms Grouped.swift
[1230/1400] Compiling Algorithms Indexed.swift
[1231/1400] Compiling Atomics IntegerOperations.swift
[1232/1400] Compiling Atomics Unmanaged extensions.swift
[1233/1400] Compiling Algorithms EitherSequence.swift
[1234/1400] Compiling Algorithms FirstNonNil.swift
[1235/1400] Compiling Algorithms Partition.swift
[1239/1403] Compiling CryptoBoringWrapper FiniteFieldArithmeticContext.swift
[1240/1403] Compiling CryptoBoringWrapper RandomBytes.swift
[1241/1403] Compiling CryptoBoringWrapper CryptoKitErrors_boring.swift
[1242/1403] Compiling CryptoBoringWrapper EllipticCurve.swift
[1243/1403] Compiling Algorithms Split.swift
[1244/1403] Compiling Algorithms Stride.swift
[1245/1403] Compiling CryptoBoringWrapper EllipticCurvePoint.swift
[1246/1403] Compiling Algorithms Suffix.swift
[1247/1403] Compiling CryptoBoringWrapper BoringSSLAEAD.swift
[1251/1403] Emitting module CryptoBoringWrapper
[1252/1403] Compiling CryptoBoringWrapper ArbitraryPrecisionInteger.swift
[1253/1404] Compiling Algorithms Trim.swift
[1254/1404] Compiling Algorithms Unique.swift
[1255/1404] Compiling Algorithms Windows.swift
[1259/1404] Compiling Algorithms Chunked.swift
[1260/1404] Compiling Algorithms Combinations.swift
[1263/1404] Wrapping AST for CryptoBoringWrapper for debugging
[1265/1439] Compiling Crypto GeneralizedTime.swift
[1266/1439] Compiling Crypto ObjectIdentifier.swift
[1267/1439] Compiling Crypto ECDSASignature.swift
[1268/1439] Compiling Crypto PEMDocument.swift
[1269/1440] Compiling Crypto ASN1Null.swift
[1270/1440] Compiling Crypto ASN1OctetString.swift
[1271/1440] Compiling Crypto ASN1Strings.swift
[1272/1440] Compiling Crypto ArraySliceBigint.swift
[1273/1488] Emitting module Atomics
[1277/1489] Wrapping AST for Atomics for debugging
[1279/1542] Emitting module Algorithms
[1280/1554] Wrapping AST for Algorithms for debugging
[1282/1554] Compiling Crypto HKDF.swift
[1283/1554] Compiling Crypto AESWrap.swift
[1284/1554] Compiling Crypto AESWrap_boring.swift
[1285/1554] Compiling Crypto Ed25519_boring.swift
[1286/1554] Compiling Crypto NISTCurvesKeys_boring.swift
[1287/1554] Compiling Crypto X25519Keys_boring.swift
[1288/1554] Compiling Crypto Curve25519.swift
[1289/1554] Compiling Crypto Ed25519Keys.swift
[1290/1554] Compiling Crypto NISTCurvesKeys.swift
[1291/1554] Compiling Crypto X25519Keys.swift
[1292/1554] Compiling Crypto SymmetricKeys.swift
[1293/1554] Compiling Crypto HMAC.swift
[1294/1565] Compiling NIOCore NIOCoreSendableMetatype.swift
[1295/1565] Compiling NIOCore NIODecodedAsyncSequence.swift
[1296/1565] Compiling NIOCore NIOLoopBound.swift
[1297/1565] Compiling NIOCore NIOPooledRecvBufferAllocator.swift
[1298/1565] Compiling NIOCore NIOScheduledCallback.swift
[1299/1565] Compiling NIOCore NIOSendable.swift
[1300/1565] Compiling NIOCore NIOSplitLinesMessageDecoder.swift
[1301/1565] Compiling NIOCore NIOTransportAccessibleChannelCore.swift
[1302/1565] Compiling NIOCore RecvByteBufferAllocator.swift
[1303/1573] Emitting module Crypto
[1307/1573] Compiling NIOCore SingleStepByteToMessageDecoder.swift
[1308/1573] Compiling NIOCore SocketAddresses.swift
[1309/1573] Compiling NIOCore SocketOptionProvider.swift
[1310/1573] Compiling NIOCore SystemCallHelpers.swift
[1311/1573] Compiling NIOCore TimeAmount+Duration.swift
[1312/1573] Compiling NIOCore TypeAssistedChannelHandler.swift
[1313/1573] Compiling NIOCore UniversalBootstrapSupport.swift
[1314/1573] Compiling NIOCore Utilities.swift
[1315/1573] Compiling NIOCore EventLoopFuture+Deprecated.swift
[1316/1573] Compiling NIOCore EventLoopFuture+WithEventLoop.swift
[1317/1573] Compiling NIOCore EventLoopFuture.swift
[1318/1573] Compiling NIOCore FileDescriptor.swift
[1319/1573] Compiling NIOCore FileHandle.swift
[1320/1573] Compiling NIOCore FileRegion.swift
[1321/1573] Compiling NIOCore GlobalSingletons.swift
[1322/1573] Compiling NIOCore IO.swift
[1323/1573] Compiling NIOCore IOData.swift
[1324/1573] Compiling NIOCore IPProtocol.swift
[1325/1573] Compiling NIOCore IntegerBitPacking.swift
[1326/1573] Compiling NIOCore IntegerTypes.swift
[1327/1573] Compiling NIOCore Interfaces.swift
[1328/1573] Compiling NIOCore Linux.swift
[1329/1573] Compiling NIOCore MarkedCircularBuffer.swift
[1330/1573] Compiling NIOCore MulticastChannel.swift
[1331/1573] Compiling NIOCore NIOAny.swift
[1332/1573] Compiling NIOCore NIOCloseOnErrorHandler.swift
[1333/1573] Compiling NIOCore ByteBuffer-hex.swift
[1334/1573] Compiling NIOCore ByteBuffer-int.swift
[1335/1573] Compiling NIOCore ByteBuffer-lengthPrefix.swift
[1336/1573] Compiling NIOCore CircularBuffer.swift
[1337/1573] Compiling NIOCore Codec.swift
[1338/1573] Compiling NIOCore ConvenienceOptionSupport.swift
[1339/1573] Compiling NIOCore DeadChannel.swift
[1340/1573] Compiling NIOCore DispatchQueue+WithFuture.swift
[1341/1573] Compiling NIOCore EventLoop+Deprecated.swift
[1342/1573] Compiling NIOCore EventLoop+SerialExecutor.swift
[1343/1573] Compiling NIOCore EventLoop.swift
[1344/1573] Compiling NIOCore EventLoopFuture+AssumeIsolated.swift
[1357/1573] Compiling NIOCore AddressedEnvelope.swift
[1358/1573] Compiling NIOCore AsyncAwaitSupport.swift
[1359/1573] Compiling NIOCore AsyncChannel.swift
[1360/1573] Compiling NIOCore AsyncChannelHandler.swift
[1361/1573] Compiling NIOCore AsyncChannelInboundStream.swift
[1362/1573] Compiling NIOCore AsyncChannelOutboundWriter.swift
[1363/1573] Compiling NIOCore NIOAsyncSequenceProducer.swift
[1364/1573] Compiling NIOCore NIOAsyncSequenceProducerStrategies.swift
[1365/1573] Compiling NIOCore NIOAsyncWriter.swift
[1366/1573] Compiling NIOCore ByteBuffer-multi-int.swift
[1367/1573] Compiling NIOCore ByteBuffer-quicBinaryEncodingStrategy.swift
[1368/1573] Compiling NIOCore ByteBuffer-views.swift
[1369/1573] Compiling NIOCore Channel.swift
[1370/1573] Compiling NIOCore ChannelHandler.swift
[1371/1573] Compiling NIOCore ChannelHandlers.swift
[1372/1573] Compiling NIOCore ChannelInvoker.swift
[1373/1573] Compiling NIOCore ChannelOption.swift
[1374/1573] Compiling NIOCore ChannelPipeline.swift
[1375/1573] Compiling NIOCore NIOThrowingAsyncSequenceProducer.swift
[1376/1573] Compiling NIOCore BSDSocketAPI.swift
[1377/1573] Compiling NIOCore ByteBuffer-aux.swift
[1378/1573] Compiling NIOCore ByteBuffer-binaryEncodedLengthPrefix.swift
[1379/1573] Compiling NIOCore ByteBuffer-conversions.swift
[1380/1573] Compiling NIOCore ByteBuffer-core.swift
[1393/1573] Compiling Crypto Signature.swift
[1394/1573] Compiling Crypto CryptoKitErrors_boring.swift
[1395/1573] Compiling Crypto Optional+withUnsafeBytes_boring.swift
[1396/1573] Compiling Crypto RNG_boring.swift
[1397/1573] Compiling Crypto SafeCompare_boring.swift
[1398/1573] Compiling Crypto Zeroization_boring.swift
[1399/1573] Compiling Crypto _CryptoModuleAnchor.swift
[1400/1573] Compiling Crypto PrettyBytes.swift
[1401/1573] Compiling Crypto SafeCompare.swift
[1402/1573] Compiling Crypto SecureBytes.swift
[1403/1573] Compiling Crypto Zeroization.swift
[1404/1574] Wrapping AST for Crypto for debugging
[1406/1593] Compiling CryptoExtras AES_CBC.swift
[1407/1593] Compiling CryptoExtras AES_CFB.swift
[1408/1593] Compiling CryptoExtras AES_CTR.swift
[1409/1593] Compiling CryptoExtras AES_GCM_SIV.swift
[1410/1593] Compiling CryptoExtras Block Function.swift
[1411/1593] Compiling CryptoExtras AES_CBC_boring.swift
[1412/1593] Compiling CryptoExtras AES_CFB_boring.swift
[1413/1593] Compiling CryptoExtras AES_CTR_boring.swift
[1414/1593] Compiling CryptoExtras AES_GCM_SIV_boring.swift
[1415/1636] Compiling CryptoExtras PKCS8DERRepresentation.swift
[1416/1636] Compiling CryptoExtras PKCS8PrivateKey.swift
[1417/1636] Compiling CryptoExtras RFC8410AlgorithmIdentifier.swift
[1418/1636] Compiling CryptoExtras ECToolbox_boring.swift
[1419/1636] Compiling CryptoExtras ECToolbox.swift
[1420/1636] Compiling CryptoExtras HashToField.swift
[1421/1636] Compiling CryptoExtras KDF.swift
[1422/1636] Compiling CryptoExtras PBKDF2_boring.swift
[1423/1636] Compiling CryptoExtras PBKDF2_commoncrypto.swift
[1432/1636] Emitting module CryptoExtras
[1433/1644] Compiling CryptoExtras Data+Extensions.swift
[1434/1644] Compiling CryptoExtras DigestType.swift
[1435/1644] Compiling CryptoExtras Error.swift
[1436/1644] Compiling CryptoExtras I2OSP.swift
[1437/1644] Compiling CryptoExtras IntegerEncoding.swift
[1438/1644] Compiling CryptoExtras PEMDocument.swift
[1439/1644] Compiling CryptoExtras PrettyBytes.swift
[1440/1644] Compiling CryptoExtras SubjectPublicKeyInfo.swift
[1441/1644] Compiling CryptoExtras CMAC.swift
[1442/1644] Compiling CryptoExtras ARC+API.swift
[1443/1644] Compiling CryptoExtras ARC.swift
[1444/1644] Compiling CryptoExtras ARCCredential.swift
[1445/1644] Compiling CryptoExtras ARCEncoding.swift
[1446/1644] Compiling CryptoExtras ARCPrecredential.swift
[1447/1644] Compiling CryptoExtras ARCPresentation.swift
[1448/1644] Compiling CryptoExtras ARCRequest.swift
[1449/1644] Compiling CryptoExtras ARCResponse.swift
[1459/1644] Compiling CryptoExtras ThreadOps.swift
[1460/1644] Compiling CryptoExtras ThreadPosix.swift
[1461/1644] Compiling CryptoExtras ThreadSpecific.swift
[1462/1644] Compiling CryptoExtras ThreadWindows.swift
[1463/1644] Compiling CryptoExtras DLEQ.swift
[1464/1644] Compiling CryptoExtras Prover.swift
[1465/1644] Compiling CryptoExtras Verifier.swift
[1466/1644] Compiling CryptoExtras ZKPToolbox.swift
[1476/1644] Compiling CryptoExtras PBKDF2.swift
[1477/1644] Compiling CryptoExtras Scrypt_boring.swift
[1478/1644] Compiling CryptoExtras Scrypt.swift
[1479/1644] Compiling CryptoExtras OPRF.swift
[1480/1644] Compiling CryptoExtras OPRFClient.swift
[1481/1644] Compiling CryptoExtras OPRFServer.swift
[1482/1644] Compiling CryptoExtras VOPRF+API.swift
[1483/1644] Compiling CryptoExtras VOPRFClient.swift
[1484/1644] Compiling CryptoExtras VOPRFServer.swift
[1485/1644] Compiling CryptoExtras ARCServer.swift
[1486/1644] Compiling CryptoExtras ChaCha20CTR_boring.swift
[1487/1644] Compiling CryptoExtras ChaCha20CTR.swift
[1488/1644] Compiling CryptoExtras BoringSSLSHA512256Context.swift
[1489/1644] Compiling CryptoExtras BoringSSLSHA512256HashFunction.swift
[1490/1644] Compiling CryptoExtras SHA512256.swift
[1491/1644] Compiling CryptoExtras SHA512256Digest.swift
[1492/1644] Compiling CryptoExtras Curve25519+PEM.swift
[1493/1644] Compiling CryptoExtras ObjectIdentifier.swift
[1494/1644] Compiling CryptoExtras BoringSSLPassphraseCallbackManager.swift
[1495/1644] Compiling CryptoExtras RSA+BlindSigning.swift
[1496/1644] Compiling CryptoExtras RSA.swift
[1497/1644] Compiling CryptoExtras RSA_boring.swift
[1498/1644] Compiling CryptoExtras Reexport.swift
[1499/1644] Compiling CryptoExtras Zeroization_boring.swift
[1500/1644] Compiling CryptoExtras BoringSSLHelpers.swift
[1501/1644] Compiling CryptoExtras CryptoKitErrors_boring.swift
[1502/1645] Wrapping AST for CryptoExtras for debugging
[1504/1647] Emitting module _CryptoExtras
[1505/1647] Compiling _CryptoExtras Exports.swift
[1506/1648] Wrapping AST for _CryptoExtras for debugging
[1508/1743] Compiling X509 BasicOCSPResponse.swift
[1509/1743] Compiling X509 DirectoryString.swift
[1510/1743] Compiling X509 OCSPCertID.swift
[1511/1743] Compiling X509 OCSPCertStatus.swift
[1512/1743] Compiling X509 OCSPExtensionID.swift
[1513/1743] Compiling X509 OCSPNonce.swift
[1514/1743] Compiling X509 OCSPPolicy.swift
[1515/1743] Compiling X509 OCSPRequest.swift
[1516/1743] Compiling X509 OCSPResponse.swift
[1517/1743] Compiling X509 OCSPResponseBytes.swift
[1518/1743] Compiling X509 OCSPResponseData.swift
[1519/1743] Compiling X509 OCSPResponseStatus.swift
[1520/1743] Compiling X509 OCSPSignature.swift
[1521/1743] Compiling X509 OCSPSingleRequest.swift
[1522/1743] Compiling X509 OCSPSingleResponse.swift
[1523/1743] Compiling X509 OCSPTBSRequest.swift
[1524/1743] Compiling X509 OCSPVersion.swift
[1525/1743] Compiling X509 CMSIssuerAndSerialNumber.swift
[1526/1743] Compiling X509 CSRAttribute.swift
[1527/1743] Compiling X509 CSRAttributes.swift
[1528/1743] Compiling X509 CSRVersion.swift
[1529/1743] Compiling X509 CertificateSigningRequest.swift
[1530/1743] Compiling X509 CertificationRequestInfo.swift
[1531/1743] Compiling X509 ExtensionRequest.swift
[1532/1743] Compiling X509 Certificate.swift
[1533/1743] Compiling X509 CertificatePrivateKey.swift
[1534/1743] Compiling X509 CertificatePublicKey.swift
[1535/1743] Compiling X509 CertificateSerialNumber.swift
[1536/1743] Compiling X509 CertificateVersion.swift
[1537/1743] Compiling X509 CMSAttribute.swift
[1538/1743] Compiling X509 CMSContentInfo.swift
[1539/1743] Compiling X509 CMSEncapsulatedContentInfo.swift
[1540/1756] Emitting module NIOCore
[1541/1814] Wrapping AST for NIOCore for debugging
[1543/1814] Compiling NIOFoundationEssentialsCompat Codable+ByteBuffer.swift
[1544/1814] Compiling NIOPosix GetaddrinfoResolver.swift
[1545/1814] Compiling NIOPosix MultiThreadedEventLoopGroup.swift
[1546/1814] Compiling NIOPosix NIOPosixSendableMetatype.swift
[1547/1814] Compiling NIOPosix NIORandomizedDNSResolver.swift
[1548/1814] Compiling NIOPosix NIOThreadPool.swift
[1549/1814] Compiling NIOPosix NonBlockingFileIO.swift
[1550/1814] Compiling NIOPosix PendingDatagramWritesManager.swift
[1551/1814] Compiling NIOPosix PendingWritesManager.swift
[1552/1814] Compiling NIOPosix HappyEyeballs.swift
[1553/1814] Compiling NIOPosix IO.swift
[1554/1814] Compiling NIOPosix IntegerBitPacking.swift
[1555/1814] Compiling NIOPosix IntegerTypes.swift
[1556/1814] Compiling NIOPosix Linux.swift
[1557/1814] Compiling X509 DomainComponent.swift
[1558/1814] Compiling X509 EmailAddress.swift
[1559/1814] Compiling X509 LocalityName.swift
[1560/1814] Compiling X509 OrganizationName.swift
[1561/1814] Compiling X509 OrganizationalUnitName.swift
[1562/1814] Compiling X509 StateOrProvinceName.swift
[1563/1814] Compiling X509 StreetAddress.swift
[1564/1814] Compiling X509 Error.swift
[1565/1814] Compiling X509 AuthorityInformationAccess.swift
[1566/1814] Compiling X509 AuthorityKeyIdentifier.swift
[1567/1814] Compiling X509 BasicConstraints.swift
[1568/1814] Compiling X509 ExtendedKeyUsage.swift
[1569/1814] Compiling X509 ExtensionIdentifiers.swift
[1570/1814] Compiling X509 KeyUsage.swift
[1571/1814] Compiling NIOPosix LinuxCPUSet.swift
[1572/1814] Compiling NIOPosix LinuxUring.swift
[1573/1814] Compiling NIOPosix PipeChannel.swift
[1574/1814] Compiling NIOPosix PipePair.swift
[1575/1814] Compiling NIOPosix Pool.swift
[1576/1814] Compiling NIOPosix PosixSingletons+ConcurrencyTakeOver.swift
[1577/1814] Compiling NIOPosix PosixSingletons.swift
[1578/1814] Compiling NIOPosix RawSocketBootstrap.swift
[1579/1814] Compiling NIOPosix Resolver.swift
[1580/1814] Compiling NIOPosix Selectable.swift
[1581/1814] Compiling NIOPosix SelectableChannel.swift
[1582/1814] Compiling NIOPosix SelectableEventLoop.swift
[1583/1814] Compiling NIOPosix SelectorEpoll.swift
[1584/1814] Compiling NIOPosix SelectorGeneric.swift
[1585/1814] Compiling NIOPosix SelectorKqueue.swift
[1586/1814] Compiling NIOPosix SelectorUring.swift
[1587/1814] Compiling NIOPosix SelectorWSAPoll.swift
[1588/1814] Compiling NIOPosix ServerSocket.swift
[1589/1814] Compiling NIOPosix Socket.swift
[1590/1814] Compiling NIOPosix SocketChannel.swift
[1591/1814] Compiling NIOPosix SocketProtocols.swift
[1592/1814] Compiling NIOPosix StructuredConcurrencyHelpers.swift
[1593/1814] Compiling NIOPosix System.swift
[1594/1814] Compiling X509 AllOfPolicies.swift
[1595/1814] Compiling X509 AnyPolicy.swift
[1596/1814] Compiling X509 CertificateStore.swift
[1597/1814] Compiling X509 CustomCertificateStore.swift
[1598/1814] Compiling NIOPosix BSDSocketAPICommon.swift
[1599/1814] Compiling NIOPosix BSDSocketAPIPosix.swift
[1600/1814] Compiling NIOPosix BSDSocketAPIWindows.swift
[1601/1814] Compiling NIOPosix BaseSocket.swift
[1602/1814] Compiling NIOPosix BaseSocketChannel+AccessibleTransport.swift
[1603/1814] Compiling NIOPosix BaseSocketChannel+SocketOptionProvider.swift
[1604/1814] Compiling NIOPosix BaseSocketChannel.swift
[1605/1814] Compiling NIOPosix BaseStreamSocketChannel.swift
[1606/1814] Compiling NIOPosix Bootstrap.swift
[1607/1814] Compiling NIOPosix ControlMessage.swift
[1608/1814] Compiling NIOPosix DatagramVectorReadManager.swift
[1609/1814] Compiling NIOPosix Errors+Any.swift
[1610/1814] Compiling NIOPosix FileDescriptor.swift
[1611/1814] Compiling X509 OneOfPolicies.swift
[1612/1814] Compiling X509 PolicyBuilder.swift
[1613/1814] Compiling X509 BasicConstraintsPolicy.swift
[1614/1814] Compiling X509 DNSNames.swift
[1615/1814] Compiling X509 ExpiryPolicy.swift
[1616/1814] Compiling X509 IPConstraints.swift
[1617/1814] Compiling X509 NameConstraintsPolicy.swift
[1618/1814] Compiling X509 RFC5280Policy.swift
[1619/1814] Compiling X509 URIConstraints.swift
[1620/1814] Compiling X509 VersionPolicy.swift
[1621/1814] Compiling X509 ServerIdentityPolicy.swift
[1622/1814] Compiling X509 TrustRootLoading.swift
[1623/1814] Compiling X509 UnverifiedChain.swift
[1624/1814] Compiling NIOEmbedded AsyncTestingChannel.swift
[1625/1814] Emitting module NIOFoundationEssentialsCompat
[1626/1814] Compiling NIOFoundationEssentialsCompat ByteBuffer-foundation.swift
[1627/1815] Wrapping AST for NIOFoundationEssentialsCompat for debugging
[1629/1815] Compiling NIOEmbedded AsyncTestingEventLoop.swift
[1630/1815] Compiling NIOEmbedded Embedded.swift
[1631/1815] Emitting module NIOEmbedded
[1632/1816] Wrapping AST for NIOEmbedded for debugging
[1634/1816] Emitting module NIOPosix
[1656/1823] Emitting module X509
[1657/1823] Compiling X509 ValidatedCertificateChain.swift
[1658/1823] Compiling X509 VerificationDiagnostic.swift
[1659/1823] Compiling X509 Verifier.swift
[1660/1823] Compiling X509 VerifierPolicy.swift
[1661/1823] Compiling X509 AlgorithmIdentifier.swift
[1662/1823] Compiling X509 ECDSASignature.swift
[1663/1823] Compiling X509 RSAPKCS1PublicKey.swift
[1664/1823] Compiling X509 SubjectPublicKeyInfo.swift
[1665/1823] Compiling X509 TBSCertificate.swift
[1666/1823] Compiling X509 Time.swift
[1667/1823] Compiling X509 TimeCalculations.swift
[1668/1823] Compiling X509 Validity.swift
[1669/1823] Compiling X509 X509SendableMetatype.swift
[1670/1824] Wrapping AST for X509 for debugging
[1672/1891] Compiling JWTKit UnsecuredNoneSigner.swift
[1673/1891] Compiling JWTKit JWTKeyCollection+RSA.swift
[1674/1891] Compiling JWTKit RSA.swift
[1675/1891] Compiling JWTKit RSAError.swift
[1676/1891] Compiling JWTKit RSASigner.swift
[1677/1891] Compiling JWTKit Base64URL.swift
[1678/1891] Compiling JWTKit CryptoSigner.swift
[1679/1891] Compiling JWTKit JWTHeader+CommonFields.swift
[1680/1891] Compiling JWTKit JWTHeader.swift
[1681/1891] Compiling JWTKit JWTHeaderField.swift
[1682/1891] Compiling JWTKit JWTKeyCollection.swift
[1683/1891] Compiling JWTKit JWTParser+MandatoryVerificationFields.swift
[1684/1891] Compiling JWTKit JWTParser.swift
[1685/1891] Compiling JWTKit JWTPayload.swift
[1686/1891] Compiling JWTKit MLDSA65+MLDSAKey.swift
[1687/1891] Compiling JWTKit MLDSA87+MLDSAKey.swift
[1688/1891] Compiling JWTKit MLDSAError.swift
[1689/1891] Compiling JWTKit MLDSAKey.swift
[1690/1891] Compiling JWTKit MLDSASigner.swift
[1691/1891] Compiling JWTKit JWTAlgorithm.swift
[1692/1891] Compiling JWTKit JWTError.swift
[1693/1891] Compiling JWTKit LocaleClaim.swift
[1694/1891] Compiling JWTKit NotBeforeClaim.swift
[1695/1891] Compiling JWTKit SubjectClaim.swift
[1696/1891] Compiling JWTKit TenantIDClaim.swift
[1697/1891] Compiling JWTKit ECDSA.swift
[1698/1891] Compiling JWTKit ECDSACurve.swift
[1699/1891] Compiling JWTKit ECDSACurveType.swift
[1700/1891] Compiling JWTKit ECDSAError.swift
[1701/1891] Compiling JWTKit ECDSAKeyTypes.swift
[1702/1891] Compiling JWTKit ECDSASigner.swift
[1703/1891] Compiling JWTKit JWTSerializer.swift
[1704/1891] Compiling JWTKit JWTSigner.swift
[1705/1891] Compiling JWTKit JWTKeyCollection+MLDSA.swift
[1706/1891] Compiling JWTKit MLDSA.swift
[1707/1892] Wrapping AST for NIOPosix for debugging
[1709/1894] Compiling NIO Exports.swift
[1710/1894] Emitting module NIO
[1711/1894] Compiling JWTKit ECDSASigningAlgorithm.swift
[1712/1894] Compiling JWTKit JWTKeyCollection+ECDSA.swift
[1713/1894] Compiling JWTKit P256+CurveType.swift
[1714/1894] Compiling JWTKit P384+CurveType.swift
[1715/1894] Compiling JWTKit P521+CurveType.swift
[1716/1894] Compiling JWTKit EdDSA.swift
[1717/1894] Compiling JWTKit EdDSACurve.swift
[1718/1894] Compiling JWTKit EdDSAError.swift
[1719/1894] Compiling JWTKit EdDSASigner.swift
[1720/1894] Compiling JWTKit JWTKeyCollection+EdDSA.swift
[1721/1923] Wrapping AST for NIO for debugging
[1723/1933] Emitting module JWTKit
[1724/1935] Compiling JWTKit MLDSAType.swift
[1725/1935] Compiling JWTKit JWTKeyCollection+UnsecuredNone.swift
[1733/1943] Emitting module NIOSOCKS
[1734/1944] Compiling NIOHTTP1 HTTPTypedPipelineSetup.swift
[1735/1944] Compiling NIOHTTP1 HTTPTypes.swift
[1736/1944] Compiling NIOHTTP1 NIOHTTPClientUpgradeHandler.swift
[1737/1944] Compiling NIOHTTP1 NIOHTTPObjectAggregator.swift
[1738/1944] Compiling NIOHTTP1 NIOTypedHTTPClientUpgradeHandler.swift
[1739/1944] Compiling NIOHTTP1 NIOTypedHTTPClientUpgraderStateMachine.swift
[1743/1944] Compiling NIOSOCKS ServerStateMachine.swift
[1744/1944] Compiling NIOTLS TLSEvents.swift
[1745/1944] Compiling NIOFoundationCompat Exports.swift
[1746/1944] Compiling NIOFoundationCompat WaitSpinningRunLoop.swift
[1747/1944] Compiling NIOFoundationCompat JSONSerialization+ByteBuffer.swift
[1748/1944] Emitting module NIOFoundationCompat
[1758/1945] Compiling NIOSOCKS SelectedAuthenticationMethod.swift
[1759/1945] Compiling NIOSOCKS ClientStateMachine.swift
[1761/1945] Compiling NIOTLS ApplicationProtocolNegotiationHandler.swift
[1762/1945] Emitting module NIOTLS
[1763/1945] Compiling NIOSOCKS SOCKSResponse.swift
[1764/1945] Compiling NIOSOCKS SOCKSClientHandler.swift
[1765/1945] Compiling NIOSOCKS SOCKSServerHandshakeHandler.swift
[1766/1945] Compiling JWTKit CustomizedJSONCoders.swift
[1767/1945] Compiling JWTKit Utilities.swift
[1768/1945] Compiling JWTKit AppleIdentityToken.swift
[1769/1945] Compiling JWTKit FirebaseAuthIdentityToken.swift
[1770/1945] Compiling JWTKit GoogleIdentityToken.swift
[1771/1945] Compiling JWTKit MicrosoftIdentityToken.swift
[1772/1945] Compiling JWTKit EmptyPolicy.swift
[1773/1945] Compiling JWTKit ValidationTimePayload.swift
[1774/1945] Compiling JWTKit X5CVerifier.swift
[1774/1945] Wrapping AST for NIOFoundationCompat for debugging
[1776/1945] Compiling NIOSOCKS Messages.swift
[1777/1945] Compiling NIOSOCKS SOCKSRequest.swift
[1778/1945] Compiling NIOSOCKS Errors.swift
[1779/1945] Compiling NIOSOCKS Helpers.swift
[1780/1945] Compiling NIOSOCKS AuthenticationMethod.swift
[1781/1945] Compiling NIOSOCKS ClientGreeting.swift
[1790/1946] Compiling NIOHTTP1 HTTPServerRequestMethodQueue.swift
[1791/1946] Compiling NIOHTTP1 HTTPServerUpgradeHandler.swift
[1792/1946] Compiling JWTKit AudienceClaim.swift
[1793/1946] Compiling JWTKit BoolClaim.swift
[1794/1946] Compiling JWTKit ExpirationClaim.swift
[1795/1946] Compiling JWTKit GoogleHostedDomainClaim.swift
[1796/1946] Compiling JWTKit IDClaim.swift
[1797/1946] Compiling JWTKit IssuedAtClaim.swift
[1798/1946] Compiling JWTKit IssuerClaim.swift
[1799/1946] Compiling JWTKit JWTClaim.swift
[1800/1946] Compiling JWTKit JWTMultiValueClaim.swift
[1801/1946] Compiling JWTKit JWTUnixEpochClaim.swift
[1802/1946] Compiling JWTKit HMAC.swift
[1803/1946] Compiling JWTKit HMACError.swift
[1804/1946] Compiling JWTKit HMACSigner.swift
[1805/1946] Compiling JWTKit JWTKeyCollection+HMAC.swift
[1806/1946] Compiling JWTKit Insecure.swift
[1807/1946] Compiling JWTKit JWK.swift
[1808/1946] Compiling JWTKit JWKIdentifier.swift
[1809/1946] Compiling JWTKit JWKS.swift
[1810/1946] Compiling JWTKit JWKSigner.swift
[1812/1947] Wrapping AST for NIOSOCKS for debugging
[1813/1947] Wrapping AST for JWTKit for debugging
[1815/1947] Compiling NIOTLS ProtocolNegotiationHandlerStateMachine.swift
[1816/1947] Compiling NIOTLS NIOTypedApplicationProtocolNegotiationHandler.swift
[1817/1947] Compiling NIOTLS SNIHandler.swift
[1825/1950] Wrapping AST for NIOTLS for debugging
[1827/1969] Compiling NIOSSL NIOSSLHandler.swift
[1828/1969] Compiling NIOSSL SSLContext.swift
[1829/1980] Compiling NIOSSL IdentityVerification.swift
[1830/1980] Compiling NIOSSL LinuxCABundle.swift
[1831/1980] Compiling NIOSSL NIOSSLClientHandler.swift
[1832/1980] Compiling NIOSSL NIOSSLHandler+Configuration.swift
[1833/1980] Compiling NIOSSL SSLPKCS12Bundle.swift
[1834/1980] Compiling NIOSSL SSLPrivateKey.swift
[1835/1980] Emitting module NIOHTTP1
[1836/1980] Compiling NIOSSL NIOSSLServerHandler.swift
[1837/1980] Compiling NIOSSL ObjectIdentifier.swift
[1838/1980] Compiling NIOSSL PosixPort.swift
[1839/1981] Wrapping AST for NIOHTTP1 for debugging
[1841/1998] Compiling NIOHTTPCompression HTTPResponseCompressor.swift
[1842/1998] Compiling NIOHTTPCompression HTTPRequestCompressor.swift
[1843/1998] Compiling NIOHPACK HPACKHeader.swift
[1844/1998] Compiling NIOHPACK HeaderTables.swift
[1845/1998] Compiling NIOHPACK DynamicHeaderTable.swift
[1846/1998] Compiling NIOHPACK HPACKDecoder.swift
[1847/2002] Emitting module NIOSSL
[1848/2002] Compiling NIOHPACK IndexedHeaderTable.swift
[1849/2003] Compiling NIOHPACK IntegerCoding.swift
[1850/2003] Compiling NIOHTTPCompression HTTPCompression.swift
[1851/2003] Compiling NIOHTTPCompression HTTPDecompressor.swift
[1853/2003] Compiling NIOSSL SSLPublicKey.swift
[1854/2003] Compiling NIOSSL SecurityFrameworkCertificateVerification.swift
[1855/2003] Compiling NIOSSL String+unsafeUninitializedCapacity.swift
[1856/2003] Compiling NIOSSL SubjectAlternativeName.swift
[1857/2003] Compiling NIOSSL NIOSSLSecureBytes.swift
[1858/2003] Compiling NIOSSL RNG.swift
[1859/2003] Compiling NIOSSL SafeCompare.swift
[1860/2003] Compiling NIOHPACK StaticHeaderTable.swift
[1861/2003] Emitting module NIOHPACK
[1862/2003] Compiling NIOHPACK HuffmanTables.swift
[1863/2003] Compiling NIOHTTPCompression HTTPDecompression.swift
[1864/2003] Emitting module NIOHTTPCompression
[1867/2004] Compiling NIOHPACK HuffmanCoding.swift
[1868/2004] Compiling NIOHPACK HPACKEncoder.swift
[1869/2004] Compiling NIOHPACK HPACKErrors.swift
[1873/2004] Compiling NIOSSL CustomPrivateKey.swift
[1874/2004] Compiling NIOSSL FreeBSDCABundle.swift
[1875/2004] Wrapping AST for NIOHTTPCompression for debugging
[1877/2004] Compiling NIOSSL SSLCertificate.swift
[1878/2004] Compiling NIOSSL SSLCertificateExtensions.swift
[1879/2004] Compiling NIOSSL SSLCertificateName.swift
[1880/2004] Compiling NIOSSL SSLConnection.swift
[1882/2004] Compiling NIOSSL SSLErrors.swift
[1883/2004] Compiling NIOSSL SSLInit.swift
[1891/2005] Wrapping AST for NIOHPACK for debugging
[1893/2068] Compiling NIOHTTP2 HTTP2UserEvents.swift
[1894/2068] Compiling NIOHTTP2 InboundEventBuffer.swift
[1895/2068] Compiling NIOHTTP2 InboundWindowManager.swift
[1896/2068] Compiling NIOHTTP2 MultiplexerAbstractChannel.swift
[1897/2069] Wrapping AST for NIOSSL for debugging
[1899/2069] Emitting module NIOHTTP2
[1900/2077] Compiling NIOHTTP2 HTTP2StreamMultiplexer.swift
[1901/2077] Compiling NIOHTTP2 HTTP2ToHTTP1Codec.swift
[1906/2077] Compiling NIOHTTP2 NIOHTTP2FrameDelegate.swift
[1907/2077] Compiling NIOHTTP2 NIOHTTP2ServerConnectionManagementHandler+StateMachine.swift
[1908/2077] Compiling NIOHTTP2 ConnectionStateMachine.swift
[1909/2077] Compiling NIOHTTP2 ConnectionStreamsState.swift
[1910/2077] Compiling NIOHTTP2 MayReceiveFrames.swift
[1911/2077] Compiling NIOHTTP2 ReceivingDataState.swift
[1912/2077] Compiling NIOHTTP2 ReceivingGoAwayState.swift
[1913/2077] Compiling NIOHTTP2 ReceivingHeadersState.swift
[1914/2077] Compiling NIOHTTP2 ReceivingPushPromiseState.swift
[1915/2077] Compiling NIOHTTP2 ReceivingRstStreamState.swift
[1916/2077] Compiling NIOHTTP2 ReceivingWindowUpdateState.swift
[1917/2077] Compiling NIOHTTP2 NIOHTTP2ServerConnectionManagementHandler.swift
[1918/2077] Compiling NIOHTTP2 StreamChannelFlowController.swift
[1919/2077] Compiling NIOHTTP2 StreamChannelList.swift
[1920/2077] Compiling NIOHTTP2 StreamMap.swift
[1921/2077] Compiling NIOHTTP2 StreamStateMachine.swift
[1922/2077] Compiling NIOHTTP2 Timer.swift
[1923/2077] Compiling NIOHTTP2 UnsafeTransfer.swift
[1924/2077] Compiling NIOHTTP2 WatermarkedFlowController.swift
[1925/2077] Compiling NIOHTTP2 MaySendFrames.swift
[1926/2077] Compiling NIOHTTP2 SendingDataState.swift
[1927/2077] Compiling NIOHTTP2 SendingGoawayState.swift
[1928/2077] Compiling NIOHTTP2 SendingHeadersState.swift
[1929/2077] Compiling NIOHTTP2 SendingPushPromiseState.swift
[1930/2077] Compiling NIOHTTP2 SendingRstStreamState.swift
[1931/2077] Compiling NIOHTTP2 SendingWindowUpdateState.swift
[1932/2077] Compiling NIOHTTP2 HTTP2SettingsState.swift
[1933/2077] Compiling NIOHTTP2 HasExtendedConnectSettings.swift
[1934/2077] Compiling NIOHTTP2 HasFlowControlWindows.swift
[1935/2077] Compiling NIOHTTP2 HasLocalSettings.swift
[1936/2077] Compiling NIOHTTP2 HasRemoteSettings.swift
[1937/2077] Compiling NIOHTTP2 LocallyQuiescingState.swift
[1938/2077] Compiling NIOHTTP2 QuiescingState.swift
[1939/2077] Compiling NIOHTTP2 RemotelyQuiescingState.swift
[1940/2077] Compiling NIOHTTP2 SendAndReceiveGoawayState.swift
[1941/2077] Compiling NIOHTTP2 StateMachineResult.swift
[1942/2077] Compiling NIOHTTP2 ContentLengthVerifier.swift
[1943/2077] Compiling NIOHTTP2 DOSHeuristics.swift
[1944/2077] Compiling NIOHTTP2 Error+Any.swift
[1945/2077] Compiling NIOHTTP2 ConcurrentStreamBuffer.swift
[1946/2077] Compiling NIOHTTP2 ControlFrameBuffer.swift
[1947/2077] Compiling NIOHTTP2 OutboundFlowControlBuffer.swift
[1948/2077] Compiling NIOHTTP2 OutboundFrameBuffer.swift
[1949/2077] Compiling NIOHTTP2 GlitchesMonitor.swift
[1950/2077] Compiling NIOHTTP2 HPACKHeaders+Validation.swift
[1951/2077] Compiling NIOHTTP2 HTTP2ChannelHandler+InboundStreamMultiplexer.swift
[1952/2077] Compiling NIOHTTP2 HTTP2ChannelHandler+InlineStreamMultiplexer.swift
[1953/2077] Compiling NIOHTTP2 HTTP2ChannelHandler.swift
[1954/2077] Compiling NIOHTTP2 HTTP2CommonInboundStreamMultiplexer.swift
[1955/2077] Compiling NIOHTTP2 HTTP2ConnectionStateChange.swift
[1956/2077] Compiling NIOHTTP2 HTTP2Error.swift
[1957/2077] Compiling NIOHTTP2 HTTP2ErrorCode.swift
[1958/2077] Compiling NIOHTTP2 HTTP2FlowControlWindow.swift
[1959/2077] Compiling NIOHTTP2 HTTP2Frame.swift
[1960/2077] Compiling NIOHTTP2 HTTP2FrameEncoder.swift
[1961/2077] Compiling NIOHTTP2 HTTP2FrameParser.swift
[1962/2077] Compiling NIOHTTP2 HTTP2PingData.swift
[1963/2077] Compiling NIOHTTP2 HTTP2PipelineHelpers.swift
[1964/2077] Compiling NIOHTTP2 HTTP2Settings.swift
[1965/2077] Compiling NIOHTTP2 HTTP2Stream.swift
[1966/2077] Compiling NIOHTTP2 HTTP2StreamChannel+OutboundStreamMultiplexer.swift
[1967/2077] Compiling NIOHTTP2 HTTP2StreamChannel.swift
[1968/2077] Compiling NIOHTTP2 HTTP2StreamDelegate.swift
[1969/2077] Compiling NIOHTTP2 HTTP2StreamID.swift
[1970/2078] Wrapping AST for NIOHTTP2 for debugging
[1972/2142] Emitting module AsyncHTTPClient
[1973/2150] Compiling AsyncHTTPClient AnyAsyncSequence.swift
[1974/2150] Compiling AsyncHTTPClient AnyAsyncSequenceProucerDelete.swift
[1975/2150] Compiling AsyncHTTPClient AsyncLazySequence.swift
[1976/2150] Compiling AsyncHTTPClient HTTPClient+execute.swift
[1977/2150] Compiling AsyncHTTPClient HTTPClient+shutdown.swift
[1978/2150] Compiling AsyncHTTPClient HTTPClient+tracing.swift
[1979/2150] Compiling AsyncHTTPClient HTTPClientRequest+Prepared.swift
[1980/2150] Compiling AsyncHTTPClient HTTPClientRequest+auth.swift
[1981/2150] Compiling AsyncHTTPClient HTTPClientRequest.swift
[1982/2150] Compiling AsyncHTTPClient RequestValidation.swift
[1983/2150] Compiling AsyncHTTPClient SSLContextCache.swift
[1984/2150] Compiling AsyncHTTPClient Scheme.swift
[1985/2150] Compiling AsyncHTTPClient Singleton.swift
[1986/2150] Compiling AsyncHTTPClient StringConvertibleInstances.swift
[1987/2150] Compiling AsyncHTTPClient StructuredConcurrencyHelpers.swift
[1988/2150] Compiling AsyncHTTPClient TracingSupport.swift
[1989/2150] Compiling AsyncHTTPClient Utils.swift
[1990/2150] Compiling AsyncHTTPClient HTTP1ProxyConnectHandler.swift
[1991/2150] Compiling AsyncHTTPClient SOCKSEventsHandler.swift
[1992/2150] Compiling AsyncHTTPClient TLSEventsHandler.swift
[1993/2150] Compiling AsyncHTTPClient HTTP1ClientChannelHandler.swift
[1994/2150] Compiling AsyncHTTPClient HTTP1Connection.swift
[1995/2150] Compiling AsyncHTTPClient HTTP1ConnectionStateMachine.swift
[1996/2150] Compiling AsyncHTTPClient HTTP2ClientRequestHandler.swift
[1997/2150] Compiling AsyncHTTPClient HTTP2Connection.swift
[1998/2150] Compiling AsyncHTTPClient HTTP2IdleHandler.swift
[1999/2150] Compiling AsyncHTTPClient RequestOptions.swift
[2000/2150] Compiling AsyncHTTPClient HTTPConnectionPool+Backoff.swift
[2001/2150] Compiling AsyncHTTPClient HTTPConnectionPool+HTTP1Connections.swift
[2002/2150] Compiling AsyncHTTPClient HTTPConnectionPool+HTTP1StateMachine.swift
[2003/2150] Compiling AsyncHTTPClient HTTPConnectionPool+HTTP2Connections.swift
[2004/2150] Compiling AsyncHTTPClient HTTPConnectionPool+HTTP2StateMachine.swift
[2005/2150] Compiling AsyncHTTPClient HTTPConnectionPool+RequestQueue.swift
[2006/2150] Compiling AsyncHTTPClient HTTPConnectionPool+StateMachine.swift
[2007/2150] Compiling AsyncHTTPClient ConnectionTarget.swift
[2008/2150] Compiling AsyncHTTPClient LRUCache.swift
[2009/2150] Compiling AsyncHTTPClient NIOLoopBound+Execute.swift
[2010/2150] Compiling AsyncHTTPClient NWErrorHandler.swift
[2011/2150] Compiling AsyncHTTPClient NWWaitingHandler.swift
[2012/2150] Compiling AsyncHTTPClient TLSConfiguration.swift
[2013/2150] Compiling AsyncHTTPClient RedirectState.swift
[2014/2150] Compiling AsyncHTTPClient RequestBag+StateMachine.swift
[2015/2150] Compiling AsyncHTTPClient RequestBag+Tracing.swift
[2016/2150] Compiling AsyncHTTPClient RequestBag.swift
[2017/2150] Compiling AsyncHTTPClient HTTPConnectionEvent.swift
[2018/2150] Compiling AsyncHTTPClient HTTPConnectionPool+Factory.swift
[2019/2150] Compiling AsyncHTTPClient HTTPConnectionPool+Manager.swift
[2020/2150] Compiling AsyncHTTPClient HTTPConnectionPool.swift
[2021/2150] Compiling AsyncHTTPClient HTTPExecutableRequest.swift
[2022/2150] Compiling AsyncHTTPClient HTTPRequestStateMachine+Demand.swift
[2023/2150] Compiling AsyncHTTPClient HTTPRequestStateMachine.swift
[2024/2150] Compiling AsyncHTTPClient RequestBodyLength.swift
[2025/2150] Compiling AsyncHTTPClient RequestFramingMetadata.swift
[2026/2150] Compiling AsyncHTTPClient HTTPClientResponse.swift
[2027/2150] Compiling AsyncHTTPClient SingleIteratorPrecondition.swift
[2028/2150] Compiling AsyncHTTPClient Transaction+StateMachine.swift
[2029/2150] Compiling AsyncHTTPClient Transaction.swift
[2030/2150] Compiling AsyncHTTPClient Base64.swift
[2031/2150] Compiling AsyncHTTPClient BasicAuth.swift
[2032/2150] Compiling AsyncHTTPClient BestEffortHashableTLSConfiguration.swift
[2033/2150] Compiling AsyncHTTPClient Configuration+BrowserLike.swift
[2034/2150] Compiling AsyncHTTPClient ConnectionPool.swift
[2035/2150] Compiling AsyncHTTPClient DeconstructedURL.swift
[2036/2150] Compiling AsyncHTTPClient FileDownloadDelegate.swift
[2037/2150] Compiling AsyncHTTPClient FoundationExtensions.swift
[2038/2150] Compiling AsyncHTTPClient HTTPClient+HTTPCookie.swift
[2039/2150] Compiling AsyncHTTPClient HTTPClient+Proxy.swift
[2040/2150] Compiling AsyncHTTPClient HTTPClient+StructuredConcurrency.swift
[2041/2150] Compiling AsyncHTTPClient HTTPClient.swift
[2042/2150] Compiling AsyncHTTPClient HTTPClientConfiguration+SwiftConfiguration.swift
[2043/2150] Compiling AsyncHTTPClient HTTPHandler.swift
[2044/2151] Wrapping AST for AsyncHTTPClient for debugging
[2046/2174] Compiling GoogleAuth AnonymousCredentials.swift
[2047/2174] Compiling GoogleAuth ApiKeyCredentials.swift
[2048/2174] Compiling GoogleAuth ExternalAccountCredentials.swift
[2049/2174] Compiling GoogleAuth UserAccountData.swift
[2050/2174] Compiling GoogleAuth UserAccountTokenProvider.swift
[2051/2174] Compiling GoogleAuth UserCredentials.swift
[2052/2174] Compiling GoogleAuth AuthHTTPClient.swift
[2053/2174] Compiling GoogleAuth AuthHTTPError.swift
[2054/2174] Compiling GoogleAuth RetryEngine.swift
[2055/2177] Compiling GoogleAuth ADC.swift
[2056/2177] Compiling GoogleAuth ADCPath.swift
[2057/2177] Compiling GoogleAuth ADCResolver.swift
[2058/2177] Compiling GoogleAuth AuthHeaders.swift
[2059/2177] Compiling GoogleAuth CredentialParserRegistry.swift
[2060/2177] Compiling GoogleAuth Credentials.swift
[2061/2177] Compiling GoogleAuth CredentialsError.swift
[2062/2177] Emitting module GoogleAuth
[2063/2177] Compiling GoogleAuth SubjectTokenProvider.swift
[2064/2177] Compiling GoogleAuth MDSAccessTokenProvider.swift
[2065/2177] Compiling GoogleAuth MDSCredentials.swift
[2066/2177] Compiling GoogleAuth ServiceAccountCredentials.swift
[2067/2177] Compiling GoogleAuth ServiceAccountData.swift
[2068/2177] Compiling GoogleAuth ServiceAccountTokenProvider.swift
[2069/2177] Compiling GoogleAuth STSHandler.swift
[2070/2177] Compiling GoogleAuth TokenCache.swift
[2071/2177] Compiling GoogleAuth PackageVersion.swift
[2072/2178] Wrapping AST for GoogleAuth for debugging
[2074/2236] Compiling GoogleGax Pagination.swift
/host/spi-builder-workspace/.build/checkouts/swift-google-gax/Sources/GoogleGax/Pagination.swift:44:22: error: cannot convert '@Sendable (String) async throws -> (response: ResponseType, items: [Item], nextToken: String)' to 'nonisolated(nonsending) @Sendable (String) async throws -> (response: ResponseType, items: [Item], nextToken: String)' because crossing of an isolation boundary requires parameter and result types to conform to 'Sendable' protocol
 42 |   ) where ResponseType: _PaginatedResponse<Item> {
 43 |     self.initialPageToken = initialPageToken ?? ""
 44 |     self.fetchPage = { token in
    |                      |- error: cannot convert '@Sendable (String) async throws -> (response: ResponseType, items: [Item], nextToken: String)' to 'nonisolated(nonsending) @Sendable (String) async throws -> (response: ResponseType, items: [Item], nextToken: String)' because crossing of an isolation boundary requires parameter and result types to conform to 'Sendable' protocol
    |                      `- note: type 'Item' does not conform to 'Sendable' protocol
 45 |       let response = try await listRpc(token)
 46 |       return (response, response._getPaginatedItems(), response._nextPageToken())
[2075/2236] Compiling GoogleGax PollingBackoffPolicy.swift
/host/spi-builder-workspace/.build/checkouts/swift-google-gax/Sources/GoogleGax/Pagination.swift:44:22: error: cannot convert '@Sendable (String) async throws -> (response: ResponseType, items: [Item], nextToken: String)' to 'nonisolated(nonsending) @Sendable (String) async throws -> (response: ResponseType, items: [Item], nextToken: String)' because crossing of an isolation boundary requires parameter and result types to conform to 'Sendable' protocol
 42 |   ) where ResponseType: _PaginatedResponse<Item> {
 43 |     self.initialPageToken = initialPageToken ?? ""
 44 |     self.fetchPage = { token in
    |                      |- error: cannot convert '@Sendable (String) async throws -> (response: ResponseType, items: [Item], nextToken: String)' to 'nonisolated(nonsending) @Sendable (String) async throws -> (response: ResponseType, items: [Item], nextToken: String)' because crossing of an isolation boundary requires parameter and result types to conform to 'Sendable' protocol
    |                      `- note: type 'Item' does not conform to 'Sendable' protocol
 45 |       let response = try await listRpc(token)
 46 |       return (response, response._getPaginatedItems(), response._nextPageToken())
[2076/2236] Compiling GoogleGax PollingErrorPolicy.swift
/host/spi-builder-workspace/.build/checkouts/swift-google-gax/Sources/GoogleGax/Pagination.swift:44:22: error: cannot convert '@Sendable (String) async throws -> (response: ResponseType, items: [Item], nextToken: String)' to 'nonisolated(nonsending) @Sendable (String) async throws -> (response: ResponseType, items: [Item], nextToken: String)' because crossing of an isolation boundary requires parameter and result types to conform to 'Sendable' protocol
 42 |   ) where ResponseType: _PaginatedResponse<Item> {
 43 |     self.initialPageToken = initialPageToken ?? ""
 44 |     self.fetchPage = { token in
    |                      |- error: cannot convert '@Sendable (String) async throws -> (response: ResponseType, items: [Item], nextToken: String)' to 'nonisolated(nonsending) @Sendable (String) async throws -> (response: ResponseType, items: [Item], nextToken: String)' because crossing of an isolation boundary requires parameter and result types to conform to 'Sendable' protocol
    |                      `- note: type 'Item' does not conform to 'Sendable' protocol
 45 |       let response = try await listRpc(token)
 46 |       return (response, response._getPaginatedItems(), response._nextPageToken())
[2077/2236] Compiling GoogleGax PollingResult.swift
/host/spi-builder-workspace/.build/checkouts/swift-google-gax/Sources/GoogleGax/Pagination.swift:44:22: error: cannot convert '@Sendable (String) async throws -> (response: ResponseType, items: [Item], nextToken: String)' to 'nonisolated(nonsending) @Sendable (String) async throws -> (response: ResponseType, items: [Item], nextToken: String)' because crossing of an isolation boundary requires parameter and result types to conform to 'Sendable' protocol
 42 |   ) where ResponseType: _PaginatedResponse<Item> {
 43 |     self.initialPageToken = initialPageToken ?? ""
 44 |     self.fetchPage = { token in
    |                      |- error: cannot convert '@Sendable (String) async throws -> (response: ResponseType, items: [Item], nextToken: String)' to 'nonisolated(nonsending) @Sendable (String) async throws -> (response: ResponseType, items: [Item], nextToken: String)' because crossing of an isolation boundary requires parameter and result types to conform to 'Sendable' protocol
    |                      `- note: type 'Item' does not conform to 'Sendable' protocol
 45 |       let response = try await listRpc(token)
 46 |       return (response, response._getPaginatedItems(), response._nextPageToken())
[2078/2236] Compiling GoogleGax PollingState.swift
/host/spi-builder-workspace/.build/checkouts/swift-google-gax/Sources/GoogleGax/Pagination.swift:44:22: error: cannot convert '@Sendable (String) async throws -> (response: ResponseType, items: [Item], nextToken: String)' to 'nonisolated(nonsending) @Sendable (String) async throws -> (response: ResponseType, items: [Item], nextToken: String)' because crossing of an isolation boundary requires parameter and result types to conform to 'Sendable' protocol
 42 |   ) where ResponseType: _PaginatedResponse<Item> {
 43 |     self.initialPageToken = initialPageToken ?? ""
 44 |     self.fetchPage = { token in
    |                      |- error: cannot convert '@Sendable (String) async throws -> (response: ResponseType, items: [Item], nextToken: String)' to 'nonisolated(nonsending) @Sendable (String) async throws -> (response: ResponseType, items: [Item], nextToken: String)' because crossing of an isolation boundary requires parameter and result types to conform to 'Sendable' protocol
    |                      `- note: type 'Item' does not conform to 'Sendable' protocol
 45 |       let response = try await listRpc(token)
 46 |       return (response, response._getPaginatedItems(), response._nextPageToken())
[2079/2236] Compiling GoogleGax ProtobufConversionError.swift
/host/spi-builder-workspace/.build/checkouts/swift-google-gax/Sources/GoogleGax/Pagination.swift:44:22: error: cannot convert '@Sendable (String) async throws -> (response: ResponseType, items: [Item], nextToken: String)' to 'nonisolated(nonsending) @Sendable (String) async throws -> (response: ResponseType, items: [Item], nextToken: String)' because crossing of an isolation boundary requires parameter and result types to conform to 'Sendable' protocol
 42 |   ) where ResponseType: _PaginatedResponse<Item> {
 43 |     self.initialPageToken = initialPageToken ?? ""
 44 |     self.fetchPage = { token in
    |                      |- error: cannot convert '@Sendable (String) async throws -> (response: ResponseType, items: [Item], nextToken: String)' to 'nonisolated(nonsending) @Sendable (String) async throws -> (response: ResponseType, items: [Item], nextToken: String)' because crossing of an isolation boundary requires parameter and result types to conform to 'Sendable' protocol
    |                      `- note: type 'Item' does not conform to 'Sendable' protocol
 45 |       let response = try await listRpc(token)
 46 |       return (response, response._getPaginatedItems(), response._nextPageToken())
[2080/2236] Compiling GoogleGax QueryParameter.swift
/host/spi-builder-workspace/.build/checkouts/swift-google-gax/Sources/GoogleGax/Pagination.swift:44:22: error: cannot convert '@Sendable (String) async throws -> (response: ResponseType, items: [Item], nextToken: String)' to 'nonisolated(nonsending) @Sendable (String) async throws -> (response: ResponseType, items: [Item], nextToken: String)' because crossing of an isolation boundary requires parameter and result types to conform to 'Sendable' protocol
 42 |   ) where ResponseType: _PaginatedResponse<Item> {
 43 |     self.initialPageToken = initialPageToken ?? ""
 44 |     self.fetchPage = { token in
    |                      |- error: cannot convert '@Sendable (String) async throws -> (response: ResponseType, items: [Item], nextToken: String)' to 'nonisolated(nonsending) @Sendable (String) async throws -> (response: ResponseType, items: [Item], nextToken: String)' because crossing of an isolation boundary requires parameter and result types to conform to 'Sendable' protocol
    |                      `- note: type 'Item' does not conform to 'Sendable' protocol
 45 |       let response = try await listRpc(token)
 46 |       return (response, response._getPaginatedItems(), response._nextPageToken())
[2081/2236] Compiling GoogleGax RequestError.swift
/host/spi-builder-workspace/.build/checkouts/swift-google-gax/Sources/GoogleGax/Pagination.swift:44:22: error: cannot convert '@Sendable (String) async throws -> (response: ResponseType, items: [Item], nextToken: String)' to 'nonisolated(nonsending) @Sendable (String) async throws -> (response: ResponseType, items: [Item], nextToken: String)' because crossing of an isolation boundary requires parameter and result types to conform to 'Sendable' protocol
 42 |   ) where ResponseType: _PaginatedResponse<Item> {
 43 |     self.initialPageToken = initialPageToken ?? ""
 44 |     self.fetchPage = { token in
    |                      |- error: cannot convert '@Sendable (String) async throws -> (response: ResponseType, items: [Item], nextToken: String)' to 'nonisolated(nonsending) @Sendable (String) async throws -> (response: ResponseType, items: [Item], nextToken: String)' because crossing of an isolation boundary requires parameter and result types to conform to 'Sendable' protocol
    |                      `- note: type 'Item' does not conform to 'Sendable' protocol
 45 |       let response = try await listRpc(token)
 46 |       return (response, response._getPaginatedItems(), response._nextPageToken())
[2082/2244] Compiling GoogleGax AIP194+PollingErrorPolicy.swift
[2083/2244] Compiling GoogleGax AIP194+RetryPolicy.swift
[2084/2244] Compiling GoogleGax AIP194.swift
[2085/2244] Compiling GoogleGax AdaptiveThrottler.swift
[2086/2244] Compiling GoogleGax AlwaysPoll.swift
[2087/2244] Compiling GoogleGax AlwaysRetry.swift
[2088/2244] Compiling GoogleGax ApiClientHeader.swift
[2089/2244] Compiling GoogleGax BackoffPolicy.swift
[2090/2244] Compiling GoogleGax BasePollingErrorPolicy.swift
[2091/2244] Compiling GoogleGax ContinueOnIO.swift
[2092/2244] Compiling GoogleGax CredentialsProtocol.swift
[2093/2244] Compiling GoogleGax ErrorWrapper.swift
[2094/2244] Compiling GoogleGax ExponentialBackoff+BackoffPolicy.swift
[2095/2244] Compiling GoogleGax ExponentialBackoff+PollingBackoffPolicy.swift
[2096/2244] Compiling GoogleGax ExponentialBackoff.swift
[2097/2244] Compiling GoogleGax HTTPClient.swift
[2098/2244] Compiling GoogleGax HTTPClientHolder.swift
[2099/2244] Emitting module GoogleGax
[2100/2244] Compiling GoogleGax RequestOptions.swift
[2101/2244] Compiling GoogleGax RetryLoop.swift
[2102/2244] Compiling GoogleGax RetryPolicy.swift
[2103/2244] Compiling GoogleGax RetryResult.swift
[2104/2244] Compiling GoogleGax RetryState.swift
[2105/2244] Compiling GoogleGax RetryThrottler.swift
[2106/2244] Compiling GoogleGax RetryThrottlerError.swift
[2107/2244] Compiling GoogleGax RoutingMatcher.swift
[2108/2244] Compiling GoogleGax HTTPClientProtocol.swift
[2109/2244] Compiling GoogleGax HTTPClientRequest.swift
[2110/2244] Compiling GoogleGax HTTPClientResponse.swift
[2111/2244] Compiling GoogleGax HTTPHeaders.swift
[2112/2244] Compiling GoogleGax HTTPResponseBody.swift
[2113/2244] Compiling GoogleGax HeaderNames.swift
[2114/2244] Compiling GoogleGax Host.swift
[2115/2244] Compiling GoogleGax InProgressResult.swift
[2116/2244] Compiling GoogleGax LimitedAttemptCount+PollingErrorPolicy.swift
[2117/2244] Compiling GoogleGax LimitedAttemptCount+RetryPolicy.swift
[2118/2244] Compiling GoogleGax LimitedAttemptCount.swift
[2119/2244] Compiling GoogleGax LimitedElapsedTime+PollingErrorPolicy.swift
[2120/2244] Compiling GoogleGax LimitedElapsedTime+RetryPolicy.swift
[2121/2244] Compiling GoogleGax LimitedElapsedTime.swift
[2122/2244] Compiling GoogleGax LongRunningOperations.swift
[2123/2244] Compiling GoogleGax NeverRetry.swift
[2124/2244] Compiling GoogleGax BaseRetryPolicy.swift
[2125/2244] Compiling GoogleGax BindingError.swift
[2126/2244] Compiling GoogleGax CRC32C.swift
[2127/2244] Compiling GoogleGax CircuitBreaker.swift
[2128/2244] Compiling GoogleGax ClientError.swift
[2129/2244] Compiling GoogleGax ClientOptions.swift
[2130/2244] Compiling GoogleGax ContinueOnIO+PollingErrorPolicy.swift
[2131/2244] Compiling GoogleGax ContinueOnIO+RetryPolicy.swift
[2132/2244] Compiling GoogleGax ServiceError.swift
[2133/2244] Compiling GoogleGax StatusDetail.swift
[2134/2244] Compiling GoogleGax StrictIdempotency.swift
[2135/2244] Compiling GoogleGax ThrottleResult.swift
[2136/2244] Compiling GoogleGax TooManyRequests+PollingErrorPolicy.swift
[2137/2244] Compiling GoogleGax TooManyRequests+RetryPolicy.swift
[2138/2244] Compiling GoogleGax TooManyRequests.swift
[2139/2244] Compiling GoogleGax PackageVersion.swift
BUILD FAILURE 6.2 android