The Swift Package Index logo.Swift Package Index

Build Information

Failed to build ConsoleIO, reference master (3933eb), with Swift 6.4 for Wasm on 16 Sep 2026 17:45:17 UTC.

Build Command

bash -c docker run --pull=always --rm -v "checkouts-54344847-1":/host -w "$PWD" -e JAVA_HOME="/root/.sdkman/candidates/java/current" -e SPI_BUILD="1" -e SPI_PROCESSING="1" registry.gitlab.com/saguaro1/spi-images:wasm-6.4-latest swift build --swift-sdk swift-6.4.x-DEVELOPMENT-SNAPSHOT-2026-09-04-a_wasm 2>&1

Build Log

========================================
RunAll
========================================
Builder version: 5.1.0
Interrupt handler set up.
========================================
Checkout
========================================
Clone URL: https://github.com/wendyliga/ConsoleIO.git
Reference: master
Initialized empty Git repository in /host/spi-builder-workspace/.git/
hint: Using 'master' as the name for the initial branch. This default branch name
hint: is subject to change. To configure the initial branch name to use in all
hint: of your new repositories, which will suppress this warning, call:
hint:
hint: 	git config --global init.defaultBranch <name>
hint:
hint: Names commonly chosen instead of 'master' are 'main', 'trunk' and
hint: 'development'. The just-created branch can be renamed via this command:
hint:
hint: 	git branch -m <name>
From https://github.com/wendyliga/ConsoleIO
 * branch            master     -> FETCH_HEAD
 * [new branch]      master     -> origin/master
HEAD is now at 3933eb8 Improve input (#1)
Cloned https://github.com/wendyliga/ConsoleIO.git
Revision (git rev-parse @):
3933eb8c8f4ce00d07c2a80896b6463bdf1d31d1
SUCCESS checkout https://github.com/wendyliga/ConsoleIO.git at master
========================================
Build
========================================
Selected platform:         wasm
Swift version:             6.4
Building package at path:  $PWD
https://github.com/wendyliga/ConsoleIO.git
Running build ...
bash -c docker run --pull=always --rm -v "checkouts-54344847-1":/host -w "$PWD" -e JAVA_HOME="/root/.sdkman/candidates/java/current" -e SPI_BUILD="1" -e SPI_PROCESSING="1" registry.gitlab.com/saguaro1/spi-images:wasm-6.4-latest swift build --swift-sdk swift-6.4.x-DEVELOPMENT-SNAPSHOT-2026-09-04-a_wasm 2>&1
wasm-6.4-latest: Pulling from saguaro1/spi-images
Digest: sha256:4328fdb43c680d205c1d6761b1e3267aa38277eefdda9ddfb17b6a0f1a77857a
Status: Image is up to date for registry.gitlab.com/saguaro1/spi-images:wasm-6.4-latest
Fetching https://github.com/wendyliga/SwiftKit.git
[1/717] Fetching swiftkit
Fetched https://github.com/wendyliga/SwiftKit.git (0.58s)
Computing version for https://github.com/wendyliga/SwiftKit.git
Computed https://github.com/wendyliga/SwiftKit.git at 2.4.2 (0.90s)
Creating working copy for https://github.com/wendyliga/SwiftKit.git
Working copy of https://github.com/wendyliga/SwiftKit.git resolved at 2.4.2
Building for debugging...
[Constructing description]
[Planning deferred tasks]
[23 / 39] SwiftKit
[32 / 47] SwiftKit
[33 / 47] SwiftKit
[41 / 51] SwiftKit
error: SwiftCompile normal wasm32 /host/spi-builder-workspace/.build/checkouts/SwiftKit/Sources/SwiftKit/Shell.swift failed with a nonzero exit code. Command line:     cd /host
    builtin-SwiftPerFileCompile Shell.swift
/host/spi-builder-workspace/.build/checkouts/SwiftKit/Sources/SwiftKit/Shell.swift:39:20: error: cannot find 'Process' in scope
 37 |         stream result: @escaping (Shell.ResultStream) -> Void
 38 |     ) -> Shell.TerminationStatus {
 39 |         let task = Process()
    |                    `- error: cannot find 'Process' in scope
 40 |         task.arguments = arguments
 41 |
/host/spi-builder-workspace/.build/checkouts/SwiftKit/Sources/SwiftKit/Shell.swift:66:53: error: no exact matches in call to instance method 'addObserver'
 64 |         // set listener
 65 |         var stdOutObserver: NSObjectProtocol!
 66 |         stdOutObserver = NotificationCenter.default.addObserver(
    |                                                     |- error: no exact matches in call to instance method 'addObserver'
    |                                                     |- note: found candidate with type '(Message.Subject?, Message.Type, @escaping @Sendable (Message) async -> Void) -> NotificationCenter.ObservationToken'
    |                                                     `- note: found candidate with type '(Message.Subject?, Message.Type, @escaping @MainActor (Message) -> Void) -> NotificationCenter.ObservationToken'
 67 |             forName: NSNotification.Name.NSFileHandleDataAvailable,
 68 |             object: stdOutReading,
/host/spi-builder-workspace/.build/checkouts/SwiftKit/Sources/SwiftKit/Shell.swift:66:53: error: cannot assign value of type 'NotificationCenter.ObservationToken' to type '(any NSObjectProtocol)?'
 64 |         // set listener
 65 |         var stdOutObserver: NSObjectProtocol!
 66 |         stdOutObserver = NotificationCenter.default.addObserver(
    |                                                     `- error: cannot assign value of type 'NotificationCenter.ObservationToken' to type '(any NSObjectProtocol)?'
 67 |             forName: NSNotification.Name.NSFileHandleDataAvailable,
 68 |             object: stdOutReading,
/host/spi-builder-workspace/.build/checkouts/SwiftKit/Sources/SwiftKit/Shell.swift:69:20: error: 'nil' requires a contextual type
 67 |             forName: NSNotification.Name.NSFileHandleDataAvailable,
 68 |             object: stdOutReading,
 69 |             queue: nil
    |                    `- error: 'nil' requires a contextual type
 70 |         ) { _ -> Void in
 71 |             let data = stdOutReading.availableData
/host/spi-builder-workspace/.build/checkouts/SwiftKit/Sources/SwiftKit/Shell.swift:86:53: error: no exact matches in call to instance method 'addObserver'
 84 |
 85 |         var stdErrObserver: NSObjectProtocol!
 86 |         stdErrObserver = NotificationCenter.default.addObserver(
    |                                                     |- error: no exact matches in call to instance method 'addObserver'
    |                                                     |- note: found candidate with type '(Message.Subject?, Message.Type, @escaping @Sendable (Message) async -> Void) -> NotificationCenter.ObservationToken'
    |                                                     `- note: found candidate with type '(Message.Subject?, Message.Type, @escaping @MainActor (Message) -> Void) -> NotificationCenter.ObservationToken'
 87 |             forName: NSNotification.Name.NSFileHandleDataAvailable,
 88 |             object: stdErrReading,
/host/spi-builder-workspace/.build/checkouts/SwiftKit/Sources/SwiftKit/Shell.swift:86:53: error: cannot assign value of type 'NotificationCenter.ObservationToken' to type '(any NSObjectProtocol)?'
 84 |
 85 |         var stdErrObserver: NSObjectProtocol!
 86 |         stdErrObserver = NotificationCenter.default.addObserver(
    |                                                     `- error: cannot assign value of type 'NotificationCenter.ObservationToken' to type '(any NSObjectProtocol)?'
 87 |             forName: NSNotification.Name.NSFileHandleDataAvailable,
 88 |             object: stdErrReading,
/host/spi-builder-workspace/.build/checkouts/SwiftKit/Sources/SwiftKit/Shell.swift:89:20: error: 'nil' requires a contextual type
 87 |             forName: NSNotification.Name.NSFileHandleDataAvailable,
 88 |             object: stdErrReading,
 89 |             queue: nil
    |                    `- error: 'nil' requires a contextual type
 90 |         ) { _ -> Void in
 91 |             let data = stdErrReading.availableData
Failed frontend command:
/usr/bin/swift-frontend -frontend -c /host/spi-builder-workspace/.build/checkouts/SwiftKit/Sources/SwiftKit/Deprecated.swift /host/spi-builder-workspace/.build/checkouts/SwiftKit/Sources/SwiftKit/Error.swift /host/spi-builder-workspace/.build/checkouts/SwiftKit/Sources/SwiftKit/Extensions/Array+Extension.swift /host/spi-builder-workspace/.build/checkouts/SwiftKit/Sources/SwiftKit/Extensions/Result+Extension.swift /host/spi-builder-workspace/.build/checkouts/SwiftKit/Sources/SwiftKit/Extensions/String+Extension.swift /host/spi-builder-workspace/.build/checkouts/SwiftKit/Sources/SwiftKit/Log.swift /host/spi-builder-workspace/.build/checkouts/SwiftKit/Sources/SwiftKit/PropertyWrapper/DefaultValue.swift /host/spi-builder-workspace/.build/checkouts/SwiftKit/Sources/SwiftKit/PropertyWrapper/NonEmpty.swift /host/spi-builder-workspace/.build/checkouts/SwiftKit/Sources/SwiftKit/PropertyWrapper/Traceable.swift -primary-file /host/spi-builder-workspace/.build/checkouts/SwiftKit/Sources/SwiftKit/Shell.swift -emit-dependencies-path /host/spi-builder-workspace/.build/out/Intermediates.noindex/SwiftKit.build/Debug-webassembly-wasm32/SwiftKit-t.build/Objects-normal/wasm32/Shell.d -emit-const-values-path /host/spi-builder-workspace/.build/out/Intermediates.noindex/SwiftKit.build/Debug-webassembly-wasm32/SwiftKit-t.build/Objects-normal/wasm32/Shell.swiftconstvalues -emit-reference-dependencies-path /host/spi-builder-workspace/.build/out/Intermediates.noindex/SwiftKit.build/Debug-webassembly-wasm32/SwiftKit-t.build/Objects-normal/wasm32/Shell.swiftdeps -serialize-diagnostics-path /host/spi-builder-workspace/.build/out/Intermediates.noindex/SwiftKit.build/Debug-webassembly-wasm32/SwiftKit-t.build/Objects-normal/wasm32/Shell.dia -target wasm32-unknown-wasip1 -disable-objc-interop -sdk /root/.swiftpm/swift-sdks/swift-6.4.x-DEVELOPMENT-SNAPSHOT-2026-09-04-a_wasm.artifactbundle/swift-6.4.x-DEVELOPMENT-SNAPSHOT-2026-09-04-a_wasm/wasm32-unknown-wasip1/WASI.sdk -sysroot /root/.swiftpm/swift-sdks/swift-6.4.x-DEVELOPMENT-SNAPSHOT-2026-09-04-a_wasm.artifactbundle/swift-6.4.x-DEVELOPMENT-SNAPSHOT-2026-09-04-a_wasm/wasm32-unknown-wasip1/WASI.sdk -I /host/spi-builder-workspace/.build/out/Products/Debug-webassembly-wasm32 -module-cache-path /host/spi-builder-workspace/.build/out/ModuleCache.noindex -color-diagnostics -Xcc -fcolor-diagnostics -enable-testing -g -debug-info-format\=dwarf -dwarf-version\=4 -suppress-warnings -swift-version 5 -Onone -D SWIFT_PACKAGE -D DEBUG -D SWIFT_MODULE_RESOURCE_BUNDLE_UNAVAILABLE -D Xcode -serialize-debugging-options -enable-experimental-feature DebugDescriptionMacro -empty-abi-descriptor -external-plugin-path /usr/lib/swift/host/plugins/testing\#/usr/bin/swift-plugin-server -validate-clang-modules-once -clang-build-session-file /host/spi-builder-workspace/.build/out/ModuleCache.noindex/Session.modulevalidation -Xcc -working-directory -Xcc /host -resource-dir /root/.swiftpm/swift-sdks/swift-6.4.x-DEVELOPMENT-SNAPSHOT-2026-09-04-a_wasm.artifactbundle/swift-6.4.x-DEVELOPMENT-SNAPSHOT-2026-09-04-a_wasm/wasm32-unknown-wasip1/swift.xctoolchain/usr/lib/swift_static -use-static-resource-dir -enable-anonymous-context-mangled-names -file-compilation-dir /host -Xcc -resource-dir -Xcc /root/.swiftpm/swift-sdks/swift-6.4.x-DEVELOPMENT-SNAPSHOT-2026-09-04-a_wasm.artifactbundle/swift-6.4.x-DEVELOPMENT-SNAPSHOT-2026-09-04-a_wasm/wasm32-unknown-wasip1/swift.xctoolchain/usr/lib/swift_static/clang -Xcc -D_LIBCPP_HARDENING_MODE\=_LIBCPP_HARDENING_MODE_DEBUG -Xcc -fmodules-prune-interval\=86400 -Xcc -fmodules-prune-after\=345600 -Xcc -I/host/spi-builder-workspace/.build/out/Products/Debug-webassembly-wasm32/include -Xcc -I/host/spi-builder-workspace/.build/out/Intermediates.noindex/SwiftKit.build/Debug-webassembly-wasm32/SwiftKit-t.build/DerivedSources-normal/wasm32 -Xcc -I/host/spi-builder-workspace/.build/out/Intermediates.noindex/SwiftKit.build/Debug-webassembly-wasm32/SwiftKit-t.build/DerivedSources/wasm32 -Xcc -I/host/spi-builder-workspace/.build/out/Intermediates.noindex/SwiftKit.build/Debug-webassembly-wasm32/SwiftKit-t.build/DerivedSources -Xcc -DSWIFT_PACKAGE -Xcc -DDEBUG\=1 -no-auto-bridging-header-chaining -module-name SwiftKit -const-gather-protocols-file /host/spi-builder-workspace/.build/out/Intermediates.noindex/SwiftKit.build/Debug-webassembly-wasm32/SwiftKit-t.build/Objects-normal/wasm32/SwiftKit_const_extract_protocols.json -in-process-plugin-server-path /usr/lib/swift/host/libSwiftInProcPluginServer.so -plugin-path /usr/lib/swift/host/plugins -plugin-path /usr/local/lib/swift/host/plugins -parse-as-library -o /host/spi-builder-workspace/.build/out/Intermediates.noindex/SwiftKit.build/Debug-webassembly-wasm32/SwiftKit-t.build/Objects-normal/wasm32/Shell.o -index-unit-output-path /SwiftKit.build/Debug-webassembly-wasm32/SwiftKit-t.build/Objects-normal/wasm32/Shell.o -index-store-path /host/spi-builder-workspace/.build/out -index-system-modules
error: Build failed
BUILD FAILURE 6.4 wasm