Build Information
Failed to build ScreenshotPreventing, reference 1.4.0 (10d868), with Swift 6.4 for watchOS using Xcode 27.0 on 23 Sep 2026 19:25:32 UTC.
Build Command
env DEVELOPER_DIR=/Applications/Xcode-27.0.0-Release.Candidate.app xcrun xcodebuild -IDEClonedSourcePackagesDirPathOverride=$PWD/.dependencies -skipMacroValidation -skipPackagePluginValidation -derivedDataPath $PWD/.derivedData build -scheme ScreenshotPreventing-Package -destination generic/platform=watchOSBuild Log
cd /Users/admin/builder/spi-builder-workspace/.swiftpm/xcode
builtin-SwiftPerFileCompile Timer.swift
SwiftCompile normal arm64 /Users/admin/builder/spi-builder-workspace/.dependencies/checkouts/RxSwift/Sources/RxSwift/ToArray.swift (in target 'RxSwift' from project 'RxSwift')
cd /Users/admin/builder/spi-builder-workspace/.swiftpm/xcode
builtin-SwiftPerFileCompile ToArray.swift
SwiftCompile normal arm64 /Users/admin/builder/spi-builder-workspace/.dependencies/checkouts/RxSwift/Sources/RxSwift/Using.swift (in target 'RxSwift' from project 'RxSwift')
cd /Users/admin/builder/spi-builder-workspace/.swiftpm/xcode
builtin-SwiftPerFileCompile Using.swift
SwiftCompile normal arm64 /Users/admin/builder/spi-builder-workspace/.dependencies/checkouts/RxSwift/Sources/RxSwift/VirtualTimeConverterType.swift (in target 'RxSwift' from project 'RxSwift')
cd /Users/admin/builder/spi-builder-workspace/.swiftpm/xcode
builtin-SwiftPerFileCompile VirtualTimeConverterType.swift
SwiftCompile normal arm64 /Users/admin/builder/spi-builder-workspace/.dependencies/checkouts/RxSwift/Sources/RxSwift/VirtualTimeScheduler.swift (in target 'RxSwift' from project 'RxSwift')
cd /Users/admin/builder/spi-builder-workspace/.swiftpm/xcode
builtin-SwiftPerFileCompile VirtualTimeScheduler.swift
SwiftCompile normal arm64 /Users/admin/builder/spi-builder-workspace/.dependencies/checkouts/RxSwift/Sources/RxSwift/Window.swift (in target 'RxSwift' from project 'RxSwift')
cd /Users/admin/builder/spi-builder-workspace/.swiftpm/xcode
builtin-SwiftPerFileCompile Window.swift
SwiftCompile normal arm64 /Users/admin/builder/spi-builder-workspace/.dependencies/checkouts/RxSwift/Sources/RxSwift/WithLatestFrom.swift (in target 'RxSwift' from project 'RxSwift')
cd /Users/admin/builder/spi-builder-workspace/.swiftpm/xcode
builtin-SwiftPerFileCompile WithLatestFrom.swift
SwiftCompile normal arm64 /Users/admin/builder/spi-builder-workspace/.dependencies/checkouts/RxSwift/Sources/RxSwift/WithUnretained.swift (in target 'RxSwift' from project 'RxSwift')
cd /Users/admin/builder/spi-builder-workspace/.swiftpm/xcode
builtin-SwiftPerFileCompile WithUnretained.swift
SwiftCompile normal arm64 /Users/admin/builder/spi-builder-workspace/.dependencies/checkouts/RxSwift/Sources/RxSwift/Zip+Collection.swift (in target 'RxSwift' from project 'RxSwift')
cd /Users/admin/builder/spi-builder-workspace/.swiftpm/xcode
builtin-SwiftPerFileCompile Zip+Collection.swift
SwiftCompile normal arm64 /Users/admin/builder/spi-builder-workspace/.dependencies/checkouts/RxSwift/Sources/RxSwift/Zip+arity.swift (in target 'RxSwift' from project 'RxSwift')
cd /Users/admin/builder/spi-builder-workspace/.swiftpm/xcode
builtin-SwiftPerFileCompile Zip+arity.swift
SwiftCompile normal arm64 /Users/admin/builder/spi-builder-workspace/.dependencies/checkouts/RxSwift/Sources/RxSwift/Zip.swift (in target 'RxSwift' from project 'RxSwift')
cd /Users/admin/builder/spi-builder-workspace/.swiftpm/xcode
builtin-SwiftPerFileCompile Zip.swift
SwiftExplicitDependencyGeneratePcm arm64_32 /Users/admin/builder/spi-builder-workspace/.derivedData/SDKExplicitPrecompiledModules/SwiftUICore-3Q7WLRD8MR9R3NGIPUBQCP6F6.pcm
SwiftExplicitDependencyGeneratePcm arm64_32 /Users/admin/builder/spi-builder-workspace/.derivedData/SDKExplicitPrecompiledModules/CoreLocation-8XU5YMYM4P11RQMYCQAG65ITK.pcm
SwiftCompile normal arm64 Compiling\ RetryWhen.swift,\ Rx.swift,\ RxMutableBox.swift,\ Sample.swift,\ Scan.swift,\ ScheduledDisposable.swift,\ ScheduledItem.swift,\ ScheduledItemType.swift,\ SchedulerServices+Emulation.swift,\ SchedulerType.swift,\ Sequence.swift,\ SerialDispatchQueueScheduler.swift,\ SerialDisposable.swift,\ ShareReplayScope.swift,\ Single.swift,\ SingleAssignmentDisposable.swift /Users/admin/builder/spi-builder-workspace/.dependencies/checkouts/RxSwift/Sources/RxSwift/RetryWhen.swift /Users/admin/builder/spi-builder-workspace/.dependencies/checkouts/RxSwift/Sources/RxSwift/Rx.swift /Users/admin/builder/spi-builder-workspace/.dependencies/checkouts/RxSwift/Sources/RxSwift/RxMutableBox.swift /Users/admin/builder/spi-builder-workspace/.dependencies/checkouts/RxSwift/Sources/RxSwift/Sample.swift /Users/admin/builder/spi-builder-workspace/.dependencies/checkouts/RxSwift/Sources/RxSwift/Scan.swift /Users/admin/builder/spi-builder-workspace/.dependencies/checkouts/RxSwift/Sources/RxSwift/ScheduledDisposable.swift /Users/admin/builder/spi-builder-workspace/.dependencies/checkouts/RxSwift/Sources/RxSwift/ScheduledItem.swift /Users/admin/builder/spi-builder-workspace/.dependencies/checkouts/RxSwift/Sources/RxSwift/ScheduledItemType.swift /Users/admin/builder/spi-builder-workspace/.dependencies/checkouts/RxSwift/Sources/RxSwift/SchedulerServices+Emulation.swift /Users/admin/builder/spi-builder-workspace/.dependencies/checkouts/RxSwift/Sources/RxSwift/SchedulerType.swift /Users/admin/builder/spi-builder-workspace/.dependencies/checkouts/RxSwift/Sources/RxSwift/Sequence.swift /Users/admin/builder/spi-builder-workspace/.dependencies/checkouts/RxSwift/Sources/RxSwift/SerialDispatchQueueScheduler.swift /Users/admin/builder/spi-builder-workspace/.dependencies/checkouts/RxSwift/Sources/RxSwift/SerialDisposable.swift /Users/admin/builder/spi-builder-workspace/.dependencies/checkouts/RxSwift/Sources/RxSwift/ShareReplayScope.swift /Users/admin/builder/spi-builder-workspace/.dependencies/checkouts/RxSwift/Sources/RxSwift/Single.swift /Users/admin/builder/spi-builder-workspace/.dependencies/checkouts/RxSwift/Sources/RxSwift/SingleAssignmentDisposable.swift (in target 'RxSwift' from project 'RxSwift')
SwiftCompile normal arm64 /Users/admin/builder/spi-builder-workspace/.dependencies/checkouts/RxSwift/Sources/RxSwift/RetryWhen.swift (in target 'RxSwift' from project 'RxSwift')
cd /Users/admin/builder/spi-builder-workspace/.swiftpm/xcode
builtin-SwiftPerFileCompile RetryWhen.swift
SwiftCompile normal arm64 /Users/admin/builder/spi-builder-workspace/.dependencies/checkouts/RxSwift/Sources/RxSwift/Rx.swift (in target 'RxSwift' from project 'RxSwift')
cd /Users/admin/builder/spi-builder-workspace/.swiftpm/xcode
builtin-SwiftPerFileCompile Rx.swift
SwiftCompile normal arm64 /Users/admin/builder/spi-builder-workspace/.dependencies/checkouts/RxSwift/Sources/RxSwift/RxMutableBox.swift (in target 'RxSwift' from project 'RxSwift')
cd /Users/admin/builder/spi-builder-workspace/.swiftpm/xcode
builtin-SwiftPerFileCompile RxMutableBox.swift
SwiftCompile normal arm64 /Users/admin/builder/spi-builder-workspace/.dependencies/checkouts/RxSwift/Sources/RxSwift/Sample.swift (in target 'RxSwift' from project 'RxSwift')
cd /Users/admin/builder/spi-builder-workspace/.swiftpm/xcode
builtin-SwiftPerFileCompile Sample.swift
SwiftCompile normal arm64 /Users/admin/builder/spi-builder-workspace/.dependencies/checkouts/RxSwift/Sources/RxSwift/Scan.swift (in target 'RxSwift' from project 'RxSwift')
cd /Users/admin/builder/spi-builder-workspace/.swiftpm/xcode
builtin-SwiftPerFileCompile Scan.swift
SwiftCompile normal arm64 /Users/admin/builder/spi-builder-workspace/.dependencies/checkouts/RxSwift/Sources/RxSwift/ScheduledDisposable.swift (in target 'RxSwift' from project 'RxSwift')
cd /Users/admin/builder/spi-builder-workspace/.swiftpm/xcode
builtin-SwiftPerFileCompile ScheduledDisposable.swift
SwiftCompile normal arm64 /Users/admin/builder/spi-builder-workspace/.dependencies/checkouts/RxSwift/Sources/RxSwift/ScheduledItem.swift (in target 'RxSwift' from project 'RxSwift')
cd /Users/admin/builder/spi-builder-workspace/.swiftpm/xcode
builtin-SwiftPerFileCompile ScheduledItem.swift
SwiftCompile normal arm64 /Users/admin/builder/spi-builder-workspace/.dependencies/checkouts/RxSwift/Sources/RxSwift/ScheduledItemType.swift (in target 'RxSwift' from project 'RxSwift')
cd /Users/admin/builder/spi-builder-workspace/.swiftpm/xcode
builtin-SwiftPerFileCompile ScheduledItemType.swift
SwiftCompile normal arm64 /Users/admin/builder/spi-builder-workspace/.dependencies/checkouts/RxSwift/Sources/RxSwift/SchedulerServices+Emulation.swift (in target 'RxSwift' from project 'RxSwift')
cd /Users/admin/builder/spi-builder-workspace/.swiftpm/xcode
builtin-SwiftPerFileCompile SchedulerServices+Emulation.swift
SwiftCompile normal arm64 /Users/admin/builder/spi-builder-workspace/.dependencies/checkouts/RxSwift/Sources/RxSwift/SchedulerType.swift (in target 'RxSwift' from project 'RxSwift')
cd /Users/admin/builder/spi-builder-workspace/.swiftpm/xcode
builtin-SwiftPerFileCompile SchedulerType.swift
SwiftCompile normal arm64 /Users/admin/builder/spi-builder-workspace/.dependencies/checkouts/RxSwift/Sources/RxSwift/Sequence.swift (in target 'RxSwift' from project 'RxSwift')
cd /Users/admin/builder/spi-builder-workspace/.swiftpm/xcode
builtin-SwiftPerFileCompile Sequence.swift
SwiftCompile normal arm64 /Users/admin/builder/spi-builder-workspace/.dependencies/checkouts/RxSwift/Sources/RxSwift/SerialDispatchQueueScheduler.swift (in target 'RxSwift' from project 'RxSwift')
cd /Users/admin/builder/spi-builder-workspace/.swiftpm/xcode
builtin-SwiftPerFileCompile SerialDispatchQueueScheduler.swift
SwiftCompile normal arm64 /Users/admin/builder/spi-builder-workspace/.dependencies/checkouts/RxSwift/Sources/RxSwift/SerialDisposable.swift (in target 'RxSwift' from project 'RxSwift')
cd /Users/admin/builder/spi-builder-workspace/.swiftpm/xcode
builtin-SwiftPerFileCompile SerialDisposable.swift
SwiftCompile normal arm64 /Users/admin/builder/spi-builder-workspace/.dependencies/checkouts/RxSwift/Sources/RxSwift/ShareReplayScope.swift (in target 'RxSwift' from project 'RxSwift')
cd /Users/admin/builder/spi-builder-workspace/.swiftpm/xcode
builtin-SwiftPerFileCompile ShareReplayScope.swift
SwiftCompile normal arm64 /Users/admin/builder/spi-builder-workspace/.dependencies/checkouts/RxSwift/Sources/RxSwift/Single.swift (in target 'RxSwift' from project 'RxSwift')
cd /Users/admin/builder/spi-builder-workspace/.swiftpm/xcode
builtin-SwiftPerFileCompile Single.swift
SwiftCompile normal arm64 /Users/admin/builder/spi-builder-workspace/.dependencies/checkouts/RxSwift/Sources/RxSwift/SingleAssignmentDisposable.swift (in target 'RxSwift' from project 'RxSwift')
cd /Users/admin/builder/spi-builder-workspace/.swiftpm/xcode
builtin-SwiftPerFileCompile SingleAssignmentDisposable.swift
SwiftCompile normal arm64_32 Compiling\ Platform.Linux.swift,\ PrimitiveSequence+Concurrency.swift,\ PrimitiveSequence+Zip+arity.swift,\ PrimitiveSequence.swift,\ PriorityQueue.swift,\ Producer.swift,\ PublishSubject.swift,\ Queue.swift,\ Range.swift,\ Reactive.swift,\ RecursiveLock.swift,\ RecursiveScheduler.swift,\ Reduce.swift,\ RefCountDisposable.swift,\ Repeat.swift,\ ReplaySubject.swift /Users/admin/builder/spi-builder-workspace/.dependencies/checkouts/RxSwift/Sources/RxSwift/Platform.Linux.swift /Users/admin/builder/spi-builder-workspace/.dependencies/checkouts/RxSwift/Sources/RxSwift/PrimitiveSequence+Concurrency.swift /Users/admin/builder/spi-builder-workspace/.dependencies/checkouts/RxSwift/Sources/RxSwift/PrimitiveSequence+Zip+arity.swift /Users/admin/builder/spi-builder-workspace/.dependencies/checkouts/RxSwift/Sources/RxSwift/PrimitiveSequence.swift /Users/admin/builder/spi-builder-workspace/.dependencies/checkouts/RxSwift/Sources/RxSwift/PriorityQueue.swift /Users/admin/builder/spi-builder-workspace/.dependencies/checkouts/RxSwift/Sources/RxSwift/Producer.swift /Users/admin/builder/spi-builder-workspace/.dependencies/checkouts/RxSwift/Sources/RxSwift/PublishSubject.swift /Users/admin/builder/spi-builder-workspace/.dependencies/checkouts/RxSwift/Sources/RxSwift/Queue.swift /Users/admin/builder/spi-builder-workspace/.dependencies/checkouts/RxSwift/Sources/RxSwift/Range.swift /Users/admin/builder/spi-builder-workspace/.dependencies/checkouts/RxSwift/Sources/RxSwift/Reactive.swift /Users/admin/builder/spi-builder-workspace/.dependencies/checkouts/RxSwift/Sources/RxSwift/RecursiveLock.swift /Users/admin/builder/spi-builder-workspace/.dependencies/checkouts/RxSwift/Sources/RxSwift/RecursiveScheduler.swift /Users/admin/builder/spi-builder-workspace/.dependencies/checkouts/RxSwift/Sources/RxSwift/Reduce.swift /Users/admin/builder/spi-builder-workspace/.dependencies/checkouts/RxSwift/Sources/RxSwift/RefCountDisposable.swift /Users/admin/builder/spi-builder-workspace/.dependencies/checkouts/RxSwift/Sources/RxSwift/Repeat.swift /Users/admin/builder/spi-builder-workspace/.dependencies/checkouts/RxSwift/Sources/RxSwift/ReplaySubject.swift (in target 'RxSwift' from project 'RxSwift')
SwiftCompile normal arm64_32 /Users/admin/builder/spi-builder-workspace/.dependencies/checkouts/RxSwift/Sources/RxSwift/Platform.Linux.swift (in target 'RxSwift' from project 'RxSwift')
cd /Users/admin/builder/spi-builder-workspace/.swiftpm/xcode
builtin-SwiftPerFileCompile Platform.Linux.swift
SwiftCompile normal arm64_32 /Users/admin/builder/spi-builder-workspace/.dependencies/checkouts/RxSwift/Sources/RxSwift/PrimitiveSequence+Concurrency.swift (in target 'RxSwift' from project 'RxSwift')
cd /Users/admin/builder/spi-builder-workspace/.swiftpm/xcode
builtin-SwiftPerFileCompile PrimitiveSequence+Concurrency.swift
SwiftCompile normal arm64_32 /Users/admin/builder/spi-builder-workspace/.dependencies/checkouts/RxSwift/Sources/RxSwift/PrimitiveSequence+Zip+arity.swift (in target 'RxSwift' from project 'RxSwift')
cd /Users/admin/builder/spi-builder-workspace/.swiftpm/xcode
builtin-SwiftPerFileCompile PrimitiveSequence+Zip+arity.swift
SwiftCompile normal arm64_32 /Users/admin/builder/spi-builder-workspace/.dependencies/checkouts/RxSwift/Sources/RxSwift/PrimitiveSequence.swift (in target 'RxSwift' from project 'RxSwift')
cd /Users/admin/builder/spi-builder-workspace/.swiftpm/xcode
builtin-SwiftPerFileCompile PrimitiveSequence.swift
SwiftCompile normal arm64_32 /Users/admin/builder/spi-builder-workspace/.dependencies/checkouts/RxSwift/Sources/RxSwift/PriorityQueue.swift (in target 'RxSwift' from project 'RxSwift')
cd /Users/admin/builder/spi-builder-workspace/.swiftpm/xcode
builtin-SwiftPerFileCompile PriorityQueue.swift
SwiftCompile normal arm64_32 /Users/admin/builder/spi-builder-workspace/.dependencies/checkouts/RxSwift/Sources/RxSwift/Producer.swift (in target 'RxSwift' from project 'RxSwift')
cd /Users/admin/builder/spi-builder-workspace/.swiftpm/xcode
builtin-SwiftPerFileCompile Producer.swift
SwiftCompile normal arm64_32 /Users/admin/builder/spi-builder-workspace/.dependencies/checkouts/RxSwift/Sources/RxSwift/PublishSubject.swift (in target 'RxSwift' from project 'RxSwift')
cd /Users/admin/builder/spi-builder-workspace/.swiftpm/xcode
builtin-SwiftPerFileCompile PublishSubject.swift
SwiftCompile normal arm64_32 /Users/admin/builder/spi-builder-workspace/.dependencies/checkouts/RxSwift/Sources/RxSwift/Queue.swift (in target 'RxSwift' from project 'RxSwift')
cd /Users/admin/builder/spi-builder-workspace/.swiftpm/xcode
builtin-SwiftPerFileCompile Queue.swift
SwiftCompile normal arm64_32 /Users/admin/builder/spi-builder-workspace/.dependencies/checkouts/RxSwift/Sources/RxSwift/Range.swift (in target 'RxSwift' from project 'RxSwift')
cd /Users/admin/builder/spi-builder-workspace/.swiftpm/xcode
builtin-SwiftPerFileCompile Range.swift
SwiftCompile normal arm64_32 /Users/admin/builder/spi-builder-workspace/.dependencies/checkouts/RxSwift/Sources/RxSwift/Reactive.swift (in target 'RxSwift' from project 'RxSwift')
cd /Users/admin/builder/spi-builder-workspace/.swiftpm/xcode
builtin-SwiftPerFileCompile Reactive.swift
SwiftCompile normal arm64_32 /Users/admin/builder/spi-builder-workspace/.dependencies/checkouts/RxSwift/Sources/RxSwift/RecursiveLock.swift (in target 'RxSwift' from project 'RxSwift')
cd /Users/admin/builder/spi-builder-workspace/.swiftpm/xcode
builtin-SwiftPerFileCompile RecursiveLock.swift
SwiftCompile normal arm64_32 /Users/admin/builder/spi-builder-workspace/.dependencies/checkouts/RxSwift/Sources/RxSwift/RecursiveScheduler.swift (in target 'RxSwift' from project 'RxSwift')
cd /Users/admin/builder/spi-builder-workspace/.swiftpm/xcode
builtin-SwiftPerFileCompile RecursiveScheduler.swift
SwiftCompile normal arm64_32 /Users/admin/builder/spi-builder-workspace/.dependencies/checkouts/RxSwift/Sources/RxSwift/Reduce.swift (in target 'RxSwift' from project 'RxSwift')
cd /Users/admin/builder/spi-builder-workspace/.swiftpm/xcode
builtin-SwiftPerFileCompile Reduce.swift
SwiftCompile normal arm64_32 /Users/admin/builder/spi-builder-workspace/.dependencies/checkouts/RxSwift/Sources/RxSwift/RefCountDisposable.swift (in target 'RxSwift' from project 'RxSwift')
cd /Users/admin/builder/spi-builder-workspace/.swiftpm/xcode
builtin-SwiftPerFileCompile RefCountDisposable.swift
SwiftCompile normal arm64_32 /Users/admin/builder/spi-builder-workspace/.dependencies/checkouts/RxSwift/Sources/RxSwift/Repeat.swift (in target 'RxSwift' from project 'RxSwift')
cd /Users/admin/builder/spi-builder-workspace/.swiftpm/xcode
builtin-SwiftPerFileCompile Repeat.swift
SwiftCompile normal arm64_32 /Users/admin/builder/spi-builder-workspace/.dependencies/checkouts/RxSwift/Sources/RxSwift/ReplaySubject.swift (in target 'RxSwift' from project 'RxSwift')
cd /Users/admin/builder/spi-builder-workspace/.swiftpm/xcode
builtin-SwiftPerFileCompile ReplaySubject.swift
SwiftCompile normal arm64_32 Compiling\ resource_bundle_accessor.swift,\ AddRef.swift,\ Amb.swift,\ AnonymousDisposable.swift,\ AnonymousObserver.swift,\ AnyObserver.swift,\ AsMaybe.swift,\ AsSingle.swift,\ AsyncLock.swift,\ AsyncSubject.swift,\ AtomicInt.swift,\ Bag+Rx.swift,\ Bag.swift,\ BehaviorSubject.swift,\ BinaryDisposable.swift,\ Binder.swift,\ BooleanDisposable.swift /Users/admin/builder/spi-builder-workspace/.derivedData/Build/Intermediates.noindex/RxSwift.build/Debug-watchos/RxSwift-t.build/DerivedSources/resource_bundle_accessor.swift /Users/admin/builder/spi-builder-workspace/.dependencies/checkouts/RxSwift/Sources/RxSwift/AddRef.swift /Users/admin/builder/spi-builder-workspace/.dependencies/checkouts/RxSwift/Sources/RxSwift/Amb.swift /Users/admin/builder/spi-builder-workspace/.dependencies/checkouts/RxSwift/Sources/RxSwift/AnonymousDisposable.swift /Users/admin/builder/spi-builder-workspace/.dependencies/checkouts/RxSwift/Sources/RxSwift/AnonymousObserver.swift /Users/admin/builder/spi-builder-workspace/.dependencies/checkouts/RxSwift/Sources/RxSwift/AnyObserver.swift /Users/admin/builder/spi-builder-workspace/.dependencies/checkouts/RxSwift/Sources/RxSwift/AsMaybe.swift /Users/admin/builder/spi-builder-workspace/.dependencies/checkouts/RxSwift/Sources/RxSwift/AsSingle.swift /Users/admin/builder/spi-builder-workspace/.dependencies/checkouts/RxSwift/Sources/RxSwift/AsyncLock.swift /Users/admin/builder/spi-builder-workspace/.dependencies/checkouts/RxSwift/Sources/RxSwift/AsyncSubject.swift /Users/admin/builder/spi-builder-workspace/.dependencies/checkouts/RxSwift/Sources/RxSwift/AtomicInt.swift /Users/admin/builder/spi-builder-workspace/.dependencies/checkouts/RxSwift/Sources/RxSwift/Bag+Rx.swift /Users/admin/builder/spi-builder-workspace/.dependencies/checkouts/RxSwift/Sources/RxSwift/Bag.swift /Users/admin/builder/spi-builder-workspace/.dependencies/checkouts/RxSwift/Sources/RxSwift/BehaviorSubject.swift /Users/admin/builder/spi-builder-workspace/.dependencies/checkouts/RxSwift/Sources/RxSwift/BinaryDisposable.swift /Users/admin/builder/spi-builder-workspace/.dependencies/checkouts/RxSwift/Sources/RxSwift/Binder.swift /Users/admin/builder/spi-builder-workspace/.dependencies/checkouts/RxSwift/Sources/RxSwift/BooleanDisposable.swift (in target 'RxSwift' from project 'RxSwift')
SwiftCompile normal arm64_32 /Users/admin/builder/spi-builder-workspace/.derivedData/Build/Intermediates.noindex/RxSwift.build/Debug-watchos/RxSwift-t.build/DerivedSources/resource_bundle_accessor.swift (in target 'RxSwift' from project 'RxSwift')
cd /Users/admin/builder/spi-builder-workspace/.swiftpm/xcode
builtin-SwiftPerFileCompile resource_bundle_accessor.swift
SwiftCompile normal arm64_32 /Users/admin/builder/spi-builder-workspace/.dependencies/checkouts/RxSwift/Sources/RxSwift/AddRef.swift (in target 'RxSwift' from project 'RxSwift')
cd /Users/admin/builder/spi-builder-workspace/.swiftpm/xcode
builtin-SwiftPerFileCompile AddRef.swift
SwiftCompile normal arm64_32 /Users/admin/builder/spi-builder-workspace/.dependencies/checkouts/RxSwift/Sources/RxSwift/Amb.swift (in target 'RxSwift' from project 'RxSwift')
cd /Users/admin/builder/spi-builder-workspace/.swiftpm/xcode
builtin-SwiftPerFileCompile Amb.swift
SwiftCompile normal arm64_32 /Users/admin/builder/spi-builder-workspace/.dependencies/checkouts/RxSwift/Sources/RxSwift/AnonymousDisposable.swift (in target 'RxSwift' from project 'RxSwift')
cd /Users/admin/builder/spi-builder-workspace/.swiftpm/xcode
builtin-SwiftPerFileCompile AnonymousDisposable.swift
SwiftCompile normal arm64_32 /Users/admin/builder/spi-builder-workspace/.dependencies/checkouts/RxSwift/Sources/RxSwift/AnonymousObserver.swift (in target 'RxSwift' from project 'RxSwift')
cd /Users/admin/builder/spi-builder-workspace/.swiftpm/xcode
builtin-SwiftPerFileCompile AnonymousObserver.swift
SwiftCompile normal arm64_32 /Users/admin/builder/spi-builder-workspace/.dependencies/checkouts/RxSwift/Sources/RxSwift/AnyObserver.swift (in target 'RxSwift' from project 'RxSwift')
cd /Users/admin/builder/spi-builder-workspace/.swiftpm/xcode
builtin-SwiftPerFileCompile AnyObserver.swift
SwiftCompile normal arm64_32 /Users/admin/builder/spi-builder-workspace/.dependencies/checkouts/RxSwift/Sources/RxSwift/AsMaybe.swift (in target 'RxSwift' from project 'RxSwift')
cd /Users/admin/builder/spi-builder-workspace/.swiftpm/xcode
builtin-SwiftPerFileCompile AsMaybe.swift
SwiftCompile normal arm64_32 /Users/admin/builder/spi-builder-workspace/.dependencies/checkouts/RxSwift/Sources/RxSwift/AsSingle.swift (in target 'RxSwift' from project 'RxSwift')
cd /Users/admin/builder/spi-builder-workspace/.swiftpm/xcode
builtin-SwiftPerFileCompile AsSingle.swift
SwiftCompile normal arm64_32 /Users/admin/builder/spi-builder-workspace/.dependencies/checkouts/RxSwift/Sources/RxSwift/AsyncLock.swift (in target 'RxSwift' from project 'RxSwift')
cd /Users/admin/builder/spi-builder-workspace/.swiftpm/xcode
builtin-SwiftPerFileCompile AsyncLock.swift
SwiftCompile normal arm64_32 /Users/admin/builder/spi-builder-workspace/.dependencies/checkouts/RxSwift/Sources/RxSwift/AsyncSubject.swift (in target 'RxSwift' from project 'RxSwift')
cd /Users/admin/builder/spi-builder-workspace/.swiftpm/xcode
builtin-SwiftPerFileCompile AsyncSubject.swift
SwiftCompile normal arm64_32 /Users/admin/builder/spi-builder-workspace/.dependencies/checkouts/RxSwift/Sources/RxSwift/AtomicInt.swift (in target 'RxSwift' from project 'RxSwift')
cd /Users/admin/builder/spi-builder-workspace/.swiftpm/xcode
builtin-SwiftPerFileCompile AtomicInt.swift
SwiftCompile normal arm64_32 /Users/admin/builder/spi-builder-workspace/.dependencies/checkouts/RxSwift/Sources/RxSwift/Bag+Rx.swift (in target 'RxSwift' from project 'RxSwift')
cd /Users/admin/builder/spi-builder-workspace/.swiftpm/xcode
builtin-SwiftPerFileCompile Bag+Rx.swift
SwiftCompile normal arm64_32 /Users/admin/builder/spi-builder-workspace/.dependencies/checkouts/RxSwift/Sources/RxSwift/Bag.swift (in target 'RxSwift' from project 'RxSwift')
cd /Users/admin/builder/spi-builder-workspace/.swiftpm/xcode
builtin-SwiftPerFileCompile Bag.swift
SwiftCompile normal arm64_32 /Users/admin/builder/spi-builder-workspace/.dependencies/checkouts/RxSwift/Sources/RxSwift/BehaviorSubject.swift (in target 'RxSwift' from project 'RxSwift')
cd /Users/admin/builder/spi-builder-workspace/.swiftpm/xcode
builtin-SwiftPerFileCompile BehaviorSubject.swift
SwiftCompile normal arm64_32 /Users/admin/builder/spi-builder-workspace/.dependencies/checkouts/RxSwift/Sources/RxSwift/BinaryDisposable.swift (in target 'RxSwift' from project 'RxSwift')
cd /Users/admin/builder/spi-builder-workspace/.swiftpm/xcode
builtin-SwiftPerFileCompile BinaryDisposable.swift
SwiftCompile normal arm64_32 /Users/admin/builder/spi-builder-workspace/.dependencies/checkouts/RxSwift/Sources/RxSwift/Binder.swift (in target 'RxSwift' from project 'RxSwift')
cd /Users/admin/builder/spi-builder-workspace/.swiftpm/xcode
builtin-SwiftPerFileCompile Binder.swift
SwiftCompile normal arm64_32 /Users/admin/builder/spi-builder-workspace/.dependencies/checkouts/RxSwift/Sources/RxSwift/BooleanDisposable.swift (in target 'RxSwift' from project 'RxSwift')
cd /Users/admin/builder/spi-builder-workspace/.swiftpm/xcode
builtin-SwiftPerFileCompile BooleanDisposable.swift
SwiftCompile normal arm64 Compiling\ resource_bundle_accessor.swift,\ AddRef.swift,\ Amb.swift,\ AnonymousDisposable.swift,\ AnonymousObserver.swift,\ AnyObserver.swift,\ AsMaybe.swift,\ AsSingle.swift,\ AsyncLock.swift,\ AsyncSubject.swift,\ AtomicInt.swift,\ Bag+Rx.swift,\ Bag.swift,\ BehaviorSubject.swift,\ BinaryDisposable.swift,\ Binder.swift,\ BooleanDisposable.swift /Users/admin/builder/spi-builder-workspace/.derivedData/Build/Intermediates.noindex/RxSwift.build/Debug-watchos/RxSwift-t.build/DerivedSources/resource_bundle_accessor.swift /Users/admin/builder/spi-builder-workspace/.dependencies/checkouts/RxSwift/Sources/RxSwift/AddRef.swift /Users/admin/builder/spi-builder-workspace/.dependencies/checkouts/RxSwift/Sources/RxSwift/Amb.swift /Users/admin/builder/spi-builder-workspace/.dependencies/checkouts/RxSwift/Sources/RxSwift/AnonymousDisposable.swift /Users/admin/builder/spi-builder-workspace/.dependencies/checkouts/RxSwift/Sources/RxSwift/AnonymousObserver.swift /Users/admin/builder/spi-builder-workspace/.dependencies/checkouts/RxSwift/Sources/RxSwift/AnyObserver.swift /Users/admin/builder/spi-builder-workspace/.dependencies/checkouts/RxSwift/Sources/RxSwift/AsMaybe.swift /Users/admin/builder/spi-builder-workspace/.dependencies/checkouts/RxSwift/Sources/RxSwift/AsSingle.swift /Users/admin/builder/spi-builder-workspace/.dependencies/checkouts/RxSwift/Sources/RxSwift/AsyncLock.swift /Users/admin/builder/spi-builder-workspace/.dependencies/checkouts/RxSwift/Sources/RxSwift/AsyncSubject.swift /Users/admin/builder/spi-builder-workspace/.dependencies/checkouts/RxSwift/Sources/RxSwift/AtomicInt.swift /Users/admin/builder/spi-builder-workspace/.dependencies/checkouts/RxSwift/Sources/RxSwift/Bag+Rx.swift /Users/admin/builder/spi-builder-workspace/.dependencies/checkouts/RxSwift/Sources/RxSwift/Bag.swift /Users/admin/builder/spi-builder-workspace/.dependencies/checkouts/RxSwift/Sources/RxSwift/BehaviorSubject.swift /Users/admin/builder/spi-builder-workspace/.dependencies/checkouts/RxSwift/Sources/RxSwift/BinaryDisposable.swift /Users/admin/builder/spi-builder-workspace/.dependencies/checkouts/RxSwift/Sources/RxSwift/Binder.swift /Users/admin/builder/spi-builder-workspace/.dependencies/checkouts/RxSwift/Sources/RxSwift/BooleanDisposable.swift (in target 'RxSwift' from project 'RxSwift')
SwiftCompile normal arm64 /Users/admin/builder/spi-builder-workspace/.derivedData/Build/Intermediates.noindex/RxSwift.build/Debug-watchos/RxSwift-t.build/DerivedSources/resource_bundle_accessor.swift (in target 'RxSwift' from project 'RxSwift')
cd /Users/admin/builder/spi-builder-workspace/.swiftpm/xcode
builtin-SwiftPerFileCompile resource_bundle_accessor.swift
SwiftCompile normal arm64 /Users/admin/builder/spi-builder-workspace/.dependencies/checkouts/RxSwift/Sources/RxSwift/AddRef.swift (in target 'RxSwift' from project 'RxSwift')
cd /Users/admin/builder/spi-builder-workspace/.swiftpm/xcode
builtin-SwiftPerFileCompile AddRef.swift
SwiftCompile normal arm64 /Users/admin/builder/spi-builder-workspace/.dependencies/checkouts/RxSwift/Sources/RxSwift/Amb.swift (in target 'RxSwift' from project 'RxSwift')
cd /Users/admin/builder/spi-builder-workspace/.swiftpm/xcode
builtin-SwiftPerFileCompile Amb.swift
SwiftCompile normal arm64 /Users/admin/builder/spi-builder-workspace/.dependencies/checkouts/RxSwift/Sources/RxSwift/AnonymousDisposable.swift (in target 'RxSwift' from project 'RxSwift')
cd /Users/admin/builder/spi-builder-workspace/.swiftpm/xcode
builtin-SwiftPerFileCompile AnonymousDisposable.swift
SwiftCompile normal arm64 /Users/admin/builder/spi-builder-workspace/.dependencies/checkouts/RxSwift/Sources/RxSwift/AnonymousObserver.swift (in target 'RxSwift' from project 'RxSwift')
cd /Users/admin/builder/spi-builder-workspace/.swiftpm/xcode
builtin-SwiftPerFileCompile AnonymousObserver.swift
SwiftCompile normal arm64 /Users/admin/builder/spi-builder-workspace/.dependencies/checkouts/RxSwift/Sources/RxSwift/AnyObserver.swift (in target 'RxSwift' from project 'RxSwift')
cd /Users/admin/builder/spi-builder-workspace/.swiftpm/xcode
builtin-SwiftPerFileCompile AnyObserver.swift
SwiftCompile normal arm64 /Users/admin/builder/spi-builder-workspace/.dependencies/checkouts/RxSwift/Sources/RxSwift/AsMaybe.swift (in target 'RxSwift' from project 'RxSwift')
cd /Users/admin/builder/spi-builder-workspace/.swiftpm/xcode
builtin-SwiftPerFileCompile AsMaybe.swift
SwiftCompile normal arm64 /Users/admin/builder/spi-builder-workspace/.dependencies/checkouts/RxSwift/Sources/RxSwift/AsSingle.swift (in target 'RxSwift' from project 'RxSwift')
cd /Users/admin/builder/spi-builder-workspace/.swiftpm/xcode
builtin-SwiftPerFileCompile AsSingle.swift
SwiftCompile normal arm64 /Users/admin/builder/spi-builder-workspace/.dependencies/checkouts/RxSwift/Sources/RxSwift/AsyncLock.swift (in target 'RxSwift' from project 'RxSwift')
cd /Users/admin/builder/spi-builder-workspace/.swiftpm/xcode
builtin-SwiftPerFileCompile AsyncLock.swift
SwiftCompile normal arm64 /Users/admin/builder/spi-builder-workspace/.dependencies/checkouts/RxSwift/Sources/RxSwift/AsyncSubject.swift (in target 'RxSwift' from project 'RxSwift')
cd /Users/admin/builder/spi-builder-workspace/.swiftpm/xcode
builtin-SwiftPerFileCompile AsyncSubject.swift
SwiftCompile normal arm64 /Users/admin/builder/spi-builder-workspace/.dependencies/checkouts/RxSwift/Sources/RxSwift/AtomicInt.swift (in target 'RxSwift' from project 'RxSwift')
cd /Users/admin/builder/spi-builder-workspace/.swiftpm/xcode
builtin-SwiftPerFileCompile AtomicInt.swift
SwiftCompile normal arm64 /Users/admin/builder/spi-builder-workspace/.dependencies/checkouts/RxSwift/Sources/RxSwift/Bag+Rx.swift (in target 'RxSwift' from project 'RxSwift')
cd /Users/admin/builder/spi-builder-workspace/.swiftpm/xcode
builtin-SwiftPerFileCompile Bag+Rx.swift
SwiftCompile normal arm64 /Users/admin/builder/spi-builder-workspace/.dependencies/checkouts/RxSwift/Sources/RxSwift/Bag.swift (in target 'RxSwift' from project 'RxSwift')
cd /Users/admin/builder/spi-builder-workspace/.swiftpm/xcode
builtin-SwiftPerFileCompile Bag.swift
SwiftCompile normal arm64 /Users/admin/builder/spi-builder-workspace/.dependencies/checkouts/RxSwift/Sources/RxSwift/BehaviorSubject.swift (in target 'RxSwift' from project 'RxSwift')
cd /Users/admin/builder/spi-builder-workspace/.swiftpm/xcode
builtin-SwiftPerFileCompile BehaviorSubject.swift
SwiftCompile normal arm64 /Users/admin/builder/spi-builder-workspace/.dependencies/checkouts/RxSwift/Sources/RxSwift/BinaryDisposable.swift (in target 'RxSwift' from project 'RxSwift')
cd /Users/admin/builder/spi-builder-workspace/.swiftpm/xcode
builtin-SwiftPerFileCompile BinaryDisposable.swift
SwiftCompile normal arm64 /Users/admin/builder/spi-builder-workspace/.dependencies/checkouts/RxSwift/Sources/RxSwift/Binder.swift (in target 'RxSwift' from project 'RxSwift')
cd /Users/admin/builder/spi-builder-workspace/.swiftpm/xcode
builtin-SwiftPerFileCompile Binder.swift
SwiftCompile normal arm64 /Users/admin/builder/spi-builder-workspace/.dependencies/checkouts/RxSwift/Sources/RxSwift/BooleanDisposable.swift (in target 'RxSwift' from project 'RxSwift')
cd /Users/admin/builder/spi-builder-workspace/.swiftpm/xcode
builtin-SwiftPerFileCompile BooleanDisposable.swift
SwiftCompile normal arm64_32 Compiling\ SingleAsync.swift,\ Sink.swift,\ Skip.swift,\ SkipUntil.swift,\ SkipWhile.swift,\ StartWith.swift,\ SubjectType.swift,\ SubscribeOn.swift,\ SubscriptionDisposable.swift,\ SwiftSupport.swift,\ Switch.swift,\ SwitchIfEmpty.swift,\ SynchronizedDisposeType.swift,\ SynchronizedOnType.swift,\ SynchronizedUnsubscribeType.swift,\ TailRecursiveSink.swift /Users/admin/builder/spi-builder-workspace/.dependencies/checkouts/RxSwift/Sources/RxSwift/SingleAsync.swift /Users/admin/builder/spi-builder-workspace/.dependencies/checkouts/RxSwift/Sources/RxSwift/Sink.swift /Users/admin/builder/spi-builder-workspace/.dependencies/checkouts/RxSwift/Sources/RxSwift/Skip.swift /Users/admin/builder/spi-builder-workspace/.dependencies/checkouts/RxSwift/Sources/RxSwift/SkipUntil.swift /Users/admin/builder/spi-builder-workspace/.dependencies/checkouts/RxSwift/Sources/RxSwift/SkipWhile.swift /Users/admin/builder/spi-builder-workspace/.dependencies/checkouts/RxSwift/Sources/RxSwift/StartWith.swift /Users/admin/builder/spi-builder-workspace/.dependencies/checkouts/RxSwift/Sources/RxSwift/SubjectType.swift /Users/admin/builder/spi-builder-workspace/.dependencies/checkouts/RxSwift/Sources/RxSwift/SubscribeOn.swift /Users/admin/builder/spi-builder-workspace/.dependencies/checkouts/RxSwift/Sources/RxSwift/SubscriptionDisposable.swift /Users/admin/builder/spi-builder-workspace/.dependencies/checkouts/RxSwift/Sources/RxSwift/SwiftSupport.swift /Users/admin/builder/spi-builder-workspace/.dependencies/checkouts/RxSwift/Sources/RxSwift/Switch.swift /Users/admin/builder/spi-builder-workspace/.dependencies/checkouts/RxSwift/Sources/RxSwift/SwitchIfEmpty.swift /Users/admin/builder/spi-builder-workspace/.dependencies/checkouts/RxSwift/Sources/RxSwift/SynchronizedDisposeType.swift /Users/admin/builder/spi-builder-workspace/.dependencies/checkouts/RxSwift/Sources/RxSwift/SynchronizedOnType.swift /Users/admin/builder/spi-builder-workspace/.dependencies/checkouts/RxSwift/Sources/RxSwift/SynchronizedUnsubscribeType.swift /Users/admin/builder/spi-builder-workspace/.dependencies/checkouts/RxSwift/Sources/RxSwift/TailRecursiveSink.swift (in target 'RxSwift' from project 'RxSwift')
SwiftCompile normal arm64_32 /Users/admin/builder/spi-builder-workspace/.dependencies/checkouts/RxSwift/Sources/RxSwift/SingleAsync.swift (in target 'RxSwift' from project 'RxSwift')
cd /Users/admin/builder/spi-builder-workspace/.swiftpm/xcode
builtin-SwiftPerFileCompile SingleAsync.swift
SwiftCompile normal arm64_32 /Users/admin/builder/spi-builder-workspace/.dependencies/checkouts/RxSwift/Sources/RxSwift/Sink.swift (in target 'RxSwift' from project 'RxSwift')
cd /Users/admin/builder/spi-builder-workspace/.swiftpm/xcode
builtin-SwiftPerFileCompile Sink.swift
SwiftCompile normal arm64_32 /Users/admin/builder/spi-builder-workspace/.dependencies/checkouts/RxSwift/Sources/RxSwift/Skip.swift (in target 'RxSwift' from project 'RxSwift')
cd /Users/admin/builder/spi-builder-workspace/.swiftpm/xcode
builtin-SwiftPerFileCompile Skip.swift
SwiftCompile normal arm64_32 /Users/admin/builder/spi-builder-workspace/.dependencies/checkouts/RxSwift/Sources/RxSwift/SkipUntil.swift (in target 'RxSwift' from project 'RxSwift')
cd /Users/admin/builder/spi-builder-workspace/.swiftpm/xcode
builtin-SwiftPerFileCompile SkipUntil.swift
SwiftCompile normal arm64_32 /Users/admin/builder/spi-builder-workspace/.dependencies/checkouts/RxSwift/Sources/RxSwift/SkipWhile.swift (in target 'RxSwift' from project 'RxSwift')
cd /Users/admin/builder/spi-builder-workspace/.swiftpm/xcode
builtin-SwiftPerFileCompile SkipWhile.swift
SwiftCompile normal arm64_32 /Users/admin/builder/spi-builder-workspace/.dependencies/checkouts/RxSwift/Sources/RxSwift/StartWith.swift (in target 'RxSwift' from project 'RxSwift')
cd /Users/admin/builder/spi-builder-workspace/.swiftpm/xcode
builtin-SwiftPerFileCompile StartWith.swift
SwiftCompile normal arm64_32 /Users/admin/builder/spi-builder-workspace/.dependencies/checkouts/RxSwift/Sources/RxSwift/SubjectType.swift (in target 'RxSwift' from project 'RxSwift')
cd /Users/admin/builder/spi-builder-workspace/.swiftpm/xcode
builtin-SwiftPerFileCompile SubjectType.swift
SwiftCompile normal arm64_32 /Users/admin/builder/spi-builder-workspace/.dependencies/checkouts/RxSwift/Sources/RxSwift/SubscribeOn.swift (in target 'RxSwift' from project 'RxSwift')
cd /Users/admin/builder/spi-builder-workspace/.swiftpm/xcode
builtin-SwiftPerFileCompile SubscribeOn.swift
SwiftCompile normal arm64_32 /Users/admin/builder/spi-builder-workspace/.dependencies/checkouts/RxSwift/Sources/RxSwift/SubscriptionDisposable.swift (in target 'RxSwift' from project 'RxSwift')
cd /Users/admin/builder/spi-builder-workspace/.swiftpm/xcode
builtin-SwiftPerFileCompile SubscriptionDisposable.swift
SwiftCompile normal arm64_32 /Users/admin/builder/spi-builder-workspace/.dependencies/checkouts/RxSwift/Sources/RxSwift/SwiftSupport.swift (in target 'RxSwift' from project 'RxSwift')
cd /Users/admin/builder/spi-builder-workspace/.swiftpm/xcode
builtin-SwiftPerFileCompile SwiftSupport.swift
SwiftCompile normal arm64_32 /Users/admin/builder/spi-builder-workspace/.dependencies/checkouts/RxSwift/Sources/RxSwift/Switch.swift (in target 'RxSwift' from project 'RxSwift')
cd /Users/admin/builder/spi-builder-workspace/.swiftpm/xcode
builtin-SwiftPerFileCompile Switch.swift
SwiftCompile normal arm64_32 /Users/admin/builder/spi-builder-workspace/.dependencies/checkouts/RxSwift/Sources/RxSwift/SwitchIfEmpty.swift (in target 'RxSwift' from project 'RxSwift')
cd /Users/admin/builder/spi-builder-workspace/.swiftpm/xcode
builtin-SwiftPerFileCompile SwitchIfEmpty.swift
SwiftCompile normal arm64_32 /Users/admin/builder/spi-builder-workspace/.dependencies/checkouts/RxSwift/Sources/RxSwift/SynchronizedDisposeType.swift (in target 'RxSwift' from project 'RxSwift')
cd /Users/admin/builder/spi-builder-workspace/.swiftpm/xcode
builtin-SwiftPerFileCompile SynchronizedDisposeType.swift
SwiftCompile normal arm64_32 /Users/admin/builder/spi-builder-workspace/.dependencies/checkouts/RxSwift/Sources/RxSwift/SynchronizedOnType.swift (in target 'RxSwift' from project 'RxSwift')
cd /Users/admin/builder/spi-builder-workspace/.swiftpm/xcode
builtin-SwiftPerFileCompile SynchronizedOnType.swift
SwiftCompile normal arm64_32 /Users/admin/builder/spi-builder-workspace/.dependencies/checkouts/RxSwift/Sources/RxSwift/SynchronizedUnsubscribeType.swift (in target 'RxSwift' from project 'RxSwift')
cd /Users/admin/builder/spi-builder-workspace/.swiftpm/xcode
builtin-SwiftPerFileCompile SynchronizedUnsubscribeType.swift
SwiftCompile normal arm64_32 /Users/admin/builder/spi-builder-workspace/.dependencies/checkouts/RxSwift/Sources/RxSwift/TailRecursiveSink.swift (in target 'RxSwift' from project 'RxSwift')
cd /Users/admin/builder/spi-builder-workspace/.swiftpm/xcode
builtin-SwiftPerFileCompile TailRecursiveSink.swift
SwiftExplicitDependencyGeneratePcm arm64 /Users/admin/builder/spi-builder-workspace/.derivedData/SDKExplicitPrecompiledModules/UIKit-27R3P1YMV4C6JLDT661G3MRIA.pcm
SwiftCompile normal arm64 Compiling\ Platform.Linux.swift,\ PrimitiveSequence+Concurrency.swift,\ PrimitiveSequence+Zip+arity.swift,\ PrimitiveSequence.swift,\ PriorityQueue.swift,\ Producer.swift,\ PublishSubject.swift,\ Queue.swift,\ Range.swift,\ Reactive.swift,\ RecursiveLock.swift,\ RecursiveScheduler.swift,\ Reduce.swift,\ RefCountDisposable.swift,\ Repeat.swift,\ ReplaySubject.swift /Users/admin/builder/spi-builder-workspace/.dependencies/checkouts/RxSwift/Sources/RxSwift/Platform.Linux.swift /Users/admin/builder/spi-builder-workspace/.dependencies/checkouts/RxSwift/Sources/RxSwift/PrimitiveSequence+Concurrency.swift /Users/admin/builder/spi-builder-workspace/.dependencies/checkouts/RxSwift/Sources/RxSwift/PrimitiveSequence+Zip+arity.swift /Users/admin/builder/spi-builder-workspace/.dependencies/checkouts/RxSwift/Sources/RxSwift/PrimitiveSequence.swift /Users/admin/builder/spi-builder-workspace/.dependencies/checkouts/RxSwift/Sources/RxSwift/PriorityQueue.swift /Users/admin/builder/spi-builder-workspace/.dependencies/checkouts/RxSwift/Sources/RxSwift/Producer.swift /Users/admin/builder/spi-builder-workspace/.dependencies/checkouts/RxSwift/Sources/RxSwift/PublishSubject.swift /Users/admin/builder/spi-builder-workspace/.dependencies/checkouts/RxSwift/Sources/RxSwift/Queue.swift /Users/admin/builder/spi-builder-workspace/.dependencies/checkouts/RxSwift/Sources/RxSwift/Range.swift /Users/admin/builder/spi-builder-workspace/.dependencies/checkouts/RxSwift/Sources/RxSwift/Reactive.swift /Users/admin/builder/spi-builder-workspace/.dependencies/checkouts/RxSwift/Sources/RxSwift/RecursiveLock.swift /Users/admin/builder/spi-builder-workspace/.dependencies/checkouts/RxSwift/Sources/RxSwift/RecursiveScheduler.swift /Users/admin/builder/spi-builder-workspace/.dependencies/checkouts/RxSwift/Sources/RxSwift/Reduce.swift /Users/admin/builder/spi-builder-workspace/.dependencies/checkouts/RxSwift/Sources/RxSwift/RefCountDisposable.swift /Users/admin/builder/spi-builder-workspace/.dependencies/checkouts/RxSwift/Sources/RxSwift/Repeat.swift /Users/admin/builder/spi-builder-workspace/.dependencies/checkouts/RxSwift/Sources/RxSwift/ReplaySubject.swift (in target 'RxSwift' from project 'RxSwift')
SwiftCompile normal arm64 /Users/admin/builder/spi-builder-workspace/.dependencies/checkouts/RxSwift/Sources/RxSwift/Platform.Linux.swift (in target 'RxSwift' from project 'RxSwift')
cd /Users/admin/builder/spi-builder-workspace/.swiftpm/xcode
builtin-SwiftPerFileCompile Platform.Linux.swift
SwiftCompile normal arm64 /Users/admin/builder/spi-builder-workspace/.dependencies/checkouts/RxSwift/Sources/RxSwift/PrimitiveSequence+Concurrency.swift (in target 'RxSwift' from project 'RxSwift')
cd /Users/admin/builder/spi-builder-workspace/.swiftpm/xcode
builtin-SwiftPerFileCompile PrimitiveSequence+Concurrency.swift
SwiftCompile normal arm64 /Users/admin/builder/spi-builder-workspace/.dependencies/checkouts/RxSwift/Sources/RxSwift/PrimitiveSequence+Zip+arity.swift (in target 'RxSwift' from project 'RxSwift')
cd /Users/admin/builder/spi-builder-workspace/.swiftpm/xcode
builtin-SwiftPerFileCompile PrimitiveSequence+Zip+arity.swift
SwiftCompile normal arm64 /Users/admin/builder/spi-builder-workspace/.dependencies/checkouts/RxSwift/Sources/RxSwift/PrimitiveSequence.swift (in target 'RxSwift' from project 'RxSwift')
cd /Users/admin/builder/spi-builder-workspace/.swiftpm/xcode
builtin-SwiftPerFileCompile PrimitiveSequence.swift
SwiftCompile normal arm64 /Users/admin/builder/spi-builder-workspace/.dependencies/checkouts/RxSwift/Sources/RxSwift/PriorityQueue.swift (in target 'RxSwift' from project 'RxSwift')
cd /Users/admin/builder/spi-builder-workspace/.swiftpm/xcode
builtin-SwiftPerFileCompile PriorityQueue.swift
SwiftCompile normal arm64 /Users/admin/builder/spi-builder-workspace/.dependencies/checkouts/RxSwift/Sources/RxSwift/Producer.swift (in target 'RxSwift' from project 'RxSwift')
cd /Users/admin/builder/spi-builder-workspace/.swiftpm/xcode
builtin-SwiftPerFileCompile Producer.swift
SwiftCompile normal arm64 /Users/admin/builder/spi-builder-workspace/.dependencies/checkouts/RxSwift/Sources/RxSwift/PublishSubject.swift (in target 'RxSwift' from project 'RxSwift')
cd /Users/admin/builder/spi-builder-workspace/.swiftpm/xcode
builtin-SwiftPerFileCompile PublishSubject.swift
SwiftCompile normal arm64 /Users/admin/builder/spi-builder-workspace/.dependencies/checkouts/RxSwift/Sources/RxSwift/Queue.swift (in target 'RxSwift' from project 'RxSwift')
cd /Users/admin/builder/spi-builder-workspace/.swiftpm/xcode
builtin-SwiftPerFileCompile Queue.swift
SwiftCompile normal arm64 /Users/admin/builder/spi-builder-workspace/.dependencies/checkouts/RxSwift/Sources/RxSwift/Range.swift (in target 'RxSwift' from project 'RxSwift')
cd /Users/admin/builder/spi-builder-workspace/.swiftpm/xcode
builtin-SwiftPerFileCompile Range.swift
SwiftCompile normal arm64 /Users/admin/builder/spi-builder-workspace/.dependencies/checkouts/RxSwift/Sources/RxSwift/Reactive.swift (in target 'RxSwift' from project 'RxSwift')
cd /Users/admin/builder/spi-builder-workspace/.swiftpm/xcode
builtin-SwiftPerFileCompile Reactive.swift
SwiftCompile normal arm64 /Users/admin/builder/spi-builder-workspace/.dependencies/checkouts/RxSwift/Sources/RxSwift/RecursiveLock.swift (in target 'RxSwift' from project 'RxSwift')
cd /Users/admin/builder/spi-builder-workspace/.swiftpm/xcode
builtin-SwiftPerFileCompile RecursiveLock.swift
SwiftCompile normal arm64 /Users/admin/builder/spi-builder-workspace/.dependencies/checkouts/RxSwift/Sources/RxSwift/RecursiveScheduler.swift (in target 'RxSwift' from project 'RxSwift')
cd /Users/admin/builder/spi-builder-workspace/.swiftpm/xcode
builtin-SwiftPerFileCompile RecursiveScheduler.swift
SwiftCompile normal arm64 /Users/admin/builder/spi-builder-workspace/.dependencies/checkouts/RxSwift/Sources/RxSwift/Reduce.swift (in target 'RxSwift' from project 'RxSwift')
cd /Users/admin/builder/spi-builder-workspace/.swiftpm/xcode
builtin-SwiftPerFileCompile Reduce.swift
SwiftCompile normal arm64 /Users/admin/builder/spi-builder-workspace/.dependencies/checkouts/RxSwift/Sources/RxSwift/RefCountDisposable.swift (in target 'RxSwift' from project 'RxSwift')
cd /Users/admin/builder/spi-builder-workspace/.swiftpm/xcode
builtin-SwiftPerFileCompile RefCountDisposable.swift
SwiftCompile normal arm64 /Users/admin/builder/spi-builder-workspace/.dependencies/checkouts/RxSwift/Sources/RxSwift/Repeat.swift (in target 'RxSwift' from project 'RxSwift')
cd /Users/admin/builder/spi-builder-workspace/.swiftpm/xcode
builtin-SwiftPerFileCompile Repeat.swift
SwiftCompile normal arm64 /Users/admin/builder/spi-builder-workspace/.dependencies/checkouts/RxSwift/Sources/RxSwift/ReplaySubject.swift (in target 'RxSwift' from project 'RxSwift')
cd /Users/admin/builder/spi-builder-workspace/.swiftpm/xcode
builtin-SwiftPerFileCompile ReplaySubject.swift
SwiftExplicitDependencyGeneratePcm arm64_32 /Users/admin/builder/spi-builder-workspace/.derivedData/SDKExplicitPrecompiledModules/CoreMotion-1XGTVTE5PP32UHME8AC63TL6.pcm
SwiftEmitModule normal arm64 Emitting\ module\ for\ ScreenshotPreventing (in target 'ScreenshotPreventing' from project 'ScreenshotPreventing')
/Users/admin/builder/spi-builder-workspace/Sources/Core/HiddenContainerRecognizer.swift:19:40: error: 'UIView' is unavailable in watchOS
17 | }
18 |
19 | func getHiddenContainer(from view: UIView) throws -> UIView {
| `- error: 'UIView' is unavailable in watchOS
20 | let containerName = try getHiddenContainerTypeInStringRepresentation()
21 | let containers = view.subviews.filter { subview in
/Applications/Xcode-27.0.0-Release.Candidate.app/Contents/Developer/Platforms/WatchOS.platform/Developer/SDKs/WatchOS27.0.sdk/System/Library/Frameworks/UIKit.framework/Headers/UIView.h:152:12: note: 'UIView' has been explicitly marked unavailable here
150 |
151 | UIKIT_EXTERN API_AVAILABLE(ios(2.0)) API_UNAVAILABLE(watchos) NS_SWIFT_UI_ACTOR
152 | @interface UIView : UIResponder <NSCoding, UIAppearance, UIAppearanceContainer, UIDynamicItem, UITraitEnvironment, UICoordinateSpace, UIFocusItem, UIFocusItemContainer, CALayerDelegate>
| `- note: 'UIView' has been explicitly marked unavailable here
153 |
154 | @property(class, nonatomic, readonly) Class layerClass; // default is [CALayer class]. Used when creating the underlying layer for the view.
/Users/admin/builder/spi-builder-workspace/Sources/Core/HiddenContainerRecognizer.swift:19:58: error: 'UIView' is unavailable in watchOS
17 | }
18 |
19 | func getHiddenContainer(from view: UIView) throws -> UIView {
| `- error: 'UIView' is unavailable in watchOS
20 | let containerName = try getHiddenContainerTypeInStringRepresentation()
21 | let containers = view.subviews.filter { subview in
/Applications/Xcode-27.0.0-Release.Candidate.app/Contents/Developer/Platforms/WatchOS.platform/Developer/SDKs/WatchOS27.0.sdk/System/Library/Frameworks/UIKit.framework/Headers/UIView.h:152:12: note: 'UIView' has been explicitly marked unavailable here
150 |
151 | UIKIT_EXTERN API_AVAILABLE(ios(2.0)) API_UNAVAILABLE(watchos) NS_SWIFT_UI_ACTOR
152 | @interface UIView : UIResponder <NSCoding, UIAppearance, UIAppearanceContainer, UIDynamicItem, UITraitEnvironment, UICoordinateSpace, UIFocusItem, UIFocusItemContainer, CALayerDelegate>
| `- note: 'UIView' has been explicitly marked unavailable here
153 |
154 | @property(class, nonatomic, readonly) Class layerClass; // default is [CALayer class]. Used when creating the underlying layer for the view.
/Users/admin/builder/spi-builder-workspace/Sources/Core/ScreenshotPreventingView.swift:33:29: error: 'UITextField' is unavailable in watchOS
31 |
32 | private var contentView: UIView?
33 | private let textField = UITextField()
| `- error: 'UITextField' is unavailable in watchOS
34 |
35 | private let recognizer = HiddenContainerRecognizer()
/Applications/Xcode-27.0.0-Release.Candidate.app/Contents/Developer/Platforms/WatchOS.platform/Developer/SDKs/WatchOS27.0.sdk/System/Library/Frameworks/UIKit.framework/Headers/UITextField.h:53:12: note: 'UITextField' has been explicitly marked unavailable here
51 |
52 | UIKIT_EXTERN API_AVAILABLE(ios(2.0)) API_UNAVAILABLE(watchos) NS_SWIFT_UI_ACTOR
53 | @interface UITextField : UIControl <UITextInput, NSCoding, UIContentSizeCategoryAdjusting, UILetterformAwareAdjusting>
| `- note: 'UITextField' has been explicitly marked unavailable here
54 |
55 | @property(nullable, nonatomic,copy) NSString *text; // default is nil
/Users/admin/builder/spi-builder-workspace/Sources/Core/ScreenshotPreventingView.swift:33:29: error: 'init()' is unavailable in watchOS
31 |
32 | private var contentView: UIView?
33 | private let textField = UITextField()
| `- error: 'init()' is unavailable in watchOS
34 |
35 | private let recognizer = HiddenContainerRecognizer()
/Applications/Xcode-27.0.0-Release.Candidate.app/Contents/Developer/Platforms/WatchOS.platform/Developer/SDKs/WatchOS27.0.sdk/System/Library/Frameworks/UIKit.framework/Headers/UIView.h:158:1: note: 'init()' has been explicitly marked unavailable here
156 | - (instancetype)initWithFrame:(CGRect)frame NS_DESIGNATED_INITIALIZER;
157 | - (nullable instancetype)initWithCoder:(NSCoder *)coder NS_DESIGNATED_INITIALIZER;
158 | - (instancetype)init API_AVAILABLE(ios(2.0), tvos(9.0), visionos(1.0)) API_UNAVAILABLE(watchos);
| `- note: 'init()' has been explicitly marked unavailable here
159 |
160 | @property(nonatomic,getter=isUserInteractionEnabled) BOOL userInteractionEnabled; // default is YES. if set to NO, user events (touch, keys) are ignored and removed from the event queue.
/Users/admin/builder/spi-builder-workspace/Sources/Core/ScreenshotPreventingView.swift:32:30: error: 'UIView' is unavailable in watchOS
30 | }
31 |
32 | private var contentView: UIView?
| `- error: 'UIView' is unavailable in watchOS
33 | private let textField = UITextField()
34 |
/Applications/Xcode-27.0.0-Release.Candidate.app/Contents/Developer/Platforms/WatchOS.platform/Developer/SDKs/WatchOS27.0.sdk/System/Library/Frameworks/UIKit.framework/Headers/UIView.h:152:12: note: 'UIView' has been explicitly marked unavailable here
150 |
151 | UIKIT_EXTERN API_AVAILABLE(ios(2.0)) API_UNAVAILABLE(watchos) NS_SWIFT_UI_ACTOR
152 | @interface UIView : UIResponder <NSCoding, UIAppearance, UIAppearanceContainer, UIDynamicItem, UITraitEnvironment, UICoordinateSpace, UIFocusItem, UIFocusItemContainer, CALayerDelegate>
| `- note: 'UIView' has been explicitly marked unavailable here
153 |
154 | @property(class, nonatomic, readonly) Class layerClass; // default is [CALayer class]. Used when creating the underlying layer for the view.
/Users/admin/builder/spi-builder-workspace/Sources/Core/ScreenshotPreventingView.swift:36:46: error: 'UIView' is unavailable in watchOS
34 |
35 | private let recognizer = HiddenContainerRecognizer()
36 | private lazy var hiddenContentContainer: UIView? = try? recognizer.getHiddenContainer(from: textField)
| `- error: 'UIView' is unavailable in watchOS
37 |
38 | // MARK: - 🎨 Style
/Applications/Xcode-27.0.0-Release.Candidate.app/Contents/Developer/Platforms/WatchOS.platform/Developer/SDKs/WatchOS27.0.sdk/System/Library/Frameworks/UIKit.framework/Headers/UIView.h:152:12: note: 'UIView' has been explicitly marked unavailable here
150 |
151 | UIKIT_EXTERN API_AVAILABLE(ios(2.0)) API_UNAVAILABLE(watchos) NS_SWIFT_UI_ACTOR
152 | @interface UIView : UIResponder <NSCoding, UIAppearance, UIAppearanceContainer, UIDynamicItem, UITraitEnvironment, UICoordinateSpace, UIFocusItem, UIFocusItemContainer, CALayerDelegate>
| `- note: 'UIView' has been explicitly marked unavailable here
153 |
154 | @property(class, nonatomic, readonly) Class layerClass; // default is [CALayer class]. Used when creating the underlying layer for the view.
/Users/admin/builder/spi-builder-workspace/Sources/Core/ScreenshotPreventingView.swift:43:30: error: 'UIView' is unavailable in watchOS
41 | // MARK: - 🔨 Initialization
42 |
43 | public init(contentView: UIView? = nil) {
| `- error: 'UIView' is unavailable in watchOS
44 | self.contentView = contentView
45 | super.init(frame: .zero)
/Applications/Xcode-27.0.0-Release.Candidate.app/Contents/Developer/Platforms/WatchOS.platform/Developer/SDKs/WatchOS27.0.sdk/System/Library/Frameworks/UIKit.framework/Headers/UIView.h:152:12: note: 'UIView' has been explicitly marked unavailable here
150 |
151 | UIKIT_EXTERN API_AVAILABLE(ios(2.0)) API_UNAVAILABLE(watchos) NS_SWIFT_UI_ACTOR
152 | @interface UIView : UIResponder <NSCoding, UIAppearance, UIAppearanceContainer, UIDynamicItem, UITraitEnvironment, UICoordinateSpace, UIFocusItem, UIFocusItemContainer, CALayerDelegate>
| `- note: 'UIView' has been explicitly marked unavailable here
153 |
154 | @property(class, nonatomic, readonly) Class layerClass; // default is [CALayer class]. Used when creating the underlying layer for the view.
/Users/admin/builder/spi-builder-workspace/Sources/Core/ScreenshotPreventingView.swift:86:36: error: 'UIView' is unavailable in watchOS
84 | // MARK: - 🚌 Public Methods
85 |
86 | public func setup(contentView: UIView) {
| `- error: 'UIView' is unavailable in watchOS
87 | self.contentView?.removeFromSuperview()
88 | self.contentView = contentView
/Applications/Xcode-27.0.0-Release.Candidate.app/Contents/Developer/Platforms/WatchOS.platform/Developer/SDKs/WatchOS27.0.sdk/System/Library/Frameworks/UIKit.framework/Headers/UIView.h:152:12: note: 'UIView' has been explicitly marked unavailable here
150 |
151 | UIKIT_EXTERN API_AVAILABLE(ios(2.0)) API_UNAVAILABLE(watchos) NS_SWIFT_UI_ACTOR
152 | @interface UIView : UIResponder <NSCoding, UIAppearance, UIAppearanceContainer, UIDynamicItem, UITraitEnvironment, UICoordinateSpace, UIFocusItem, UIFocusItemContainer, CALayerDelegate>
| `- note: 'UIView' has been explicitly marked unavailable here
153 |
154 | @property(class, nonatomic, readonly) Class layerClass; // default is [CALayer class]. Used when creating the underlying layer for the view.
/Users/admin/builder/spi-builder-workspace/Sources/Core/ScreenshotPreventingView.swift:10:46: error: 'UIView' is unavailable in watchOS
8 | import UIKit
9 |
10 | public final class ScreenshotPreventingView: UIView {
| `- error: 'UIView' is unavailable in watchOS
11 |
12 | // MARK: - 📌 Constants
/Applications/Xcode-27.0.0-Release.Candidate.app/Contents/Developer/Platforms/WatchOS.platform/Developer/SDKs/WatchOS27.0.sdk/System/Library/Frameworks/UIKit.framework/Headers/UIView.h:152:12: note: 'UIView' has been explicitly marked unavailable here
150 |
151 | UIKIT_EXTERN API_AVAILABLE(ios(2.0)) API_UNAVAILABLE(watchos) NS_SWIFT_UI_ACTOR
152 | @interface UIView : UIResponder <NSCoding, UIAppearance, UIAppearanceContainer, UIDynamicItem, UITraitEnvironment, UICoordinateSpace, UIFocusItem, UIFocusItemContainer, CALayerDelegate>
| `- note: 'UIView' has been explicitly marked unavailable here
153 |
154 | @property(class, nonatomic, readonly) Class layerClass; // default is [CALayer class]. Used when creating the underlying layer for the view.
Failed frontend command:
/Applications/Xcode-27.0.0-Release.Candidate.app/Contents/Developer/Toolchains/XcodeDefault.xctoolchain/usr/bin/swift-frontend -frontend -emit-module -experimental-skip-non-inlinable-function-bodies-without-types /Users/admin/builder/spi-builder-workspace/Sources/Core/HiddenContainerRecognizer.swift /Users/admin/builder/spi-builder-workspace/Sources/Core/ScreenshotPreventingView.swift -target arm64-apple-watchos9.0 -disable-cross-import-overlay-search -load-resolved-plugin /Applications/Xcode-27.0.0-Release.Candidate.app/Contents/Developer/Platforms/WatchOS.platform/Developer/usr/lib/swift/host/plugins/libFoundationMacros.dylib\#/Applications/Xcode-27.0.0-Release.Candidate.app/Contents/Developer/Platforms/WatchOS.platform/Developer/usr/bin/swift-plugin-server\#FoundationMacros -load-resolved-plugin /Applications/Xcode-27.0.0-Release.Candidate.app/Contents/Developer/Platforms/WatchOS.platform/Developer/usr/lib/swift/host/plugins/libObservationMacros.dylib\#/Applications/Xcode-27.0.0-Release.Candidate.app/Contents/Developer/Platforms/WatchOS.platform/Developer/usr/bin/swift-plugin-server\#ObservationMacros -load-resolved-plugin /Applications/Xcode-27.0.0-Release.Candidate.app/Contents/Developer/Platforms/WatchOS.platform/Developer/usr/lib/swift/host/plugins/libSwiftMacros.dylib\#/Applications/Xcode-27.0.0-Release.Candidate.app/Contents/Developer/Platforms/WatchOS.platform/Developer/usr/bin/swift-plugin-server\#SwiftMacros -load-resolved-plugin /Applications/Xcode-27.0.0-Release.Candidate.app/Contents/Developer/Platforms/WatchOS.platform/Developer/usr/lib/swift/host/plugins/libSwiftUIMacros.dylib\#/Applications/Xcode-27.0.0-Release.Candidate.app/Contents/Developer/Platforms/WatchOS.platform/Developer/usr/bin/swift-plugin-server\#SwiftUIMacros -disable-implicit-swift-modules -Xcc -fno-implicit-modules -Xcc -fno-implicit-module-maps -explicit-swift-module-map-file /Users/admin/builder/spi-builder-workspace/.derivedData/Build/Intermediates.noindex/ScreenshotPreventing.build/Debug-watchos/ScreenshotPreventing-t.build/Objects-normal/arm64/ScreenshotPreventing-dependencies-2.json -Xllvm -aarch64-use-tbi -enable-objc-interop -stack-check -sdk /Applications/Xcode-27.0.0-Release.Candidate.app/Contents/Developer/Platforms/WatchOS.platform/Developer/SDKs/WatchOS27.0.sdk -I /Users/admin/builder/spi-builder-workspace/.derivedData/Build/Products/Debug-watchos -Isystem /Applications/Xcode-27.0.0-Release.Candidate.app/Contents/Developer/Platforms/WatchOS.platform/Developer/usr/lib -F /Users/admin/builder/spi-builder-workspace/.derivedData/Build/Products/Debug-watchos -F /Applications/Xcode-27.0.0-Release.Candidate.app/Contents/Developer/Platforms/WatchOS.platform/Developer/Library/Frameworks -F /Applications/Xcode-27.0.0-Release.Candidate.app/Contents/Developer/Platforms/WatchOS.platform/Developer/SDKs/WatchOS27.0.sdk/Developer/Library/Frameworks -module-cache-path /Users/admin/builder/spi-builder-workspace/.derivedData/Build/Intermediates.noindex/SwiftExplicitPrecompiledModules -no-color-diagnostics -Xcc -fno-color-diagnostics -enable-testing -g -debug-info-format\=dwarf -dwarf-version\=4 -profile-generate -profile-coverage-mapping -swift-version 5 -Onone -D SWIFT_PACKAGE -D DEBUG -D SWIFT_MODULE_RESOURCE_BUNDLE_UNAVAILABLE -D Xcode -serialize-debugging-options -enable-experimental-feature DebugDescriptionMacro -empty-abi-descriptor -validate-clang-modules-once -clang-build-session-file /Users/admin/builder/spi-builder-workspace/.derivedData/ModuleCache.noindex/Session.modulevalidation -Xcc -working-directory -Xcc /Users/admin/builder/spi-builder-workspace/.swiftpm/xcode -enable-anonymous-context-mangled-names -file-compilation-dir /Users/admin/builder/spi-builder-workspace/.swiftpm/xcode -Xcc -D_LIBCPP_HARDENING_MODE\=_LIBCPP_HARDENING_MODE_DEBUG -Xcc -ivfsstatcache -Xcc /Users/admin/builder/spi-builder-workspace/.derivedData/SDKStatCaches.noindex/watchos27.0-24R360-e829b21a6f8c9b70876ba0858053c04477534ef55a1706bf4c1112bbb242f0a2.sdkstatcache -Xcc -fmodules-prune-interval\=86400 -Xcc -fmodules-prune-after\=345600 -Xcc -I/Users/admin/builder/spi-builder-workspace/.derivedData/Build/Products/Debug-watchos/include -Xcc -I/Users/admin/builder/spi-builder-workspace/.derivedData/Build/Intermediates.noindex/ScreenshotPreventing.build/Debug-watchos/ScreenshotPreventing-t.build/DerivedSources-normal/arm64 -Xcc -I/Users/admin/builder/spi-builder-workspace/.derivedData/Build/Intermediates.noindex/ScreenshotPreventing.build/Debug-watchos/ScreenshotPreventing-t.build/DerivedSources/arm64 -Xcc -I/Users/admin/builder/spi-builder-workspace/.derivedData/Build/Intermediates.noindex/ScreenshotPreventing.build/Debug-watchos/ScreenshotPreventing-t.build/DerivedSources -Xcc -DSWIFT_PACKAGE -Xcc -DDEBUG\=1 -no-auto-bridging-header-chaining -module-name ScreenshotPreventing -const-gather-protocols-file /Users/admin/builder/spi-builder-workspace/.derivedData/Build/Intermediates.noindex/ScreenshotPreventing.build/Debug-watchos/ScreenshotPreventing-t.build/Objects-normal/arm64/ScreenshotPreventing_const_extract_protocols.json -disable-clang-spi -clang-target arm64-apple-watchos27.0 -target-sdk-version 27.0 -target-sdk-name watchos27.0 -in-process-plugin-server-path /Applications/Xcode-27.0.0-Release.Candidate.app/Contents/Developer/Toolchains/XcodeDefault.xctoolchain/usr/lib/swift/host/libSwiftInProcPluginServer.dylib -emit-module-doc-path /Users/admin/builder/spi-builder-workspace/.derivedData/Build/Intermediates.noindex/ScreenshotPreventing.build/Debug-watchos/ScreenshotPreventing-t.build/Objects-normal/arm64/ScreenshotPreventing.swiftdoc -emit-module-source-info-path /Users/admin/builder/spi-builder-workspace/.derivedData/Build/Intermediates.noindex/ScreenshotPreventing.build/Debug-watchos/ScreenshotPreventing-t.build/Objects-normal/arm64/ScreenshotPreventing.swiftsourceinfo -emit-objc-header-path /Users/admin/builder/spi-builder-workspace/.derivedData/Build/Intermediates.noindex/ScreenshotPreventing.build/Debug-watchos/ScreenshotPreventing-t.build/Objects-normal/arm64/ScreenshotPreventing-Swift.h -serialize-diagnostics-path /Users/admin/builder/spi-builder-workspace/.derivedData/Build/Intermediates.noindex/ScreenshotPreventing.build/Debug-watchos/ScreenshotPreventing-t.build/Objects-normal/arm64/ScreenshotPreventing-primary-emit-module.dia -emit-dependencies-path /Users/admin/builder/spi-builder-workspace/.derivedData/Build/Intermediates.noindex/ScreenshotPreventing.build/Debug-watchos/ScreenshotPreventing-t.build/Objects-normal/arm64/ScreenshotPreventing-primary-emit-module.d -parse-as-library -o /Users/admin/builder/spi-builder-workspace/.derivedData/Build/Intermediates.noindex/ScreenshotPreventing.build/Debug-watchos/ScreenshotPreventing-t.build/Objects-normal/arm64/ScreenshotPreventing.swiftmodule -emit-abi-descriptor-path /Users/admin/builder/spi-builder-workspace/.derivedData/Build/Intermediates.noindex/ScreenshotPreventing.build/Debug-watchos/ScreenshotPreventing-t.build/Objects-normal/arm64/ScreenshotPreventing.abi.json
SwiftCompile normal arm64 (in target 'ScreenshotPreventing' from project 'ScreenshotPreventing')
cd /Users/admin/builder/spi-builder-workspace/.swiftpm/xcode
SwiftDriverJobDiscovery normal arm64 Emitting module for RxSwift (in target 'RxSwift' from project 'RxSwift')
SwiftDriver\ Compilation\ Requirements RxSwift normal arm64 com.apple.xcode.tools.swift.compiler (in target 'RxSwift' from project 'RxSwift')
cd /Users/admin/builder/spi-builder-workspace/.swiftpm/xcode
builtin-Swift-Compilation-Requirements -- /Applications/Xcode-27.0.0-Release.Candidate.app/Contents/Developer/Toolchains/XcodeDefault.xctoolchain/usr/bin/swiftc -parse-as-library -module-name RxSwift -Onone @/Users/admin/builder/spi-builder-workspace/.derivedData/Build/Intermediates.noindex/RxSwift.build/Debug-watchos/RxSwift-t.build/Objects-normal/arm64/RxSwift.SwiftFileList -DSWIFT_PACKAGE -DDEBUG -DSWIFT_MODULE_RESOURCE_BUNDLE_AVAILABLE -DXcode -plugin-path /Applications/Xcode-27.0.0-Release.Candidate.app/Contents/Developer/Toolchains/XcodeDefault.xctoolchain/usr/lib/swift/host/plugins/testing -enable-experimental-feature DebugDescriptionMacro -sdk /Applications/Xcode-27.0.0-Release.Candidate.app/Contents/Developer/Platforms/WatchOS.platform/Developer/SDKs/WatchOS27.0.sdk -target arm64-apple-watchos9.0 -g -module-cache-path /Users/admin/builder/spi-builder-workspace/.derivedData/ModuleCache.noindex -Xfrontend -serialize-debugging-options -profile-coverage-mapping -profile-generate -enable-testing -suppress-warnings -index-store-path /Users/admin/builder/spi-builder-workspace/.derivedData/Index.noindex/DataStore -Xcc -D_LIBCPP_HARDENING_MODE\=_LIBCPP_HARDENING_MODE_DEBUG -swift-version 5 -I /Users/admin/builder/spi-builder-workspace/.derivedData/Build/Products/Debug-watchos -Isystem /Applications/Xcode-27.0.0-Release.Candidate.app/Contents/Developer/Platforms/WatchOS.platform/Developer/usr/lib -F /Users/admin/builder/spi-builder-workspace/.derivedData/Build/Products/Debug-watchos -F /Applications/Xcode-27.0.0-Release.Candidate.app/Contents/Developer/Platforms/WatchOS.platform/Developer/Library/Frameworks -F /Applications/Xcode-27.0.0-Release.Candidate.app/Contents/Developer/Platforms/WatchOS.platform/Developer/SDKs/WatchOS27.0.sdk/Developer/Library/Frameworks -c -j10 -enable-batch-mode -incremental -Xcc -ivfsstatcache -Xcc /Users/admin/builder/spi-builder-workspace/.derivedData/SDKStatCaches.noindex/watchos27.0-24R360-e829b21a6f8c9b70876ba0858053c04477534ef55a1706bf4c1112bbb242f0a2.sdkstatcache -output-file-map /Users/admin/builder/spi-builder-workspace/.derivedData/Build/Intermediates.noindex/RxSwift.build/Debug-watchos/RxSwift-t.build/Objects-normal/arm64/RxSwift-OutputFileMap.json -save-temps -no-color-diagnostics -explicit-module-build -module-cache-path /Users/admin/builder/spi-builder-workspace/.derivedData/Build/Intermediates.noindex/SwiftExplicitPrecompiledModules -clang-scanner-module-cache-path /Users/admin/builder/spi-builder-workspace/.derivedData/ModuleCache.noindex -sdk-module-cache-path /Users/admin/builder/spi-builder-workspace/.derivedData/SDKExplicitPrecompiledModules -emit-dependencies -emit-module -emit-module-path /Users/admin/builder/spi-builder-workspace/.derivedData/Build/Intermediates.noindex/RxSwift.build/Debug-watchos/RxSwift-t.build/Objects-normal/arm64/RxSwift.swiftmodule -serialize-diagnostics -dependency-scan-serialize-diagnostics-path /Users/admin/builder/spi-builder-workspace/.derivedData/Build/Intermediates.noindex/RxSwift.build/Debug-watchos/RxSwift-t.build/Objects-normal/arm64/RxSwift-dependency-scan.dia -validate-clang-modules-once -clang-build-session-file /Users/admin/builder/spi-builder-workspace/.derivedData/ModuleCache.noindex/Session.modulevalidation -Xcc -fmodules-prune-interval\=86400 -Xcc -fmodules-prune-after\=345600 -package-name rxswift -emit-const-values -const-gather-protocols-list /Users/admin/builder/spi-builder-workspace/.derivedData/Build/Intermediates.noindex/RxSwift.build/Debug-watchos/RxSwift-t.build/Objects-normal/arm64/RxSwift_const_extract_protocols.json -Xcc -I/Users/admin/builder/spi-builder-workspace/.derivedData/Build/Products/Debug-watchos/include -Xcc -I/Users/admin/builder/spi-builder-workspace/.derivedData/Build/Intermediates.noindex/RxSwift.build/Debug-watchos/RxSwift-t.build/DerivedSources-normal/arm64 -Xcc -I/Users/admin/builder/spi-builder-workspace/.derivedData/Build/Intermediates.noindex/RxSwift.build/Debug-watchos/RxSwift-t.build/DerivedSources/arm64 -Xcc -I/Users/admin/builder/spi-builder-workspace/.derivedData/Build/Intermediates.noindex/RxSwift.build/Debug-watchos/RxSwift-t.build/DerivedSources -Xcc -DSWIFT_PACKAGE -Xcc -DDEBUG\=1 -emit-objc-header -emit-objc-header-path /Users/admin/builder/spi-builder-workspace/.derivedData/Build/Intermediates.noindex/RxSwift.build/Debug-watchos/RxSwift-t.build/Objects-normal/arm64/RxSwift-Swift.h -working-directory /Users/admin/builder/spi-builder-workspace/.swiftpm/xcode -experimental-emit-module-separately -disable-cmo
SwiftExplicitDependencyGeneratePcm arm64_32 /Users/admin/builder/spi-builder-workspace/.derivedData/SDKExplicitPrecompiledModules/UIKit-6PPV7YPZ89CZPHYAP072QH8B6.pcm
Copy /Users/admin/builder/spi-builder-workspace/.derivedData/Build/Products/Debug-watchos/RxSwift.swiftmodule/arm64-apple-watchos.swiftmodule /Users/admin/builder/spi-builder-workspace/.derivedData/Build/Intermediates.noindex/RxSwift.build/Debug-watchos/RxSwift-t.build/Objects-normal/arm64/RxSwift.swiftmodule (in target 'RxSwift' from project 'RxSwift')
cd /Users/admin/builder/spi-builder-workspace/.dependencies/checkouts/RxSwift
builtin-copy -exclude .DS_Store -exclude CVS -exclude .svn -exclude .git -exclude .hg -resolve-src-symlinks -rename /Users/admin/builder/spi-builder-workspace/.derivedData/Build/Intermediates.noindex/RxSwift.build/Debug-watchos/RxSwift-t.build/Objects-normal/arm64/RxSwift.swiftmodule /Users/admin/builder/spi-builder-workspace/.derivedData/Build/Products/Debug-watchos/RxSwift.swiftmodule/arm64-apple-watchos.swiftmodule
SwiftDriverJobDiscovery normal arm64_32 Emitting module for RxSwift (in target 'RxSwift' from project 'RxSwift')
SwiftDriver\ Compilation\ Requirements RxSwift normal arm64_32 com.apple.xcode.tools.swift.compiler (in target 'RxSwift' from project 'RxSwift')
cd /Users/admin/builder/spi-builder-workspace/.swiftpm/xcode
builtin-Swift-Compilation-Requirements -- /Applications/Xcode-27.0.0-Release.Candidate.app/Contents/Developer/Toolchains/XcodeDefault.xctoolchain/usr/bin/swiftc -parse-as-library -module-name RxSwift -Onone @/Users/admin/builder/spi-builder-workspace/.derivedData/Build/Intermediates.noindex/RxSwift.build/Debug-watchos/RxSwift-t.build/Objects-normal/arm64_32/RxSwift.SwiftFileList -DSWIFT_PACKAGE -DDEBUG -DSWIFT_MODULE_RESOURCE_BUNDLE_AVAILABLE -DXcode -plugin-path /Applications/Xcode-27.0.0-Release.Candidate.app/Contents/Developer/Toolchains/XcodeDefault.xctoolchain/usr/lib/swift/host/plugins/testing -enable-experimental-feature DebugDescriptionMacro -sdk /Applications/Xcode-27.0.0-Release.Candidate.app/Contents/Developer/Platforms/WatchOS.platform/Developer/SDKs/WatchOS27.0.sdk -target arm64_32-apple-watchos9.0 -g -module-cache-path /Users/admin/builder/spi-builder-workspace/.derivedData/ModuleCache.noindex -Xfrontend -serialize-debugging-options -profile-coverage-mapping -profile-generate -enable-testing -suppress-warnings -index-store-path /Users/admin/builder/spi-builder-workspace/.derivedData/Index.noindex/DataStore -Xcc -D_LIBCPP_HARDENING_MODE\=_LIBCPP_HARDENING_MODE_DEBUG -swift-version 5 -I /Users/admin/builder/spi-builder-workspace/.derivedData/Build/Products/Debug-watchos -Isystem /Applications/Xcode-27.0.0-Release.Candidate.app/Contents/Developer/Platforms/WatchOS.platform/Developer/usr/lib -F /Users/admin/builder/spi-builder-workspace/.derivedData/Build/Products/Debug-watchos -F /Applications/Xcode-27.0.0-Release.Candidate.app/Contents/Developer/Platforms/WatchOS.platform/Developer/Library/Frameworks -F /Applications/Xcode-27.0.0-Release.Candidate.app/Contents/Developer/Platforms/WatchOS.platform/Developer/SDKs/WatchOS27.0.sdk/Developer/Library/Frameworks -c -j10 -enable-batch-mode -incremental -Xcc -ivfsstatcache -Xcc /Users/admin/builder/spi-builder-workspace/.derivedData/SDKStatCaches.noindex/watchos27.0-24R360-e829b21a6f8c9b70876ba0858053c04477534ef55a1706bf4c1112bbb242f0a2.sdkstatcache -output-file-map /Users/admin/builder/spi-builder-workspace/.derivedData/Build/Intermediates.noindex/RxSwift.build/Debug-watchos/RxSwift-t.build/Objects-normal/arm64_32/RxSwift-OutputFileMap.json -save-temps -no-color-diagnostics -explicit-module-build -module-cache-path /Users/admin/builder/spi-builder-workspace/.derivedData/Build/Intermediates.noindex/SwiftExplicitPrecompiledModules -clang-scanner-module-cache-path /Users/admin/builder/spi-builder-workspace/.derivedData/ModuleCache.noindex -sdk-module-cache-path /Users/admin/builder/spi-builder-workspace/.derivedData/SDKExplicitPrecompiledModules -emit-dependencies -emit-module -emit-module-path /Users/admin/builder/spi-builder-workspace/.derivedData/Build/Intermediates.noindex/RxSwift.build/Debug-watchos/RxSwift-t.build/Objects-normal/arm64_32/RxSwift.swiftmodule -serialize-diagnostics -dependency-scan-serialize-diagnostics-path /Users/admin/builder/spi-builder-workspace/.derivedData/Build/Intermediates.noindex/RxSwift.build/Debug-watchos/RxSwift-t.build/Objects-normal/arm64_32/RxSwift-dependency-scan.dia -validate-clang-modules-once -clang-build-session-file /Users/admin/builder/spi-builder-workspace/.derivedData/ModuleCache.noindex/Session.modulevalidation -Xcc -fmodules-prune-interval\=86400 -Xcc -fmodules-prune-after\=345600 -package-name rxswift -emit-const-values -const-gather-protocols-list /Users/admin/builder/spi-builder-workspace/.derivedData/Build/Intermediates.noindex/RxSwift.build/Debug-watchos/RxSwift-t.build/Objects-normal/arm64_32/RxSwift_const_extract_protocols.json -Xcc -I/Users/admin/builder/spi-builder-workspace/.derivedData/Build/Products/Debug-watchos/include -Xcc -I/Users/admin/builder/spi-builder-workspace/.derivedData/Build/Intermediates.noindex/RxSwift.build/Debug-watchos/RxSwift-t.build/DerivedSources-normal/arm64_32 -Xcc -I/Users/admin/builder/spi-builder-workspace/.derivedData/Build/Intermediates.noindex/RxSwift.build/Debug-watchos/RxSwift-t.build/DerivedSources/arm64_32 -Xcc -I/Users/admin/builder/spi-builder-workspace/.derivedData/Build/Intermediates.noindex/RxSwift.build/Debug-watchos/RxSwift-t.build/DerivedSources -Xcc -DSWIFT_PACKAGE -Xcc -DDEBUG\=1 -emit-objc-header -emit-objc-header-path /Users/admin/builder/spi-builder-workspace/.derivedData/Build/Intermediates.noindex/RxSwift.build/Debug-watchos/RxSwift-t.build/Objects-normal/arm64_32/RxSwift-Swift.h -working-directory /Users/admin/builder/spi-builder-workspace/.swiftpm/xcode -experimental-emit-module-separately -disable-cmo
Copy /Users/admin/builder/spi-builder-workspace/.derivedData/Build/Products/Debug-watchos/RxSwift.swiftmodule/arm64-apple-watchos.swiftdoc /Users/admin/builder/spi-builder-workspace/.derivedData/Build/Intermediates.noindex/RxSwift.build/Debug-watchos/RxSwift-t.build/Objects-normal/arm64/RxSwift.swiftdoc (in target 'RxSwift' from project 'RxSwift')
cd /Users/admin/builder/spi-builder-workspace/.dependencies/checkouts/RxSwift
builtin-copy -exclude .DS_Store -exclude CVS -exclude .svn -exclude .git -exclude .hg -resolve-src-symlinks -rename /Users/admin/builder/spi-builder-workspace/.derivedData/Build/Intermediates.noindex/RxSwift.build/Debug-watchos/RxSwift-t.build/Objects-normal/arm64/RxSwift.swiftdoc /Users/admin/builder/spi-builder-workspace/.derivedData/Build/Products/Debug-watchos/RxSwift.swiftmodule/arm64-apple-watchos.swiftdoc
SwiftMergeGeneratedHeaders /Users/admin/builder/spi-builder-workspace/.derivedData/Build/Intermediates.noindex/GeneratedModuleMaps-watchos/RxSwift-Swift.h /Users/admin/builder/spi-builder-workspace/.derivedData/Build/Intermediates.noindex/RxSwift.build/Debug-watchos/RxSwift-t.build/Objects-normal/arm64/RxSwift-Swift.h /Users/admin/builder/spi-builder-workspace/.derivedData/Build/Intermediates.noindex/RxSwift.build/Debug-watchos/RxSwift-t.build/Objects-normal/arm64_32/RxSwift-Swift.h (in target 'RxSwift' from project 'RxSwift')
cd /Users/admin/builder/spi-builder-workspace/.dependencies/checkouts/RxSwift
builtin-swiftHeaderTool -arch arm64 /Users/admin/builder/spi-builder-workspace/.derivedData/Build/Intermediates.noindex/RxSwift.build/Debug-watchos/RxSwift-t.build/Objects-normal/arm64/RxSwift-Swift.h -arch arm64_32 /Users/admin/builder/spi-builder-workspace/.derivedData/Build/Intermediates.noindex/RxSwift.build/Debug-watchos/RxSwift-t.build/Objects-normal/arm64_32/RxSwift-Swift.h -o /Users/admin/builder/spi-builder-workspace/.derivedData/Build/Intermediates.noindex/GeneratedModuleMaps-watchos/RxSwift-Swift.h
Copy /Users/admin/builder/spi-builder-workspace/.derivedData/Build/Products/Debug-watchos/RxSwift.swiftmodule/arm64_32-apple-watchos.swiftmodule /Users/admin/builder/spi-builder-workspace/.derivedData/Build/Intermediates.noindex/RxSwift.build/Debug-watchos/RxSwift-t.build/Objects-normal/arm64_32/RxSwift.swiftmodule (in target 'RxSwift' from project 'RxSwift')
cd /Users/admin/builder/spi-builder-workspace/.dependencies/checkouts/RxSwift
builtin-copy -exclude .DS_Store -exclude CVS -exclude .svn -exclude .git -exclude .hg -resolve-src-symlinks -rename /Users/admin/builder/spi-builder-workspace/.derivedData/Build/Intermediates.noindex/RxSwift.build/Debug-watchos/RxSwift-t.build/Objects-normal/arm64_32/RxSwift.swiftmodule /Users/admin/builder/spi-builder-workspace/.derivedData/Build/Products/Debug-watchos/RxSwift.swiftmodule/arm64_32-apple-watchos.swiftmodule
Copy /Users/admin/builder/spi-builder-workspace/.derivedData/Build/Products/Debug-watchos/RxSwift.swiftmodule/arm64_32-apple-watchos.swiftdoc /Users/admin/builder/spi-builder-workspace/.derivedData/Build/Intermediates.noindex/RxSwift.build/Debug-watchos/RxSwift-t.build/Objects-normal/arm64_32/RxSwift.swiftdoc (in target 'RxSwift' from project 'RxSwift')
cd /Users/admin/builder/spi-builder-workspace/.dependencies/checkouts/RxSwift
builtin-copy -exclude .DS_Store -exclude CVS -exclude .svn -exclude .git -exclude .hg -resolve-src-symlinks -rename /Users/admin/builder/spi-builder-workspace/.derivedData/Build/Intermediates.noindex/RxSwift.build/Debug-watchos/RxSwift-t.build/Objects-normal/arm64_32/RxSwift.swiftdoc /Users/admin/builder/spi-builder-workspace/.derivedData/Build/Products/Debug-watchos/RxSwift.swiftmodule/arm64_32-apple-watchos.swiftdoc
Copy /Users/admin/builder/spi-builder-workspace/.derivedData/Build/Products/Debug-watchos/RxSwift.swiftmodule/arm64_32-apple-watchos.abi.json /Users/admin/builder/spi-builder-workspace/.derivedData/Build/Intermediates.noindex/RxSwift.build/Debug-watchos/RxSwift-t.build/Objects-normal/arm64_32/RxSwift.abi.json (in target 'RxSwift' from project 'RxSwift')
cd /Users/admin/builder/spi-builder-workspace/.dependencies/checkouts/RxSwift
builtin-copy -exclude .DS_Store -exclude CVS -exclude .svn -exclude .git -exclude .hg -resolve-src-symlinks -rename /Users/admin/builder/spi-builder-workspace/.derivedData/Build/Intermediates.noindex/RxSwift.build/Debug-watchos/RxSwift-t.build/Objects-normal/arm64_32/RxSwift.abi.json /Users/admin/builder/spi-builder-workspace/.derivedData/Build/Products/Debug-watchos/RxSwift.swiftmodule/arm64_32-apple-watchos.abi.json
Copy /Users/admin/builder/spi-builder-workspace/.derivedData/Build/Products/Debug-watchos/RxSwift.swiftmodule/arm64-apple-watchos.abi.json /Users/admin/builder/spi-builder-workspace/.derivedData/Build/Intermediates.noindex/RxSwift.build/Debug-watchos/RxSwift-t.build/Objects-normal/arm64/RxSwift.abi.json (in target 'RxSwift' from project 'RxSwift')
cd /Users/admin/builder/spi-builder-workspace/.dependencies/checkouts/RxSwift
builtin-copy -exclude .DS_Store -exclude CVS -exclude .svn -exclude .git -exclude .hg -resolve-src-symlinks -rename /Users/admin/builder/spi-builder-workspace/.derivedData/Build/Intermediates.noindex/RxSwift.build/Debug-watchos/RxSwift-t.build/Objects-normal/arm64/RxSwift.abi.json /Users/admin/builder/spi-builder-workspace/.derivedData/Build/Products/Debug-watchos/RxSwift.swiftmodule/arm64-apple-watchos.abi.json
Copy /Users/admin/builder/spi-builder-workspace/.derivedData/Build/Products/Debug-watchos/RxSwift.swiftmodule/Project/arm64_32-apple-watchos.swiftsourceinfo /Users/admin/builder/spi-builder-workspace/.derivedData/Build/Intermediates.noindex/RxSwift.build/Debug-watchos/RxSwift-t.build/Objects-normal/arm64_32/RxSwift.swiftsourceinfo (in target 'RxSwift' from project 'RxSwift')
cd /Users/admin/builder/spi-builder-workspace/.dependencies/checkouts/RxSwift
builtin-copy -exclude .DS_Store -exclude CVS -exclude .svn -exclude .git -exclude .hg -resolve-src-symlinks -rename /Users/admin/builder/spi-builder-workspace/.derivedData/Build/Intermediates.noindex/RxSwift.build/Debug-watchos/RxSwift-t.build/Objects-normal/arm64_32/RxSwift.swiftsourceinfo /Users/admin/builder/spi-builder-workspace/.derivedData/Build/Products/Debug-watchos/RxSwift.swiftmodule/Project/arm64_32-apple-watchos.swiftsourceinfo
Copy /Users/admin/builder/spi-builder-workspace/.derivedData/Build/Products/Debug-watchos/RxSwift.swiftmodule/Project/arm64-apple-watchos.swiftsourceinfo /Users/admin/builder/spi-builder-workspace/.derivedData/Build/Intermediates.noindex/RxSwift.build/Debug-watchos/RxSwift-t.build/Objects-normal/arm64/RxSwift.swiftsourceinfo (in target 'RxSwift' from project 'RxSwift')
cd /Users/admin/builder/spi-builder-workspace/.dependencies/checkouts/RxSwift
builtin-copy -exclude .DS_Store -exclude CVS -exclude .svn -exclude .git -exclude .hg -resolve-src-symlinks -rename /Users/admin/builder/spi-builder-workspace/.derivedData/Build/Intermediates.noindex/RxSwift.build/Debug-watchos/RxSwift-t.build/Objects-normal/arm64/RxSwift.swiftsourceinfo /Users/admin/builder/spi-builder-workspace/.derivedData/Build/Products/Debug-watchos/RxSwift.swiftmodule/Project/arm64-apple-watchos.swiftsourceinfo
SwiftCompile normal arm64 Compiling\ ScreenshotPreventingView.swift /Users/admin/builder/spi-builder-workspace/Sources/Core/ScreenshotPreventingView.swift (in target 'ScreenshotPreventing' from project 'ScreenshotPreventing')
/Users/admin/builder/spi-builder-workspace/Sources/Core/ScreenshotPreventingView.swift:33:29: error: 'UITextField' is unavailable in watchOS
31 |
32 | private var contentView: UIView?
33 | private let textField = UITextField()
| `- error: 'UITextField' is unavailable in watchOS
34 |
35 | private let recognizer = HiddenContainerRecognizer()
/Applications/Xcode-27.0.0-Release.Candidate.app/Contents/Developer/Platforms/WatchOS.platform/Developer/SDKs/WatchOS27.0.sdk/System/Library/Frameworks/UIKit.framework/Headers/UITextField.h:53:12: note: 'UITextField' has been explicitly marked unavailable here
51 |
52 | UIKIT_EXTERN API_AVAILABLE(ios(2.0)) API_UNAVAILABLE(watchos) NS_SWIFT_UI_ACTOR
53 | @interface UITextField : UIControl <UITextInput, NSCoding, UIContentSizeCategoryAdjusting, UILetterformAwareAdjusting>
| `- note: 'UITextField' has been explicitly marked unavailable here
54 |
55 | @property(nullable, nonatomic,copy) NSString *text; // default is nil
SwiftCompile normal arm64 /Users/admin/builder/spi-builder-workspace/Sources/Core/ScreenshotPreventingView.swift (in target 'ScreenshotPreventing' from project 'ScreenshotPreventing')
cd /Users/admin/builder/spi-builder-workspace/.swiftpm/xcode
builtin-SwiftPerFileCompile ScreenshotPreventingView.swift
SwiftCompile normal arm64 Compiling\ HiddenContainerRecognizer.swift /Users/admin/builder/spi-builder-workspace/Sources/Core/HiddenContainerRecognizer.swift (in target 'ScreenshotPreventing' from project 'ScreenshotPreventing')
SwiftCompile normal arm64 /Users/admin/builder/spi-builder-workspace/Sources/Core/HiddenContainerRecognizer.swift (in target 'ScreenshotPreventing' from project 'ScreenshotPreventing')
cd /Users/admin/builder/spi-builder-workspace/.swiftpm/xcode
builtin-SwiftPerFileCompile HiddenContainerRecognizer.swift
PruneExplicitPrecompiledModules /Users/admin/builder/spi-builder-workspace/.derivedData/SDKExplicitPrecompiledModules
PruneExplicitPrecompiledModules /Users/admin/builder/spi-builder-workspace/.derivedData/Build/Intermediates.noindex/ExplicitPrecompiledModules
PruneExplicitPrecompiledModules /Users/admin/builder/spi-builder-workspace/.derivedData/Build/Intermediates.noindex/SwiftExplicitPrecompiledModules
2026-09-23 15:25:21.020 xcodebuild[736:4531] [MT] IDERunDestination: Supported platforms for the buildables in the current scheme is empty.
** BUILD FAILED **
The following build commands failed:
SwiftEmitModule normal arm64 Emitting\ module\ for\ ScreenshotPreventing (in target 'ScreenshotPreventing' from project 'ScreenshotPreventing')
SwiftCompile normal arm64 (in target 'ScreenshotPreventing' from project 'ScreenshotPreventing')
Building workspace ScreenshotPreventing with scheme ScreenshotPreventing-Package
(3 failures)
Command line invocation:
/Applications/Xcode-27.0.0-Release.Candidate.app/Contents/Developer/usr/bin/xcodebuild -IDEClonedSourcePackagesDirPathOverride=/Users/admin/builder/spi-builder-workspace/.dependencies -resolvePackageDependencies
Resolve Package Graph
Resolved source packages:
ScreenshotPreventing: /Users/admin/builder/spi-builder-workspace
RxSwift: https://github.com/ReactiveX/RxSwift.git @ 6.10.2
resolved source packages: ScreenshotPreventing, RxSwift
2026-09-23 15:25:27.959 xcodebuild[884:5250] [MT] IDERunDestination: Supported platforms for the buildables in the current scheme is empty.
{
"dependencies" : [
{
"identity" : "rxswift",
"requirement" : {
"range" : [
{
"lower_bound" : "6.0.0",
"upper_bound" : "7.0.0"
}
]
},
"type" : "sourceControl",
"url" : "https://github.com/ReactiveX/RxSwift.git"
}
],
"manifest_display_name" : "ScreenshotPreventing",
"name" : "ScreenshotPreventing",
"path" : "/Users/admin/builder/spi-builder-workspace",
"platforms" : [
{
"name" : "ios",
"version" : "12.0"
}
],
"products" : [
{
"name" : "ScreenshotPreventing",
"targets" : [
"ScreenshotPreventing"
],
"type" : {
"library" : [
"automatic"
]
}
},
{
"name" : "ScreenshotPreventingSwiftUI",
"targets" : [
"ScreenshotPreventingSwiftUI"
],
"type" : {
"library" : [
"automatic"
]
}
},
{
"name" : "RxScreenshotPreventing",
"targets" : [
"RxScreenshotPreventing"
],
"type" : {
"library" : [
"automatic"
]
}
}
],
"swift_languages_versions" : [
"5"
],
"targets" : [
{
"c99name" : "ScreenshotPreventingTests",
"module_type" : "SwiftTarget",
"name" : "ScreenshotPreventingTests",
"path" : "Tests/ScreenshotPreventingTests",
"sources" : [
"ScreenshotPreventingTests.swift"
],
"target_dependencies" : [
"ScreenshotPreventing"
],
"type" : "test"
},
{
"c99name" : "ScreenshotPreventingSwiftUI",
"module_type" : "SwiftTarget",
"name" : "ScreenshotPreventingSwiftUI",
"path" : "Sources/SwiftUI",
"product_memberships" : [
"ScreenshotPreventingSwiftUI"
],
"sources" : [
"ScreenshotPrevent+SwiftUI.swift",
"ScreenshotPrevent+ViewModifier.swift",
"ScreenshotPreventingView+Hosting.swift"
],
"target_dependencies" : [
"ScreenshotPreventing"
],
"type" : "library"
},
{
"c99name" : "ScreenshotPreventing",
"module_type" : "SwiftTarget",
"name" : "ScreenshotPreventing",
"path" : "Sources/Core",
"product_memberships" : [
"ScreenshotPreventing",
"ScreenshotPreventingSwiftUI",
"RxScreenshotPreventing"
],
"sources" : [
"HiddenContainerRecognizer.swift",
"ScreenshotPreventingView.swift"
],
"type" : "library"
},
{
"c99name" : "RxScreenshotPreventing",
"module_type" : "SwiftTarget",
"name" : "RxScreenshotPreventing",
"path" : "Sources/RxSwift",
"product_dependencies" : [
"RxSwift",
"RxCocoa"
],
"product_memberships" : [
"RxScreenshotPreventing"
],
"sources" : [
"ScreenshotPreventingView+Rx.swift"
],
"target_dependencies" : [
"ScreenshotPreventing"
],
"type" : "library"
}
],
"tools_version" : "5.6"
}
{
"workspace" : {
"name" : "ScreenshotPreventing",
"schemes" : [
"RxScreenshotPreventing",
"ScreenshotPreventing",
"ScreenshotPreventing-Package",
"ScreenshotPreventingSwiftUI"
]
}
}
2026-09-23 15:25:29.372 xcodebuild[892:5317] [MT] IDERunDestination: Supported platforms for the buildables in the current scheme is empty.
Running build ...
env DEVELOPER_DIR=/Applications/Xcode-27.0.0-Release.Candidate.app xcrun xcodebuild -IDEClonedSourcePackagesDirPathOverride=$PWD/.dependencies -skipMacroValidation -skipPackagePluginValidation -derivedDataPath $PWD/.derivedData build -scheme ScreenshotPreventing-Package -destination generic/platform=watchOS
Command line invocation:
/Applications/Xcode-27.0.0-Release.Candidate.app/Contents/Developer/usr/bin/xcodebuild -IDEClonedSourcePackagesDirPathOverride=/Users/admin/builder/spi-builder-workspace/.dependencies -skipMacroValidation -skipPackagePluginValidation -derivedDataPath /Users/admin/builder/spi-builder-workspace/.derivedData build -scheme ScreenshotPreventing-Package -destination generic/platform=watchOS
Resolve Package Graph
Resolved source packages:
ScreenshotPreventing: /Users/admin/builder/spi-builder-workspace
RxSwift: https://github.com/ReactiveX/RxSwift.git @ 6.10.2
ComputePackagePrebuildTargetDependencyGraph
Prepare packages
CreateBuildRequest
SendProjectDescription
CreateBuildOperation
ComputeTargetDependencyGraph
note: Building targets in dependency order
note: Target dependency graph (16 targets)
Target 'RxScreenshotPreventing-product' in project 'ScreenshotPreventing'
➜ Explicit dependency on target 'RxScreenshotPreventing' in project 'ScreenshotPreventing'
➜ Explicit dependency on target 'ScreenshotPreventing' in project 'ScreenshotPreventing'
➜ Explicit dependency on target 'RxSwift-product' in project 'RxSwift'
➜ Explicit dependency on target 'RxCocoa-product' in project 'RxSwift'
Target 'RxScreenshotPreventing' in project 'ScreenshotPreventing'
➜ Explicit dependency on target 'ScreenshotPreventing' in project 'ScreenshotPreventing'
➜ Explicit dependency on target 'RxSwift-product' in project 'RxSwift'
➜ Explicit dependency on target 'RxCocoa-product' in project 'RxSwift'
Target 'RxCocoa-product' in project 'RxSwift'
➜ Explicit dependency on target 'RxCocoa' in project 'RxSwift'
➜ Explicit dependency on target 'RxSwift_RxCocoa' in project 'RxSwift'
➜ Explicit dependency on target 'RxSwift' in project 'RxSwift'
➜ Explicit dependency on target 'RxRelay' in project 'RxSwift'
➜ Explicit dependency on target 'RxCocoaRuntime' in project 'RxSwift'
Target 'RxCocoa' in project 'RxSwift'
➜ Explicit dependency on target 'RxSwift_RxCocoa' in project 'RxSwift'
➜ Explicit dependency on target 'RxSwift' in project 'RxSwift'
➜ Explicit dependency on target 'RxRelay' in project 'RxSwift'
➜ Explicit dependency on target 'RxCocoaRuntime' in project 'RxSwift'
Target 'RxCocoaRuntime' in project 'RxSwift'
➜ Explicit dependency on target 'RxSwift_RxCocoaRuntime' in project 'RxSwift'
➜ Explicit dependency on target 'RxSwift' in project 'RxSwift'
Target 'RxSwift_RxCocoaRuntime' in project 'RxSwift' (no dependencies)
Target 'RxRelay' in project 'RxSwift'
➜ Explicit dependency on target 'RxSwift_RxRelay' in project 'RxSwift'
➜ Explicit dependency on target 'RxSwift' in project 'RxSwift'
Target 'RxSwift_RxRelay' in project 'RxSwift' (no dependencies)
Target 'RxSwift_RxCocoa' in project 'RxSwift' (no dependencies)
Target 'RxSwift-product' in project 'RxSwift'
➜ Explicit dependency on target 'RxSwift' in project 'RxSwift'
➜ Explicit dependency on target 'RxSwift_RxSwift' in project 'RxSwift'
Target 'RxSwift' in project 'RxSwift'
➜ Explicit dependency on target 'RxSwift_RxSwift' in project 'RxSwift'
Target 'RxSwift_RxSwift' in project 'RxSwift' (no dependencies)
Target 'ScreenshotPreventingSwiftUI-product' in project 'ScreenshotPreventing'
➜ Explicit dependency on target 'ScreenshotPreventingSwiftUI' in project 'ScreenshotPreventing'
➜ Explicit dependency on target 'ScreenshotPreventing' in project 'ScreenshotPreventing'
Target 'ScreenshotPreventingSwiftUI' in project 'ScreenshotPreventing'
➜ Explicit dependency on target 'ScreenshotPreventing' in project 'ScreenshotPreventing'
Target 'ScreenshotPreventing-product' in project 'ScreenshotPreventing'
➜ Explicit dependency on target 'ScreenshotPreventing' in project 'ScreenshotPreventing'
Target 'ScreenshotPreventing' in project 'ScreenshotPreventing' (no dependencies)
GatherProvisioningInputs
CreateBuildDescription
ClangStatCache /Applications/Xcode-27.0.0-Release.Candidate.app/Contents/Developer/Toolchains/XcodeDefault.xctoolchain/usr/bin/clang-stat-cache /Applications/Xcode-27.0.0-Release.Candidate.app/Contents/Developer/Platforms/WatchOS.platform/Developer/SDKs/WatchOS27.0.sdk /Users/admin/builder/spi-builder-workspace/.derivedData/SDKStatCaches.noindex/watchos27.0-24R360-e829b21a6f8c9b70876ba0858053c04477534ef55a1706bf4c1112bbb242f0a2.sdkstatcache
cd /Users/admin/builder/spi-builder-workspace/.swiftpm/xcode
/Applications/Xcode-27.0.0-Release.Candidate.app/Contents/Developer/Toolchains/XcodeDefault.xctoolchain/usr/bin/clang-stat-cache /Applications/Xcode-27.0.0-Release.Candidate.app/Contents/Developer/Platforms/WatchOS.platform/Developer/SDKs/WatchOS27.0.sdk -o /Users/admin/builder/spi-builder-workspace/.derivedData/SDKStatCaches.noindex/watchos27.0-24R360-e829b21a6f8c9b70876ba0858053c04477534ef55a1706bf4c1112bbb242f0a2.sdkstatcache
SwiftDriver RxSwift normal arm64_32 com.apple.xcode.tools.swift.compiler (in target 'RxSwift' from project 'RxSwift')
cd /Users/admin/builder/spi-builder-workspace/.swiftpm/xcode
builtin-SwiftDriver -- /Applications/Xcode-27.0.0-Release.Candidate.app/Contents/Developer/Toolchains/XcodeDefault.xctoolchain/usr/bin/swiftc -parse-as-library -module-name RxSwift -Onone @/Users/admin/builder/spi-builder-workspace/.derivedData/Build/Intermediates.noindex/RxSwift.build/Debug-watchos/RxSwift-t.build/Objects-normal/arm64_32/RxSwift.SwiftFileList -DSWIFT_PACKAGE -DDEBUG -DSWIFT_MODULE_RESOURCE_BUNDLE_AVAILABLE -DXcode -plugin-path /Applications/Xcode-27.0.0-Release.Candidate.app/Contents/Developer/Toolchains/XcodeDefault.xctoolchain/usr/lib/swift/host/plugins/testing -enable-experimental-feature DebugDescriptionMacro -sdk /Applications/Xcode-27.0.0-Release.Candidate.app/Contents/Developer/Platforms/WatchOS.platform/Developer/SDKs/WatchOS27.0.sdk -target arm64_32-apple-watchos9.0 -g -module-cache-path /Users/admin/builder/spi-builder-workspace/.derivedData/ModuleCache.noindex -Xfrontend -serialize-debugging-options -profile-coverage-mapping -profile-generate -enable-testing -suppress-warnings -index-store-path /Users/admin/builder/spi-builder-workspace/.derivedData/Index.noindex/DataStore -Xcc -D_LIBCPP_HARDENING_MODE\=_LIBCPP_HARDENING_MODE_DEBUG -swift-version 5 -I /Users/admin/builder/spi-builder-workspace/.derivedData/Build/Products/Debug-watchos -Isystem /Applications/Xcode-27.0.0-Release.Candidate.app/Contents/Developer/Platforms/WatchOS.platform/Developer/usr/lib -F /Users/admin/builder/spi-builder-workspace/.derivedData/Build/Products/Debug-watchos -F /Applications/Xcode-27.0.0-Release.Candidate.app/Contents/Developer/Platforms/WatchOS.platform/Developer/Library/Frameworks -F /Applications/Xcode-27.0.0-Release.Candidate.app/Contents/Developer/Platforms/WatchOS.platform/Developer/SDKs/WatchOS27.0.sdk/Developer/Library/Frameworks -c -j10 -enable-batch-mode -incremental -Xcc -ivfsstatcache -Xcc /Users/admin/builder/spi-builder-workspace/.derivedData/SDKStatCaches.noindex/watchos27.0-24R360-e829b21a6f8c9b70876ba0858053c04477534ef55a1706bf4c1112bbb242f0a2.sdkstatcache -output-file-map /Users/admin/builder/spi-builder-workspace/.derivedData/Build/Intermediates.noindex/RxSwift.build/Debug-watchos/RxSwift-t.build/Objects-normal/arm64_32/RxSwift-OutputFileMap.json -save-temps -no-color-diagnostics -explicit-module-build -module-cache-path /Users/admin/builder/spi-builder-workspace/.derivedData/Build/Intermediates.noindex/SwiftExplicitPrecompiledModules -clang-scanner-module-cache-path /Users/admin/builder/spi-builder-workspace/.derivedData/ModuleCache.noindex -sdk-module-cache-path /Users/admin/builder/spi-builder-workspace/.derivedData/SDKExplicitPrecompiledModules -emit-dependencies -emit-module -emit-module-path /Users/admin/builder/spi-builder-workspace/.derivedData/Build/Intermediates.noindex/RxSwift.build/Debug-watchos/RxSwift-t.build/Objects-normal/arm64_32/RxSwift.swiftmodule -serialize-diagnostics -dependency-scan-serialize-diagnostics-path /Users/admin/builder/spi-builder-workspace/.derivedData/Build/Intermediates.noindex/RxSwift.build/Debug-watchos/RxSwift-t.build/Objects-normal/arm64_32/RxSwift-dependency-scan.dia -validate-clang-modules-once -clang-build-session-file /Users/admin/builder/spi-builder-workspace/.derivedData/ModuleCache.noindex/Session.modulevalidation -Xcc -fmodules-prune-interval\=86400 -Xcc -fmodules-prune-after\=345600 -package-name rxswift -emit-const-values -const-gather-protocols-list /Users/admin/builder/spi-builder-workspace/.derivedData/Build/Intermediates.noindex/RxSwift.build/Debug-watchos/RxSwift-t.build/Objects-normal/arm64_32/RxSwift_const_extract_protocols.json -Xcc -I/Users/admin/builder/spi-builder-workspace/.derivedData/Build/Products/Debug-watchos/include -Xcc -I/Users/admin/builder/spi-builder-workspace/.derivedData/Build/Intermediates.noindex/RxSwift.build/Debug-watchos/RxSwift-t.build/DerivedSources-normal/arm64_32 -Xcc -I/Users/admin/builder/spi-builder-workspace/.derivedData/Build/Intermediates.noindex/RxSwift.build/Debug-watchos/RxSwift-t.build/DerivedSources/arm64_32 -Xcc -I/Users/admin/builder/spi-builder-workspace/.derivedData/Build/Intermediates.noindex/RxSwift.build/Debug-watchos/RxSwift-t.build/DerivedSources -Xcc -DSWIFT_PACKAGE -Xcc -DDEBUG\=1 -emit-objc-header -emit-objc-header-path /Users/admin/builder/spi-builder-workspace/.derivedData/Build/Intermediates.noindex/RxSwift.build/Debug-watchos/RxSwift-t.build/Objects-normal/arm64_32/RxSwift-Swift.h -working-directory /Users/admin/builder/spi-builder-workspace/.swiftpm/xcode -experimental-emit-module-separately -disable-cmo
SwiftDriver ScreenshotPreventing normal arm64_32 com.apple.xcode.tools.swift.compiler (in target 'ScreenshotPreventing' from project 'ScreenshotPreventing')
cd /Users/admin/builder/spi-builder-workspace/.swiftpm/xcode
builtin-SwiftDriver -- /Applications/Xcode-27.0.0-Release.Candidate.app/Contents/Developer/Toolchains/XcodeDefault.xctoolchain/usr/bin/swiftc -parse-as-library -module-name ScreenshotPreventing -Onone @/Users/admin/builder/spi-builder-workspace/.derivedData/Build/Intermediates.noindex/ScreenshotPreventing.build/Debug-watchos/ScreenshotPreventing-t.build/Objects-normal/arm64_32/ScreenshotPreventing.SwiftFileList -DSWIFT_PACKAGE -DDEBUG -DSWIFT_MODULE_RESOURCE_BUNDLE_UNAVAILABLE -DXcode -plugin-path /Applications/Xcode-27.0.0-Release.Candidate.app/Contents/Developer/Toolchains/XcodeDefault.xctoolchain/usr/lib/swift/host/plugins/testing -enable-experimental-feature DebugDescriptionMacro -sdk /Applications/Xcode-27.0.0-Release.Candidate.app/Contents/Developer/Platforms/WatchOS.platform/Developer/SDKs/WatchOS27.0.sdk -target arm64_32-apple-watchos9.0 -g -module-cache-path /Users/admin/builder/spi-builder-workspace/.derivedData/ModuleCache.noindex -Xfrontend -serialize-debugging-options -profile-coverage-mapping -profile-generate -enable-testing -index-store-path /Users/admin/builder/spi-builder-workspace/.derivedData/Index.noindex/DataStore -Xcc -D_LIBCPP_HARDENING_MODE\=_LIBCPP_HARDENING_MODE_DEBUG -swift-version 5 -I /Users/admin/builder/spi-builder-workspace/.derivedData/Build/Products/Debug-watchos -Isystem /Applications/Xcode-27.0.0-Release.Candidate.app/Contents/Developer/Platforms/WatchOS.platform/Developer/usr/lib -F /Users/admin/builder/spi-builder-workspace/.derivedData/Build/Products/Debug-watchos -F /Applications/Xcode-27.0.0-Release.Candidate.app/Contents/Developer/Platforms/WatchOS.platform/Developer/Library/Frameworks -F /Applications/Xcode-27.0.0-Release.Candidate.app/Contents/Developer/Platforms/WatchOS.platform/Developer/SDKs/WatchOS27.0.sdk/Developer/Library/Frameworks -c -j10 -enable-batch-mode -incremental -Xcc -ivfsstatcache -Xcc /Users/admin/builder/spi-builder-workspace/.derivedData/SDKStatCaches.noindex/watchos27.0-24R360-e829b21a6f8c9b70876ba0858053c04477534ef55a1706bf4c1112bbb242f0a2.sdkstatcache -output-file-map /Users/admin/builder/spi-builder-workspace/.derivedData/Build/Intermediates.noindex/ScreenshotPreventing.build/Debug-watchos/ScreenshotPreventing-t.build/Objects-normal/arm64_32/ScreenshotPreventing-OutputFileMap.json -save-temps -no-color-diagnostics -explicit-module-build -module-cache-path /Users/admin/builder/spi-builder-workspace/.derivedData/Build/Intermediates.noindex/SwiftExplicitPrecompiledModules -clang-scanner-module-cache-path /Users/admin/builder/spi-builder-workspace/.derivedData/ModuleCache.noindex -sdk-module-cache-path /Users/admin/builder/spi-builder-workspace/.derivedData/SDKExplicitPrecompiledModules -emit-dependencies -emit-module -emit-module-path /Users/admin/builder/spi-builder-workspace/.derivedData/Build/Intermediates.noindex/ScreenshotPreventing.build/Debug-watchos/ScreenshotPreventing-t.build/Objects-normal/arm64_32/ScreenshotPreventing.swiftmodule -serialize-diagnostics -dependency-scan-serialize-diagnostics-path /Users/admin/builder/spi-builder-workspace/.derivedData/Build/Intermediates.noindex/ScreenshotPreventing.build/Debug-watchos/ScreenshotPreventing-t.build/Objects-normal/arm64_32/ScreenshotPreventing-dependency-scan.dia -validate-clang-modules-once -clang-build-session-file /Users/admin/builder/spi-builder-workspace/.derivedData/ModuleCache.noindex/Session.modulevalidation -Xcc -fmodules-prune-interval\=86400 -Xcc -fmodules-prune-after\=345600 -emit-const-values -const-gather-protocols-list /Users/admin/builder/spi-builder-workspace/.derivedData/Build/Intermediates.noindex/ScreenshotPreventing.build/Debug-watchos/ScreenshotPreventing-t.build/Objects-normal/arm64_32/ScreenshotPreventing_const_extract_protocols.json -Xcc -I/Users/admin/builder/spi-builder-workspace/.derivedData/Build/Products/Debug-watchos/include -Xcc -I/Users/admin/builder/spi-builder-workspace/.derivedData/Build/Intermediates.noindex/ScreenshotPreventing.build/Debug-watchos/ScreenshotPreventing-t.build/DerivedSources-normal/arm64_32 -Xcc -I/Users/admin/builder/spi-builder-workspace/.derivedData/Build/Intermediates.noindex/ScreenshotPreventing.build/Debug-watchos/ScreenshotPreventing-t.build/DerivedSources/arm64_32 -Xcc -I/Users/admin/builder/spi-builder-workspace/.derivedData/Build/Intermediates.noindex/ScreenshotPreventing.build/Debug-watchos/ScreenshotPreventing-t.build/DerivedSources -Xcc -DSWIFT_PACKAGE -Xcc -DDEBUG\=1 -emit-objc-header -emit-objc-header-path /Users/admin/builder/spi-builder-workspace/.derivedData/Build/Intermediates.noindex/ScreenshotPreventing.build/Debug-watchos/ScreenshotPreventing-t.build/Objects-normal/arm64_32/ScreenshotPreventing-Swift.h -working-directory /Users/admin/builder/spi-builder-workspace/.swiftpm/xcode -experimental-emit-module-separately -disable-cmo
SwiftDriver ScreenshotPreventing normal arm64 com.apple.xcode.tools.swift.compiler (in target 'ScreenshotPreventing' from project 'ScreenshotPreventing')
cd /Users/admin/builder/spi-builder-workspace/.swiftpm/xcode
builtin-SwiftDriver -- /Applications/Xcode-27.0.0-Release.Candidate.app/Contents/Developer/Toolchains/XcodeDefault.xctoolchain/usr/bin/swiftc -parse-as-library -module-name ScreenshotPreventing -Onone @/Users/admin/builder/spi-builder-workspace/.derivedData/Build/Intermediates.noindex/ScreenshotPreventing.build/Debug-watchos/ScreenshotPreventing-t.build/Objects-normal/arm64/ScreenshotPreventing.SwiftFileList -DSWIFT_PACKAGE -DDEBUG -DSWIFT_MODULE_RESOURCE_BUNDLE_UNAVAILABLE -DXcode -plugin-path /Applications/Xcode-27.0.0-Release.Candidate.app/Contents/Developer/Toolchains/XcodeDefault.xctoolchain/usr/lib/swift/host/plugins/testing -enable-experimental-feature DebugDescriptionMacro -sdk /Applications/Xcode-27.0.0-Release.Candidate.app/Contents/Developer/Platforms/WatchOS.platform/Developer/SDKs/WatchOS27.0.sdk -target arm64-apple-watchos9.0 -g -module-cache-path /Users/admin/builder/spi-builder-workspace/.derivedData/ModuleCache.noindex -Xfrontend -serialize-debugging-options -profile-coverage-mapping -profile-generate -enable-testing -index-store-path /Users/admin/builder/spi-builder-workspace/.derivedData/Index.noindex/DataStore -Xcc -D_LIBCPP_HARDENING_MODE\=_LIBCPP_HARDENING_MODE_DEBUG -swift-version 5 -I /Users/admin/builder/spi-builder-workspace/.derivedData/Build/Products/Debug-watchos -Isystem /Applications/Xcode-27.0.0-Release.Candidate.app/Contents/Developer/Platforms/WatchOS.platform/Developer/usr/lib -F /Users/admin/builder/spi-builder-workspace/.derivedData/Build/Products/Debug-watchos -F /Applications/Xcode-27.0.0-Release.Candidate.app/Contents/Developer/Platforms/WatchOS.platform/Developer/Library/Frameworks -F /Applications/Xcode-27.0.0-Release.Candidate.app/Contents/Developer/Platforms/WatchOS.platform/Developer/SDKs/WatchOS27.0.sdk/Developer/Library/Frameworks -c -j10 -enable-batch-mode -incremental -Xcc -ivfsstatcache -Xcc /Users/admin/builder/spi-builder-workspace/.derivedData/SDKStatCaches.noindex/watchos27.0-24R360-e829b21a6f8c9b70876ba0858053c04477534ef55a1706bf4c1112bbb242f0a2.sdkstatcache -output-file-map /Users/admin/builder/spi-builder-workspace/.derivedData/Build/Intermediates.noindex/ScreenshotPreventing.build/Debug-watchos/ScreenshotPreventing-t.build/Objects-normal/arm64/ScreenshotPreventing-OutputFileMap.json -save-temps -no-color-diagnostics -explicit-module-build -module-cache-path /Users/admin/builder/spi-builder-workspace/.derivedData/Build/Intermediates.noindex/SwiftExplicitPrecompiledModules -clang-scanner-module-cache-path /Users/admin/builder/spi-builder-workspace/.derivedData/ModuleCache.noindex -sdk-module-cache-path /Users/admin/builder/spi-builder-workspace/.derivedData/SDKExplicitPrecompiledModules -emit-dependencies -emit-module -emit-module-path /Users/admin/builder/spi-builder-workspace/.derivedData/Build/Intermediates.noindex/ScreenshotPreventing.build/Debug-watchos/ScreenshotPreventing-t.build/Objects-normal/arm64/ScreenshotPreventing.swiftmodule -serialize-diagnostics -dependency-scan-serialize-diagnostics-path /Users/admin/builder/spi-builder-workspace/.derivedData/Build/Intermediates.noindex/ScreenshotPreventing.build/Debug-watchos/ScreenshotPreventing-t.build/Objects-normal/arm64/ScreenshotPreventing-dependency-scan.dia -validate-clang-modules-once -clang-build-session-file /Users/admin/builder/spi-builder-workspace/.derivedData/ModuleCache.noindex/Session.modulevalidation -Xcc -fmodules-prune-interval\=86400 -Xcc -fmodules-prune-after\=345600 -emit-const-values -const-gather-protocols-list /Users/admin/builder/spi-builder-workspace/.derivedData/Build/Intermediates.noindex/ScreenshotPreventing.build/Debug-watchos/ScreenshotPreventing-t.build/Objects-normal/arm64/ScreenshotPreventing_const_extract_protocols.json -Xcc -I/Users/admin/builder/spi-builder-workspace/.derivedData/Build/Products/Debug-watchos/include -Xcc -I/Users/admin/builder/spi-builder-workspace/.derivedData/Build/Intermediates.noindex/ScreenshotPreventing.build/Debug-watchos/ScreenshotPreventing-t.build/DerivedSources-normal/arm64 -Xcc -I/Users/admin/builder/spi-builder-workspace/.derivedData/Build/Intermediates.noindex/ScreenshotPreventing.build/Debug-watchos/ScreenshotPreventing-t.build/DerivedSources/arm64 -Xcc -I/Users/admin/builder/spi-builder-workspace/.derivedData/Build/Intermediates.noindex/ScreenshotPreventing.build/Debug-watchos/ScreenshotPreventing-t.build/DerivedSources -Xcc -DSWIFT_PACKAGE -Xcc -DDEBUG\=1 -emit-objc-header -emit-objc-header-path /Users/admin/builder/spi-builder-workspace/.derivedData/Build/Intermediates.noindex/ScreenshotPreventing.build/Debug-watchos/ScreenshotPreventing-t.build/Objects-normal/arm64/ScreenshotPreventing-Swift.h -working-directory /Users/admin/builder/spi-builder-workspace/.swiftpm/xcode -experimental-emit-module-separately -disable-cmo
SwiftDriver RxSwift normal arm64 com.apple.xcode.tools.swift.compiler (in target 'RxSwift' from project 'RxSwift')
cd /Users/admin/builder/spi-builder-workspace/.swiftpm/xcode
builtin-SwiftDriver -- /Applications/Xcode-27.0.0-Release.Candidate.app/Contents/Developer/Toolchains/XcodeDefault.xctoolchain/usr/bin/swiftc -parse-as-library -module-name RxSwift -Onone @/Users/admin/builder/spi-builder-workspace/.derivedData/Build/Intermediates.noindex/RxSwift.build/Debug-watchos/RxSwift-t.build/Objects-normal/arm64/RxSwift.SwiftFileList -DSWIFT_PACKAGE -DDEBUG -DSWIFT_MODULE_RESOURCE_BUNDLE_AVAILABLE -DXcode -plugin-path /Applications/Xcode-27.0.0-Release.Candidate.app/Contents/Developer/Toolchains/XcodeDefault.xctoolchain/usr/lib/swift/host/plugins/testing -enable-experimental-feature DebugDescriptionMacro -sdk /Applications/Xcode-27.0.0-Release.Candidate.app/Contents/Developer/Platforms/WatchOS.platform/Developer/SDKs/WatchOS27.0.sdk -target arm64-apple-watchos9.0 -g -module-cache-path /Users/admin/builder/spi-builder-workspace/.derivedData/ModuleCache.noindex -Xfrontend -serialize-debugging-options -profile-coverage-mapping -profile-generate -enable-testing -suppress-warnings -index-store-path /Users/admin/builder/spi-builder-workspace/.derivedData/Index.noindex/DataStore -Xcc -D_LIBCPP_HARDENING_MODE\=_LIBCPP_HARDENING_MODE_DEBUG -swift-version 5 -I /Users/admin/builder/spi-builder-workspace/.derivedData/Build/Products/Debug-watchos -Isystem /Applications/Xcode-27.0.0-Release.Candidate.app/Contents/Developer/Platforms/WatchOS.platform/Developer/usr/lib -F /Users/admin/builder/spi-builder-workspace/.derivedData/Build/Products/Debug-watchos -F /Applications/Xcode-27.0.0-Release.Candidate.app/Contents/Developer/Platforms/WatchOS.platform/Developer/Library/Frameworks -F /Applications/Xcode-27.0.0-Release.Candidate.app/Contents/Developer/Platforms/WatchOS.platform/Developer/SDKs/WatchOS27.0.sdk/Developer/Library/Frameworks -c -j10 -enable-batch-mode -incremental -Xcc -ivfsstatcache -Xcc /Users/admin/builder/spi-builder-workspace/.derivedData/SDKStatCaches.noindex/watchos27.0-24R360-e829b21a6f8c9b70876ba0858053c04477534ef55a1706bf4c1112bbb242f0a2.sdkstatcache -output-file-map /Users/admin/builder/spi-builder-workspace/.derivedData/Build/Intermediates.noindex/RxSwift.build/Debug-watchos/RxSwift-t.build/Objects-normal/arm64/RxSwift-OutputFileMap.json -save-temps -no-color-diagnostics -explicit-module-build -module-cache-path /Users/admin/builder/spi-builder-workspace/.derivedData/Build/Intermediates.noindex/SwiftExplicitPrecompiledModules -clang-scanner-module-cache-path /Users/admin/builder/spi-builder-workspace/.derivedData/ModuleCache.noindex -sdk-module-cache-path /Users/admin/builder/spi-builder-workspace/.derivedData/SDKExplicitPrecompiledModules -emit-dependencies -emit-module -emit-module-path /Users/admin/builder/spi-builder-workspace/.derivedData/Build/Intermediates.noindex/RxSwift.build/Debug-watchos/RxSwift-t.build/Objects-normal/arm64/RxSwift.swiftmodule -serialize-diagnostics -dependency-scan-serialize-diagnostics-path /Users/admin/builder/spi-builder-workspace/.derivedData/Build/Intermediates.noindex/RxSwift.build/Debug-watchos/RxSwift-t.build/Objects-normal/arm64/RxSwift-dependency-scan.dia -validate-clang-modules-once -clang-build-session-file /Users/admin/builder/spi-builder-workspace/.derivedData/ModuleCache.noindex/Session.modulevalidation -Xcc -fmodules-prune-interval\=86400 -Xcc -fmodules-prune-after\=345600 -package-name rxswift -emit-const-values -const-gather-protocols-list /Users/admin/builder/spi-builder-workspace/.derivedData/Build/Intermediates.noindex/RxSwift.build/Debug-watchos/RxSwift-t.build/Objects-normal/arm64/RxSwift_const_extract_protocols.json -Xcc -I/Users/admin/builder/spi-builder-workspace/.derivedData/Build/Products/Debug-watchos/include -Xcc -I/Users/admin/builder/spi-builder-workspace/.derivedData/Build/Intermediates.noindex/RxSwift.build/Debug-watchos/RxSwift-t.build/DerivedSources-normal/arm64 -Xcc -I/Users/admin/builder/spi-builder-workspace/.derivedData/Build/Intermediates.noindex/RxSwift.build/Debug-watchos/RxSwift-t.build/DerivedSources/arm64 -Xcc -I/Users/admin/builder/spi-builder-workspace/.derivedData/Build/Intermediates.noindex/RxSwift.build/Debug-watchos/RxSwift-t.build/DerivedSources -Xcc -DSWIFT_PACKAGE -Xcc -DDEBUG\=1 -emit-objc-header -emit-objc-header-path /Users/admin/builder/spi-builder-workspace/.derivedData/Build/Intermediates.noindex/RxSwift.build/Debug-watchos/RxSwift-t.build/Objects-normal/arm64/RxSwift-Swift.h -working-directory /Users/admin/builder/spi-builder-workspace/.swiftpm/xcode -experimental-emit-module-separately -disable-cmo
SwiftDriver RxRelay normal arm64 com.apple.xcode.tools.swift.compiler (in target 'RxRelay' from project 'RxSwift')
cd /Users/admin/builder/spi-builder-workspace/.swiftpm/xcode
builtin-SwiftDriver -- /Applications/Xcode-27.0.0-Release.Candidate.app/Contents/Developer/Toolchains/XcodeDefault.xctoolchain/usr/bin/swiftc -parse-as-library -module-name RxRelay -Onone @/Users/admin/builder/spi-builder-workspace/.derivedData/Build/Intermediates.noindex/RxSwift.build/Debug-watchos/RxRelay-t.build/Objects-normal/arm64/RxRelay.SwiftFileList -DSWIFT_PACKAGE -DDEBUG -DSWIFT_MODULE_RESOURCE_BUNDLE_AVAILABLE -DXcode -plugin-path /Applications/Xcode-27.0.0-Release.Candidate.app/Contents/Developer/Toolchains/XcodeDefault.xctoolchain/usr/lib/swift/host/plugins/testing -enable-experimental-feature DebugDescriptionMacro -sdk /Applications/Xcode-27.0.0-Release.Candidate.app/Contents/Developer/Platforms/WatchOS.platform/Developer/SDKs/WatchOS27.0.sdk -target arm64-apple-watchos9.0 -g -module-cache-path /Users/admin/builder/spi-builder-workspace/.derivedData/ModuleCache.noindex -Xfrontend -serialize-debugging-options -profile-coverage-mapping -profile-generate -enable-testing -suppress-warnings -index-store-path /Users/admin/builder/spi-builder-workspace/.derivedData/Index.noindex/DataStore -Xcc -D_LIBCPP_HARDENING_MODE\=_LIBCPP_HARDENING_MODE_DEBUG -swift-version 5 -I /Users/admin/builder/spi-builder-workspace/.derivedData/Build/Products/Debug-watchos -Isystem /Applications/Xcode-27.0.0-Release.Candidate.app/Contents/Developer/Platforms/WatchOS.platform/Developer/usr/lib -F /Users/admin/builder/spi-builder-workspace/.derivedData/Build/Products/Debug-watchos/PackageFrameworks -F /Users/admin/builder/spi-builder-workspace/.derivedData/Build/Products/Debug-watchos -F /Applications/Xcode-27.0.0-Release.Candidate.app/Contents/Developer/Platforms/WatchOS.platform/Developer/Library/Frameworks -F /Applications/Xcode-27.0.0-Release.Candidate.app/Contents/Developer/Platforms/WatchOS.platform/Developer/SDKs/WatchOS27.0.sdk/Developer/Library/Frameworks -c -j10 -enable-batch-mode -incremental -Xcc -ivfsstatcache -Xcc /Users/admin/builder/spi-builder-workspace/.derivedData/SDKStatCaches.noindex/watchos27.0-24R360-e829b21a6f8c9b70876ba0858053c04477534ef55a1706bf4c1112bbb242f0a2.sdkstatcache -output-file-map /Users/admin/builder/spi-builder-workspace/.derivedData/Build/Intermediates.noindex/RxSwift.build/Debug-watchos/RxRelay-t.build/Objects-normal/arm64/RxRelay-OutputFileMap.json -save-temps -no-color-diagnostics -explicit-module-build -module-cache-path /Users/admin/builder/spi-builder-workspace/.derivedData/Build/Intermediates.noindex/SwiftExplicitPrecompiledModules -clang-scanner-module-cache-path /Users/admin/builder/spi-builder-workspace/.derivedData/ModuleCache.noindex -sdk-module-cache-path /Users/admin/builder/spi-builder-workspace/.derivedData/SDKExplicitPrecompiledModules -emit-dependencies -emit-module -emit-module-path /Users/admin/builder/spi-builder-workspace/.derivedData/Build/Intermediates.noindex/RxSwift.build/Debug-watchos/RxRelay-t.build/Objects-normal/arm64/RxRelay.swiftmodule -serialize-diagnostics -dependency-scan-serialize-diagnostics-path /Users/admin/builder/spi-builder-workspace/.derivedData/Build/Intermediates.noindex/RxSwift.build/Debug-watchos/RxRelay-t.build/Objects-normal/arm64/RxRelay-dependency-scan.dia -validate-clang-modules-once -clang-build-session-file /Users/admin/builder/spi-builder-workspace/.derivedData/ModuleCache.noindex/Session.modulevalidation -Xcc -fmodules-prune-interval\=86400 -Xcc -fmodules-prune-after\=345600 -package-name rxswift -emit-const-values -const-gather-protocols-list /Users/admin/builder/spi-builder-workspace/.derivedData/Build/Intermediates.noindex/RxSwift.build/Debug-watchos/RxRelay-t.build/Objects-normal/arm64/RxRelay_const_extract_protocols.json -Xcc -I/Users/admin/builder/spi-builder-workspace/.derivedData/Build/Products/Debug-watchos/include -Xcc -I/Users/admin/builder/spi-builder-workspace/.derivedData/Build/Intermediates.noindex/RxSwift.build/Debug-watchos/RxRelay-t.build/DerivedSources-normal/arm64 -Xcc -I/Users/admin/builder/spi-builder-workspace/.derivedData/Build/Intermediates.noindex/RxSwift.build/Debug-watchos/RxRelay-t.build/DerivedSources/arm64 -Xcc -I/Users/admin/builder/spi-builder-workspace/.derivedData/Build/Intermediates.noindex/RxSwift.build/Debug-watchos/RxRelay-t.build/DerivedSources -Xcc -DSWIFT_PACKAGE -Xcc -DDEBUG\=1 -emit-objc-header -emit-objc-header-path /Users/admin/builder/spi-builder-workspace/.derivedData/Build/Intermediates.noindex/RxSwift.build/Debug-watchos/RxRelay-t.build/Objects-normal/arm64/RxRelay-Swift.h -working-directory /Users/admin/builder/spi-builder-workspace/.swiftpm/xcode -experimental-emit-module-separately -disable-cmo
SwiftDriver RxRelay normal arm64_32 com.apple.xcode.tools.swift.compiler (in target 'RxRelay' from project 'RxSwift')
cd /Users/admin/builder/spi-builder-workspace/.swiftpm/xcode
builtin-SwiftDriver -- /Applications/Xcode-27.0.0-Release.Candidate.app/Contents/Developer/Toolchains/XcodeDefault.xctoolchain/usr/bin/swiftc -parse-as-library -module-name RxRelay -Onone @/Users/admin/builder/spi-builder-workspace/.derivedData/Build/Intermediates.noindex/RxSwift.build/Debug-watchos/RxRelay-t.build/Objects-normal/arm64_32/RxRelay.SwiftFileList -DSWIFT_PACKAGE -DDEBUG -DSWIFT_MODULE_RESOURCE_BUNDLE_AVAILABLE -DXcode -plugin-path /Applications/Xcode-27.0.0-Release.Candidate.app/Contents/Developer/Toolchains/XcodeDefault.xctoolchain/usr/lib/swift/host/plugins/testing -enable-experimental-feature DebugDescriptionMacro -sdk /Applications/Xcode-27.0.0-Release.Candidate.app/Contents/Developer/Platforms/WatchOS.platform/Developer/SDKs/WatchOS27.0.sdk -target arm64_32-apple-watchos9.0 -g -module-cache-path /Users/admin/builder/spi-builder-workspace/.derivedData/ModuleCache.noindex -Xfrontend -serialize-debugging-options -profile-coverage-mapping -profile-generate -enable-testing -suppress-warnings -index-store-path /Users/admin/builder/spi-builder-workspace/.derivedData/Index.noindex/DataStore -Xcc -D_LIBCPP_HARDENING_MODE\=_LIBCPP_HARDENING_MODE_DEBUG -swift-version 5 -I /Users/admin/builder/spi-builder-workspace/.derivedData/Build/Products/Debug-watchos -Isystem /Applications/Xcode-27.0.0-Release.Candidate.app/Contents/Developer/Platforms/WatchOS.platform/Developer/usr/lib -F /Users/admin/builder/spi-builder-workspace/.derivedData/Build/Products/Debug-watchos/PackageFrameworks -F /Users/admin/builder/spi-builder-workspace/.derivedData/Build/Products/Debug-watchos -F /Applications/Xcode-27.0.0-Release.Candidate.app/Contents/Developer/Platforms/WatchOS.platform/Developer/Library/Frameworks -F /Applications/Xcode-27.0.0-Release.Candidate.app/Contents/Developer/Platforms/WatchOS.platform/Developer/SDKs/WatchOS27.0.sdk/Developer/Library/Frameworks -c -j10 -enable-batch-mode -incremental -Xcc -ivfsstatcache -Xcc /Users/admin/builder/spi-builder-workspace/.derivedData/SDKStatCaches.noindex/watchos27.0-24R360-e829b21a6f8c9b70876ba0858053c04477534ef55a1706bf4c1112bbb242f0a2.sdkstatcache -output-file-map /Users/admin/builder/spi-builder-workspace/.derivedData/Build/Intermediates.noindex/RxSwift.build/Debug-watchos/RxRelay-t.build/Objects-normal/arm64_32/RxRelay-OutputFileMap.json -save-temps -no-color-diagnostics -explicit-module-build -module-cache-path /Users/admin/builder/spi-builder-workspace/.derivedData/Build/Intermediates.noindex/SwiftExplicitPrecompiledModules -clang-scanner-module-cache-path /Users/admin/builder/spi-builder-workspace/.derivedData/ModuleCache.noindex -sdk-module-cache-path /Users/admin/builder/spi-builder-workspace/.derivedData/SDKExplicitPrecompiledModules -emit-dependencies -emit-module -emit-module-path /Users/admin/builder/spi-builder-workspace/.derivedData/Build/Intermediates.noindex/RxSwift.build/Debug-watchos/RxRelay-t.build/Objects-normal/arm64_32/RxRelay.swiftmodule -serialize-diagnostics -dependency-scan-serialize-diagnostics-path /Users/admin/builder/spi-builder-workspace/.derivedData/Build/Intermediates.noindex/RxSwift.build/Debug-watchos/RxRelay-t.build/Objects-normal/arm64_32/RxRelay-dependency-scan.dia -validate-clang-modules-once -clang-build-session-file /Users/admin/builder/spi-builder-workspace/.derivedData/ModuleCache.noindex/Session.modulevalidation -Xcc -fmodules-prune-interval\=86400 -Xcc -fmodules-prune-after\=345600 -package-name rxswift -emit-const-values -const-gather-protocols-list /Users/admin/builder/spi-builder-workspace/.derivedData/Build/Intermediates.noindex/RxSwift.build/Debug-watchos/RxRelay-t.build/Objects-normal/arm64_32/RxRelay_const_extract_protocols.json -Xcc -I/Users/admin/builder/spi-builder-workspace/.derivedData/Build/Products/Debug-watchos/include -Xcc -I/Users/admin/builder/spi-builder-workspace/.derivedData/Build/Intermediates.noindex/RxSwift.build/Debug-watchos/RxRelay-t.build/DerivedSources-normal/arm64_32 -Xcc -I/Users/admin/builder/spi-builder-workspace/.derivedData/Build/Intermediates.noindex/RxSwift.build/Debug-watchos/RxRelay-t.build/DerivedSources/arm64_32 -Xcc -I/Users/admin/builder/spi-builder-workspace/.derivedData/Build/Intermediates.noindex/RxSwift.build/Debug-watchos/RxRelay-t.build/DerivedSources -Xcc -DSWIFT_PACKAGE -Xcc -DDEBUG\=1 -emit-objc-header -emit-objc-header-path /Users/admin/builder/spi-builder-workspace/.derivedData/Build/Intermediates.noindex/RxSwift.build/Debug-watchos/RxRelay-t.build/Objects-normal/arm64_32/RxRelay-Swift.h -working-directory /Users/admin/builder/spi-builder-workspace/.swiftpm/xcode -experimental-emit-module-separately -disable-cmo
ScanDependencies /Users/admin/builder/spi-builder-workspace/.derivedData/Build/Intermediates.noindex/RxSwift.build/Debug-watchos/RxCocoaRuntime-t.build/Objects-normal/arm64_32/resource_bundle_accessor.o /Users/admin/builder/spi-builder-workspace/.derivedData/Build/Intermediates.noindex/RxSwift.build/Debug-watchos/RxCocoaRuntime-t.build/DerivedSources/resource_bundle_accessor.m normal arm64_32 objective-c com.apple.compilers.llvm.clang.1_0.compiler (in target 'RxCocoaRuntime' from project 'RxSwift')
cd /Users/admin/builder/spi-builder-workspace/.swiftpm/xcode
Using response file: /Users/admin/builder/spi-builder-workspace/.derivedData/Build/Intermediates.noindex/RxSwift.build/Debug-watchos/RxCocoaRuntime-t.build/Objects-normal/arm64_32/e6072d4f65d7061329687fe24e3d63a7-common-args.resp
builtin-ScanDependencies -o /Users/admin/builder/spi-builder-workspace/.derivedData/Build/Intermediates.noindex/RxSwift.build/Debug-watchos/RxCocoaRuntime-t.build/Objects-normal/arm64_32/resource_bundle_accessor.o.scan -- /Applications/Xcode-27.0.0-Release.Candidate.app/Contents/Developer/Toolchains/XcodeDefault.xctoolchain/usr/bin/clang -x objective-c -ivfsstatcache /Users/admin/builder/spi-builder-workspace/.derivedData/SDKStatCaches.noindex/watchos27.0-24R360-e829b21a6f8c9b70876ba0858053c04477534ef55a1706bf4c1112bbb242f0a2.sdkstatcache -target arm64_32-apple-watchos9.0 -fmessage-length\=0 -fdiagnostics-show-note-include-stack -fmacro-backtrace-limit\=0 -fno-color-diagnostics -fmodules-prune-interval\=86400 -fmodules-prune-after\=345600 -fbuild-session-file\=/Users/admin/builder/spi-builder-workspace/.derivedData/ModuleCache.noindex/Session.modulevalidation -fmodules-validate-once-per-build-session -Wnon-modular-include-in-framework-module -Werror\=non-modular-include-in-framework-module -Wno-trigraphs -Wno-missing-field-initializers -Wno-missing-prototypes -Wno-return-type -Wno-implicit-atomic-properties -Wno-objc-interface-ivars -Wno-arc-repeated-use-of-weak -Wno-missing-braces -Wparentheses -Wswitch -Wno-unused-function -Wno-unused-label -Wno-unused-parameter -Wno-unused-variable -Wunused-value -Wno-empty-body -Wno-uninitialized -Wno-unknown-pragmas -w -Wno-shadow -Wno-four-char-constants -Wno-conversion -Wno-constant-conversion -Wno-int-conversion -Wno-bool-conversion -Wno-enum-conversion -Wno-float-conversion -Wno-non-literal-null-conversion -Wno-objc-literal-conversion -Wno-shorten-64-to-32 -Wpointer-sign -Wno-newline-eof -Wno-selector -Wno-strict-selector-match -Wno-undeclared-selector -Wno-deprecated-implementations -Wno-implicit-fallthrough -isysroot /Applications/Xcode-27.0.0-Release.Candidate.app/Contents/Developer/Platforms/WatchOS.platform/Developer/SDKs/WatchOS27.0.sdk -fstrict-aliasing -Wprotocol -Wdeprecated-declarations -Wno-sign-conversion -Wno-infinite-recursion -Wno-comma -Wno-block-capture-autoreleasing -Wno-strict-prototypes -Wno-semicolon-before-method-body -index-store-path /Users/admin/builder/spi-builder-workspace/.derivedData/Index.noindex/DataStore @/Users/admin/builder/spi-builder-workspace/.derivedData/Build/Intermediates.noindex/RxSwift.build/Debug-watchos/RxCocoaRuntime-t.build/Objects-normal/arm64_32/e6072d4f65d7061329687fe24e3d63a7-common-args.resp -include /Users/admin/builder/spi-builder-workspace/.derivedData/Build/Intermediates.noindex/RxSwift.build/Debug-watchos/RxCocoaRuntime-t.build/DerivedSources/resource_bundle_accessor.h -MMD -MT dependencies -MF /Users/admin/builder/spi-builder-workspace/.derivedData/Build/Intermediates.noindex/RxSwift.build/Debug-watchos/RxCocoaRuntime-t.build/Objects-normal/arm64_32/resource_bundle_accessor.d --serialize-diagnostics /Users/admin/builder/spi-builder-workspace/.derivedData/Build/Intermediates.noindex/RxSwift.build/Debug-watchos/RxCocoaRuntime-t.build/Objects-normal/arm64_32/resource_bundle_accessor.dia -c /Users/admin/builder/spi-builder-workspace/.derivedData/Build/Intermediates.noindex/RxSwift.build/Debug-watchos/RxCocoaRuntime-t.build/DerivedSources/resource_bundle_accessor.m -o /Users/admin/builder/spi-builder-workspace/.derivedData/Build/Intermediates.noindex/RxSwift.build/Debug-watchos/RxCocoaRuntime-t.build/Objects-normal/arm64_32/resource_bundle_accessor.o -index-unit-output-path /RxSwift.build/Debug-watchos/RxCocoaRuntime-t.build/Objects-normal/arm64_32/resource_bundle_accessor.o
ScanDependencies /Users/admin/builder/spi-builder-workspace/.derivedData/Build/Intermediates.noindex/RxSwift.build/Debug-watchos/RxCocoaRuntime-t.build/Objects-normal/arm64_32/_RXObjCRuntime.o /Users/admin/builder/spi-builder-workspace/.dependencies/checkouts/RxSwift/Sources/RxCocoaRuntime/_RXObjCRuntime.m normal arm64_32 objective-c com.apple.compilers.llvm.clang.1_0.compiler (in target 'RxCocoaRuntime' from project 'RxSwift')
cd /Users/admin/builder/spi-builder-workspace/.swiftpm/xcode
Using response file: /Users/admin/builder/spi-builder-workspace/.derivedData/Build/Intermediates.noindex/RxSwift.build/Debug-watchos/RxCocoaRuntime-t.build/Objects-normal/arm64_32/e6072d4f65d7061329687fe24e3d63a7-common-args.resp
builtin-ScanDependencies -o /Users/admin/builder/spi-builder-workspace/.derivedData/Build/Intermediates.noindex/RxSwift.build/Debug-watchos/RxCocoaRuntime-t.build/Objects-normal/arm64_32/_RXObjCRuntime.o.scan -- /Applications/Xcode-27.0.0-Release.Candidate.app/Contents/Developer/Toolchains/XcodeDefault.xctoolchain/usr/bin/clang -x objective-c -ivfsstatcache /Users/admin/builder/spi-builder-workspace/.derivedData/SDKStatCaches.noindex/watchos27.0-24R360-e829b21a6f8c9b70876ba0858053c04477534ef55a1706bf4c1112bbb242f0a2.sdkstatcache -target arm64_32-apple-watchos9.0 -fmessage-length\=0 -fdiagnostics-show-note-include-stack -fmacro-backtrace-limit\=0 -fno-color-diagnostics -fmodules-prune-interval\=86400 -fmodules-prune-after\=345600 -fbuild-session-file\=/Users/admin/builder/spi-builder-workspace/.derivedData/ModuleCache.noindex/Session.modulevalidation -fmodules-validate-once-per-build-session -Wnon-modular-include-in-framework-module -Werror\=non-modular-include-in-framework-module -Wno-trigraphs -Wno-missing-field-initializers -Wno-missing-prototypes -Wno-return-type -Wno-implicit-atomic-properties -Wno-objc-interface-ivars -Wno-arc-repeated-use-of-weak -Wno-missing-braces -Wparentheses -Wswitch -Wno-unused-function -Wno-unused-label -Wno-unused-parameter -Wno-unused-variable -Wunused-value -Wno-empty-body -Wno-uninitialized -Wno-unknown-pragmas -w -Wno-shadow -Wno-four-char-constants -Wno-conversion -Wno-constant-conversion -Wno-int-conversion -Wno-bool-conversion -Wno-enum-conversion -Wno-float-conversion -Wno-non-literal-null-conversion -Wno-objc-literal-conversion -Wno-shorten-64-to-32 -Wpointer-sign -Wno-newline-eof -Wno-selector -Wno-strict-selector-match -Wno-undeclared-selector -Wno-deprecated-implementations -Wno-implicit-fallthrough -isysroot /Applications/Xcode-27.0.0-Release.Candidate.app/Contents/Developer/Platforms/WatchOS.platform/Developer/SDKs/WatchOS27.0.sdk -fstrict-aliasing -Wprotocol -Wdeprecated-declarations -Wno-sign-conversion -Wno-infinite-recursion -Wno-comma -Wno-block-capture-autoreleasing -Wno-strict-prototypes -Wno-semicolon-before-method-body -index-store-path /Users/admin/builder/spi-builder-workspace/.derivedData/Index.noindex/DataStore @/Users/admin/builder/spi-builder-workspace/.derivedData/Build/Intermediates.noindex/RxSwift.build/Debug-watchos/RxCocoaRuntime-t.build/Objects-normal/arm64_32/e6072d4f65d7061329687fe24e3d63a7-common-args.resp -include /Users/admin/builder/spi-builder-workspace/.derivedData/Build/Intermediates.noindex/RxSwift.build/Debug-watchos/RxCocoaRuntime-t.build/DerivedSources/resource_bundle_accessor.h -MMD -MT dependencies -MF /Users/admin/builder/spi-builder-workspace/.derivedData/Build/Intermediates.noindex/RxSwift.build/Debug-watchos/RxCocoaRuntime-t.build/Objects-normal/arm64_32/_RXObjCRuntime.d --serialize-diagnostics /Users/admin/builder/spi-builder-workspace/.derivedData/Build/Intermediates.noindex/RxSwift.build/Debug-watchos/RxCocoaRuntime-t.build/Objects-normal/arm64_32/_RXObjCRuntime.dia -c /Users/admin/builder/spi-builder-workspace/.dependencies/checkouts/RxSwift/Sources/RxCocoaRuntime/_RXObjCRuntime.m -o /Users/admin/builder/spi-builder-workspace/.derivedData/Build/Intermediates.noindex/RxSwift.build/Debug-watchos/RxCocoaRuntime-t.build/Objects-normal/arm64_32/_RXObjCRuntime.o -index-unit-output-path /RxSwift.build/Debug-watchos/RxCocoaRuntime-t.build/Objects-normal/arm64_32/_RXObjCRuntime.o
ScanDependencies /Users/admin/builder/spi-builder-workspace/.derivedData/Build/Intermediates.noindex/RxSwift.build/Debug-watchos/RxCocoaRuntime-t.build/Objects-normal/arm64_32/_RXKVOObserver.o /Users/admin/builder/spi-builder-workspace/.dependencies/checkouts/RxSwift/Sources/RxCocoaRuntime/_RXKVOObserver.m normal arm64_32 objective-c com.apple.compilers.llvm.clang.1_0.compiler (in target 'RxCocoaRuntime' from project 'RxSwift')
cd /Users/admin/builder/spi-builder-workspace/.swiftpm/xcode
Using response file: /Users/admin/builder/spi-builder-workspace/.derivedData/Build/Intermediates.noindex/RxSwift.build/Debug-watchos/RxCocoaRuntime-t.build/Objects-normal/arm64_32/e6072d4f65d7061329687fe24e3d63a7-common-args.resp
builtin-ScanDependencies -o /Users/admin/builder/spi-builder-workspace/.derivedData/Build/Intermediates.noindex/RxSwift.build/Debug-watchos/RxCocoaRuntime-t.build/Objects-normal/arm64_32/_RXKVOObserver.o.scan -- /Applications/Xcode-27.0.0-Release.Candidate.app/Contents/Developer/Toolchains/XcodeDefault.xctoolchain/usr/bin/clang -x objective-c -ivfsstatcache /Users/admin/builder/spi-builder-workspace/.derivedData/SDKStatCaches.noindex/watchos27.0-24R360-e829b21a6f8c9b70876ba0858053c04477534ef55a1706bf4c1112bbb242f0a2.sdkstatcache -target arm64_32-apple-watchos9.0 -fmessage-length\=0 -fdiagnostics-show-note-include-stack -fmacro-backtrace-limit\=0 -fno-color-diagnostics -fmodules-prune-interval\=86400 -fmodules-prune-after\=345600 -fbuild-session-file\=/Users/admin/builder/spi-builder-workspace/.derivedData/ModuleCache.noindex/Session.modulevalidation -fmodules-validate-once-per-build-session -Wnon-modular-include-in-framework-module -Werror\=non-modular-include-in-framework-module -Wno-trigraphs -Wno-missing-field-initializers -Wno-missing-prototypes -Wno-return-type -Wno-implicit-atomic-properties -Wno-objc-interface-ivars -Wno-arc-repeated-use-of-weak -Wno-missing-braces -Wparentheses -Wswitch -Wno-unused-function -Wno-unused-label -Wno-unused-parameter -Wno-unused-variable -Wunused-value -Wno-empty-body -Wno-uninitialized -Wno-unknown-pragmas -w -Wno-shadow -Wno-four-char-constants -Wno-conversion -Wno-constant-conversion -Wno-int-conversion -Wno-bool-conversion -Wno-enum-conversion -Wno-float-conversion -Wno-non-literal-null-conversion -Wno-objc-literal-conversion -Wno-shorten-64-to-32 -Wpointer-sign -Wno-newline-eof -Wno-selector -Wno-strict-selector-match -Wno-undeclared-selector -Wno-deprecated-implementations -Wno-implicit-fallthrough -isysroot /Applications/Xcode-27.0.0-Release.Candidate.app/Contents/Developer/Platforms/WatchOS.platform/Developer/SDKs/WatchOS27.0.sdk -fstrict-aliasing -Wprotocol -Wdeprecated-declarations -Wno-sign-conversion -Wno-infinite-recursion -Wno-comma -Wno-block-capture-autoreleasing -Wno-strict-prototypes -Wno-semicolon-before-method-body -index-store-path /Users/admin/builder/spi-builder-workspace/.derivedData/Index.noindex/DataStore @/Users/admin/builder/spi-builder-workspace/.derivedData/Build/Intermediates.noindex/RxSwift.build/Debug-watchos/RxCocoaRuntime-t.build/Objects-normal/arm64_32/e6072d4f65d7061329687fe24e3d63a7-common-args.resp -include /Users/admin/builder/spi-builder-workspace/.derivedData/Build/Intermediates.noindex/RxSwift.build/Debug-watchos/RxCocoaRuntime-t.build/DerivedSources/resource_bundle_accessor.h -MMD -MT dependencies -MF /Users/admin/builder/spi-builder-workspace/.derivedData/Build/Intermediates.noindex/RxSwift.build/Debug-watchos/RxCocoaRuntime-t.build/Objects-normal/arm64_32/_RXKVOObserver.d --serialize-diagnostics /Users/admin/builder/spi-builder-workspace/.derivedData/Build/Intermediates.noindex/RxSwift.build/Debug-watchos/RxCocoaRuntime-t.build/Objects-normal/arm64_32/_RXKVOObserver.dia -c /Users/admin/builder/spi-builder-workspace/.dependencies/checkouts/RxSwift/Sources/RxCocoaRuntime/_RXKVOObserver.m -o /Users/admin/builder/spi-builder-workspace/.derivedData/Build/Intermediates.noindex/RxSwift.build/Debug-watchos/RxCocoaRuntime-t.build/Objects-normal/arm64_32/_RXKVOObserver.o -index-unit-output-path /RxSwift.build/Debug-watchos/RxCocoaRuntime-t.build/Objects-normal/arm64_32/_RXKVOObserver.o
ScanDependencies /Users/admin/builder/spi-builder-workspace/.derivedData/Build/Intermediates.noindex/RxSwift.build/Debug-watchos/RxCocoaRuntime-t.build/Objects-normal/arm64_32/_RXDelegateProxy.o /Users/admin/builder/spi-builder-workspace/.dependencies/checkouts/RxSwift/Sources/RxCocoaRuntime/_RXDelegateProxy.m normal arm64_32 objective-c com.apple.compilers.llvm.clang.1_0.compiler (in target 'RxCocoaRuntime' from project 'RxSwift')
cd /Users/admin/builder/spi-builder-workspace/.swiftpm/xcode
Using response file: /Users/admin/builder/spi-builder-workspace/.derivedData/Build/Intermediates.noindex/RxSwift.build/Debug-watchos/RxCocoaRuntime-t.build/Objects-normal/arm64_32/e6072d4f65d7061329687fe24e3d63a7-common-args.resp
builtin-ScanDependencies -o /Users/admin/builder/spi-builder-workspace/.derivedData/Build/Intermediates.noindex/RxSwift.build/Debug-watchos/RxCocoaRuntime-t.build/Objects-normal/arm64_32/_RXDelegateProxy.o.scan -- /Applications/Xcode-27.0.0-Release.Candidate.app/Contents/Developer/Toolchains/XcodeDefault.xctoolchain/usr/bin/clang -x objective-c -ivfsstatcache /Users/admin/builder/spi-builder-workspace/.derivedData/SDKStatCaches.noindex/watchos27.0-24R360-e829b21a6f8c9b70876ba0858053c04477534ef55a1706bf4c1112bbb242f0a2.sdkstatcache -target arm64_32-apple-watchos9.0 -fmessage-length\=0 -fdiagnostics-show-note-include-stack -fmacro-backtrace-limit\=0 -fno-color-diagnostics -fmodules-prune-interval\=86400 -fmodules-prune-after\=345600 -fbuild-session-file\=/Users/admin/builder/spi-builder-workspace/.derivedData/ModuleCache.noindex/Session.modulevalidation -fmodules-validate-once-per-build-session -Wnon-modular-include-in-framework-module -Werror\=non-modular-include-in-framework-module -Wno-trigraphs -Wno-missing-field-initializers -Wno-missing-prototypes -Wno-return-type -Wno-implicit-atomic-properties -Wno-objc-interface-ivars -Wno-arc-repeated-use-of-weak -Wno-missing-braces -Wparentheses -Wswitch -Wno-unused-function -Wno-unused-label -Wno-unused-parameter -Wno-unused-variable -Wunused-value -Wno-empty-body -Wno-uninitialized -Wno-unknown-pragmas -w -Wno-shadow -Wno-four-char-constants -Wno-conversion -Wno-constant-conversion -Wno-int-conversion -Wno-bool-conversion -Wno-enum-conversion -Wno-float-conversion -Wno-non-literal-null-conversion -Wno-objc-literal-conversion -Wno-shorten-64-to-32 -Wpointer-sign -Wno-newline-eof -Wno-selector -Wno-strict-selector-match -Wno-undeclared-selector -Wno-deprecated-implementations -Wno-implicit-fallthrough -isysroot /Applications/Xcode-27.0.0-Release.Candidate.app/Contents/Developer/Platforms/WatchOS.platform/Developer/SDKs/WatchOS27.0.sdk -fstrict-aliasing -Wprotocol -Wdeprecated-declarations -Wno-sign-conversion -Wno-infinite-recursion -Wno-comma -Wno-block-capture-autoreleasing -Wno-strict-prototypes -Wno-semicolon-before-method-body -index-store-path /Users/admin/builder/spi-builder-workspace/.derivedData/Index.noindex/DataStore @/Users/admin/builder/spi-builder-workspace/.derivedData/Build/Intermediates.noindex/RxSwift.build/Debug-watchos/RxCocoaRuntime-t.build/Objects-normal/arm64_32/e6072d4f65d7061329687fe24e3d63a7-common-args.resp -include /Users/admin/builder/spi-builder-workspace/.derivedData/Build/Intermediates.noindex/RxSwift.build/Debug-watchos/RxCocoaRuntime-t.build/DerivedSources/resource_bundle_accessor.h -MMD -MT dependencies -MF /Users/admin/builder/spi-builder-workspace/.derivedData/Build/Intermediates.noindex/RxSwift.build/Debug-watchos/RxCocoaRuntime-t.build/Objects-normal/arm64_32/_RXDelegateProxy.d --serialize-diagnostics /Users/admin/builder/spi-builder-workspace/.derivedData/Build/Intermediates.noindex/RxSwift.build/Debug-watchos/RxCocoaRuntime-t.build/Objects-normal/arm64_32/_RXDelegateProxy.dia -c /Users/admin/builder/spi-builder-workspace/.dependencies/checkouts/RxSwift/Sources/RxCocoaRuntime/_RXDelegateProxy.m -o /Users/admin/builder/spi-builder-workspace/.derivedData/Build/Intermediates.noindex/RxSwift.build/Debug-watchos/RxCocoaRuntime-t.build/Objects-normal/arm64_32/_RXDelegateProxy.o -index-unit-output-path /RxSwift.build/Debug-watchos/RxCocoaRuntime-t.build/Objects-normal/arm64_32/_RXDelegateProxy.o
ScanDependencies /Users/admin/builder/spi-builder-workspace/.derivedData/Build/Intermediates.noindex/RxSwift.build/Debug-watchos/RxCocoaRuntime-t.build/Objects-normal/arm64_32/_RX.o /Users/admin/builder/spi-builder-workspace/.dependencies/checkouts/RxSwift/Sources/RxCocoaRuntime/_RX.m normal arm64_32 objective-c com.apple.compilers.llvm.clang.1_0.compiler (in target 'RxCocoaRuntime' from project 'RxSwift')
cd /Users/admin/builder/spi-builder-workspace/.swiftpm/xcode
Using response file: /Users/admin/builder/spi-builder-workspace/.derivedData/Build/Intermediates.noindex/RxSwift.build/Debug-watchos/RxCocoaRuntime-t.build/Objects-normal/arm64_32/e6072d4f65d7061329687fe24e3d63a7-common-args.resp
builtin-ScanDependencies -o /Users/admin/builder/spi-builder-workspace/.derivedData/Build/Intermediates.noindex/RxSwift.build/Debug-watchos/RxCocoaRuntime-t.build/Objects-normal/arm64_32/_RX.o.scan -- /Applications/Xcode-27.0.0-Release.Candidate.app/Contents/Developer/Toolchains/XcodeDefault.xctoolchain/usr/bin/clang -x objective-c -ivfsstatcache /Users/admin/builder/spi-builder-workspace/.derivedData/SDKStatCaches.noindex/watchos27.0-24R360-e829b21a6f8c9b70876ba0858053c04477534ef55a1706bf4c1112bbb242f0a2.sdkstatcache -target arm64_32-apple-watchos9.0 -fmessage-length\=0 -fdiagnostics-show-note-include-stack -fmacro-backtrace-limit\=0 -fno-color-diagnostics -fmodules-prune-interval\=86400 -fmodules-prune-after\=345600 -fbuild-session-file\=/Users/admin/builder/spi-builder-workspace/.derivedData/ModuleCache.noindex/Session.modulevalidation -fmodules-validate-once-per-build-session -Wnon-modular-include-in-framework-module -Werror\=non-modular-include-in-framework-module -Wno-trigraphs -Wno-missing-field-initializers -Wno-missing-prototypes -Wno-return-type -Wno-implicit-atomic-properties -Wno-objc-interface-ivars -Wno-arc-repeated-use-of-weak -Wno-missing-braces -Wparentheses -Wswitch -Wno-unused-function -Wno-unused-label -Wno-unused-parameter -Wno-unused-variable -Wunused-value -Wno-empty-body -Wno-uninitialized -Wno-unknown-pragmas -w -Wno-shadow -Wno-four-char-constants -Wno-conversion -Wno-constant-conversion -Wno-int-conversion -Wno-bool-conversion -Wno-enum-conversion -Wno-float-conversion -Wno-non-literal-null-conversion -Wno-objc-literal-conversion -Wno-shorten-64-to-32 -Wpointer-sign -Wno-newline-eof -Wno-selector -Wno-strict-selector-match -Wno-undeclared-selector -Wno-deprecated-implementations -Wno-implicit-fallthrough -isysroot /Applications/Xcode-27.0.0-Release.Candidate.app/Contents/Developer/Platforms/WatchOS.platform/Developer/SDKs/WatchOS27.0.sdk -fstrict-aliasing -Wprotocol -Wdeprecated-declarations -Wno-sign-conversion -Wno-infinite-recursion -Wno-comma -Wno-block-capture-autoreleasing -Wno-strict-prototypes -Wno-semicolon-before-method-body -index-store-path /Users/admin/builder/spi-builder-workspace/.derivedData/Index.noindex/DataStore @/Users/admin/builder/spi-builder-workspace/.derivedData/Build/Intermediates.noindex/RxSwift.build/Debug-watchos/RxCocoaRuntime-t.build/Objects-normal/arm64_32/e6072d4f65d7061329687fe24e3d63a7-common-args.resp -include /Users/admin/builder/spi-builder-workspace/.derivedData/Build/Intermediates.noindex/RxSwift.build/Debug-watchos/RxCocoaRuntime-t.build/DerivedSources/resource_bundle_accessor.h -MMD -MT dependencies -MF /Users/admin/builder/spi-builder-workspace/.derivedData/Build/Intermediates.noindex/RxSwift.build/Debug-watchos/RxCocoaRuntime-t.build/Objects-normal/arm64_32/_RX.d --serialize-diagnostics /Users/admin/builder/spi-builder-workspace/.derivedData/Build/Intermediates.noindex/RxSwift.build/Debug-watchos/RxCocoaRuntime-t.build/Objects-normal/arm64_32/_RX.dia -c /Users/admin/builder/spi-builder-workspace/.dependencies/checkouts/RxSwift/Sources/RxCocoaRuntime/_RX.m -o /Users/admin/builder/spi-builder-workspace/.derivedData/Build/Intermediates.noindex/RxSwift.build/Debug-watchos/RxCocoaRuntime-t.build/Objects-normal/arm64_32/_RX.o -index-unit-output-path /RxSwift.build/Debug-watchos/RxCocoaRuntime-t.build/Objects-normal/arm64_32/_RX.o
ScanDependencies /Users/admin/builder/spi-builder-workspace/.derivedData/Build/Intermediates.noindex/RxSwift.build/Debug-watchos/RxCocoaRuntime-t.build/Objects-normal/arm64/resource_bundle_accessor.o /Users/admin/builder/spi-builder-workspace/.derivedData/Build/Intermediates.noindex/RxSwift.build/Debug-watchos/RxCocoaRuntime-t.build/DerivedSources/resource_bundle_accessor.m normal arm64 objective-c com.apple.compilers.llvm.clang.1_0.compiler (in target 'RxCocoaRuntime' from project 'RxSwift')
cd /Users/admin/builder/spi-builder-workspace/.swiftpm/xcode
Using response file: /Users/admin/builder/spi-builder-workspace/.derivedData/Build/Intermediates.noindex/RxSwift.build/Debug-watchos/RxCocoaRuntime-t.build/Objects-normal/arm64/e6072d4f65d7061329687fe24e3d63a7-common-args.resp
builtin-ScanDependencies -o /Users/admin/builder/spi-builder-workspace/.derivedData/Build/Intermediates.noindex/RxSwift.build/Debug-watchos/RxCocoaRuntime-t.build/Objects-normal/arm64/resource_bundle_accessor.o.scan -- /Applications/Xcode-27.0.0-Release.Candidate.app/Contents/Developer/Toolchains/XcodeDefault.xctoolchain/usr/bin/clang -x objective-c -ivfsstatcache /Users/admin/builder/spi-builder-workspace/.derivedData/SDKStatCaches.noindex/watchos27.0-24R360-e829b21a6f8c9b70876ba0858053c04477534ef55a1706bf4c1112bbb242f0a2.sdkstatcache -target arm64-apple-watchos9.0 -fmessage-length\=0 -fdiagnostics-show-note-include-stack -fmacro-backtrace-limit\=0 -fno-color-diagnostics -fmodules-prune-interval\=86400 -fmodules-prune-after\=345600 -fbuild-session-file\=/Users/admin/builder/spi-builder-workspace/.derivedData/ModuleCache.noindex/Session.modulevalidation -fmodules-validate-once-per-build-session -Wnon-modular-include-in-framework-module -Werror\=non-modular-include-in-framework-module -Wno-trigraphs -Wno-missing-field-initializers -Wno-missing-prototypes -Wno-return-type -Wno-implicit-atomic-properties -Wno-objc-interface-ivars -Wno-arc-repeated-use-of-weak -Wno-missing-braces -Wparentheses -Wswitch -Wno-unused-function -Wno-unused-label -Wno-unused-parameter -Wno-unused-variable -Wunused-value -Wno-empty-body -Wno-uninitialized -Wno-unknown-pragmas -w -Wno-shadow -Wno-four-char-constants -Wno-conversion -Wno-constant-conversion -Wno-int-conversion -Wno-bool-conversion -Wno-enum-conversion -Wno-float-conversion -Wno-non-literal-null-conversion -Wno-objc-literal-conversion -Wshorten-64-to-32 -Wpointer-sign -Wno-newline-eof -Wno-selector -Wno-strict-selector-match -Wno-undeclared-selector -Wno-deprecated-implementations -Wno-implicit-fallthrough -isysroot /Applications/Xcode-27.0.0-Release.Candidate.app/Contents/Developer/Platforms/WatchOS.platform/Developer/SDKs/WatchOS27.0.sdk -fstrict-aliasing -Wprotocol -Wdeprecated-declarations -Wno-sign-conversion -Wno-infinite-recursion -Wno-comma -Wno-block-capture-autoreleasing -Wno-strict-prototypes -Wno-semicolon-before-method-body -index-store-path /Users/admin/builder/spi-builder-workspace/.derivedData/Index.noindex/DataStore @/Users/admin/builder/spi-builder-workspace/.derivedData/Build/Intermediates.noindex/RxSwift.build/Debug-watchos/RxCocoaRuntime-t.build/Objects-normal/arm64/e6072d4f65d7061329687fe24e3d63a7-common-args.resp -include /Users/admin/builder/spi-builder-workspace/.derivedData/Build/Intermediates.noindex/RxSwift.build/Debug-watchos/RxCocoaRuntime-t.build/DerivedSources/resource_bundle_accessor.h -MMD -MT dependencies -MF /Users/admin/builder/spi-builder-workspace/.derivedData/Build/Intermediates.noindex/RxSwift.build/Debug-watchos/RxCocoaRuntime-t.build/Objects-normal/arm64/resource_bundle_accessor.d --serialize-diagnostics /Users/admin/builder/spi-builder-workspace/.derivedData/Build/Intermediates.noindex/RxSwift.build/Debug-watchos/RxCocoaRuntime-t.build/Objects-normal/arm64/resource_bundle_accessor.dia -c /Users/admin/builder/spi-builder-workspace/.derivedData/Build/Intermediates.noindex/RxSwift.build/Debug-watchos/RxCocoaRuntime-t.build/DerivedSources/resource_bundle_accessor.m -o /Users/admin/builder/spi-builder-workspace/.derivedData/Build/Intermediates.noindex/RxSwift.build/Debug-watchos/RxCocoaRuntime-t.build/Objects-normal/arm64/resource_bundle_accessor.o -index-unit-output-path /RxSwift.build/Debug-watchos/RxCocoaRuntime-t.build/Objects-normal/arm64/resource_bundle_accessor.o
ScanDependencies /Users/admin/builder/spi-builder-workspace/.derivedData/Build/Intermediates.noindex/RxSwift.build/Debug-watchos/RxCocoaRuntime-t.build/Objects-normal/arm64/_RXObjCRuntime.o /Users/admin/builder/spi-builder-workspace/.dependencies/checkouts/RxSwift/Sources/RxCocoaRuntime/_RXObjCRuntime.m normal arm64 objective-c com.apple.compilers.llvm.clang.1_0.compiler (in target 'RxCocoaRuntime' from project 'RxSwift')
cd /Users/admin/builder/spi-builder-workspace/.swiftpm/xcode
Using response file: /Users/admin/builder/spi-builder-workspace/.derivedData/Build/Intermediates.noindex/RxSwift.build/Debug-watchos/RxCocoaRuntime-t.build/Objects-normal/arm64/e6072d4f65d7061329687fe24e3d63a7-common-args.resp
builtin-ScanDependencies -o /Users/admin/builder/spi-builder-workspace/.derivedData/Build/Intermediates.noindex/RxSwift.build/Debug-watchos/RxCocoaRuntime-t.build/Objects-normal/arm64/_RXObjCRuntime.o.scan -- /Applications/Xcode-27.0.0-Release.Candidate.app/Contents/Developer/Toolchains/XcodeDefault.xctoolchain/usr/bin/clang -x objective-c -ivfsstatcache /Users/admin/builder/spi-builder-workspace/.derivedData/SDKStatCaches.noindex/watchos27.0-24R360-e829b21a6f8c9b70876ba0858053c04477534ef55a1706bf4c1112bbb242f0a2.sdkstatcache -target arm64-apple-watchos9.0 -fmessage-length\=0 -fdiagnostics-show-note-include-stack -fmacro-backtrace-limit\=0 -fno-color-diagnostics -fmodules-prune-interval\=86400 -fmodules-prune-after\=345600 -fbuild-session-file\=/Users/admin/builder/spi-builder-workspace/.derivedData/ModuleCache.noindex/Session.modulevalidation -fmodules-validate-once-per-build-session -Wnon-modular-include-in-framework-module -Werror\=non-modular-include-in-framework-module -Wno-trigraphs -Wno-missing-field-initializers -Wno-missing-prototypes -Wno-return-type -Wno-implicit-atomic-properties -Wno-objc-interface-ivars -Wno-arc-repeated-use-of-weak -Wno-missing-braces -Wparentheses -Wswitch -Wno-unused-function -Wno-unused-label -Wno-unused-parameter -Wno-unused-variable -Wunused-value -Wno-empty-body -Wno-uninitialized -Wno-unknown-pragmas -w -Wno-shadow -Wno-four-char-constants -Wno-conversion -Wno-constant-conversion -Wno-int-conversion -Wno-bool-conversion -Wno-enum-conversion -Wno-float-conversion -Wno-non-literal-null-conversion -Wno-objc-literal-conversion -Wshorten-64-to-32 -Wpointer-sign -Wno-newline-eof -Wno-selector -Wno-strict-selector-match -Wno-undeclared-selector -Wno-deprecated-implementations -Wno-implicit-fallthrough -isysroot /Applications/Xcode-27.0.0-Release.Candidate.app/Contents/Developer/Platforms/WatchOS.platform/Developer/SDKs/WatchOS27.0.sdk -fstrict-aliasing -Wprotocol -Wdeprecated-declarations -Wno-sign-conversion -Wno-infinite-recursion -Wno-comma -Wno-block-capture-autoreleasing -Wno-strict-prototypes -Wno-semicolon-before-method-body -index-store-path /Users/admin/builder/spi-builder-workspace/.derivedData/Index.noindex/DataStore @/Users/admin/builder/spi-builder-workspace/.derivedData/Build/Intermediates.noindex/RxSwift.build/Debug-watchos/RxCocoaRuntime-t.build/Objects-normal/arm64/e6072d4f65d7061329687fe24e3d63a7-common-args.resp -include /Users/admin/builder/spi-builder-workspace/.derivedData/Build/Intermediates.noindex/RxSwift.build/Debug-watchos/RxCocoaRuntime-t.build/DerivedSources/resource_bundle_accessor.h -MMD -MT dependencies -MF /Users/admin/builder/spi-builder-workspace/.derivedData/Build/Intermediates.noindex/RxSwift.build/Debug-watchos/RxCocoaRuntime-t.build/Objects-normal/arm64/_RXObjCRuntime.d --serialize-diagnostics /Users/admin/builder/spi-builder-workspace/.derivedData/Build/Intermediates.noindex/RxSwift.build/Debug-watchos/RxCocoaRuntime-t.build/Objects-normal/arm64/_RXObjCRuntime.dia -c /Users/admin/builder/spi-builder-workspace/.dependencies/checkouts/RxSwift/Sources/RxCocoaRuntime/_RXObjCRuntime.m -o /Users/admin/builder/spi-builder-workspace/.derivedData/Build/Intermediates.noindex/RxSwift.build/Debug-watchos/RxCocoaRuntime-t.build/Objects-normal/arm64/_RXObjCRuntime.o -index-unit-output-path /RxSwift.build/Debug-watchos/RxCocoaRuntime-t.build/Objects-normal/arm64/_RXObjCRuntime.o
ScanDependencies /Users/admin/builder/spi-builder-workspace/.derivedData/Build/Intermediates.noindex/RxSwift.build/Debug-watchos/RxCocoaRuntime-t.build/Objects-normal/arm64/_RXKVOObserver.o /Users/admin/builder/spi-builder-workspace/.dependencies/checkouts/RxSwift/Sources/RxCocoaRuntime/_RXKVOObserver.m normal arm64 objective-c com.apple.compilers.llvm.clang.1_0.compiler (in target 'RxCocoaRuntime' from project 'RxSwift')
cd /Users/admin/builder/spi-builder-workspace/.swiftpm/xcode
Using response file: /Users/admin/builder/spi-builder-workspace/.derivedData/Build/Intermediates.noindex/RxSwift.build/Debug-watchos/RxCocoaRuntime-t.build/Objects-normal/arm64/e6072d4f65d7061329687fe24e3d63a7-common-args.resp
builtin-ScanDependencies -o /Users/admin/builder/spi-builder-workspace/.derivedData/Build/Intermediates.noindex/RxSwift.build/Debug-watchos/RxCocoaRuntime-t.build/Objects-normal/arm64/_RXKVOObserver.o.scan -- /Applications/Xcode-27.0.0-Release.Candidate.app/Contents/Developer/Toolchains/XcodeDefault.xctoolchain/usr/bin/clang -x objective-c -ivfsstatcache /Users/admin/builder/spi-builder-workspace/.derivedData/SDKStatCaches.noindex/watchos27.0-24R360-e829b21a6f8c9b70876ba0858053c04477534ef55a1706bf4c1112bbb242f0a2.sdkstatcache -target arm64-apple-watchos9.0 -fmessage-length\=0 -fdiagnostics-show-note-include-stack -fmacro-backtrace-limit\=0 -fno-color-diagnostics -fmodules-prune-interval\=86400 -fmodules-prune-after\=345600 -fbuild-session-file\=/Users/admin/builder/spi-builder-workspace/.derivedData/ModuleCache.noindex/Session.modulevalidation -fmodules-validate-once-per-build-session -Wnon-modular-include-in-framework-module -Werror\=non-modular-include-in-framework-module -Wno-trigraphs -Wno-missing-field-initializers -Wno-missing-prototypes -Wno-return-type -Wno-implicit-atomic-properties -Wno-objc-interface-ivars -Wno-arc-repeated-use-of-weak -Wno-missing-braces -Wparentheses -Wswitch -Wno-unused-function -Wno-unused-label -Wno-unused-parameter -Wno-unused-variable -Wunused-value -Wno-empty-body -Wno-uninitialized -Wno-unknown-pragmas -w -Wno-shadow -Wno-four-char-constants -Wno-conversion -Wno-constant-conversion -Wno-int-conversion -Wno-bool-conversion -Wno-enum-conversion -Wno-float-conversion -Wno-non-literal-null-conversion -Wno-objc-literal-conversion -Wshorten-64-to-32 -Wpointer-sign -Wno-newline-eof -Wno-selector -Wno-strict-selector-match -Wno-undeclared-selector -Wno-deprecated-implementations -Wno-implicit-fallthrough -isysroot /Applications/Xcode-27.0.0-Release.Candidate.app/Contents/Developer/Platforms/WatchOS.platform/Developer/SDKs/WatchOS27.0.sdk -fstrict-aliasing -Wprotocol -Wdeprecated-declarations -Wno-sign-conversion -Wno-infinite-recursion -Wno-comma -Wno-block-capture-autoreleasing -Wno-strict-prototypes -Wno-semicolon-before-method-body -index-store-path /Users/admin/builder/spi-builder-workspace/.derivedData/Index.noindex/DataStore @/Users/admin/builder/spi-builder-workspace/.derivedData/Build/Intermediates.noindex/RxSwift.build/Debug-watchos/RxCocoaRuntime-t.build/Objects-normal/arm64/e6072d4f65d7061329687fe24e3d63a7-common-args.resp -include /Users/admin/builder/spi-builder-workspace/.derivedData/Build/Intermediates.noindex/RxSwift.build/Debug-watchos/RxCocoaRuntime-t.build/DerivedSources/resource_bundle_accessor.h -MMD -MT dependencies -MF /Users/admin/builder/spi-builder-workspace/.derivedData/Build/Intermediates.noindex/RxSwift.build/Debug-watchos/RxCocoaRuntime-t.build/Objects-normal/arm64/_RXKVOObserver.d --serialize-diagnostics /Users/admin/builder/spi-builder-workspace/.derivedData/Build/Intermediates.noindex/RxSwift.build/Debug-watchos/RxCocoaRuntime-t.build/Objects-normal/arm64/_RXKVOObserver.dia -c /Users/admin/builder/spi-builder-workspace/.dependencies/checkouts/RxSwift/Sources/RxCocoaRuntime/_RXKVOObserver.m -o /Users/admin/builder/spi-builder-workspace/.derivedData/Build/Intermediates.noindex/RxSwift.build/Debug-watchos/RxCocoaRuntime-t.build/Objects-normal/arm64/_RXKVOObserver.o -index-unit-output-path /RxSwift.build/Debug-watchos/RxCocoaRuntime-t.build/Objects-normal/arm64/_RXKVOObserver.o
PrecompileModule /Users/admin/builder/spi-builder-workspace/.derivedData/Build/Intermediates.noindex/ExplicitPrecompiledModules/ptrauth-4D8Q4TMKE8JOXSMYG487BR03K.scan
cd /
builtin-precompileModule /Users/admin/builder/spi-builder-workspace/.derivedData/Build/Intermediates.noindex/ExplicitPrecompiledModules/ptrauth-4D8Q4TMKE8JOXSMYG487BR03K.scan
PrecompileModule /Users/admin/builder/spi-builder-workspace/.derivedData/Build/Intermediates.noindex/ExplicitPrecompiledModules/_Builtin_stdbool-OJ6VF5UK3AGWA2IVVCVL1MUW.scan
cd /
builtin-precompileModule /Users/admin/builder/spi-builder-workspace/.derivedData/Build/Intermediates.noindex/ExplicitPrecompiledModules/_Builtin_stdbool-OJ6VF5UK3AGWA2IVVCVL1MUW.scan
SwiftExplicitDependencyGeneratePcm arm64_32 /Users/admin/builder/spi-builder-workspace/.derivedData/SDKExplicitPrecompiledModules/UIKit-6PPV7YPZ89CZPHYAP072QH8B6.pcm
PrecompileModule /Users/admin/builder/spi-builder-workspace/.derivedData/Build/Intermediates.noindex/ExplicitPrecompiledModules/_Builtin_float-5123OC4JVG7RSACJF4W0918K.scan
cd /
builtin-precompileModule /Users/admin/builder/spi-builder-workspace/.derivedData/Build/Intermediates.noindex/ExplicitPrecompiledModules/_Builtin_float-5123OC4JVG7RSACJF4W0918K.scan
PrecompileModule /Users/admin/builder/spi-builder-workspace/.derivedData/Build/Intermediates.noindex/ExplicitPrecompiledModules/_Builtin_stddef-32J0TCP5HN4NIVMG7XHGJZ64T.scan
cd /
builtin-precompileModule /Users/admin/builder/spi-builder-workspace/.derivedData/Build/Intermediates.noindex/ExplicitPrecompiledModules/_Builtin_stddef-32J0TCP5HN4NIVMG7XHGJZ64T.scan
SwiftEmitModule normal arm64 Emitting\ module\ for\ ScreenshotPreventing (in target 'ScreenshotPreventing' from project 'ScreenshotPreventing')
/Users/admin/builder/spi-builder-workspace/Sources/Core/HiddenContainerRecognizer.swift:19:40: error: 'UIView' is unavailable in watchOS
17 | }
18 |
19 | func getHiddenContainer(from view: UIView) throws -> UIView {
| `- error: 'UIView' is unavailable in watchOS
20 | let containerName = try getHiddenContainerTypeInStringRepresentation()
21 | let containers = view.subviews.filter { subview in
/Applications/Xcode-27.0.0-Release.Candidate.app/Contents/Developer/Platforms/WatchOS.platform/Developer/SDKs/WatchOS27.0.sdk/System/Library/Frameworks/UIKit.framework/Headers/UIView.h:152:12: note: 'UIView' has been explicitly marked unavailable here
150 |
151 | UIKIT_EXTERN API_AVAILABLE(ios(2.0)) API_UNAVAILABLE(watchos) NS_SWIFT_UI_ACTOR
152 | @interface UIView : UIResponder <NSCoding, UIAppearance, UIAppearanceContainer, UIDynamicItem, UITraitEnvironment, UICoordinateSpace, UIFocusItem, UIFocusItemContainer, CALayerDelegate>
| `- note: 'UIView' has been explicitly marked unavailable here
153 |
154 | @property(class, nonatomic, readonly) Class layerClass; // default is [CALayer class]. Used when creating the underlying layer for the view.
/Users/admin/builder/spi-builder-workspace/Sources/Core/HiddenContainerRecognizer.swift:19:58: error: 'UIView' is unavailable in watchOS
17 | }
18 |
19 | func getHiddenContainer(from view: UIView) throws -> UIView {
| `- error: 'UIView' is unavailable in watchOS
20 | let containerName = try getHiddenContainerTypeInStringRepresentation()
21 | let containers = view.subviews.filter { subview in
/Applications/Xcode-27.0.0-Release.Candidate.app/Contents/Developer/Platforms/WatchOS.platform/Developer/SDKs/WatchOS27.0.sdk/System/Library/Frameworks/UIKit.framework/Headers/UIView.h:152:12: note: 'UIView' has been explicitly marked unavailable here
150 |
151 | UIKIT_EXTERN API_AVAILABLE(ios(2.0)) API_UNAVAILABLE(watchos) NS_SWIFT_UI_ACTOR
152 | @interface UIView : UIResponder <NSCoding, UIAppearance, UIAppearanceContainer, UIDynamicItem, UITraitEnvironment, UICoordinateSpace, UIFocusItem, UIFocusItemContainer, CALayerDelegate>
| `- note: 'UIView' has been explicitly marked unavailable here
153 |
154 | @property(class, nonatomic, readonly) Class layerClass; // default is [CALayer class]. Used when creating the underlying layer for the view.
/Users/admin/builder/spi-builder-workspace/Sources/Core/ScreenshotPreventingView.swift:33:29: error: 'UITextField' is unavailable in watchOS
31 |
32 | private var contentView: UIView?
33 | private let textField = UITextField()
| `- error: 'UITextField' is unavailable in watchOS
34 |
35 | private let recognizer = HiddenContainerRecognizer()
/Applications/Xcode-27.0.0-Release.Candidate.app/Contents/Developer/Platforms/WatchOS.platform/Developer/SDKs/WatchOS27.0.sdk/System/Library/Frameworks/UIKit.framework/Headers/UITextField.h:53:12: note: 'UITextField' has been explicitly marked unavailable here
51 |
52 | UIKIT_EXTERN API_AVAILABLE(ios(2.0)) API_UNAVAILABLE(watchos) NS_SWIFT_UI_ACTOR
53 | @interface UITextField : UIControl <UITextInput, NSCoding, UIContentSizeCategoryAdjusting, UILetterformAwareAdjusting>
| `- note: 'UITextField' has been explicitly marked unavailable here
54 |
55 | @property(nullable, nonatomic,copy) NSString *text; // default is nil
/Users/admin/builder/spi-builder-workspace/Sources/Core/ScreenshotPreventingView.swift:33:29: error: 'init()' is unavailable in watchOS
31 |
32 | private var contentView: UIView?
33 | private let textField = UITextField()
| `- error: 'init()' is unavailable in watchOS
34 |
35 | private let recognizer = HiddenContainerRecognizer()
/Applications/Xcode-27.0.0-Release.Candidate.app/Contents/Developer/Platforms/WatchOS.platform/Developer/SDKs/WatchOS27.0.sdk/System/Library/Frameworks/UIKit.framework/Headers/UIView.h:158:1: note: 'init()' has been explicitly marked unavailable here
156 | - (instancetype)initWithFrame:(CGRect)frame NS_DESIGNATED_INITIALIZER;
157 | - (nullable instancetype)initWithCoder:(NSCoder *)coder NS_DESIGNATED_INITIALIZER;
158 | - (instancetype)init API_AVAILABLE(ios(2.0), tvos(9.0), visionos(1.0)) API_UNAVAILABLE(watchos);
| `- note: 'init()' has been explicitly marked unavailable here
159 |
160 | @property(nonatomic,getter=isUserInteractionEnabled) BOOL userInteractionEnabled; // default is YES. if set to NO, user events (touch, keys) are ignored and removed from the event queue.
/Users/admin/builder/spi-builder-workspace/Sources/Core/ScreenshotPreventingView.swift:32:30: error: 'UIView' is unavailable in watchOS
30 | }
31 |
32 | private var contentView: UIView?
| `- error: 'UIView' is unavailable in watchOS
33 | private let textField = UITextField()
34 |
/Applications/Xcode-27.0.0-Release.Candidate.app/Contents/Developer/Platforms/WatchOS.platform/Developer/SDKs/WatchOS27.0.sdk/System/Library/Frameworks/UIKit.framework/Headers/UIView.h:152:12: note: 'UIView' has been explicitly marked unavailable here
150 |
151 | UIKIT_EXTERN API_AVAILABLE(ios(2.0)) API_UNAVAILABLE(watchos) NS_SWIFT_UI_ACTOR
152 | @interface UIView : UIResponder <NSCoding, UIAppearance, UIAppearanceContainer, UIDynamicItem, UITraitEnvironment, UICoordinateSpace, UIFocusItem, UIFocusItemContainer, CALayerDelegate>
| `- note: 'UIView' has been explicitly marked unavailable here
153 |
154 | @property(class, nonatomic, readonly) Class layerClass; // default is [CALayer class]. Used when creating the underlying layer for the view.
/Users/admin/builder/spi-builder-workspace/Sources/Core/ScreenshotPreventingView.swift:36:46: error: 'UIView' is unavailable in watchOS
34 |
35 | private let recognizer = HiddenContainerRecognizer()
36 | private lazy var hiddenContentContainer: UIView? = try? recognizer.getHiddenContainer(from: textField)
| `- error: 'UIView' is unavailable in watchOS
37 |
38 | // MARK: - 🎨 Style
/Applications/Xcode-27.0.0-Release.Candidate.app/Contents/Developer/Platforms/WatchOS.platform/Developer/SDKs/WatchOS27.0.sdk/System/Library/Frameworks/UIKit.framework/Headers/UIView.h:152:12: note: 'UIView' has been explicitly marked unavailable here
150 |
151 | UIKIT_EXTERN API_AVAILABLE(ios(2.0)) API_UNAVAILABLE(watchos) NS_SWIFT_UI_ACTOR
152 | @interface UIView : UIResponder <NSCoding, UIAppearance, UIAppearanceContainer, UIDynamicItem, UITraitEnvironment, UICoordinateSpace, UIFocusItem, UIFocusItemContainer, CALayerDelegate>
| `- note: 'UIView' has been explicitly marked unavailable here
153 |
154 | @property(class, nonatomic, readonly) Class layerClass; // default is [CALayer class]. Used when creating the underlying layer for the view.
/Users/admin/builder/spi-builder-workspace/Sources/Core/ScreenshotPreventingView.swift:43:30: error: 'UIView' is unavailable in watchOS
41 | // MARK: - 🔨 Initialization
42 |
43 | public init(contentView: UIView? = nil) {
| `- error: 'UIView' is unavailable in watchOS
44 | self.contentView = contentView
45 | super.init(frame: .zero)
/Applications/Xcode-27.0.0-Release.Candidate.app/Contents/Developer/Platforms/WatchOS.platform/Developer/SDKs/WatchOS27.0.sdk/System/Library/Frameworks/UIKit.framework/Headers/UIView.h:152:12: note: 'UIView' has been explicitly marked unavailable here
150 |
151 | UIKIT_EXTERN API_AVAILABLE(ios(2.0)) API_UNAVAILABLE(watchos) NS_SWIFT_UI_ACTOR
152 | @interface UIView : UIResponder <NSCoding, UIAppearance, UIAppearanceContainer, UIDynamicItem, UITraitEnvironment, UICoordinateSpace, UIFocusItem, UIFocusItemContainer, CALayerDelegate>
| `- note: 'UIView' has been explicitly marked unavailable here
153 |
154 | @property(class, nonatomic, readonly) Class layerClass; // default is [CALayer class]. Used when creating the underlying layer for the view.
/Users/admin/builder/spi-builder-workspace/Sources/Core/ScreenshotPreventingView.swift:86:36: error: 'UIView' is unavailable in watchOS
84 | // MARK: - 🚌 Public Methods
85 |
86 | public func setup(contentView: UIView) {
| `- error: 'UIView' is unavailable in watchOS
87 | self.contentView?.removeFromSuperview()
88 | self.contentView = contentView
/Applications/Xcode-27.0.0-Release.Candidate.app/Contents/Developer/Platforms/WatchOS.platform/Developer/SDKs/WatchOS27.0.sdk/System/Library/Frameworks/UIKit.framework/Headers/UIView.h:152:12: note: 'UIView' has been explicitly marked unavailable here
150 |
151 | UIKIT_EXTERN API_AVAILABLE(ios(2.0)) API_UNAVAILABLE(watchos) NS_SWIFT_UI_ACTOR
152 | @interface UIView : UIResponder <NSCoding, UIAppearance, UIAppearanceContainer, UIDynamicItem, UITraitEnvironment, UICoordinateSpace, UIFocusItem, UIFocusItemContainer, CALayerDelegate>
| `- note: 'UIView' has been explicitly marked unavailable here
153 |
154 | @property(class, nonatomic, readonly) Class layerClass; // default is [CALayer class]. Used when creating the underlying layer for the view.
/Users/admin/builder/spi-builder-workspace/Sources/Core/ScreenshotPreventingView.swift:10:46: error: 'UIView' is unavailable in watchOS
8 | import UIKit
9 |
10 | public final class ScreenshotPreventingView: UIView {
| `- error: 'UIView' is unavailable in watchOS
11 |
12 | // MARK: - 📌 Constants
/Applications/Xcode-27.0.0-Release.Candidate.app/Contents/Developer/Platforms/WatchOS.platform/Developer/SDKs/WatchOS27.0.sdk/System/Library/Frameworks/UIKit.framework/Headers/UIView.h:152:12: note: 'UIView' has been explicitly marked unavailable here
150 |
151 | UIKIT_EXTERN API_AVAILABLE(ios(2.0)) API_UNAVAILABLE(watchos) NS_SWIFT_UI_ACTOR
152 | @interface UIView : UIResponder <NSCoding, UIAppearance, UIAppearanceContainer, UIDynamicItem, UITraitEnvironment, UICoordinateSpace, UIFocusItem, UIFocusItemContainer, CALayerDelegate>
| `- note: 'UIView' has been explicitly marked unavailable here
153 |
154 | @property(class, nonatomic, readonly) Class layerClass; // default is [CALayer class]. Used when creating the underlying layer for the view.
Failed frontend command:
/Applications/Xcode-27.0.0-Release.Candidate.app/Contents/Developer/Toolchains/XcodeDefault.xctoolchain/usr/bin/swift-frontend -frontend -emit-module -experimental-skip-non-inlinable-function-bodies-without-types /Users/admin/builder/spi-builder-workspace/Sources/Core/HiddenContainerRecognizer.swift /Users/admin/builder/spi-builder-workspace/Sources/Core/ScreenshotPreventingView.swift -target arm64-apple-watchos9.0 -disable-cross-import-overlay-search -load-resolved-plugin /Applications/Xcode-27.0.0-Release.Candidate.app/Contents/Developer/Platforms/WatchOS.platform/Developer/usr/lib/swift/host/plugins/libFoundationMacros.dylib\#/Applications/Xcode-27.0.0-Release.Candidate.app/Contents/Developer/Platforms/WatchOS.platform/Developer/usr/bin/swift-plugin-server\#FoundationMacros -load-resolved-plugin /Applications/Xcode-27.0.0-Release.Candidate.app/Contents/Developer/Platforms/WatchOS.platform/Developer/usr/lib/swift/host/plugins/libObservationMacros.dylib\#/Applications/Xcode-27.0.0-Release.Candidate.app/Contents/Developer/Platforms/WatchOS.platform/Developer/usr/bin/swift-plugin-server\#ObservationMacros -load-resolved-plugin /Applications/Xcode-27.0.0-Release.Candidate.app/Contents/Developer/Platforms/WatchOS.platform/Developer/usr/lib/swift/host/plugins/libSwiftMacros.dylib\#/Applications/Xcode-27.0.0-Release.Candidate.app/Contents/Developer/Platforms/WatchOS.platform/Developer/usr/bin/swift-plugin-server\#SwiftMacros -load-resolved-plugin /Applications/Xcode-27.0.0-Release.Candidate.app/Contents/Developer/Platforms/WatchOS.platform/Developer/usr/lib/swift/host/plugins/libSwiftUIMacros.dylib\#/Applications/Xcode-27.0.0-Release.Candidate.app/Contents/Developer/Platforms/WatchOS.platform/Developer/usr/bin/swift-plugin-server\#SwiftUIMacros -disable-implicit-swift-modules -Xcc -fno-implicit-modules -Xcc -fno-implicit-module-maps -explicit-swift-module-map-file /Users/admin/builder/spi-builder-workspace/.derivedData/Build/Intermediates.noindex/ScreenshotPreventing.build/Debug-watchos/ScreenshotPreventing-t.build/Objects-normal/arm64/ScreenshotPreventing-dependencies-2.json -Xllvm -aarch64-use-tbi -enable-objc-interop -stack-check -sdk /Applications/Xcode-27.0.0-Release.Candidate.app/Contents/Developer/Platforms/WatchOS.platform/Developer/SDKs/WatchOS27.0.sdk -I /Users/admin/builder/spi-builder-workspace/.derivedData/Build/Products/Debug-watchos -Isystem /Applications/Xcode-27.0.0-Release.Candidate.app/Contents/Developer/Platforms/WatchOS.platform/Developer/usr/lib -F /Users/admin/builder/spi-builder-workspace/.derivedData/Build/Products/Debug-watchos -F /Applications/Xcode-27.0.0-Release.Candidate.app/Contents/Developer/Platforms/WatchOS.platform/Developer/Library/Frameworks -F /Applications/Xcode-27.0.0-Release.Candidate.app/Contents/Developer/Platforms/WatchOS.platform/Developer/SDKs/WatchOS27.0.sdk/Developer/Library/Frameworks -module-cache-path /Users/admin/builder/spi-builder-workspace/.derivedData/Build/Intermediates.noindex/SwiftExplicitPrecompiledModules -no-color-diagnostics -Xcc -fno-color-diagnostics -enable-testing -g -debug-info-format\=dwarf -dwarf-version\=4 -profile-generate -profile-coverage-mapping -swift-version 5 -Onone -D SWIFT_PACKAGE -D DEBUG -D SWIFT_MODULE_RESOURCE_BUNDLE_UNAVAILABLE -D Xcode -serialize-debugging-options -enable-experimental-feature DebugDescriptionMacro -empty-abi-descriptor -validate-clang-modules-once -clang-build-session-file /Users/admin/builder/spi-builder-workspace/.derivedData/ModuleCache.noindex/Session.modulevalidation -Xcc -working-directory -Xcc /Users/admin/builder/spi-builder-workspace/.swiftpm/xcode -enable-anonymous-context-mangled-names -file-compilation-dir /Users/admin/builder/spi-builder-workspace/.swiftpm/xcode -Xcc -D_LIBCPP_HARDENING_MODE\=_LIBCPP_HARDENING_MODE_DEBUG -Xcc -ivfsstatcache -Xcc /Users/admin/builder/spi-builder-workspace/.derivedData/SDKStatCaches.noindex/watchos27.0-24R360-e829b21a6f8c9b70876ba0858053c04477534ef55a1706bf4c1112bbb242f0a2.sdkstatcache -Xcc -fmodules-prune-interval\=86400 -Xcc -fmodules-prune-after\=345600 -Xcc -I/Users/admin/builder/spi-builder-workspace/.derivedData/Build/Products/Debug-watchos/include -Xcc -I/Users/admin/builder/spi-builder-workspace/.derivedData/Build/Intermediates.noindex/ScreenshotPreventing.build/Debug-watchos/ScreenshotPreventing-t.build/DerivedSources-normal/arm64 -Xcc -I/Users/admin/builder/spi-builder-workspace/.derivedData/Build/Intermediates.noindex/ScreenshotPreventing.build/Debug-watchos/ScreenshotPreventing-t.build/DerivedSources/arm64 -Xcc -I/Users/admin/builder/spi-builder-workspace/.derivedData/Build/Intermediates.noindex/ScreenshotPreventing.build/Debug-watchos/ScreenshotPreventing-t.build/DerivedSources -Xcc -DSWIFT_PACKAGE -Xcc -DDEBUG\=1 -no-auto-bridging-header-chaining -module-name ScreenshotPreventing -const-gather-protocols-file /Users/admin/builder/spi-builder-workspace/.derivedData/Build/Intermediates.noindex/ScreenshotPreventing.build/Debug-watchos/ScreenshotPreventing-t.build/Objects-normal/arm64/ScreenshotPreventing_const_extract_protocols.json -disable-clang-spi -clang-target arm64-apple-watchos27.0 -target-sdk-version 27.0 -target-sdk-name watchos27.0 -in-process-plugin-server-path /Applications/Xcode-27.0.0-Release.Candidate.app/Contents/Developer/Toolchains/XcodeDefault.xctoolchain/usr/lib/swift/host/libSwiftInProcPluginServer.dylib -emit-module-doc-path /Users/admin/builder/spi-builder-workspace/.derivedData/Build/Intermediates.noindex/ScreenshotPreventing.build/Debug-watchos/ScreenshotPreventing-t.build/Objects-normal/arm64/ScreenshotPreventing.swiftdoc -emit-module-source-info-path /Users/admin/builder/spi-builder-workspace/.derivedData/Build/Intermediates.noindex/ScreenshotPreventing.build/Debug-watchos/ScreenshotPreventing-t.build/Objects-normal/arm64/ScreenshotPreventing.swiftsourceinfo -emit-objc-header-path /Users/admin/builder/spi-builder-workspace/.derivedData/Build/Intermediates.noindex/ScreenshotPreventing.build/Debug-watchos/ScreenshotPreventing-t.build/Objects-normal/arm64/ScreenshotPreventing-Swift.h -serialize-diagnostics-path /Users/admin/builder/spi-builder-workspace/.derivedData/Build/Intermediates.noindex/ScreenshotPreventing.build/Debug-watchos/ScreenshotPreventing-t.build/Objects-normal/arm64/ScreenshotPreventing-primary-emit-module.dia -emit-dependencies-path /Users/admin/builder/spi-builder-workspace/.derivedData/Build/Intermediates.noindex/ScreenshotPreventing.build/Debug-watchos/ScreenshotPreventing-t.build/Objects-normal/arm64/ScreenshotPreventing-primary-emit-module.d -parse-as-library -o /Users/admin/builder/spi-builder-workspace/.derivedData/Build/Intermediates.noindex/ScreenshotPreventing.build/Debug-watchos/ScreenshotPreventing-t.build/Objects-normal/arm64/ScreenshotPreventing.swiftmodule -emit-abi-descriptor-path /Users/admin/builder/spi-builder-workspace/.derivedData/Build/Intermediates.noindex/ScreenshotPreventing.build/Debug-watchos/ScreenshotPreventing-t.build/Objects-normal/arm64/ScreenshotPreventing.abi.json
SwiftCompile normal arm64 (in target 'ScreenshotPreventing' from project 'ScreenshotPreventing')
cd /Users/admin/builder/spi-builder-workspace/.swiftpm/xcode
PrecompileModule /Users/admin/builder/spi-builder-workspace/.derivedData/Build/Intermediates.noindex/ExplicitPrecompiledModules/_AvailabilityInternal-5KHWJAEPIAF4VLDF9WCW8MI6R.scan
cd /
builtin-precompileModule /Users/admin/builder/spi-builder-workspace/.derivedData/Build/Intermediates.noindex/ExplicitPrecompiledModules/_AvailabilityInternal-5KHWJAEPIAF4VLDF9WCW8MI6R.scan
PrecompileModule /Users/admin/builder/spi-builder-workspace/.derivedData/Build/Intermediates.noindex/ExplicitPrecompiledModules/ptrcheck-5ZD62F9H2SV76Z4J23TUIOQSP.scan
cd /
builtin-precompileModule /Users/admin/builder/spi-builder-workspace/.derivedData/Build/Intermediates.noindex/ExplicitPrecompiledModules/ptrcheck-5ZD62F9H2SV76Z4J23TUIOQSP.scan
PrecompileModule /Users/admin/builder/spi-builder-workspace/.derivedData/Build/Intermediates.noindex/ExplicitPrecompiledModules/_Builtin_stdarg-D5AX20Z9XO3QDRMDRRLUBP87P.scan
cd /
builtin-precompileModule /Users/admin/builder/spi-builder-workspace/.derivedData/Build/Intermediates.noindex/ExplicitPrecompiledModules/_Builtin_stdarg-D5AX20Z9XO3QDRMDRRLUBP87P.scan
SwiftCompile normal arm64 Compiling\ ScreenshotPreventingView.swift /Users/admin/builder/spi-builder-workspace/Sources/Core/ScreenshotPreventingView.swift (in target 'ScreenshotPreventing' from project 'ScreenshotPreventing')
SwiftCompile normal arm64 /Users/admin/builder/spi-builder-workspace/Sources/Core/ScreenshotPreventingView.swift (in target 'ScreenshotPreventing' from project 'ScreenshotPreventing')
cd /Users/admin/builder/spi-builder-workspace/.swiftpm/xcode
builtin-SwiftPerFileCompile ScreenshotPreventingView.swift
/Users/admin/builder/spi-builder-workspace/Sources/Core/ScreenshotPreventingView.swift:33:29: error: 'UITextField' is unavailable in watchOS
31 |
32 | private var contentView: UIView?
33 | private let textField = UITextField()
| `- error: 'UITextField' is unavailable in watchOS
34 |
35 | private let recognizer = HiddenContainerRecognizer()
/Applications/Xcode-27.0.0-Release.Candidate.app/Contents/Developer/Platforms/WatchOS.platform/Developer/SDKs/WatchOS27.0.sdk/System/Library/Frameworks/UIKit.framework/Headers/UITextField.h:53:12: note: 'UITextField' has been explicitly marked unavailable here
51 |
52 | UIKIT_EXTERN API_AVAILABLE(ios(2.0)) API_UNAVAILABLE(watchos) NS_SWIFT_UI_ACTOR
53 | @interface UITextField : UIControl <UITextInput, NSCoding, UIContentSizeCategoryAdjusting, UILetterformAwareAdjusting>
| `- note: 'UITextField' has been explicitly marked unavailable here
54 |
55 | @property(nullable, nonatomic,copy) NSString *text; // default is nil
PrecompileModule /Users/admin/builder/spi-builder-workspace/.derivedData/Build/Intermediates.noindex/ExplicitPrecompiledModules/_Builtin_stdbool-4FRMTPV81H51QCAVL92ATFHY2.scan
cd /
builtin-precompileModule /Users/admin/builder/spi-builder-workspace/.derivedData/Build/Intermediates.noindex/ExplicitPrecompiledModules/_Builtin_stdbool-4FRMTPV81H51QCAVL92ATFHY2.scan
PrecompileModule /Users/admin/builder/spi-builder-workspace/.derivedData/Build/Intermediates.noindex/ExplicitPrecompiledModules/ptrcheck-AG7POCMG9CLBF0ZSF80OK7JD1.scan
cd /
builtin-precompileModule /Users/admin/builder/spi-builder-workspace/.derivedData/Build/Intermediates.noindex/ExplicitPrecompiledModules/ptrcheck-AG7POCMG9CLBF0ZSF80OK7JD1.scan
SwiftEmitModule normal arm64 Emitting\ module\ for\ RxRelay (in target 'RxRelay' from project 'RxSwift')
SwiftCompile normal arm64 (in target 'RxRelay' from project 'RxSwift')
cd /Users/admin/builder/spi-builder-workspace/.swiftpm/xcode
SwiftEmitModule normal arm64_32 Emitting\ module\ for\ RxRelay (in target 'RxRelay' from project 'RxSwift')
SwiftCompile normal arm64_32 (in target 'RxRelay' from project 'RxSwift')
cd /Users/admin/builder/spi-builder-workspace/.swiftpm/xcode
PrecompileModule /Users/admin/builder/spi-builder-workspace/.derivedData/Build/Intermediates.noindex/ExplicitPrecompiledModules/_DarwinFoundation1-CB5CLVQHNLSW4CWC91U6XKBZC.scan
cd /
builtin-precompileModule /Users/admin/builder/spi-builder-workspace/.derivedData/Build/Intermediates.noindex/ExplicitPrecompiledModules/_DarwinFoundation1-CB5CLVQHNLSW4CWC91U6XKBZC.scan
PrecompileModule /Users/admin/builder/spi-builder-workspace/.derivedData/Build/Intermediates.noindex/ExplicitPrecompiledModules/_Builtin_stddef-3PTFC0TI8ST8RQ327R0ES200M.scan
cd /
builtin-precompileModule /Users/admin/builder/spi-builder-workspace/.derivedData/Build/Intermediates.noindex/ExplicitPrecompiledModules/_Builtin_stddef-3PTFC0TI8ST8RQ327R0ES200M.scan
PrecompileModule /Users/admin/builder/spi-builder-workspace/.derivedData/Build/Intermediates.noindex/ExplicitPrecompiledModules/_Builtin_float-8FQTUSWX0EIXIHN62LPGVPUGD.scan
cd /
builtin-precompileModule /Users/admin/builder/spi-builder-workspace/.derivedData/Build/Intermediates.noindex/ExplicitPrecompiledModules/_Builtin_float-8FQTUSWX0EIXIHN62LPGVPUGD.scan
PrecompileModule /Users/admin/builder/spi-builder-workspace/.derivedData/Build/Intermediates.noindex/ExplicitPrecompiledModules/ptrauth-BKO8BMM8EMA0CLEKAZP13VXWS.scan
cd /
builtin-precompileModule /Users/admin/builder/spi-builder-workspace/.derivedData/Build/Intermediates.noindex/ExplicitPrecompiledModules/ptrauth-BKO8BMM8EMA0CLEKAZP13VXWS.scan
PrecompileModule /Users/admin/builder/spi-builder-workspace/.derivedData/Build/Intermediates.noindex/ExplicitPrecompiledModules/_Builtin_stdarg-2SWSTXEVT17GJOVBI1YJW9RDK.scan
cd /
builtin-precompileModule /Users/admin/builder/spi-builder-workspace/.derivedData/Build/Intermediates.noindex/ExplicitPrecompiledModules/_Builtin_stdarg-2SWSTXEVT17GJOVBI1YJW9RDK.scan
PrecompileModule /Users/admin/builder/spi-builder-workspace/.derivedData/Build/Intermediates.noindex/ExplicitPrecompiledModules/_AvailabilityInternal-DGWS1AKVM7ZT0APMUPL00BO97.scan
cd /
builtin-precompileModule /Users/admin/builder/spi-builder-workspace/.derivedData/Build/Intermediates.noindex/ExplicitPrecompiledModules/_AvailabilityInternal-DGWS1AKVM7ZT0APMUPL00BO97.scan
SwiftCompile normal arm64 Compiling\ HiddenContainerRecognizer.swift /Users/admin/builder/spi-builder-workspace/Sources/Core/HiddenContainerRecognizer.swift (in target 'ScreenshotPreventing' from project 'ScreenshotPreventing')
SwiftCompile normal arm64 /Users/admin/builder/spi-builder-workspace/Sources/Core/HiddenContainerRecognizer.swift (in target 'ScreenshotPreventing' from project 'ScreenshotPreventing')
cd /Users/admin/builder/spi-builder-workspace/.swiftpm/xcode
builtin-SwiftPerFileCompile HiddenContainerRecognizer.swift
SwiftCompile normal arm64_32 Compiling\ PublishRelay.swift /Users/admin/builder/spi-builder-workspace/.dependencies/checkouts/RxSwift/Sources/RxRelay/PublishRelay.swift (in target 'RxRelay' from project 'RxSwift')
SwiftCompile normal arm64_32 /Users/admin/builder/spi-builder-workspace/.dependencies/checkouts/RxSwift/Sources/RxRelay/PublishRelay.swift (in target 'RxRelay' from project 'RxSwift')
cd /Users/admin/builder/spi-builder-workspace/.swiftpm/xcode
builtin-SwiftPerFileCompile PublishRelay.swift
PrecompileModule /Users/admin/builder/spi-builder-workspace/.derivedData/Build/Intermediates.noindex/ExplicitPrecompiledModules/_DarwinFoundation2-DV29VFFMWW4YXVD6R34COO3X6.scan
cd /
builtin-precompileModule /Users/admin/builder/spi-builder-workspace/.derivedData/Build/Intermediates.noindex/ExplicitPrecompiledModules/_DarwinFoundation2-DV29VFFMWW4YXVD6R34COO3X6.scan
PrecompileModule /Users/admin/builder/spi-builder-workspace/.derivedData/Build/Intermediates.noindex/ExplicitPrecompiledModules/_DarwinFoundation1-BSFTAH7FLKWQ3UY3PT7EWIGBW.scan
cd /
builtin-precompileModule /Users/admin/builder/spi-builder-workspace/.derivedData/Build/Intermediates.noindex/ExplicitPrecompiledModules/_DarwinFoundation1-BSFTAH7FLKWQ3UY3PT7EWIGBW.scan
PrecompileModule /Users/admin/builder/spi-builder-workspace/.derivedData/Build/Intermediates.noindex/ExplicitPrecompiledModules/_Builtin_limits-7J1YEYEHS7W2EL1SNW7TGO5KY.scan
cd /
builtin-precompileModule /Users/admin/builder/spi-builder-workspace/.derivedData/Build/Intermediates.noindex/ExplicitPrecompiledModules/_Builtin_limits-7J1YEYEHS7W2EL1SNW7TGO5KY.scan
SwiftEmitModule normal arm64_32 Emitting\ module\ for\ RxSwift (in target 'RxSwift' from project 'RxSwift')
SwiftCompile normal arm64_32 (in target 'RxSwift' from project 'RxSwift')
cd /Users/admin/builder/spi-builder-workspace/.swiftpm/xcode
SwiftEmitModule normal arm64 Emitting\ module\ for\ RxSwift (in target 'RxSwift' from project 'RxSwift')
SwiftCompile normal arm64 (in target 'RxSwift' from project 'RxSwift')
cd /Users/admin/builder/spi-builder-workspace/.swiftpm/xcode
SwiftDriverJobDiscovery normal arm64 Emitting module for RxRelay (in target 'RxRelay' from project 'RxSwift')
SwiftDriver\ Compilation\ Requirements RxRelay normal arm64 com.apple.xcode.tools.swift.compiler (in target 'RxRelay' from project 'RxSwift')
cd /Users/admin/builder/spi-builder-workspace/.swiftpm/xcode
builtin-Swift-Compilation-Requirements -- /Applications/Xcode-27.0.0-Release.Candidate.app/Contents/Developer/Toolchains/XcodeDefault.xctoolchain/usr/bin/swiftc -parse-as-library -module-name RxRelay -Onone @/Users/admin/builder/spi-builder-workspace/.derivedData/Build/Intermediates.noindex/RxSwift.build/Debug-watchos/RxRelay-t.build/Objects-normal/arm64/RxRelay.SwiftFileList -DSWIFT_PACKAGE -DDEBUG -DSWIFT_MODULE_RESOURCE_BUNDLE_AVAILABLE -DXcode -plugin-path /Applications/Xcode-27.0.0-Release.Candidate.app/Contents/Developer/Toolchains/XcodeDefault.xctoolchain/usr/lib/swift/host/plugins/testing -enable-experimental-feature DebugDescriptionMacro -sdk /Applications/Xcode-27.0.0-Release.Candidate.app/Contents/Developer/Platforms/WatchOS.platform/Developer/SDKs/WatchOS27.0.sdk -target arm64-apple-watchos9.0 -g -module-cache-path /Users/admin/builder/spi-builder-workspace/.derivedData/ModuleCache.noindex -Xfrontend -serialize-debugging-options -profile-coverage-mapping -profile-generate -enable-testing -suppress-warnings -index-store-path /Users/admin/builder/spi-builder-workspace/.derivedData/Index.noindex/DataStore -Xcc -D_LIBCPP_HARDENING_MODE\=_LIBCPP_HARDENING_MODE_DEBUG -swift-version 5 -I /Users/admin/builder/spi-builder-workspace/.derivedData/Build/Products/Debug-watchos -Isystem /Applications/Xcode-27.0.0-Release.Candidate.app/Contents/Developer/Platforms/WatchOS.platform/Developer/usr/lib -F /Users/admin/builder/spi-builder-workspace/.derivedData/Build/Products/Debug-watchos/PackageFrameworks -F /Users/admin/builder/spi-builder-workspace/.derivedData/Build/Products/Debug-watchos -F /Applications/Xcode-27.0.0-Release.Candidate.app/Contents/Developer/Platforms/WatchOS.platform/Developer/Library/Frameworks -F /Applications/Xcode-27.0.0-Release.Candidate.app/Contents/Developer/Platforms/WatchOS.platform/Developer/SDKs/WatchOS27.0.sdk/Developer/Library/Frameworks -c -j10 -enable-batch-mode -incremental -Xcc -ivfsstatcache -Xcc /Users/admin/builder/spi-builder-workspace/.derivedData/SDKStatCaches.noindex/watchos27.0-24R360-e829b21a6f8c9b70876ba0858053c04477534ef55a1706bf4c1112bbb242f0a2.sdkstatcache -output-file-map /Users/admin/builder/spi-builder-workspace/.derivedData/Build/Intermediates.noindex/RxSwift.build/Debug-watchos/RxRelay-t.build/Objects-normal/arm64/RxRelay-OutputFileMap.json -save-temps -no-color-diagnostics -explicit-module-build -module-cache-path /Users/admin/builder/spi-builder-workspace/.derivedData/Build/Intermediates.noindex/SwiftExplicitPrecompiledModules -clang-scanner-module-cache-path /Users/admin/builder/spi-builder-workspace/.derivedData/ModuleCache.noindex -sdk-module-cache-path /Users/admin/builder/spi-builder-workspace/.derivedData/SDKExplicitPrecompiledModules -emit-dependencies -emit-module -emit-module-path /Users/admin/builder/spi-builder-workspace/.derivedData/Build/Intermediates.noindex/RxSwift.build/Debug-watchos/RxRelay-t.build/Objects-normal/arm64/RxRelay.swiftmodule -serialize-diagnostics -dependency-scan-serialize-diagnostics-path /Users/admin/builder/spi-builder-workspace/.derivedData/Build/Intermediates.noindex/RxSwift.build/Debug-watchos/RxRelay-t.build/Objects-normal/arm64/RxRelay-dependency-scan.dia -validate-clang-modules-once -clang-build-session-file /Users/admin/builder/spi-builder-workspace/.derivedData/ModuleCache.noindex/Session.modulevalidation -Xcc -fmodules-prune-interval\=86400 -Xcc -fmodules-prune-after\=345600 -package-name rxswift -emit-const-values -const-gather-protocols-list /Users/admin/builder/spi-builder-workspace/.derivedData/Build/Intermediates.noindex/RxSwift.build/Debug-watchos/RxRelay-t.build/Objects-normal/arm64/RxRelay_const_extract_protocols.json -Xcc -I/Users/admin/builder/spi-builder-workspace/.derivedData/Build/Products/Debug-watchos/include -Xcc -I/Users/admin/builder/spi-builder-workspace/.derivedData/Build/Intermediates.noindex/RxSwift.build/Debug-watchos/RxRelay-t.build/DerivedSources-normal/arm64 -Xcc -I/Users/admin/builder/spi-builder-workspace/.derivedData/Build/Intermediates.noindex/RxSwift.build/Debug-watchos/RxRelay-t.build/DerivedSources/arm64 -Xcc -I/Users/admin/builder/spi-builder-workspace/.derivedData/Build/Intermediates.noindex/RxSwift.build/Debug-watchos/RxRelay-t.build/DerivedSources -Xcc -DSWIFT_PACKAGE -Xcc -DDEBUG\=1 -emit-objc-header -emit-objc-header-path /Users/admin/builder/spi-builder-workspace/.derivedData/Build/Intermediates.noindex/RxSwift.build/Debug-watchos/RxRelay-t.build/Objects-normal/arm64/RxRelay-Swift.h -working-directory /Users/admin/builder/spi-builder-workspace/.swiftpm/xcode -experimental-emit-module-separately -disable-cmo
SwiftDriverJobDiscovery normal arm64_32 Emitting module for RxRelay (in target 'RxRelay' from project 'RxSwift')
SwiftCompile normal arm64 Compiling\ Buffer.swift,\ Cancelable.swift,\ Catch.swift,\ CombineLatest+Collection.swift,\ CombineLatest+arity.swift,\ CombineLatest.swift,\ CompactMap.swift,\ Completable+AndThen.swift,\ Completable.swift,\ CompositeDisposable.swift,\ Concat.swift,\ ConcurrentDispatchQueueScheduler.swift,\ ConcurrentMainScheduler.swift,\ ConnectableObservableType.swift,\ Create.swift,\ CurrentThreadScheduler.swift,\ Date+Dispatch.swift /Users/admin/builder/spi-builder-workspace/.dependencies/checkouts/RxSwift/Sources/RxSwift/Buffer.swift /Users/admin/builder/spi-builder-workspace/.dependencies/checkouts/RxSwift/Sources/RxSwift/Cancelable.swift /Users/admin/builder/spi-builder-workspace/.dependencies/checkouts/RxSwift/Sources/RxSwift/Catch.swift /Users/admin/builder/spi-builder-workspace/.dependencies/checkouts/RxSwift/Sources/RxSwift/CombineLatest+Collection.swift /Users/admin/builder/spi-builder-workspace/.dependencies/checkouts/RxSwift/Sources/RxSwift/CombineLatest+arity.swift /Users/admin/builder/spi-builder-workspace/.dependencies/checkouts/RxSwift/Sources/RxSwift/CombineLatest.swift /Users/admin/builder/spi-builder-workspace/.dependencies/checkouts/RxSwift/Sources/RxSwift/CompactMap.swift /Users/admin/builder/spi-builder-workspace/.dependencies/checkouts/RxSwift/Sources/RxSwift/Completable+AndThen.swift /Users/admin/builder/spi-builder-workspace/.dependencies/checkouts/RxSwift/Sources/RxSwift/Completable.swift /Users/admin/builder/spi-builder-workspace/.dependencies/checkouts/RxSwift/Sources/RxSwift/CompositeDisposable.swift /Users/admin/builder/spi-builder-workspace/.dependencies/checkouts/RxSwift/Sources/RxSwift/Concat.swift /Users/admin/builder/spi-builder-workspace/.dependencies/checkouts/RxSwift/Sources/RxSwift/ConcurrentDispatchQueueScheduler.swift /Users/admin/builder/spi-builder-workspace/.dependencies/checkouts/RxSwift/Sources/RxSwift/ConcurrentMainScheduler.swift /Users/admin/builder/spi-builder-workspace/.dependencies/checkouts/RxSwift/Sources/RxSwift/ConnectableObservableType.swift /Users/admin/builder/spi-builder-workspace/.dependencies/checkouts/RxSwift/Sources/RxSwift/Create.swift /Users/admin/builder/spi-builder-workspace/.dependencies/checkouts/RxSwift/Sources/RxSwift/CurrentThreadScheduler.swift /Users/admin/builder/spi-builder-workspace/.dependencies/checkouts/RxSwift/Sources/RxSwift/Date+Dispatch.swift (in target 'RxSwift' from project 'RxSwift')
SwiftCompile normal arm64 /Users/admin/builder/spi-builder-workspace/.dependencies/checkouts/RxSwift/Sources/RxSwift/Buffer.swift (in target 'RxSwift' from project 'RxSwift')
cd /Users/admin/builder/spi-builder-workspace/.swiftpm/xcode
builtin-SwiftPerFileCompile Buffer.swift
SwiftCompile normal arm64 /Users/admin/builder/spi-builder-workspace/.dependencies/checkouts/RxSwift/Sources/RxSwift/Cancelable.swift (in target 'RxSwift' from project 'RxSwift')
cd /Users/admin/builder/spi-builder-workspace/.swiftpm/xcode
builtin-SwiftPerFileCompile Cancelable.swift
SwiftCompile normal arm64 /Users/admin/builder/spi-builder-workspace/.dependencies/checkouts/RxSwift/Sources/RxSwift/Catch.swift (in target 'RxSwift' from project 'RxSwift')
cd /Users/admin/builder/spi-builder-workspace/.swiftpm/xcode
builtin-SwiftPerFileCompile Catch.swift
SwiftCompile normal arm64 /Users/admin/builder/spi-builder-workspace/.dependencies/checkouts/RxSwift/Sources/RxSwift/CombineLatest+Collection.swift (in target 'RxSwift' from project 'RxSwift')
cd /Users/admin/builder/spi-builder-workspace/.swiftpm/xcode
builtin-SwiftPerFileCompile CombineLatest+Collection.swift
SwiftCompile normal arm64 /Users/admin/builder/spi-builder-workspace/.dependencies/checkouts/RxSwift/Sources/RxSwift/CombineLatest+arity.swift (in target 'RxSwift' from project 'RxSwift')
cd /Users/admin/builder/spi-builder-workspace/.swiftpm/xcode
builtin-SwiftPerFileCompile CombineLatest+arity.swift
SwiftCompile normal arm64 /Users/admin/builder/spi-builder-workspace/.dependencies/checkouts/RxSwift/Sources/RxSwift/CombineLatest.swift (in target 'RxSwift' from project 'RxSwift')
cd /Users/admin/builder/spi-builder-workspace/.swiftpm/xcode
builtin-SwiftPerFileCompile CombineLatest.swift
SwiftCompile normal arm64 /Users/admin/builder/spi-builder-workspace/.dependencies/checkouts/RxSwift/Sources/RxSwift/CompactMap.swift (in target 'RxSwift' from project 'RxSwift')
cd /Users/admin/builder/spi-builder-workspace/.swiftpm/xcode
builtin-SwiftPerFileCompile CompactMap.swift
SwiftCompile normal arm64 /Users/admin/builder/spi-builder-workspace/.dependencies/checkouts/RxSwift/Sources/RxSwift/Completable+AndThen.swift (in target 'RxSwift' from project 'RxSwift')
cd /Users/admin/builder/spi-builder-workspace/.swiftpm/xcode
builtin-SwiftPerFileCompile Completable+AndThen.swift
SwiftCompile normal arm64 /Users/admin/builder/spi-builder-workspace/.dependencies/checkouts/RxSwift/Sources/RxSwift/Completable.swift (in target 'RxSwift' from project 'RxSwift')
cd /Users/admin/builder/spi-builder-workspace/.swiftpm/xcode
builtin-SwiftPerFileCompile Completable.swift
SwiftCompile normal arm64 /Users/admin/builder/spi-builder-workspace/.dependencies/checkouts/RxSwift/Sources/RxSwift/CompositeDisposable.swift (in target 'RxSwift' from project 'RxSwift')
cd /Users/admin/builder/spi-builder-workspace/.swiftpm/xcode
builtin-SwiftPerFileCompile CompositeDisposable.swift
SwiftCompile normal arm64 /Users/admin/builder/spi-builder-workspace/.dependencies/checkouts/RxSwift/Sources/RxSwift/Concat.swift (in target 'RxSwift' from project 'RxSwift')
cd /Users/admin/builder/spi-builder-workspace/.swiftpm/xcode
builtin-SwiftPerFileCompile Concat.swift
SwiftCompile normal arm64 /Users/admin/builder/spi-builder-workspace/.dependencies/checkouts/RxSwift/Sources/RxSwift/ConcurrentDispatchQueueScheduler.swift (in target 'RxSwift' from project 'RxSwift')
cd /Users/admin/builder/spi-builder-workspace/.swiftpm/xcode
builtin-SwiftPerFileCompile ConcurrentDispatchQueueScheduler.swift
SwiftCompile normal arm64 /Users/admin/builder/spi-builder-workspace/.dependencies/checkouts/RxSwift/Sources/RxSwift/ConcurrentMainScheduler.swift (in target 'RxSwift' from project 'RxSwift')
cd /Users/admin/builder/spi-builder-workspace/.swiftpm/xcode
builtin-SwiftPerFileCompile ConcurrentMainScheduler.swift
SwiftCompile normal arm64 /Users/admin/builder/spi-builder-workspace/.dependencies/checkouts/RxSwift/Sources/RxSwift/ConnectableObservableType.swift (in target 'RxSwift' from project 'RxSwift')
cd /Users/admin/builder/spi-builder-workspace/.swiftpm/xcode
builtin-SwiftPerFileCompile ConnectableObservableType.swift
SwiftCompile normal arm64 /Users/admin/builder/spi-builder-workspace/.dependencies/checkouts/RxSwift/Sources/RxSwift/Create.swift (in target 'RxSwift' from project 'RxSwift')
cd /Users/admin/builder/spi-builder-workspace/.swiftpm/xcode
builtin-SwiftPerFileCompile Create.swift
SwiftCompile normal arm64 /Users/admin/builder/spi-builder-workspace/.dependencies/checkouts/RxSwift/Sources/RxSwift/CurrentThreadScheduler.swift (in target 'RxSwift' from project 'RxSwift')
cd /Users/admin/builder/spi-builder-workspace/.swiftpm/xcode
builtin-SwiftPerFileCompile CurrentThreadScheduler.swift
SwiftCompile normal arm64 /Users/admin/builder/spi-builder-workspace/.dependencies/checkouts/RxSwift/Sources/RxSwift/Date+Dispatch.swift (in target 'RxSwift' from project 'RxSwift')
cd /Users/admin/builder/spi-builder-workspace/.swiftpm/xcode
builtin-SwiftPerFileCompile Date+Dispatch.swift
PruneExplicitPrecompiledModules /Users/admin/builder/spi-builder-workspace/.derivedData/Build/Intermediates.noindex/SwiftExplicitPrecompiledModules
PruneExplicitPrecompiledModules /Users/admin/builder/spi-builder-workspace/.derivedData/Build/Intermediates.noindex/ExplicitPrecompiledModules
PruneExplicitPrecompiledModules /Users/admin/builder/spi-builder-workspace/.derivedData/SDKExplicitPrecompiledModules
2026-09-23 15:25:30.512 xcodebuild[893:5340] [MT] IDERunDestination: Supported platforms for the buildables in the current scheme is empty.
** BUILD FAILED **
The following build commands failed:
SwiftEmitModule normal arm64 Emitting\ module\ for\ ScreenshotPreventing (in target 'ScreenshotPreventing' from project 'ScreenshotPreventing')
SwiftCompile normal arm64 (in target 'ScreenshotPreventing' from project 'ScreenshotPreventing')
Building workspace ScreenshotPreventing with scheme ScreenshotPreventing-Package
(3 failures)
BUILD FAILURE 6.4 watchOS